CRAN Package Check Results for Package RWinEdt

Last updated on 2016-07-26 07:47:21.

Flavor Version Tinstall Tcheck Ttotal Status Flags
r-devel-windows-ix86+x86_64 2.0-5 6.00 22.00 28.00 NOTE --install=fake
r-release-windows-ix86+x86_64 2.0-5 6.00 32.00 38.00 NOTE --install=fake
r-oldrel-windows-ix86+x86_64 2.0-5 6.00 22.00 28.00 NOTE --install=fake

Check Details

Version: 2.0-5
Flags: --install=fake
Check: R code for possible problems
Result: NOTE
    File 'RWinEdt/R/zzz.R':
     .onAttach calls:
     writeLines(edtFile, con = send2RedtLoc)
     writeLines(edtFile, con = send2RedtLoc)
    
    Package startup functions should use 'packageStartupMessage' to
     generate messages.
    See section 'Good practice' in '?.onAttach'.
Flavors: r-devel-windows-ix86+x86_64, r-release-windows-ix86+x86_64, r-oldrel-windows-ix86+x86_64