CRAN Package Check Results for Package RWinEdt

Last updated on 2014-04-17 02:47:54.

Flavor Version Tinstall Tcheck Ttotal Status Flags
r-devel-windows-ix86+x86_64 2.0-2 5.00 19.00 24.00 NOTE --install=fake
r-patched-solaris-sparc 2.0-2 62.40 NOTE --install=no
r-patched-solaris-x86 2.0-2 17.00 NOTE --install=no
r-release-windows-ix86+x86_64 2.0-2 11.00 18.00 29.00 NOTE --install=fake
r-oldrel-windows-ix86+x86_64 2.0-2 6.00 17.00 23.00 NOTE --install=fake

Check Details

Version: 2.0-2
Flags: --install=fake
Check: R code for possible problems
Result: NOTE
    File 'RWinEdt/R/zzz.R':
     .onAttach calls:
     message(" You are running R in MDI mode which is *not*\n", " supported for non-english translations of RGui.\n", " It is recommended to use R in SDI mode which can be\n", " set in the command line or by clicking in the Menu:\n", " Edit - GUI Preferences: SDI, then Save and restart R.")
     writeLines(edtFile, con = send2RedtLoc)
     writeLines(edtFile, con = send2RedtLoc)
    
    Package startup functions should use 'packageStartupMessage' to
     generate messages.
    See section 'Good practice' in '?.onAttach'.
Flavors: r-devel-windows-ix86+x86_64, r-release-windows-ix86+x86_64, r-oldrel-windows-ix86+x86_64

Version: 2.0-2
Check: R code for possible problems
Result: NOTE
    File ‘RWinEdt/R/zzz.R’:
     .onAttach calls:
     message(" You are running R in MDI mode which is *not*\n", " supported for non-english translations of RGui.\n", " It is recommended to use R in SDI mode which can be\n", " set in the command line or by clicking in the Menu:\n", " Edit - GUI Preferences: SDI, then Save and restart R.")
     writeLines(edtFile, con = send2RedtLoc)
     writeLines(edtFile, con = send2RedtLoc)
    
    Package startup functions should use ‘packageStartupMessage’ to
     generate messages.
    See section ‘Good practice’ in '?.onAttach'.
Flavors: r-patched-solaris-sparc, r-patched-solaris-x86