CRAN Package Check Results for Package RWinEdt

Last updated on 2015-08-29 06:47:54.

Flavor Version Tinstall Tcheck Ttotal Status Flags
r-devel-windows-ix86+x86_64 2.0-5 11.00 19.00 30.00 NOTE --install=fake
r-release-windows-ix86+x86_64 2.0-5 7.00 19.00 26.00 NOTE --install=fake
r-oldrel-windows-ix86+x86_64 2.0-5 7.00 20.00 27.00 NOTE --install=fake

Check Details

Version: 2.0-5
Flags: --install=fake
Check: R code for possible problems
Result: NOTE
    File 'RWinEdt/R/zzz.R':
     .onAttach calls:
     writeLines(edtFile, con = send2RedtLoc)
     writeLines(edtFile, con = send2RedtLoc)
    
    Package startup functions should use 'packageStartupMessage' to
     generate messages.
    See section 'Good practice' in '?.onAttach'.
Flavors: r-devel-windows-ix86+x86_64, r-release-windows-ix86+x86_64, r-oldrel-windows-ix86+x86_64