CRAN Package Check Results for Package RWinEdt

Last updated on 2015-07-28 11:51:53.

Flavor Version Tinstall Tcheck Ttotal Status Flags
r-devel-windows-ix86+x86_64 2.0-4 7.00 17.00 24.00 NOTE --install=fake
r-release-windows-ix86+x86_64 2.0-4 7.00 17.00 24.00 NOTE --install=fake
r-oldrel-windows-ix86+x86_64 2.0-4 11.00 15.00 26.00 NOTE --install=fake

Check Details

Version: 2.0-4
Flags: --install=fake
Check: R code for possible problems
Result: NOTE
    File 'RWinEdt/R/zzz.R':
     .onAttach calls:
     writeLines(edtFile, con = send2RedtLoc)
     writeLines(edtFile, con = send2RedtLoc)
    
    Package startup functions should use 'packageStartupMessage' to
     generate messages.
    See section 'Good practice' in '?.onAttach'.
    
    getWinEdt: no visible global function definition for 'readRegistry'
    installWinEdt: no visible global function definition for 'winDialog'
    Undefined global functions or variables:
     readRegistry winDialog
    Consider adding
     importFrom("utils", "readRegistry", "winDialog")
    to your NAMESPACE.
Flavor: r-devel-windows-ix86+x86_64

Version: 2.0-4
Flags: --install=fake
Check: R code for possible problems
Result: NOTE
    File 'RWinEdt/R/zzz.R':
     .onAttach calls:
     writeLines(edtFile, con = send2RedtLoc)
     writeLines(edtFile, con = send2RedtLoc)
    
    Package startup functions should use 'packageStartupMessage' to
     generate messages.
    See section 'Good practice' in '?.onAttach'.
Flavors: r-release-windows-ix86+x86_64, r-oldrel-windows-ix86+x86_64