CRAN Package Check Results for Package RWinEdt

Last updated on 2017-10-19 12:49:46.

Flavor Version Tinstall Tcheck Ttotal Status Flags
r-devel-windows-ix86+x86_64 2.0-6 10.00 31.00 41.00 NOTE --install=fake
r-release-windows-ix86+x86_64 2.0-6 10.00 26.00 36.00 NOTE --install=fake
r-oldrel-windows-ix86+x86_64 2.0-6 13.00 25.00 38.00 NOTE --install=fake

Check Details

Version: 2.0-6
Flags: --install=fake
Check: R code for possible problems
Result: NOTE
    File 'RWinEdt/R/zzz.R':
     .onAttach calls:
     writeLines(edtFile, con = send2RedtLoc)
     writeLines(edtFile, con = send2RedtLoc)
    
    Package startup functions should use 'packageStartupMessage' to
     generate messages.
    See section 'Good practice' in '?.onAttach'.
Flavors: r-devel-windows-ix86+x86_64, r-release-windows-ix86+x86_64, r-oldrel-windows-ix86+x86_64