CRAN Package Check Results for Package RWinEdt

Last updated on 2015-05-27 05:47:51.

Flavor Version Tinstall Tcheck Ttotal Status Flags
r-devel-windows-ix86+x86_64 2.0-2 8.00 20.00 28.00 NOTE --install=fake
r-release-windows-ix86+x86_64 2.0-2 4.00 16.00 20.00 NOTE --install=fake
r-oldrel-windows-ix86+x86_64 2.0-2 9.00 18.00 27.00 NOTE --install=fake

Check Details

Version: 2.0-2
Flags: --install=fake
Check: DESCRIPTION meta-information
Result: NOTE
    Malformed Description field: should contain one or more complete sentences.
Flavors: r-devel-windows-ix86+x86_64, r-release-windows-ix86+x86_64

Version: 2.0-2
Flags: --install=fake
Check: R code for possible problems
Result: NOTE
    File 'RWinEdt/R/zzz.R':
     .onAttach calls:
     message(" You are running R in MDI mode which is *not*\n", " supported for non-english translations of RGui.\n", " It is recommended to use R in SDI mode which can be\n", " set in the command line or by clicking in the Menu:\n", " Edit - GUI Preferences: SDI, then Save and restart R.")
     writeLines(edtFile, con = send2RedtLoc)
     writeLines(edtFile, con = send2RedtLoc)
    
    Package startup functions should use 'packageStartupMessage' to
     generate messages.
    See section 'Good practice' in '?.onAttach'.
Flavors: r-devel-windows-ix86+x86_64, r-release-windows-ix86+x86_64, r-oldrel-windows-ix86+x86_64