CRAN Package Check Results for Package RXKCD

Last updated on 2017-02-22 13:51:12.

Flavor Version Tinstall Tcheck Ttotal Status Flags
r-devel-linux-x86_64-debian-clang 1.7-7 0.64 13.29 13.93 OK
r-devel-linux-x86_64-debian-gcc 1.7-7 0.68 13.96 14.63 OK
r-devel-linux-x86_64-fedora-clang 1.7-7 21.47 OK --no-stop-on-test-error
r-devel-linux-x86_64-fedora-gcc 1.7-7 20.62 OK --no-stop-on-test-error
r-devel-macos-x86_64-clang 1.7-7 20.47 OK --no-stop-on-test-error
r-devel-windows-ix86+x86_64 1.7-7 3.00 40.00 43.00 ERROR
r-patched-linux-x86_64 1.7-7 0.64 10.72 11.36 OK
r-patched-solaris-sparc 1.7-7 118.20 OK
r-patched-solaris-x86 1.7-7 26.80 OK
r-release-linux-x86_64 1.7-7 0.68 9.95 10.63 ERROR
r-release-osx-x86_64-mavericks 1.7-7 OK
r-release-windows-ix86+x86_64 1.7-7 3.00 27.00 30.00 OK
r-oldrel-windows-ix86+x86_64 1.7-7 3.00 28.00 31.00 OK

Check Details

Version: 1.7-7
Check: examples
Result: ERROR
    Running examples in 'RXKCD-Ex.R' failed
    The error most likely occurred in:
    
    > ### Name: getXKCD
    > ### Title: Display your favorite XKCD comic in R
    > ### Aliases: getXKCD
    >
    > ### ** Examples
    >
    >
    > library("RXKCD")
    > significant <- getXKCD(882, display=FALSE)
    Error in file(con, "r") : cannot open the connection
    Calls: getXKCD -> fromJSON -> fromJSON -> I -> structure
    Execution halted
Flavor: r-devel-windows-ix86+x86_64

Version: 1.7-7
Check: examples
Result: ERROR
    Running examples in ‘RXKCD-Ex.R’ failed
    The error most likely occurred in:
    
    > base::assign(".ptime", proc.time(), pos = "CheckExEnv")
    > ### Name: getXKCD
    > ### Title: Display your favorite XKCD comic in R
    > ### Aliases: getXKCD
    >
    > ### ** Examples
    >
    >
    > library("RXKCD")
    > significant <- getXKCD(882, display=FALSE)
    Error in file(con, "r") : cannot open the connection
    Calls: getXKCD -> fromJSON -> fromJSON -> I -> structure -> unique
    Execution halted
Flavor: r-release-linux-x86_64