CRAN Package Check Results for Package RXKCD

Last updated on 2016-08-28 08:47:34.

Flavor Version Tinstall Tcheck Ttotal Status Flags
r-devel-linux-x86_64-debian-clang 1.7-5 0.84 13.17 14.01 NOTE
r-devel-linux-x86_64-debian-gcc 1.7-5 0.89 12.57 13.46 NOTE
r-devel-linux-x86_64-fedora-clang 1.7-5 23.08 NOTE
r-devel-linux-x86_64-fedora-gcc 1.7-5 21.82 NOTE
r-devel-osx-x86_64-clang 1.7-5 20.66 NOTE
r-devel-windows-ix86+x86_64 1.7-5 5.00 45.00 50.00 NOTE
r-patched-linux-x86_64 1.7-5 0.84 12.34 13.18 NOTE
r-patched-solaris-sparc 1.7-5 140.30 NOTE
r-patched-solaris-x86 1.7-5 31.70 NOTE
r-release-linux-x86_64 1.7-5 1.01 12.83 13.84 NOTE
r-release-osx-x86_64-mavericks 1.7-5 NOTE
r-release-windows-ix86+x86_64 1.7-5 6.00 32.00 38.00 NOTE
r-oldrel-windows-ix86+x86_64 1.7-5 4.00 31.00 35.00 NOTE

Check Details

Version: 1.7-5
Check: dependencies in R code
Result: NOTE
    Packages in Depends field not imported from:
     ‘RJSONIO’ ‘jpeg’ ‘png’
     These packages need to be imported from (in the NAMESPACE file)
     for when this namespace is loaded but not attached.
Flavors: r-devel-linux-x86_64-debian-clang, r-devel-linux-x86_64-debian-gcc, r-devel-linux-x86_64-fedora-clang, r-devel-linux-x86_64-fedora-gcc, r-devel-osx-x86_64-clang, r-devel-windows-ix86+x86_64, r-patched-linux-x86_64, r-patched-solaris-sparc, r-patched-solaris-x86, r-release-linux-x86_64, r-release-osx-x86_64-mavericks, r-release-windows-ix86+x86_64, r-oldrel-windows-ix86+x86_64

Version: 1.7-5
Check: R code for possible problems
Result: NOTE
    getXKCD: no visible global function definition for ‘fromJSON’
    getXKCD: no visible global function definition for ‘browseURL’
    getXKCD: no visible global function definition for ‘download.file’
    getXKCD: no visible global function definition for ‘readPNG’
    getXKCD: no visible global function definition for ‘readJPEG’
    getXKCD: no visible global function definition for ‘plot’
    getXKCD: no visible global function definition for ‘rasterImage’
    getXKCD: no visible global function definition for ‘writePNG’
    Undefined global functions or variables:
     browseURL download.file fromJSON plot rasterImage readJPEG readPNG
     writePNG
    Consider adding
     importFrom("graphics", "plot", "rasterImage")
     importFrom("utils", "browseURL", "download.file")
    to your NAMESPACE file.
Flavors: r-devel-linux-x86_64-debian-clang, r-devel-linux-x86_64-debian-gcc, r-devel-linux-x86_64-fedora-clang, r-devel-linux-x86_64-fedora-gcc, r-devel-osx-x86_64-clang, r-devel-windows-ix86+x86_64, r-patched-linux-x86_64, r-patched-solaris-sparc, r-patched-solaris-x86, r-release-linux-x86_64, r-release-osx-x86_64-mavericks, r-release-windows-ix86+x86_64

Version: 1.7-5
Check: R code for possible problems
Result: NOTE
    getXKCD: no visible global function definition for 'fromJSON'
    getXKCD: no visible global function definition for 'readPNG'
    getXKCD: no visible global function definition for 'readJPEG'
    getXKCD: no visible global function definition for 'writePNG'
Flavor: r-oldrel-windows-ix86+x86_64