CRAN Package Check Results for Package RXKCD

Last updated on 2016-02-13 23:47:17.

Flavor Version Tinstall Tcheck Ttotal Status Flags
r-devel-linux-x86_64-debian-gcc 1.7-5 0.85 11.93 12.78 NOTE
r-devel-linux-x86_64-fedora-clang 1.7-5 22.46 NOTE
r-devel-linux-x86_64-fedora-gcc 1.7-5 21.58 NOTE
r-devel-osx-x86_64-clang 1.7-5 26.15 NOTE
r-devel-windows-ix86+x86_64 1.7-5 5.00 39.00 44.00 NOTE
r-patched-linux-x86_64 1.7-5 0.92 12.53 13.45 NOTE
r-patched-solaris-sparc 1.7-5 152.90 NOTE
r-patched-solaris-x86 1.7-5 33.90 NOTE
r-release-linux-x86_64 1.7-5 0.94 12.86 13.80 NOTE
r-release-osx-x86_64-mavericks 1.7-5 NOTE
r-release-windows-ix86+x86_64 1.7-5 5.00 38.00 43.00 NOTE
r-oldrel-windows-ix86+x86_64 1.7-5 8.00 37.00 45.00 NOTE

Check Details

Version: 1.7-5
Check: dependencies in R code
Result: NOTE
    Packages in Depends field not imported from:
     ‘RJSONIO’ ‘jpeg’ ‘png’
     These packages need to be imported from (in the NAMESPACE file)
     for when this namespace is loaded but not attached.
Flavors: r-devel-linux-x86_64-debian-gcc, r-devel-linux-x86_64-fedora-clang, r-devel-linux-x86_64-fedora-gcc, r-devel-osx-x86_64-clang, r-devel-windows-ix86+x86_64, r-patched-linux-x86_64, r-patched-solaris-sparc, r-patched-solaris-x86, r-release-linux-x86_64, r-release-osx-x86_64-mavericks, r-release-windows-ix86+x86_64, r-oldrel-windows-ix86+x86_64

Version: 1.7-5
Check: R code for possible problems
Result: NOTE
    getXKCD: no visible global function definition for ‘fromJSON’
    getXKCD: no visible global function definition for ‘browseURL’
    getXKCD: no visible global function definition for ‘download.file’
    getXKCD: no visible global function definition for ‘readPNG’
    getXKCD: no visible global function definition for ‘readJPEG’
    getXKCD: no visible global function definition for ‘plot’
    getXKCD: no visible global function definition for ‘rasterImage’
    getXKCD: no visible global function definition for ‘writePNG’
    Undefined global functions or variables:
     browseURL download.file fromJSON plot rasterImage readJPEG readPNG
     writePNG
    Consider adding
     importFrom("graphics", "plot", "rasterImage")
     importFrom("utils", "browseURL", "download.file")
    to your NAMESPACE file.
Flavors: r-devel-linux-x86_64-debian-gcc, r-devel-linux-x86_64-fedora-clang, r-devel-linux-x86_64-fedora-gcc, r-devel-osx-x86_64-clang, r-devel-windows-ix86+x86_64

Version: 1.7-5
Check: R code for possible problems
Result: NOTE
    getXKCD: no visible global function definition for ‘fromJSON’
    getXKCD: no visible global function definition for ‘readPNG’
    getXKCD: no visible global function definition for ‘readJPEG’
    getXKCD: no visible global function definition for ‘writePNG’
Flavors: r-patched-linux-x86_64, r-patched-solaris-sparc, r-patched-solaris-x86, r-release-linux-x86_64, r-release-osx-x86_64-mavericks, r-release-windows-ix86+x86_64, r-oldrel-windows-ix86+x86_64