CRAN Package Check Results for Package RXKCD

Last updated on 2015-04-26 03:47:38.

Flavor Version Tinstall Tcheck Ttotal Status Flags
r-devel-linux-x86_64-debian-clang 1.7-5 0.89 13.12 14.01 NOTE
r-devel-linux-x86_64-debian-gcc 1.7-5 0.86 12.77 13.63 NOTE
r-devel-linux-x86_64-fedora-clang 1.7-5 26.61 NOTE
r-devel-linux-x86_64-fedora-gcc 1.7-5 27.21 NOTE
r-devel-osx-x86_64-clang 1.7-5 28.69 NOTE
r-devel-windows-ix86+x86_64 1.7-5 4.00 22.00 26.00 NOTE
r-patched-linux-x86_64 1.7-5 0.92 12.78 13.70 NOTE
r-patched-solaris-sparc 1.7-5 167.30 NOTE
r-patched-solaris-x86 1.7-5 38.20 NOTE
r-release-linux-x86_64 1.7-5 1.05 12.79 13.84 NOTE
r-release-osx-x86_64-mavericks 1.7-5 NOTE
r-release-osx-x86_64-snowleopard 1.7-5 NOTE
r-release-windows-ix86+x86_64 1.7-5 3.00 21.00 24.00 NOTE
r-oldrel-windows-ix86+x86_64 1.7-5 5.00 29.00 34.00 NOTE

Check Details

Version: 1.7-5
Check: dependencies in R code
Result: NOTE
    Packages in Depends field not imported from:
     'RJSONIO' 'jpeg' 'png'
     These packages need to be imported from (in the NAMESPACE file)
     for when this namespace is loaded but not attached.
Flavors: r-devel-windows-ix86+x86_64, r-release-windows-ix86+x86_64, r-oldrel-windows-ix86+x86_64

Version: 1.7-5
Check: R code for possible problems
Result: NOTE
    getXKCD: no visible global function definition for 'fromJSON'
    getXKCD: no visible global function definition for 'readPNG'
    getXKCD: no visible global function definition for 'readJPEG'
    getXKCD: no visible global function definition for 'writePNG'
Flavors: r-devel-windows-ix86+x86_64, r-release-windows-ix86+x86_64, r-oldrel-windows-ix86+x86_64