CRAN Package Check Results for Package RXKCD

Last updated on 2014-12-18 23:47:59.

Flavor Version Tinstall Tcheck Ttotal Status Flags
r-devel-linux-x86_64-debian-clang 1.7-5 1.17 16.10 17.28 NOTE
r-devel-linux-x86_64-debian-gcc 1.7-5 1.12 15.82 16.94 NOTE
r-devel-linux-x86_64-fedora-clang 1.7-5 36.05 NOTE
r-devel-linux-x86_64-fedora-gcc 1.7-5 33.05 NOTE
r-devel-osx-x86_64-clang 1.7-5 35.81 NOTE
r-devel-windows-ix86+x86_64 1.7-5 5.00 25.00 30.00 NOTE
r-patched-linux-x86_64 1.7-5 1.21 16.24 17.45 NOTE
r-patched-solaris-sparc 1.7-5 188.90 NOTE
r-patched-solaris-x86 1.7-5 48.20 NOTE
r-release-linux-ix86 1.7-5 1.49 21.45 22.94 NOTE
r-release-linux-x86_64 1.7-5 1.15 16.43 17.58 NOTE
r-release-osx-x86_64-mavericks 1.7-5 NOTE
r-release-osx-x86_64-snowleopard 1.7-5 NOTE
r-release-windows-ix86+x86_64 1.7-5 5.00 28.00 33.00 NOTE
r-oldrel-windows-ix86+x86_64 1.7-5 5.00 28.00 33.00 NOTE

Check Details

Version: 1.7-5
Check: dependencies in R code
Result: NOTE
    Packages in Depends field not imported from:
     ‘RJSONIO’ ‘jpeg’ ‘png’
     These packages need to be imported from (in the NAMESPACE file)
     for when this namespace is loaded but not attached.
    See the information on DESCRIPTION files in the chapter ‘Creating R
    packages’ of the ‘Writing R Extensions’ manual.
Flavors: r-devel-linux-x86_64-debian-clang, r-devel-linux-x86_64-debian-gcc, r-devel-linux-x86_64-fedora-clang, r-devel-linux-x86_64-fedora-gcc, r-devel-osx-x86_64-clang, r-devel-windows-ix86+x86_64, r-patched-linux-x86_64, r-patched-solaris-sparc, r-patched-solaris-x86, r-release-linux-ix86, r-release-linux-x86_64, r-release-osx-x86_64-mavericks, r-release-windows-ix86+x86_64, r-oldrel-windows-ix86+x86_64

Version: 1.7-5
Check: R code for possible problems
Result: NOTE
    getXKCD: no visible global function definition for ‘fromJSON’
    getXKCD: no visible global function definition for ‘readPNG’
    getXKCD: no visible global function definition for ‘readJPEG’
    getXKCD: no visible global function definition for ‘writePNG’
Flavors: r-devel-linux-x86_64-debian-clang, r-devel-linux-x86_64-debian-gcc, r-devel-linux-x86_64-fedora-clang, r-devel-linux-x86_64-fedora-gcc, r-devel-osx-x86_64-clang, r-devel-windows-ix86+x86_64, r-patched-linux-x86_64, r-patched-solaris-sparc, r-patched-solaris-x86, r-release-linux-ix86, r-release-linux-x86_64, r-release-windows-ix86+x86_64

Version: 1.7-5
Check: dependencies in R code
Result: NOTE
    Packages in Depends field not imported from:
     ‘RJSONIO’ ‘jpeg’ ‘png’
     These packages need to be imported from for the case when
     this namespace is loaded but not attached.
    See the information on DESCRIPTION files in the chapter ‘Creating R
    packages’ of the ‘Writing R Extensions’ manual.
Flavor: r-release-osx-x86_64-snowleopard