CRAN Package Check Results for Package RXKCD

Last updated on 2014-09-16 11:49:26.

Flavor Version Tinstall Tcheck Ttotal Status Flags
r-devel-linux-x86_64-debian-clang 1.7-5 1.28 15.59 16.86 NOTE
r-devel-linux-x86_64-debian-gcc 1.7-5 1.19 15.38 16.58 NOTE
r-devel-linux-x86_64-fedora-clang 1.7-5 34.16 NOTE
r-devel-linux-x86_64-fedora-gcc 1.7-5 33.19 NOTE
r-devel-osx-x86_64-clang 1.7-5 33.73 NOTE
r-devel-windows-ix86+x86_64 1.7-5 4.00 27.00 31.00 NOTE
r-patched-linux-x86_64 1.7-5 1.18 15.63 16.81 NOTE
r-patched-solaris-sparc 1.7-5 194.30 NOTE
r-patched-solaris-x86 1.7-5 46.70 NOTE
r-release-linux-ix86 1.7-5 1.60 23.25 24.85 NOTE
r-release-linux-x86_64 1.7-5 1.22 16.23 17.45 NOTE
r-release-osx-x86_64-mavericks 1.7-5 NOTE
r-release-osx-x86_64-snowleopard 1.7-5 NOTE
r-release-windows-ix86+x86_64 1.7-5 4.00 27.00 31.00 NOTE
r-oldrel-windows-ix86+x86_64 1.7-5 4.00 28.00 32.00 NOTE

Check Details

Version: 1.7-5
Check: dependencies in R code
Result: NOTE
    Packages in Depends field not imported from:
     ‘RJSONIO’ ‘jpeg’ ‘png’
     These packages need to be imported from (in the NAMESPACE file)
     for when this namespace is loaded but not attached.
    See the information on DESCRIPTION files in the chapter ‘Creating R
    packages’ of the ‘Writing R Extensions’ manual.
Flavors: r-devel-linux-x86_64-debian-clang, r-devel-linux-x86_64-debian-gcc, r-devel-linux-x86_64-fedora-clang, r-devel-linux-x86_64-fedora-gcc, r-devel-osx-x86_64-clang, r-devel-windows-ix86+x86_64, r-patched-linux-x86_64, r-patched-solaris-sparc, r-patched-solaris-x86, r-release-linux-ix86, r-release-linux-x86_64, r-release-osx-x86_64-mavericks, r-release-windows-ix86+x86_64, r-oldrel-windows-ix86+x86_64

Version: 1.7-5
Check: R code for possible problems
Result: NOTE
    getXKCD: no visible global function definition for ‘fromJSON’
    getXKCD: no visible global function definition for ‘readPNG’
    getXKCD: no visible global function definition for ‘readJPEG’
    getXKCD: no visible global function definition for ‘writePNG’
Flavors: r-devel-linux-x86_64-debian-clang, r-devel-linux-x86_64-debian-gcc, r-devel-linux-x86_64-fedora-clang, r-devel-linux-x86_64-fedora-gcc, r-devel-osx-x86_64-clang, r-devel-windows-ix86+x86_64

Version: 1.7-5
Check: dependencies in R code
Result: NOTE
    Packages in Depends field not imported from:
     ‘RJSONIO’ ‘jpeg’ ‘png’
     These packages need to be imported from for the case when
     this namespace is loaded but not attached.
    See the information on DESCRIPTION files in the chapter ‘Creating R
    packages’ of the ‘Writing R Extensions’ manual.
Flavor: r-release-osx-x86_64-snowleopard