CRAN Package Check Results for Package RXMCDA

Last updated on 2015-04-18 21:49:17.

Flavor Version Tinstall Tcheck Ttotal Status Flags
r-devel-linux-x86_64-debian-clang 1.5.3 2.13 82.13 84.26 OK
r-devel-linux-x86_64-debian-gcc 1.5.3 2.09 81.71 83.80 OK
r-devel-linux-x86_64-fedora-clang 1.5.3 176.73 OK
r-devel-linux-x86_64-fedora-gcc 1.5.3 181.00 OK
r-devel-osx-x86_64-clang 1.5.3 149.04 OK
r-patched-linux-x86_64 1.5.3 2.04 82.17 84.21 OK
r-patched-solaris-sparc 1.5.3 1085.50 OK
r-patched-solaris-x86 1.5.3 222.00 OK
r-release-linux-x86_64 1.5.3 2.10 79.90 82.00 OK
r-release-osx-x86_64-mavericks 1.5.3 OK
r-release-osx-x86_64-snowleopard 1.5.3 ERROR
r-release-windows-ix86+x86_64 1.5.3 7.00 152.00 159.00 OK
r-oldrel-windows-ix86+x86_64 1.5.3 8.00 129.00 137.00 OK

Check Details

Version: 1.5.3
Check: package dependencies
Result: ERROR
    Package required but not available: ‘XML’
    
    See section ‘The DESCRIPTION file’ in the ‘Writing R Extensions’
    manual.
Flavor: r-release-osx-x86_64-snowleopard