CRAN Package Check Results for Package RXMCDA

Last updated on 2015-05-25 23:47:36.

Flavor Version Tinstall Tcheck Ttotal Status Flags
r-devel-linux-x86_64-debian-clang 1.5.3 2.12 81.10 83.22 OK
r-devel-linux-x86_64-debian-gcc 1.5.3 2.07 79.17 81.24 OK
r-devel-linux-x86_64-fedora-clang 1.5.3 174.65 OK
r-devel-linux-x86_64-fedora-gcc 1.5.3 174.53 OK
r-devel-osx-x86_64-clang 1.5.3 143.29 OK
r-devel-windows-ix86+x86_64 1.5.3 7.00 123.00 130.00 OK
r-patched-linux-x86_64 1.5.3 2.06 78.51 80.57 OK
r-patched-solaris-sparc 1.5.3 1072.20 OK
r-patched-solaris-x86 1.5.3 223.40 OK
r-release-linux-x86_64 1.5.3 2.17 80.63 82.80 OK
r-release-osx-x86_64-mavericks 1.5.3 OK
r-release-osx-x86_64-snowleopard 1.5.3 ERROR
r-release-windows-ix86+x86_64 1.5.3 8.00 129.00 137.00 OK
r-oldrel-windows-ix86+x86_64 1.5.3 11.00 199.00 210.00 OK

Check Details

Version: 1.5.3
Check: package dependencies
Result: ERROR
    Package required but not available: ‘XML’
    
    See section ‘The DESCRIPTION file’ in the ‘Writing R Extensions’
    manual.
Flavor: r-release-osx-x86_64-snowleopard