CRAN Package Check Results for Package RXMCDA

Last updated on 2014-04-24 11:48:55.

Flavor Version Tinstall Tcheck Ttotal Status Flags
r-devel-linux-x86_64-debian-clang 1.5.0 3.01 106.89 109.90 OK
r-devel-linux-x86_64-debian-gcc 1.5.0 3.06 105.91 108.97 OK
r-devel-linux-x86_64-fedora-clang 1.5.0 234.77 OK
r-devel-linux-x86_64-fedora-gcc 1.5.0 227.01 OK
r-devel-osx-x86_64-clang 1.5.0 182.64 OK
r-devel-osx-x86_64-gcc 1.5.0 ERROR
r-devel-windows-ix86+x86_64 1.5.0 8.00 144.00 152.00 OK
r-patched-linux-x86_64 1.5.0 3.01 107.00 110.01 OK
r-patched-solaris-sparc 1.5.0 1357.50 OK
r-patched-solaris-x86 1.5.0 285.50 OK
r-release-linux-ix86 1.5.0 5.00 158.00 163.00 OK
r-release-linux-x86_64 1.5.0 2.93 108.45 111.38 OK
r-release-osx-x86_64-mavericks 1.5.0 WARN
r-release-osx-x86_64-snowleopard 1.5.0 OK
r-release-windows-ix86+x86_64 1.5.0 11.00 201.00 212.00 OK
r-oldrel-windows-ix86+x86_64 1.5.0 7.00 149.00 156.00 OK

Check Details

Version: 1.5.0
Check: package dependencies
Result: ERROR
    Package required but not available: ‘XML’
    
    See the information on DESCRIPTION files in the chapter ‘Creating R
    packages’ of the ‘Writing R Extensions’ manual.
Flavor: r-devel-osx-x86_64-gcc

Version: 1.5.0
Check: PDF version of manual
Result: WARNING
    LaTeX errors when creating PDF version.
    This typically indicates Rd problems.
    LaTeX errors found:
    ! LaTeX Error: File `upquote.sty' not found.
    
    Type X to quit or <RETURN> to proceed,
    or enter new name. (Default extension: sty)
    
    8f5e17/Rd2.tex:8: ==> Fatal error occurred, no output PDF file produced!
Flavor: r-release-osx-x86_64-mavericks