CRAN Package Check Results for Package RYoudaoTranslate

Last updated on 2020-08-10 20:47:05 CEST.

Flavor Version Tinstall Tcheck Ttotal Status Flags
r-devel-linux-x86_64-debian-clang 1.0 2.60 25.67 28.27 NOTE
r-devel-linux-x86_64-debian-gcc 1.0 2.12 20.07 22.19 NOTE
r-devel-linux-x86_64-fedora-clang 1.0 42.84 NOTE
r-devel-linux-x86_64-fedora-gcc 1.0 32.89 NOTE
r-devel-windows-ix86+x86_64 1.0 8.00 44.00 52.00 NOTE
r-patched-linux-x86_64 1.0 2.74 25.39 28.13 NOTE
r-patched-solaris-x86 1.0 54.70 NOTE
r-release-linux-x86_64 1.0 2.33 25.07 27.40 NOTE
r-release-macos-x86_64 1.0 NOTE
r-release-windows-ix86+x86_64 1.0 6.00 41.00 47.00 NOTE
r-oldrel-macos-x86_64 1.0 NOTE
r-oldrel-windows-ix86+x86_64 1.0 5.00 42.00 47.00 NOTE

Check Details

Version: 1.0
Check: DESCRIPTION meta-information
Result: NOTE
    Malformed Title field: should not end in a period.
Flavors: r-devel-linux-x86_64-debian-clang, r-devel-linux-x86_64-debian-gcc, r-devel-linux-x86_64-fedora-clang, r-devel-linux-x86_64-fedora-gcc, r-devel-windows-ix86+x86_64, r-patched-linux-x86_64, r-patched-solaris-x86, r-release-linux-x86_64, r-release-macos-x86_64, r-release-windows-ix86+x86_64, r-oldrel-macos-x86_64, r-oldrel-windows-ix86+x86_64