CRAN Package Check Results for Package RZooRoH

Last updated on 2022-01-27 05:56:05 CET.

Flavor Version Tinstall Tcheck Ttotal Status Flags
r-devel-linux-x86_64-debian-clang 0.3.1 11.30 95.99 107.29 OK
r-devel-linux-x86_64-debian-gcc 0.3.1 8.59 71.86 80.45 OK
r-devel-linux-x86_64-fedora-clang 0.3.1 127.68 OK
r-devel-linux-x86_64-fedora-gcc 0.3.1 115.67 OK
r-devel-windows-x86_64-new-UL 0.3.1 69.00 190.00 259.00 OK
r-devel-windows-x86_64-new-TK 0.3.1 OK
r-patched-linux-x86_64 0.3.1 11.62 90.02 101.64 OK
r-release-linux-x86_64 0.3.1 10.31 89.99 100.30 OK
r-release-macos-arm64 0.3.1 OK
r-release-macos-x86_64 0.3.1 OK
r-release-windows-ix86+x86_64 0.3.1 28.00 192.00 220.00 NOTE
r-oldrel-macos-x86_64 0.3.1 OK
r-oldrel-windows-ix86+x86_64 0.3.1 29.00 177.00 206.00 NOTE

Check Details

Version: 0.3.1
Check: installed package size
Result: NOTE
     installed size is 5.0Mb
     sub-directories of 1Mb or more:
     exdata 2.4Mb
Flavors: r-release-windows-ix86+x86_64, r-oldrel-windows-ix86+x86_64