CRAN Package Check Results for Package RaMS

Last updated on 2022-09-30 00:49:23 CEST.

Flavor Version Tinstall Tcheck Ttotal Status Flags
r-devel-linux-x86_64-debian-clang 1.0.0 3.90 111.98 115.88 NOTE
r-devel-linux-x86_64-debian-gcc 1.0.0 2.67 79.54 82.21 NOTE
r-devel-linux-x86_64-fedora-clang 1.0.0 145.40 NOTE
r-devel-linux-x86_64-fedora-gcc 1.0.0 143.53 NOTE
r-devel-windows-x86_64 1.0.0 20.00 150.00 170.00 NOTE
r-patched-linux-x86_64 1.0.0 3.61 99.95 103.56 NOTE
r-release-linux-x86_64 1.0.0 3.54 101.12 104.66 NOTE
r-release-macos-arm64 1.0.0 49.00 NOTE
r-release-macos-x86_64 1.0.0 67.00 NOTE
r-release-windows-x86_64 1.0.0 21.00 128.00 149.00 NOTE
r-oldrel-macos-arm64 1.0.0 59.00 NOTE
r-oldrel-macos-x86_64 1.0.0 85.00 NOTE
r-oldrel-windows-ix86+x86_64 1.0.0 11.00 139.00 150.00 NOTE

Check Details

Version: 1.0.0
Check: LazyData
Result: NOTE
     'LazyData' is specified without a 'data' directory
Flavors: r-devel-linux-x86_64-debian-clang, r-devel-linux-x86_64-debian-gcc, r-devel-linux-x86_64-fedora-clang, r-devel-linux-x86_64-fedora-gcc, r-devel-windows-x86_64, r-patched-linux-x86_64, r-release-linux-x86_64, r-release-macos-arm64, r-release-macos-x86_64, r-release-windows-x86_64, r-oldrel-macos-arm64, r-oldrel-macos-x86_64, r-oldrel-windows-ix86+x86_64