Last updated on 2023-11-30 01:53:40 CET.
Flavor | Version | Tinstall | Tcheck | Ttotal | Status | Flags |
---|---|---|---|---|---|---|
r-devel-linux-x86_64-debian-clang | 1.2.8 | 558.28 | 693.64 | 1251.92 | WARN | |
r-devel-linux-x86_64-debian-gcc | 1.2.8 | 364.17 | 522.81 | 886.98 | OK | |
r-devel-linux-x86_64-fedora-clang | 1.2.8 | 1737.70 | WARN | |||
r-devel-linux-x86_64-fedora-gcc | 1.2.8 | 1734.19 | OK | |||
r-devel-windows-x86_64 | 1.2.8 | 404.00 | 616.00 | 1020.00 | NOTE | |
r-release-linux-x86_64 | 1.2.8 | 323.66 | 662.90 | 986.56 | OK | |
r-release-macos-arm64 | 1.2.8 | 441.00 | NOTE | |||
r-release-macos-x86_64 | 1.2.8 | 478.00 | ERROR | |||
r-release-windows-x86_64 | 1.2.8 | 543.00 | 754.00 | 1297.00 | NOTE | |
r-oldrel-macos-arm64 | 1.2.8 | 418.00 | NOTE | |||
r-oldrel-macos-x86_64 | 1.2.7 | 498.00 | NOTE | |||
r-oldrel-windows-x86_64 | 1.2.8 | 502.00 | 760.00 | 1262.00 | NOTE |
Version: 1.2.8
Check: whether package can be installed
Result: WARN
Found the following significant warnings:
./utils_progress.h:67:16: warning: format string is not a string literal (potentially insecure) [-Wformat-security]
ac_titers.cpp:25:16: warning: format string is not a string literal (potentially insecure) [-Wformat-security]
utils_error.cpp:8:12: warning: format string is not a string literal (potentially insecure) [-Wformat-security]
utils_error.cpp:16:12: warning: format string is not a string literal (potentially insecure) [-Wformat-security]
See ‘/home/hornik/tmp/R.check/r-devel-clang/Work/PKGS/Racmacs.Rcheck/00install.out’ for details.
* used C++ compiler: ‘Debian clang version 17.0.5 (1)’
Flavor: r-devel-linux-x86_64-debian-clang
Version: 1.2.8
Check: whether package can be installed
Result: WARN
Found the following significant warnings:
./utils_progress.h:67:16: warning: format string is not a string literal (potentially insecure) [-Wformat-security]
ac_titers.cpp:25:16: warning: format string is not a string literal (potentially insecure) [-Wformat-security]
utils_error.cpp:8:12: warning: format string is not a string literal (potentially insecure) [-Wformat-security]
utils_error.cpp:16:12: warning: format string is not a string literal (potentially insecure) [-Wformat-security]
See ‘/data/gannet/ripley/R/packages/tests-clang/Racmacs.Rcheck/00install.out’ for details.
* used C++ compiler: ‘clang version 17.0.5’
Flavor: r-devel-linux-x86_64-fedora-clang
Version: 1.2.8
Check: installed package size
Result: NOTE
installed size is 10.8Mb
sub-directories of 1Mb or more:
doc 5.3Mb
htmlwidgets 1.8Mb
libs 1.5Mb
Flavors: r-devel-linux-x86_64-fedora-clang, r-devel-windows-x86_64, r-release-macos-arm64, r-release-macos-x86_64, r-release-windows-x86_64, r-oldrel-macos-arm64, r-oldrel-windows-x86_64
Version: 1.2.8
Check: tests
Result: ERROR
Running ‘testthat.R’ [50s/104s]
Running the tests in ‘tests/testthat.R’ failed.
Last 13 lines of output:
> test_check("Racmacs")
[ FAIL 1 | WARN 1 | SKIP 0 | PASS 1434 ]
══ Failed tests ════════════════════════════════════════════════════════════════
── Error ('test-view_map.R:147:3'): Exporting a map viewer ─────────────────────
Error in `pandoc_self_contained_html(file, file)`: Saving a widget with selfcontained = TRUE requires pandoc. See here to learn more https://bookdown.org/yihui/rmarkdown-cookbook/install-pandoc.html
Backtrace:
▆
1. └─Racmacs::export_viewer(map, tmp) at test-view_map.R:147:3
2. └─htmlwidgets::saveWidget(...)
3. └─htmlwidgets:::pandoc_self_contained_html(file, file)
[ FAIL 1 | WARN 1 | SKIP 0 | PASS 1434 ]
Error: Test failures
Execution halted
Flavor: r-release-macos-x86_64
Version: 1.2.8
Check: re-building of vignette outputs
Result: ERROR
Error(s) in re-building vignettes:
--- re-building ‘adding-sequences.Rmd’ using rmarkdown
Pandoc is required to build R Markdown vignettes but not available. Please make sure it is installed.
Quitting from lines 55-57 [view_map] (adding-sequences.Rmd)
Error: processing vignette 'adding-sequences.Rmd' failed with diagnostics:
attempt to apply non-function
--- failed re-building ‘adding-sequences.Rmd’
--- re-building ‘assessing_map_uncertainty.Rmd’ using rmarkdown
Pandoc is required to build R Markdown vignettes but not available. Please make sure it is installed.
--- finished re-building ‘assessing_map_uncertainty.Rmd’
--- re-building ‘comparing-maps.Rmd’ using rmarkdown
Pandoc is required to build R Markdown vignettes but not available. Please make sure it is installed.
Quitting from lines 23-27 [unnamed-chunk-2] (comparing-maps.Rmd)
Error: processing vignette 'comparing-maps.Rmd' failed with diagnostics:
attempt to apply non-function
--- failed re-building ‘comparing-maps.Rmd’
--- re-building ‘customising-map-appearance.Rmd’ using rmarkdown
Pandoc is required to build R Markdown vignettes but not available. Please make sure it is installed.
--- finished re-building ‘customising-map-appearance.Rmd’
--- re-building ‘making-a-map-from-scratch.Rmd’ using rmarkdown
Pandoc is required to build R Markdown vignettes but not available. Please make sure it is installed.
Quitting from lines 94-95 [viewing_an_acmap] (making-a-map-from-scratch.Rmd)
Error: processing vignette 'making-a-map-from-scratch.Rmd' failed with diagnostics:
attempt to apply non-function
--- failed re-building ‘making-a-map-from-scratch.Rmd’
--- re-building ‘merging-maps.Rmd’ using rmarkdown
Pandoc is required to build R Markdown vignettes but not available. Please make sure it is installed.
--- finished re-building ‘merging-maps.Rmd’
SUMMARY: processing the following files failed:
‘adding-sequences.Rmd’ ‘comparing-maps.Rmd’
‘making-a-map-from-scratch.Rmd’
Error: Vignette re-building failed.
Execution halted
Flavor: r-release-macos-x86_64
Version: 1.2.7
Check: installed package size
Result: NOTE
installed size is 24.7Mb
sub-directories of 1Mb or more:
doc 5.3Mb
htmlwidgets 1.8Mb
libs 15.6Mb
Flavor: r-oldrel-macos-x86_64