CRAN Package Check Results for Package RadData

Last updated on 2021-11-28 00:48:57 CET.

Flavor Version Tinstall Tcheck Ttotal Status Flags
r-devel-linux-x86_64-debian-clang 1.0.1 OK
r-devel-linux-x86_64-debian-gcc 1.0.1 10.03 20.13 30.16 OK
r-devel-linux-x86_64-fedora-clang 1.0.1 54.81 OK
r-devel-linux-x86_64-fedora-gcc 1.0.1 44.97 OK
r-devel-windows-x86_64-new-UL 1.0.1 18.00 58.00 76.00 OK
r-devel-windows-x86_64-new-TK 1.0.1 OK
r-devel-windows-x86_64-old 1.0.1 12.00 36.00 48.00 OK
r-patched-linux-x86_64 1.0.1 10.11 23.97 34.08 OK
r-patched-solaris-x86 1.0.1 79.80 OK
r-release-linux-x86_64 1.0.1 OK
r-release-macos-arm64 1.0.1 NOTE
r-release-macos-x86_64 1.0.1 OK
r-release-windows-ix86+x86_64 1.0.1 17.00 32.00 49.00 OK
r-oldrel-macos-x86_64 1.0.1 OK
r-oldrel-windows-ix86+x86_64 1.0.1 12.00 50.00 62.00 OK

Check Details

Version: 1.0.1
Check: installed package size
Result: NOTE
     installed size is 5.2Mb
     sub-directories of 1Mb or more:
     data 5.0Mb
Flavor: r-release-macos-arm64