CRAN Package Check Results for Package RandomFields

Last updated on 2016-12-02 22:50:31.

Flavor Version Tinstall Tcheck Ttotal Status Flags
r-devel-linux-x86_64-debian-clang 3.1.24.1 37.27 135.60 172.88 WARN
r-devel-linux-x86_64-debian-gcc 3.1.24.1 36.01 133.09 169.10 WARN
r-devel-linux-x86_64-fedora-clang 3.1.24.1 322.39 WARN
r-devel-linux-x86_64-fedora-gcc 3.1.24.1 312.07 WARN
r-devel-macos-x86_64-clang 3.1.24.1 240.07 WARN
r-devel-windows-ix86+x86_64 3.1.24.1 115.00 257.00 372.00 WARN
r-patched-linux-x86_64 3.1.24.1 32.92 117.76 150.69 NOTE
r-patched-solaris-sparc 3.1.24.1 134.20 ERROR
r-patched-solaris-x86 3.1.24.1 34.80 ERROR
r-release-linux-x86_64 3.1.24.1 32.97 118.08 151.05 NOTE
r-release-osx-x86_64-mavericks 3.1.24.1 NOTE
r-release-windows-ix86+x86_64 3.1.24.1 221.00 318.00 539.00 NOTE
r-oldrel-windows-ix86+x86_64 3.1.24.1 235.00 358.00 593.00 OK

Check Details

Version: 3.1.24.1
Check: R code for possible problems
Result: NOTE
    Found the following calls to attach():
    File ‘RandomFields/R/RFfit.R’:
     attach(data, name = name)
    See section ‘Good practice’ in ‘?attach’.
Flavors: r-devel-linux-x86_64-debian-clang, r-devel-linux-x86_64-debian-gcc, r-patched-linux-x86_64, r-release-linux-x86_64

Version: 3.1.24.1
Check: examples
Result: WARN
    Found the following significant warnings:
    
     Warning: 'unix.time' is deprecated.
     Warning: 'unix.time' is deprecated.
     Warning: 'unix.time' is deprecated.
     Warning: 'unix.time' is deprecated.
     Warning: 'unix.time' is deprecated.
     Warning: 'unix.time' is deprecated.
     Warning: 'unix.time' is deprecated.
     Warning: 'unix.time' is deprecated.
     Warning: 'unix.time' is deprecated.
     Warning: 'unix.time' is deprecated.
     Warning: 'unix.time' is deprecated.
     Warning: 'unix.time' is deprecated.
     Warning: 'unix.time' is deprecated.
     Warning: 'unix.time' is deprecated.
     Warning: 'unix.time' is deprecated.
     Warning: 'unix.time' is deprecated.
     Warning: 'unix.time' is deprecated.
     Warning: 'unix.time' is deprecated.
     Warning: 'unix.time' is deprecated.
    Deprecated functions may be defunct as soon as of the next release of
    R.
    See ?Deprecated.
Flavors: r-devel-linux-x86_64-debian-clang, r-devel-linux-x86_64-debian-gcc, r-devel-linux-x86_64-fedora-clang, r-devel-linux-x86_64-fedora-gcc, r-devel-macos-x86_64-clang

Version: 3.1.24.1
Check: installed package size
Result: NOTE
     installed size is 6.2Mb
     sub-directories of 1Mb or more:
     help 1.1Mb
     libs 3.6Mb
Flavors: r-devel-linux-x86_64-fedora-clang, r-devel-linux-x86_64-fedora-gcc, r-devel-windows-ix86+x86_64, r-release-osx-x86_64-mavericks, r-release-windows-ix86+x86_64

Version: 3.1.24.1
Check: running examples for arch ‘i386’
Result: WARN
    Found the following significant warnings:
    
     Warning: 'unix.time' is deprecated.
     Warning: 'unix.time' is deprecated.
     Warning: 'unix.time' is deprecated.
     Warning: 'unix.time' is deprecated.
     Warning: 'unix.time' is deprecated.
     Warning: 'unix.time' is deprecated.
     Warning: 'unix.time' is deprecated.
     Warning: 'unix.time' is deprecated.
     Warning: 'unix.time' is deprecated.
     Warning: 'unix.time' is deprecated.
     Warning: 'unix.time' is deprecated.
     Warning: 'unix.time' is deprecated.
     Warning: 'unix.time' is deprecated.
     Warning: 'unix.time' is deprecated.
     Warning: 'unix.time' is deprecated.
     Warning: 'unix.time' is deprecated.
     Warning: 'unix.time' is deprecated.
     Warning: 'unix.time' is deprecated.
     Warning: 'unix.time' is deprecated.
    Deprecated functions may be defunct as soon as of the next release of
    R.
    See ?Deprecated.
Flavor: r-devel-windows-ix86+x86_64

Version: 3.1.24.1
Check: running examples for arch ‘x64’
Result: WARN
    Found the following significant warnings:
    
     Warning: 'unix.time' is deprecated.
     Warning: 'unix.time' is deprecated.
     Warning: 'unix.time' is deprecated.
     Warning: 'unix.time' is deprecated.
     Warning: 'unix.time' is deprecated.
     Warning: 'unix.time' is deprecated.
     Warning: 'unix.time' is deprecated.
     Warning: 'unix.time' is deprecated.
     Warning: 'unix.time' is deprecated.
     Warning: 'unix.time' is deprecated.
     Warning: 'unix.time' is deprecated.
     Warning: 'unix.time' is deprecated.
     Warning: 'unix.time' is deprecated.
     Warning: 'unix.time' is deprecated.
     Warning: 'unix.time' is deprecated.
     Warning: 'unix.time' is deprecated.
     Warning: 'unix.time' is deprecated.
     Warning: 'unix.time' is deprecated.
     Warning: 'unix.time' is deprecated.
    Deprecated functions may be defunct as soon as of the next release of
    R.
    See ?Deprecated.
Flavor: r-devel-windows-ix86+x86_64

Version: 3.1.24.1
Check: package dependencies
Result: NOTE
    Package suggested but not available for checking: ‘geoR’
Flavors: r-patched-solaris-sparc, r-patched-solaris-x86

Version: 3.1.24.1
Check: whether package can be installed
Result: ERROR
    Installation failed.
Flavors: r-patched-solaris-sparc, r-patched-solaris-x86