CRAN Package Check Results for Package RandomFields

Last updated on 2016-08-30 19:47:39.

Flavor Version Tinstall Tcheck Ttotal Status Flags
r-devel-linux-x86_64-debian-clang 3.1.16 37.34 117.37 154.71 NOTE
r-devel-linux-x86_64-debian-gcc 3.1.16 36.21 112.51 148.72 NOTE
r-devel-linux-x86_64-fedora-clang 3.1.16 283.99 NOTE
r-devel-linux-x86_64-fedora-gcc 3.1.16 268.32 NOTE
r-devel-osx-x86_64-clang 3.1.16 217.18 OK
r-devel-windows-ix86+x86_64 3.1.16 159.00 222.00 381.00 NOTE
r-patched-linux-x86_64 3.1.16 33.12 113.71 146.84 NOTE
r-patched-solaris-sparc 3.1.16 1509.50 OK
r-patched-solaris-x86 3.1.16 358.60 NOTE
r-release-linux-x86_64 3.1.16 32.95 109.23 142.18 NOTE
r-release-osx-x86_64-mavericks 3.1.16 NOTE
r-release-windows-ix86+x86_64 3.1.16 170.00 291.00 461.00 NOTE
r-oldrel-windows-ix86+x86_64 3.1.16 166.00 261.00 427.00 OK

Check Details

Version: 3.1.16
Check: installed package size
Result: NOTE
     installed size is 6.1Mb
     sub-directories of 1Mb or more:
     help 1.1Mb
     libs 3.4Mb
Flavors: r-devel-linux-x86_64-debian-clang, r-devel-linux-x86_64-debian-gcc, r-devel-linux-x86_64-fedora-clang, r-devel-linux-x86_64-fedora-gcc, r-devel-windows-ix86+x86_64, r-patched-linux-x86_64, r-patched-solaris-x86, r-release-linux-x86_64, r-release-osx-x86_64-mavericks, r-release-windows-ix86+x86_64

Version: 3.1.16
Check: R code for possible problems
Result: NOTE
    Found the following calls to attach():
    File ‘RandomFields/R/RFfit.R’:
     attach(data, name = name)
    See section ‘Good practice’ in ‘?attach’.
Flavors: r-devel-linux-x86_64-debian-clang, r-devel-linux-x86_64-debian-gcc, r-patched-linux-x86_64, r-release-linux-x86_64

Version: 3.1.16
Check: dependencies in R code
Result: NOTE
    Invalid MIT-MAGIC-COOKIE-1 keyInvalid MIT-MAGIC-COOKIE-1 key
Flavor: r-release-osx-x86_64-mavericks