CRAN Package Check Results for Package RandomFields

Last updated on 2014-11-27 01:47:59.

Flavor Version Tinstall Tcheck Ttotal Status Flags
r-devel-linux-x86_64-debian-clang 3.0.44 22.72 132.49 155.21 NOTE
r-devel-linux-x86_64-debian-gcc 3.0.44 30.68 131.07 161.75 NOTE
r-devel-linux-x86_64-fedora-clang 3.0.44 276.68 NOTE
r-devel-linux-x86_64-fedora-gcc 3.0.44 278.02 NOTE
r-devel-osx-x86_64-clang 3.0.44 274.88 OK
r-devel-windows-ix86+x86_64 3.0.44 111.00 218.00 329.00 OK
r-patched-linux-x86_64 3.0.44 30.70 144.02 174.72 NOTE
r-patched-solaris-sparc 3.0.44 1808.60 OK
r-patched-solaris-x86 3.0.44 457.20 OK
r-release-linux-ix86 3.0.44 38.62 163.76 202.39 OK
r-release-linux-x86_64 3.0.44 30.28 143.37 173.64 NOTE
r-release-osx-x86_64-mavericks 3.0.44 NOTE
r-release-osx-x86_64-snowleopard 3.0.44 NOTE
r-release-windows-ix86+x86_64 3.0.44 123.00 257.00 380.00 OK
r-oldrel-windows-ix86+x86_64 3.0.44 119.00 250.00 369.00 OK

Check Details

Version: 3.0.44
Check: installed package size
Result: NOTE
     installed size is 5.4Mb
     sub-directories of 1Mb or more:
     libs 3.0Mb
Flavors: r-devel-linux-x86_64-debian-clang, r-devel-linux-x86_64-debian-gcc, r-devel-linux-x86_64-fedora-clang, r-devel-linux-x86_64-fedora-gcc, r-patched-linux-x86_64, r-release-linux-x86_64, r-release-osx-x86_64-mavericks, r-release-osx-x86_64-snowleopard