CRAN Package Check Results for Package RandomFields

Last updated on 2016-07-27 19:50:35.

Flavor Version Tinstall Tcheck Ttotal Status Flags
r-devel-linux-x86_64-debian-clang 3.1.16 44.39 126.23 170.62 NOTE
r-devel-linux-x86_64-debian-gcc 3.1.16 42.75 128.70 171.45 NOTE
r-devel-linux-x86_64-fedora-clang 3.1.16 279.83 NOTE
r-devel-linux-x86_64-fedora-gcc 3.1.16 261.02 NOTE
r-devel-osx-x86_64-clang 3.1.16 217.44 OK
r-devel-windows-ix86+x86_64 3.1.16 177.00 228.00 405.00 NOTE
r-patched-linux-x86_64 3.1.16 38.84 127.31 166.14 NOTE
r-patched-solaris-sparc 3.1.16 1509.50 OK
r-patched-solaris-x86 3.1.16 355.30 NOTE
r-release-linux-x86_64 3.1.16 38.31 126.69 165.00 NOTE
r-release-osx-x86_64-mavericks 3.1.16 NOTE
r-release-windows-ix86+x86_64 3.1.16 170.00 223.00 393.00 NOTE
r-oldrel-windows-ix86+x86_64 3.1.16 169.00 246.00 415.00 OK

Check Details

Version: 3.1.16
Check: installed package size
Result: NOTE
     installed size is 6.2Mb
     sub-directories of 1Mb or more:
     help 1.1Mb
     libs 3.6Mb
Flavors: r-devel-linux-x86_64-debian-clang, r-devel-linux-x86_64-debian-gcc, r-devel-linux-x86_64-fedora-clang, r-devel-linux-x86_64-fedora-gcc, r-devel-windows-ix86+x86_64, r-patched-linux-x86_64, r-patched-solaris-x86, r-release-linux-x86_64, r-release-osx-x86_64-mavericks, r-release-windows-ix86+x86_64

Version: 3.1.16
Check: R code for possible problems
Result: NOTE
    Found the following calls to attach():
    File ‘RandomFields/R/RFfit.R’:
     attach(data, name = name)
    See section ‘Good practice’ in ‘?attach’.
Flavors: r-devel-linux-x86_64-debian-clang, r-devel-linux-x86_64-debian-gcc, r-patched-linux-x86_64, r-release-linux-x86_64

Version: 3.1.16
Check: dependencies in R code
Result: NOTE
    Invalid MIT-MAGIC-COOKIE-1 keyInvalid MIT-MAGIC-COOKIE-1 key
Flavor: r-release-osx-x86_64-mavericks