CRAN Package Check Results for Package RandomFields

Last updated on 2015-03-07 03:50:17.

Flavor Version Tinstall Tcheck Ttotal Status Flags
r-devel-linux-x86_64-debian-clang 3.0.62 22.85 132.46 155.31 NOTE
r-devel-linux-x86_64-debian-gcc 3.0.62 33.94 129.05 162.99 NOTE
r-devel-linux-x86_64-fedora-clang 3.0.62 308.46 NOTE
r-devel-linux-x86_64-fedora-gcc 3.0.62 298.68 NOTE
r-devel-osx-x86_64-clang 3.0.62 264.59 NOTE
r-devel-windows-ix86+x86_64 3.0.62 182.00 232.00 414.00 NOTE
r-patched-linux-x86_64 3.0.62 32.14 144.13 176.27 NOTE
r-patched-solaris-sparc 3.0.62 2057.50 OK
r-patched-solaris-x86 3.0.62 427.90 NOTE
r-release-linux-ix86 3.0.62 40.17 167.28 207.45 NOTE
r-release-linux-x86_64 3.0.62 33.00 147.26 180.26 NOTE
r-release-osx-x86_64-mavericks 3.0.62 NOTE
r-release-osx-x86_64-snowleopard 3.0.62 NOTE
r-release-windows-ix86+x86_64 3.0.62 132.00 279.00 411.00 OK
r-oldrel-windows-ix86+x86_64 3.0.62 133.00 284.00 417.00 OK

Check Details

Version: 3.0.62
Check: installed package size
Result: NOTE
     installed size is 5.9Mb
     sub-directories of 1Mb or more:
     libs 3.4Mb
Flavors: r-devel-linux-x86_64-debian-clang, r-devel-linux-x86_64-debian-gcc, r-devel-linux-x86_64-fedora-clang, r-devel-linux-x86_64-fedora-gcc, r-patched-linux-x86_64, r-patched-solaris-x86, r-release-linux-ix86, r-release-linux-x86_64, r-release-osx-x86_64-mavericks, r-release-osx-x86_64-snowleopard

Version: 3.0.62
Check: DESCRIPTION meta-information
Result: NOTE
    Malformed Description field: should contain one or more complete sentences.
Flavors: r-devel-linux-x86_64-debian-clang, r-devel-linux-x86_64-debian-gcc, r-devel-linux-x86_64-fedora-clang, r-devel-linux-x86_64-fedora-gcc, r-devel-osx-x86_64-clang, r-devel-windows-ix86+x86_64