CRAN Package Check Results for Package RandomFields

Last updated on 2014-10-23 05:46:49.

Flavor Version Tinstall Tcheck Ttotal Status Flags
r-devel-linux-x86_64-debian-clang 3.0.44 22.68 132.95 155.62 NOTE
r-devel-linux-x86_64-debian-gcc 3.0.44 29.75 132.67 162.42 NOTE
r-devel-linux-x86_64-fedora-clang 3.0.44 263.79 NOTE
r-devel-linux-x86_64-fedora-gcc 3.0.44 267.81 NOTE
r-devel-osx-x86_64-clang 3.0.44 278.28 OK
r-devel-windows-ix86+x86_64 3.0.44 123.00 226.00 349.00 OK
r-patched-linux-x86_64 3.0.44 30.54 142.25 172.79 NOTE
r-patched-solaris-sparc 3.0.44 1808.60 OK
r-patched-solaris-x86 3.0.44 453.20 OK
r-release-linux-ix86 3.0.44 40.69 174.49 215.18 OK
r-release-linux-x86_64 3.0.44 30.45 147.49 177.94 NOTE
r-release-osx-x86_64-mavericks 3.0.44 NOTE
r-release-osx-x86_64-snowleopard 3.0.44 NOTE
r-release-windows-ix86+x86_64 3.0.44 114.00 255.00 369.00 OK
r-oldrel-windows-ix86+x86_64 3.0.44 128.00 247.00 375.00 OK

Check Details

Version: 3.0.44
Check: installed package size
Result: NOTE
     installed size is 5.4Mb
     sub-directories of 1Mb or more:
     libs 3.0Mb
Flavors: r-devel-linux-x86_64-debian-clang, r-devel-linux-x86_64-debian-gcc, r-devel-linux-x86_64-fedora-clang, r-devel-linux-x86_64-fedora-gcc, r-patched-linux-x86_64, r-release-linux-x86_64, r-release-osx-x86_64-mavericks, r-release-osx-x86_64-snowleopard