CRAN Package Check Results for Package RandomFields

Last updated on 2016-06-25 11:49:19.

Flavor Version Tinstall Tcheck Ttotal Status Flags
r-devel-linux-x86_64-debian-gcc 3.1.16 39.26 115.70 154.96 NOTE
r-devel-linux-x86_64-fedora-clang 3.1.16 277.30 NOTE
r-devel-linux-x86_64-fedora-gcc 3.1.16 262.11 NOTE
r-devel-osx-x86_64-clang 3.1.16 1.05 ERROR
r-devel-windows-ix86+x86_64 3.1.16 124.00 270.00 394.00 NOTE
r-patched-linux-x86_64 3.1.16 34.77 114.86 149.63 NOTE
r-patched-solaris-sparc 3.1.16 1509.50 OK
r-patched-solaris-x86 3.1.16 326.60 OK
r-release-linux-x86_64 3.1.16 34.67 115.98 150.65 NOTE
r-release-osx-x86_64-mavericks 3.1.16 ERROR
r-release-windows-ix86+x86_64 3.1.16 119.00 261.00 380.00 NOTE
r-oldrel-windows-ix86+x86_64 3.1.16 134.00 282.00 416.00 OK

Check Details

Version: 3.1.16
Check: installed package size
Result: NOTE
     installed size is 7.2Mb
     sub-directories of 1Mb or more:
     help 1.1Mb
     libs 4.5Mb
Flavors: r-devel-linux-x86_64-debian-gcc, r-devel-linux-x86_64-fedora-clang, r-devel-linux-x86_64-fedora-gcc, r-devel-windows-ix86+x86_64, r-patched-linux-x86_64, r-release-linux-x86_64, r-release-windows-ix86+x86_64

Version: 3.1.16
Check: R code for possible problems
Result: NOTE
    Found the following calls to attach():
    File ‘RandomFields/R/RFfit.R’:
     attach(data, name = name)
    See section ‘Good practice’ in ‘?attach’.
Flavors: r-devel-linux-x86_64-debian-gcc, r-patched-linux-x86_64, r-release-linux-x86_64

Version: 3.1.16
Check: package dependencies
Result: ERROR
    Package required but not available: ‘RandomFieldsUtils’
    
    See section ‘The DESCRIPTION file’ in the ‘Writing R Extensions’
    manual.
Flavor: r-devel-osx-x86_64-clang

Version: 3.1.16
Check: package dependencies
Result: ERROR
    Package required and available but unsuitable version: ‘RandomFieldsUtils’
    
    See section ‘The DESCRIPTION file’ in the ‘Writing R Extensions’
    manual.
Flavor: r-release-osx-x86_64-mavericks