CRAN Package Check Results for Package RandomFields

Last updated on 2014-12-21 11:46:42.

Flavor Version Tinstall Tcheck Ttotal Status Flags
r-devel-linux-x86_64-debian-clang 3.0.44 22.52 134.90 157.42 NOTE
r-devel-linux-x86_64-debian-gcc 3.0.44 29.87 131.75 161.62 NOTE
r-devel-linux-x86_64-fedora-clang 3.0.44 277.72 NOTE
r-devel-linux-x86_64-fedora-gcc 3.0.44 281.75 NOTE
r-devel-osx-x86_64-clang 3.0.44 275.56 OK
r-devel-windows-ix86+x86_64 3.0.44 125.00 241.00 366.00 OK
r-patched-linux-x86_64 3.0.44 29.72 138.23 167.95 NOTE
r-patched-solaris-sparc 3.0.44 1808.60 OK
r-patched-solaris-x86 3.0.44 448.00 OK
r-release-linux-ix86 3.0.44 38.63 162.89 201.52 OK
r-release-linux-x86_64 3.0.44 30.04 141.98 172.01 NOTE
r-release-osx-x86_64-mavericks 3.0.44 NOTE
r-release-osx-x86_64-snowleopard 3.0.44 NOTE
r-release-windows-ix86+x86_64 3.0.44 123.00 270.00 393.00 OK
r-oldrel-windows-ix86+x86_64 3.0.44 121.00 261.00 382.00 OK

Check Details

Version: 3.0.44
Check: installed package size
Result: NOTE
     installed size is 5.4Mb
     sub-directories of 1Mb or more:
     libs 3.0Mb
Flavors: r-devel-linux-x86_64-debian-clang, r-devel-linux-x86_64-debian-gcc, r-devel-linux-x86_64-fedora-clang, r-devel-linux-x86_64-fedora-gcc, r-patched-linux-x86_64, r-release-linux-x86_64, r-release-osx-x86_64-mavericks, r-release-osx-x86_64-snowleopard