CRAN Package Check Results for Package RandomFields

Last updated on 2016-05-27 06:46:59.

Flavor Version Tinstall Tcheck Ttotal Status Flags
r-devel-linux-x86_64-debian-gcc 3.1.12 36.79 113.60 150.39 NOTE
r-devel-linux-x86_64-fedora-clang 3.1.12 281.23 NOTE
r-devel-linux-x86_64-fedora-gcc 3.1.12 265.37 NOTE
r-devel-osx-x86_64-clang 3.1.12 294.60 OK
r-devel-windows-ix86+x86_64 3.1.12 142.00 235.00 377.00 NOTE
r-patched-linux-x86_64 3.1.12 32.87 113.08 145.95 NOTE
r-patched-solaris-sparc 3.1.12 1663.80 OK
r-patched-solaris-x86 3.1.12 376.10 NOTE
r-release-linux-x86_64 3.1.12 33.33 111.29 144.62 NOTE
r-release-osx-x86_64-mavericks 3.1.12 NOTE
r-release-windows-ix86+x86_64 3.1.12 175.00 222.00 397.00 NOTE
r-oldrel-windows-ix86+x86_64 3.1.12 130.00 227.00 357.00 OK

Check Details

Version: 3.1.12
Check: installed package size
Result: NOTE
     installed size is 7.1Mb
     sub-directories of 1Mb or more:
     help 1.1Mb
     libs 4.5Mb
Flavors: r-devel-linux-x86_64-debian-gcc, r-devel-linux-x86_64-fedora-clang, r-devel-linux-x86_64-fedora-gcc, r-devel-windows-ix86+x86_64, r-patched-linux-x86_64, r-patched-solaris-x86, r-release-linux-x86_64, r-release-osx-x86_64-mavericks, r-release-windows-ix86+x86_64

Version: 3.1.12
Check: R code for possible problems
Result: NOTE
    Found the following calls to attach():
    File ‘RandomFields/R/RFfit.R’:
     attach(data, name = name)
    See section ‘Good practice’ in ‘?attach’.
Flavors: r-devel-linux-x86_64-debian-gcc, r-patched-linux-x86_64, r-release-linux-x86_64

Version: 3.1.12
Check: dependencies in R code
Result: NOTE
    Invalid MIT-MAGIC-COOKIE-1 keyInvalid MIT-MAGIC-COOKIE-1 key
Flavor: r-release-osx-x86_64-mavericks