CRAN Package Check Results for Package RandomFields

Last updated on 2015-08-01 06:48:07.

Flavor Version Tinstall Tcheck Ttotal Status Flags
r-devel-linux-x86_64-debian-clang 3.1.1 26.62 109.02 135.64 NOTE
r-devel-linux-x86_64-debian-gcc 3.1.1 33.96 105.55 139.51 NOTE
r-devel-linux-x86_64-fedora-clang 3.1.1 262.08 NOTE
r-devel-linux-x86_64-fedora-gcc 3.1.1 266.00 NOTE
r-devel-osx-x86_64-clang 3.1.1 205.66 OK
r-devel-windows-ix86+x86_64 3.1.1 200.00 210.00 410.00 NOTE
r-patched-linux-x86_64 3.1.1 33.96 108.66 142.62 NOTE
r-patched-solaris-sparc 3.1.1 1521.10 OK
r-patched-solaris-x86 3.1.1 365.80 NOTE
r-release-linux-x86_64 3.1.1 33.57 108.31 141.88 NOTE
r-release-osx-x86_64-mavericks 3.1.1 NOTE
r-release-windows-ix86+x86_64 3.1.1 186.00 228.00 414.00 NOTE
r-oldrel-windows-ix86+x86_64 3.1.1 147.00 255.00 402.00 NOTE

Memtest notes: UBSAN-gcc UBSAN

Check Details

Version: 3.1.1
Check: installed package size
Result: NOTE
     installed size is 6.0Mb
     sub-directories of 1Mb or more:
     help 1.1Mb
     libs 3.4Mb
Flavors: r-devel-linux-x86_64-debian-clang, r-devel-linux-x86_64-debian-gcc, r-devel-linux-x86_64-fedora-clang, r-devel-linux-x86_64-fedora-gcc, r-devel-windows-ix86+x86_64, r-patched-linux-x86_64, r-patched-solaris-x86, r-release-linux-x86_64, r-release-osx-x86_64-mavericks, r-release-windows-ix86+x86_64, r-oldrel-windows-ix86+x86_64

Version: 3.1.1
Check: R code for possible problems
Result: NOTE
    Found the following calls to attach():
    File ‘RandomFields/R/RFfit.R’:
     attach(data, name = name)
    See section ‘Good practice’ in ‘?attach’.
Flavors: r-devel-linux-x86_64-debian-clang, r-devel-linux-x86_64-debian-gcc, r-patched-linux-x86_64, r-release-linux-x86_64

Version: 3.1.1
Check: dependencies in R code
Result: NOTE
    alloc: invalid block: 0x103d173a8: 0 0
Flavor: r-release-osx-x86_64-mavericks