CRAN Package Check Results for Package RandomFields

Last updated on 2017-01-22 09:48:25.

Flavor Version Tinstall Tcheck Ttotal Status Flags
r-devel-linux-x86_64-debian-clang 3.1.36 37.36 128.77 166.14 NOTE
r-devel-linux-x86_64-debian-gcc 3.1.36 36.29 124.32 160.61 NOTE
r-devel-linux-x86_64-fedora-clang 3.1.36 317.29 NOTE --no-stop-on-test-error
r-devel-linux-x86_64-fedora-gcc 3.1.36 292.45 NOTE --no-stop-on-test-error
r-devel-macos-x86_64-clang 3.1.36 231.98 OK --no-stop-on-test-error
r-devel-windows-ix86+x86_64 3.1.36 149.00 337.00 486.00 NOTE
r-patched-linux-x86_64 3.1.36 33.11 115.39 148.50 NOTE
r-patched-solaris-sparc 3.1.36 214.40 ERROR
r-patched-solaris-x86 3.1.36 59.30 ERROR
r-release-linux-x86_64 3.1.36 32.57 118.70 151.27 NOTE
r-release-osx-x86_64-mavericks 3.1.36 NOTE
r-release-windows-ix86+x86_64 3.1.36 227.00 298.00 525.00 NOTE
r-oldrel-windows-ix86+x86_64 3.1.36 213.00 336.00 549.00 OK

Check Details

Version: 3.1.36
Check: R code for possible problems
Result: NOTE
    Found the following calls to attach():
    File ‘RandomFields/R/RFfit.R’:
     attach(data, name = name)
    See section ‘Good practice’ in ‘?attach’.
Flavors: r-devel-linux-x86_64-debian-clang, r-devel-linux-x86_64-debian-gcc, r-patched-linux-x86_64, r-release-linux-x86_64

Version: 3.1.36
Flags: --no-stop-on-test-error
Check: installed package size
Result: NOTE
     installed size is 6.2Mb
     sub-directories of 1Mb or more:
     help 1.1Mb
     libs 3.6Mb
Flavors: r-devel-linux-x86_64-fedora-clang, r-devel-linux-x86_64-fedora-gcc

Version: 3.1.36
Check: installed package size
Result: NOTE
     installed size is 5.1Mb
     sub-directories of 1Mb or more:
     help 1.1Mb
     libs 2.5Mb
Flavors: r-devel-windows-ix86+x86_64, r-release-osx-x86_64-mavericks, r-release-windows-ix86+x86_64

Version: 3.1.36
Check: package dependencies
Result: NOTE
    Package suggested but not available for checking: ‘geoR’
Flavors: r-patched-solaris-sparc, r-patched-solaris-x86

Version: 3.1.36
Check: whether package can be installed
Result: ERROR
    Installation failed.
Flavors: r-patched-solaris-sparc, r-patched-solaris-x86