CRAN Package Check Results for Package RandomFields

Last updated on 2016-04-30 18:47:01.

Flavor Version Tinstall Tcheck Ttotal Status Flags
r-devel-linux-x86_64-debian-gcc 3.1.12 33.28 115.77 149.05 NOTE
r-devel-linux-x86_64-fedora-clang 3.1.12 171.04 NOTE
r-devel-linux-x86_64-fedora-gcc 3.1.12 259.50 NOTE
r-devel-osx-x86_64-clang 3.1.12 106.21 OK
r-devel-windows-ix86+x86_64 3.1.12 145.00 224.00 369.00 NOTE
r-patched-linux-x86_64 3.1.12 32.76 109.56 142.33 NOTE
r-patched-solaris-sparc 3.1.12 1497.30 OK
r-patched-solaris-x86 3.1.12 329.90 NOTE
r-release-linux-x86_64 3.1.12 33.19 117.79 150.98 NOTE
r-release-osx-x86_64-mavericks 3.1.12 NOTE
r-release-windows-ix86+x86_64 3.1.12 201.00 279.00 480.00 NOTE
r-oldrel-windows-ix86+x86_64 3.1.12 140.00 320.00 460.00 NOTE

Check Details

Version: 3.1.12
Check: installed package size
Result: NOTE
     installed size is 6.8Mb
     sub-directories of 1Mb or more:
     help 1.1Mb
     libs 4.1Mb
Flavors: r-devel-linux-x86_64-debian-gcc, r-devel-linux-x86_64-fedora-clang, r-devel-linux-x86_64-fedora-gcc, r-devel-windows-ix86+x86_64, r-patched-linux-x86_64, r-patched-solaris-x86, r-release-linux-x86_64, r-release-osx-x86_64-mavericks, r-release-windows-ix86+x86_64, r-oldrel-windows-ix86+x86_64

Version: 3.1.12
Check: R code for possible problems
Result: NOTE
    Found the following calls to attach():
    File ‘RandomFields/R/RFfit.R’:
     attach(data, name = name)
    See section ‘Good practice’ in ‘?attach’.
Flavors: r-devel-linux-x86_64-debian-gcc, r-patched-linux-x86_64, r-release-linux-x86_64

Version: 3.1.12
Check: dependencies in R code
Result: NOTE
    Invalid MIT-MAGIC-COOKIE-1 keyalloc: invalid block: 0x1081e63a8: 0 0
Flavor: r-release-osx-x86_64-mavericks