CRAN Package Check Results for Package RandomFields

Last updated on 2015-07-01 13:47:29.

Flavor Version Tinstall Tcheck Ttotal Status Flags
r-devel-linux-x86_64-debian-clang 3.0.62 25.22 129.52 154.74 NOTE
r-devel-linux-x86_64-debian-gcc 3.0.62 31.66 127.73 159.39 NOTE
r-devel-linux-x86_64-fedora-clang 3.0.62 304.93 NOTE
r-devel-linux-x86_64-fedora-gcc 3.0.62 295.10 NOTE
r-devel-osx-x86_64-clang 3.0.62 265.46 NOTE
r-devel-windows-ix86+x86_64 3.0.62 172.00 230.00 402.00 NOTE
r-patched-linux-x86_64 3.0.62 32.10 130.95 163.04 NOTE
r-patched-solaris-sparc 3.0.62 1930.70 NOTE
r-patched-solaris-x86 3.0.62 399.80 NOTE
r-release-linux-x86_64 3.0.62 31.70 128.72 160.42 NOTE
r-release-osx-x86_64-mavericks 3.0.62 WARN
r-release-windows-ix86+x86_64 3.0.62 133.00 260.00 393.00 NOTE
r-oldrel-windows-ix86+x86_64 3.0.62 151.00 251.00 402.00 OK

Check Details

Version: 3.0.62
Check: installed package size
Result: NOTE
     installed size is 5.8Mb
     sub-directories of 1Mb or more:
     libs 3.3Mb
Flavors: r-devel-linux-x86_64-debian-clang, r-devel-linux-x86_64-debian-gcc, r-devel-linux-x86_64-fedora-clang, r-devel-linux-x86_64-fedora-gcc, r-patched-linux-x86_64, r-patched-solaris-x86, r-release-linux-x86_64, r-release-osx-x86_64-mavericks

Version: 3.0.62
Check: DESCRIPTION meta-information
Result: NOTE
    Malformed Description field: should contain one or more complete sentences.
Flavors: r-devel-linux-x86_64-debian-clang, r-devel-linux-x86_64-debian-gcc, r-devel-linux-x86_64-fedora-clang, r-devel-linux-x86_64-fedora-gcc, r-devel-osx-x86_64-clang, r-devel-windows-ix86+x86_64, r-patched-linux-x86_64, r-patched-solaris-sparc, r-patched-solaris-x86, r-release-linux-x86_64, r-release-osx-x86_64-mavericks, r-release-windows-ix86+x86_64

Version: 3.0.62
Check: R code for possible problems
Result: NOTE
    ArrangeDevice: no visible global function definition for ‘dev.list’
    ArrangeDevice: no visible global function definition for ‘dev.off’
    CheckXT: no visible global function definition for ‘is.raster’
    CheckXT: no visible global function definition for ‘dist’
    FinalizeExample: no visible global function definition for ‘dev.list’
    FinalizeExample: no visible global function definition for ‘dev.off’
    Print: no visible global function definition for ‘str’
    RFcrossvalidate: no visible global function definition for ‘pnorm’
    RFearth2dist: no visible global function definition for ‘dist’
    RFempiricalvariogram: no visible global function definition for ‘cov’
    RFempiricalvariogram: no visible global function definition for ‘var’
    RFhurst: no visible global function definition for ‘dev.off’
    RFinterpolate: no visible global function definition for ‘str’
    RFinterpolate: no visible global function definition for ‘is.raster’
    RFinterpolate: no visible global function definition for ‘rnorm’
    RFsimulate: no visible global function definition for ‘is.raster’
    ScreenDevice: no visible binding for global variable ‘pdf’
    ScreenDevice: no visible binding for global variable ‘jpeg’
    approx_test: no visible global function definition for ‘pchisq’
    approx_test_single: no visible global function definition for ‘pchisq’
    crossvario: no visible global function definition for ‘fft’
    cutoffArray: no visible global function definition for ‘tail’
    default.image.par: no visible global function definition for
     ‘installed.packages’
    default.image.par: no visible global function definition for
     ‘heat.colors’
    default.image.par: no visible global function definition for
     ‘cm.colors’
    extractSummands: no visible global function definition for ‘tail’
    isFormulaModel: no visible global function definition for ‘tail’
    list2RFempVariog: no visible binding for global variable ‘var’
    plotRFspatialDataFrame: no visible global function definition for
     ‘trans3d’
    plotRFspatialDataFrame: no visible binding for global variable ‘data’
    plotRFspatialDataFrame : addpoints: no visible global function
     definition for ‘xy.coords’
    prepareplotRFsp: no visible global function definition for ‘dev.list’
    print.RFspatialPointsDataFrame: no visible global function definition
     for ‘str’
    print.RMmodelgenerator: no visible global function definition for ‘str’
    print.summary.RFempVariog: no visible global function definition for
     ‘str’
    print.summary.RFopt: no visible global function definition for ‘str’
    print.summary.RFoptElmnt: no visible global function definition for
     ‘str’
    print.summary.RFsp: no visible global function definition for ‘str’
    print.summary.RMmodel: no visible global function definition for ‘str’
    print.summary.RMmodelFit: no visible global function definition for
     ‘str’
    print_RFgetModelInfo: no visible global function definition for ‘str’
    regression: no visible global function definition for ‘lm’
    regression: no visible global function definition for ‘ksmooth’
    removeParenthesis: no visible global function definition for ‘head’
    removeParenthesis: no visible global function definition for ‘tail’
    reverse_dependencies_with_maintainers: no visible global function
     definition for ‘contrib.url’
    rfGenerateModels: no visible global function definition for ‘help’
    rffit.gauss: no visible binding for global variable ‘optim’
    rffit.gauss: no visible global function definition for
     ‘installed.packages’
    rffit.gauss : INVDIAGHESS: no visible global function definition for
     ‘optimHess’
    rffit.gauss : INVDIAGHESS: no visible global function definition for
     ‘rnorm’
    rffit.gauss: no visible global function definition for ‘str’
    rffit.gauss: no visible global function definition for ‘dist’
    rffit.gauss: no visible global function definition for ‘rnorm’
    rffit.gauss: no visible binding for global variable ‘var’
    rffit.gauss : <anonymous>: no visible global function definition for
     ‘var’
    rffit.gauss: no visible global function definition for ‘var’
    rffit.gauss: no visible global function definition for ‘lsfit’
    rffit.gauss: no visible binding for global variable ‘median’
    rffit.gauss: no visible global function definition for ‘runif’
    rffit.gauss: no visible global function definition for ‘quantile’
    rfgui.intern : plotFunction: no visible global function definition for
     ‘trans3d’
    rfgui.intern : OnNewSimu: no visible global function definition for
     ‘runif’
    rfgui.intern: no visible global function definition for ‘runif’
    rfgui.intern: no visible global function definition for ‘lm’
    rfgui.intern: no visible global function definition for ‘quantile’
    singleplot: no visible global function definition for ‘xy.coords’
    str.RMmodel: no visible global function definition for ‘strOptions’
    str.RMmodel: no visible global function definition for ‘modifyList’
    str.RMmodel: no visible global function definition for ‘capture.output’
    str.RMmodel: no visible global function definition for ‘str’
    summary.RFcrossvalidate: no visible binding for global variable ‘sd’
    vary.variables: no visible global function definition for ‘runif’
    vary.x: no visible global function definition for ‘runif’
Flavors: r-devel-linux-x86_64-debian-clang, r-devel-linux-x86_64-debian-gcc, r-devel-linux-x86_64-fedora-clang, r-devel-linux-x86_64-fedora-gcc, r-devel-windows-ix86+x86_64

Version: 3.0.62
Check: Rd cross-references
Result: WARN
    package ‘raster’ exists but was not installed under R >= 2.10.0 so xrefs cannot be checked
Flavor: r-release-osx-x86_64-mavericks