CRAN Package Check Results for Package RandomFields

Last updated on 2014-08-29 02:47:51.

Flavor Version Tinstall Tcheck Ttotal Status Flags
r-devel-linux-x86_64-debian-clang 3.0.35 18.36 103.99 122.36 NOTE
r-devel-linux-x86_64-debian-gcc 3.0.35 28.01 102.32 130.33 NOTE
r-devel-linux-x86_64-fedora-clang 3.0.35 263.93 NOTE
r-devel-linux-x86_64-fedora-gcc 3.0.35 240.09 NOTE
r-devel-osx-x86_64-clang 3.0.35 200.35 NOTE
r-devel-windows-ix86+x86_64 3.0.35 117.00 180.00 297.00 NOTE
r-patched-linux-x86_64 3.0.35 28.09 118.69 146.78 OK
r-patched-solaris-sparc 3.0.35 1499.50 OK
r-patched-solaris-x86 3.0.35 388.30 OK
r-release-linux-ix86 3.0.35 37.04 140.43 177.46 OK
r-release-linux-x86_64 3.0.35 27.75 118.52 146.27 OK
r-release-osx-x86_64-mavericks 3.0.35 OK
r-release-osx-x86_64-snowleopard 3.0.35 OK
r-release-windows-ix86+x86_64 3.0.35 109.00 196.00 305.00 OK
r-oldrel-windows-ix86+x86_64 3.0.35 113.00 201.00 314.00 OK

Check Details

Version: 3.0.35
Check: R code for possible problems
Result: NOTE
    CheckXT: no visible global function definition for ‘coordinates’
    FinishImputing: no visible global function definition for ‘coordinates’
    RFinterpolate: no visible global function definition for ‘projection<-’
    RFinterpolate: no visible global function definition for ‘projection’
    RFinterpolate: no visible global function definition for ‘GridTopology’
    RFsimulate: no visible global function definition for ‘coordinates’
    RFsimulate: no visible global function definition for ‘projection<-’
    RFsimulate: no visible global function definition for ‘projection’
    RFspatialGridDataFrame: no visible global function definition for ‘CRS’
    RFspatialGridDataFrame: no visible global function definition for
     ‘SpatialGridDataFrame’
    RFspatialPointsDataFrame: no visible global function definition for
     ‘CRS’
    RFspatialPointsDataFrame: no visible global function definition for
     ‘SpatialPointsDataFrame’
    cbind_RFsp: no visible global function definition for ‘proj4string<-’
    cbind_RFsp: no visible global function definition for ‘CRS’
    cbind_RFsp: no visible global function definition for ‘proj4string’
    convert2GridTopology: no visible global function definition for
     ‘GridTopology’
    prepare4RFspDataFrame: no visible global function definition for
     ‘GridTopology’
    print.RFgridDataFrame: no visible global function definition for
     ‘coordinates’
    rfPrepare: no visible global function definition for ‘coordinates’
    rfgui.intern: no visible global function definition for ‘tclRequire’
    rfgui.intern : OnModelSelected: no visible global function definition
     for ‘tclvalue’
    rfgui.intern : OnModelSelected: no visible global function definition
     for ‘tkdestroy’
    rfgui.intern : OnModelSelected: no visible global function definition
     for ‘tcl’
    rfgui.intern : OnModelSelected: no visible global function definition
     for ‘tclVar’
    rfgui.intern : OnModelSelected: no visible global function definition
     for ‘tklabel’
    rfgui.intern : OnModelSelected: no visible global function definition
     for ‘tkscale’
    rfgui.intern : OnModelSelected: no visible global function definition
     for ‘tkentry’
    rfgui.intern : OnModelSelected: no visible global function definition
     for ‘tkbind’
    rfgui.intern : OnPlotVarCovChanged: no visible global function
     definition for ‘tclvalue’
    rfgui.intern : OnPlotVarCovChanged: no visible global function
     definition for ‘tclvalue<-’
    rfgui.intern : OnPlotVarCovChanged: no visible global function
     definition for ‘tkrreplot’
    rfgui.intern : OnplotEVChanged: no visible global function definition
     for ‘tclvalue’
    rfgui.intern : OnplotEVChanged: no visible global function definition
     for ‘tclvalue<-’
    rfgui.intern : OnplotEVChanged: no visible global function definition
     for ‘tkrreplot’
    rfgui.intern : OnScaleEntryChanged: no visible global function
     definition for ‘tclvalue’
    rfgui.intern : OnScaleEntryChanged: no visible global function
     definition for ‘tkconfigure’
    rfgui.intern : OnScaleEntryChanged: no visible global function
     definition for ‘tclvalue<-’
    rfgui.intern : OnVarEntryChanged: no visible global function definition
     for ‘tclvalue’
    rfgui.intern : OnVarEntryChanged: no visible global function definition
     for ‘tkconfigure’
    rfgui.intern : OnVarEntryChanged: no visible global function definition
     for ‘tclvalue<-’
    rfgui.intern : OnNuggetEntryChanged: no visible global function
     definition for ‘tclvalue’
    rfgui.intern : OnNuggetEntryChanged: no visible global function
     definition for ‘tkconfigure’
    rfgui.intern : OnNuggetEntryChanged: no visible global function
     definition for ‘tclvalue<-’
    rfgui.intern : OnRotationEntryChanged: no visible global function
     definition for ‘tclvalue<-’
    rfgui.intern : OnRotationEntryChanged: no visible global function
     definition for ‘tclvalue’
    rfgui.intern : OnRadiusEntryChanged: no visible global function
     definition for ‘tclvalue’
    rfgui.intern : OnRadiusEntryChanged: no visible global function
     definition for ‘tkconfigure’
    rfgui.intern : OnRadiusEntryChanged: no visible global function
     definition for ‘tclvalue<-’
    rfgui.intern : OnAddParamEntryChanged: no visible global function
     definition for ‘tclvalue<-’
    rfgui.intern : OnAddParamEntryChanged: no visible global function
     definition for ‘tclvalue’
    rfgui.intern : GetGuiModel: no visible global function definition for
     ‘tclvalue’
    rfgui.intern : GetGuiModel: no visible global function definition for
     ‘tclvalue<-’
    rfgui.intern : plotFunction: no visible global function definition for
     ‘tclvalue’
    rfgui.intern : plotFunction: no visible global function definition for
     ‘tclvalue<-’
    rfgui.intern : plotSimulation: no visible global function definition
     for ‘tclvalue’
    rfgui.intern : plotDensity: no visible global function definition for
     ‘tkrreplot’
    rfgui.intern : plotDensity: no visible global function definition for
     ‘tclvalue’
    rfgui.intern : OnChangeIsotropie: no visible global function definition
     for ‘tclvalue’
    rfgui.intern : OnChangeIsotropie: no visible global function definition
     for ‘tkgrid.remove’
    rfgui.intern : OnTurnPlot: no visible global function definition for
     ‘tkrreplot’
    rfgui.intern : OnNewSimu: no visible global function definition for
     ‘tkrreplot’
    rfgui.intern : OnSimDimChanged: no visible global function definition
     for ‘tclvalue’
    rfgui.intern : OnSimDimChanged: no visible global function definition
     for ‘tkrreplot’
    rfgui.intern : OnSimDimChanged: no visible global function definition
     for ‘tclvalue<-’
    rfgui.intern : OnReturn: no visible global function definition for
     ‘tkdestroy’
    rfgui.intern : position: no visible global function definition for
     ‘tkgrid.configure’
    rfgui.intern : position: no visible global function definition for
     ‘tclvalue’
    rfgui.intern: no visible global function definition for ‘tclVar’
    rfgui.intern: no visible global function definition for ‘tclvalue’
    rfgui.intern: no visible global function definition for ‘tktoplevel’
    rfgui.intern: no visible global function definition for ‘tktitle<-’
    rfgui.intern: no visible global function definition for ‘tkgrid’
    rfgui.intern: no visible global function definition for ‘tklabel’
    rfgui.intern: no visible global function definition for ‘ttkcombobox’
    rfgui.intern: no visible global function definition for ‘tkbind’
    rfgui.intern: no visible global function definition for ‘tkrplot’
    rfgui.intern: no visible global function definition for ‘tkcheckbutton’
    rfgui.intern: no visible global function definition for ‘tkradiobutton’
    rfgui.intern: no visible global function definition for ‘tkconfigure’
    rfgui.intern: no visible global function definition for ‘tkbutton’
    rfgui.intern: no visible global function definition for ‘tkscale’
    rfgui.intern: no visible global function definition for ‘tkentry’
    spatialPointsObject2conventional: no visible global function definition
     for ‘points2grid’
    summary.RFpointsDataFrame: no visible global function definition for
     ‘coordinates’
    coerce,RFpointsDataFrame-RFgridDataFrame: no visible global function
     definition for ‘SpatialPoints’
    coerce,RFpointsDataFrame-RFgridDataFrame: no visible global function
     definition for ‘points2grid’
    coerce,RFspatialGridDataFrame-RFspatialPointsDataFrame: no visible
     global function definition for ‘coordinates’
    coerce,RFspatialPointsDataFrame-RFspatialGridDataFrame: no visible
     global function definition for ‘points2grid’
Flavors: r-devel-linux-x86_64-debian-clang, r-devel-linux-x86_64-debian-gcc, r-devel-linux-x86_64-fedora-clang, r-devel-linux-x86_64-fedora-gcc, r-devel-osx-x86_64-clang, r-devel-windows-ix86+x86_64