CRAN Package Check Results for Package RandomFields

Last updated on 2017-03-28 11:51:39.

Flavor Version Tinstall Tcheck Ttotal Status Flags
r-devel-linux-x86_64-debian-clang 3.1.36 38.30 127.21 165.52 NOTE
r-devel-linux-x86_64-debian-gcc 3.1.36 36.97 126.95 163.92 NOTE
r-devel-linux-x86_64-fedora-clang 3.1.36 306.92 NOTE --no-stop-on-test-error
r-devel-linux-x86_64-fedora-gcc 3.1.36 300.26 NOTE --no-stop-on-test-error
r-devel-macos-x86_64-clang 3.1.36 229.19 NOTE --no-stop-on-test-error
r-devel-windows-ix86+x86_64 3.1.36 133.00 256.00 389.00 NOTE
r-patched-linux-x86_64 3.1.36 33.02 125.65 158.66 NOTE
r-patched-solaris-sparc 3.1.36 20.10 ERROR
r-patched-solaris-x86 3.1.36 3.80 ERROR
r-release-linux-x86_64 3.1.36 33.24 114.78 148.02 NOTE
r-release-osx-x86_64-mavericks 3.1.36 NOTE
r-release-windows-ix86+x86_64 3.1.36 196.00 227.00 423.00 NOTE
r-oldrel-windows-ix86+x86_64 3.1.36 118.00 231.00 349.00 OK

Check Details

Version: 3.1.36
Check: R code for possible problems
Result: NOTE
    Found the following calls to attach():
    File ‘RandomFields/R/RFfit.R’:
     attach(data, name = name)
    See section ‘Good practice’ in ‘?attach’.
Flavors: r-devel-linux-x86_64-debian-clang, r-devel-linux-x86_64-debian-gcc, r-patched-linux-x86_64, r-release-linux-x86_64

Version: 3.1.36
Check: compiled code
Result: NOTE
    File ‘RandomFields/libs/RandomFields.so’:
     Found no calls to: ‘R_registerRoutines’, ‘R_useDynamicSymbols’
    
    It is good practice to register native routines and to disable symbol
    search.
    
    See ‘Writing portable packages’ in the ‘Writing R Extensions’ manual.
Flavors: r-devel-linux-x86_64-debian-clang, r-devel-linux-x86_64-debian-gcc, r-patched-linux-x86_64

Version: 3.1.36
Flags: --no-stop-on-test-error
Check: installed package size
Result: NOTE
     installed size is 6.3Mb
     sub-directories of 1Mb or more:
     help 1.1Mb
     libs 3.6Mb
Flavors: r-devel-linux-x86_64-fedora-clang, r-devel-linux-x86_64-fedora-gcc

Version: 3.1.36
Flags: --no-stop-on-test-error
Check: compiled code
Result: NOTE
    File ‘RandomFields/libs/RandomFields.so’:
     Found no calls to: ‘R_registerRoutines’, ‘R_useDynamicSymbols’
    
    It is good practice to register native routines and to disable symbol
    search.
    
    See ‘Writing portable packages’ in the ‘Writing R Extensions’ manual.
Flavors: r-devel-linux-x86_64-fedora-clang, r-devel-linux-x86_64-fedora-gcc, r-devel-macos-x86_64-clang

Version: 3.1.36
Check: installed package size
Result: NOTE
     installed size is 5.2Mb
     sub-directories of 1Mb or more:
     help 1.1Mb
     libs 2.6Mb
Flavors: r-devel-windows-ix86+x86_64, r-release-osx-x86_64-mavericks, r-release-windows-ix86+x86_64

Version: 3.1.36
Check: package dependencies
Result: ERROR
    Package required but not available: ‘RandomFieldsUtils’
    
    Package suggested but not available for checking: ‘geoR’
    
    See section ‘The DESCRIPTION file’ in the ‘Writing R Extensions’
    manual.
Flavors: r-patched-solaris-sparc, r-patched-solaris-x86