CRAN Package Check Results for Package RandomFields

Last updated on 2018-08-19 11:48:03 CEST.

Flavor Version Tinstall Tcheck Ttotal Status Flags
r-devel-linux-x86_64-debian-clang 3.1.50 78.52 179.02 257.54 NOTE
r-devel-linux-x86_64-debian-gcc 3.1.50 67.05 143.20 210.25 WARN
r-devel-linux-x86_64-fedora-clang 3.1.50 317.61 NOTE
r-devel-linux-x86_64-fedora-gcc 3.1.50 313.05 WARN
r-devel-windows-ix86+x86_64 3.1.50 222.00 347.00 569.00 NOTE
r-patched-linux-x86_64 3.1.50 80.71 173.45 254.16 WARN
r-patched-solaris-x86 3.1.50 327.90 ERROR
r-release-linux-x86_64 3.1.50 83.52 174.98 258.50 WARN
r-release-windows-ix86+x86_64 3.1.50 216.00 254.00 470.00 NOTE
r-release-osx-x86_64 3.1.50 NOTE
r-oldrel-windows-ix86+x86_64 3.1.50 146.00 263.00 409.00 NOTE
r-oldrel-osx-x86_64 3.1.50 NOTE

Additional issues

MKL rchk

Check Details

Version: 3.1.50
Check: R code for possible problems
Result: NOTE
    Found the following calls to attach():
    File ‘RandomFields/R/RFfit.R’:
     attach(data, name = name)
    See section ‘Good practice’ in ‘?attach’.
Flavors: r-devel-linux-x86_64-debian-clang, r-devel-linux-x86_64-debian-gcc, r-patched-linux-x86_64, r-release-linux-x86_64

Version: 3.1.50
Check: whether package can be installed
Result: WARN
    Found the following significant warnings:
     /home/hornik/tmp/R.check/r-devel-gcc/Work/build/Packages/RandomFieldsUtils/include/errors_messages.h:64:41: warning: ‘%s’ directive writing up to 1999 bytes into a region of size between 1000 and 1999 [-Wformat-overflow=]
     RF.h:1878:65: warning: ‘%s’ directive writing up to 1999 bytes into a region of size between 943 and 960 [-Wformat-overflow=]
     RF.h:1878:65: warning: ‘%s’ directive writing up to 1999 bytes into a region of size between 938 and 955 [-Wformat-overflow=]
     InternalCov.cc:352:26: warning: ‘undetermined, ’ directive writing 14 bytes into a region of size between 1 and 255 [-Wformat-overflow=]
     InternalCov.cc:351:50: warning: ‘, ’ directive writing 2 bytes into a region of size between 0 and 254 [-Wformat-overflow=]
     InternalCov.cc:354:25: warning: ‘undetermined)’ directive writing 13 bytes into a region of size between 1 and 255 [-Wformat-overflow=]
     InternalCov.cc:353:49: warning: ‘)’ directive writing 1 byte into a region of size between 0 and 254 [-Wformat-overflow=]
     MLE.cc:98:24: warning: ‘sprintf’ may write a terminating nul past the end of the destination [-Wformat-overflow=]
     MLE.cc:194:19: warning: ‘%d’ directive writing between 1 and 11 bytes into a region of size between 1 and 255 [-Wformat-overflow=]
     RF.h:1879:43: warning: ‘ '’ directive writing 2 bytes into a region of size between 1 and 1000 [-Wformat-overflow=]
     gauss.cc:664:22: warning: ‘%-13s’ directive writing 13 bytes into a region of size between 0 and 1299 [-Wformat-overflow=]
     initNerror.cc:394:26: warning: ‘%s’ directive writing up to 1999 bytes into a region of size between 1000 and 1999 [-Wformat-overflow=]
     kleinkram.cc:1018:18: warning: ‘ '’ directive writing 2 bytes into a region of size between 1 and 1000 [-Wformat-overflow=]
     rf_interfaces.cc:402:20: warning: ‘%s’ directive writing up to 79 bytes into a region of size between 0 and 999 [-Wformat-overflow=]
     rf_interfaces.cc:878:18: warning: ‘%s’ directive writing up to 1999 bytes into a region of size between 701 and 2000 [-Wformat-overflow=]
     rf_interfaces.cc:1301:22: warning: ‘%d’ directive writing between 1 and 10 bytes into a region of size between 0 and 999 [-Wformat-overflow=]
     tbm.cc:714:22: warning: ‘%s’ directive writing up to 17 bytes into a region of size between 0 and 999 [-Wformat-overflow=]
     trend.cc:1310:22: warning: ‘%s’ directive writing 15 bytes into a region of size between 1 and 1000 [-Wformat-overflow=]
Flavor: r-devel-linux-x86_64-debian-gcc

Version: 3.1.50
Check: installed package size
Result: NOTE
     installed size is 7.5Mb
     sub-directories of 1Mb or more:
     R 1.4Mb
     help 1.1Mb
     libs 4.0Mb
Flavors: r-devel-linux-x86_64-fedora-clang, r-devel-windows-ix86+x86_64, r-patched-solaris-x86, r-release-windows-ix86+x86_64, r-release-osx-x86_64, r-oldrel-windows-ix86+x86_64, r-oldrel-osx-x86_64

Version: 3.1.50
Check: whether package can be installed
Result: WARN
    Found the following significant warnings:
     /data/gannet/ripley/R/test-3.6/RandomFieldsUtils/include/errors_messages.h:64:41: warning: ‘%s’ directive writing up to 1999 bytes into a region of size between 1000 and 1999 [-Wformat-overflow=]
     RF.h:1878:65: warning: ‘%s’ directive writing up to 1999 bytes into a region of size between 943 and 960 [-Wformat-overflow=]
     RF.h:1878:65: warning: ‘%s’ directive writing up to 1999 bytes into a region of size between 938 and 955 [-Wformat-overflow=]
     InternalCov.cc:352:26: warning: ‘undetermined, ’ directive writing 14 bytes into a region of size between 1 and 255 [-Wformat-overflow=]
     InternalCov.cc:351:50: warning: ‘, ’ directive writing 2 bytes into a region of size between 0 and 254 [-Wformat-overflow=]
     InternalCov.cc:354:25: warning: ‘undetermined)’ directive writing 13 bytes into a region of size between 1 and 255 [-Wformat-overflow=]
     InternalCov.cc:353:49: warning: ‘)’ directive writing 1 byte into a region of size between 0 and 254 [-Wformat-overflow=]
     MLE.cc:98:24: warning: ‘sprintf’ may write a terminating nul past the end of the destination [-Wformat-overflow=]
     MLE.cc:194:19: warning: ‘%d’ directive writing between 1 and 11 bytes into a region of size between 1 and 255 [-Wformat-overflow=]
     RF.h:1879:43: warning: ‘ '’ directive writing 2 bytes into a region of size between 1 and 1000 [-Wformat-overflow=]
     gauss.cc:664:22: warning: ‘%-13s’ directive writing 13 bytes into a region of size between 0 and 1299 [-Wformat-overflow=]
     initNerror.cc:394:26: warning: ‘%s’ directive writing up to 1999 bytes into a region of size between 1000 and 1999 [-Wformat-overflow=]
     kleinkram.cc:1018:18: warning: ‘ '’ directive writing 2 bytes into a region of size between 1 and 1000 [-Wformat-overflow=]
     rf_interfaces.cc:402:20: warning: ‘%s’ directive writing up to 79 bytes into a region of size between 0 and 999 [-Wformat-overflow=]
     rf_interfaces.cc:878:18: warning: ‘%s’ directive writing up to 1999 bytes into a region of size between 701 and 2000 [-Wformat-overflow=]
     rf_interfaces.cc:1301:22: warning: ‘%d’ directive writing between 1 and 10 bytes into a region of size between 0 and 999 [-Wformat-overflow=]
     tbm.cc:714:22: warning: ‘%s’ directive writing up to 17 bytes into a region of size between 0 and 999 [-Wformat-overflow=]
     trend.cc:1310:22: warning: ‘%s’ directive writing 15 bytes into a region of size between 1 and 1000 [-Wformat-overflow=]
Flavor: r-devel-linux-x86_64-fedora-gcc

Version: 3.1.50
Check: whether package can be installed
Result: WARN
    Found the following significant warnings:
     /home/hornik/tmp/R.check/r-patched-gcc/Work/build/Packages/RandomFieldsUtils/include/errors_messages.h:64:41: warning: ‘%s’ directive writing up to 1999 bytes into a region of size between 1000 and 1999 [-Wformat-overflow=]
     RF.h:1878:65: warning: ‘%s’ directive writing up to 1999 bytes into a region of size between 943 and 960 [-Wformat-overflow=]
     RF.h:1878:65: warning: ‘%s’ directive writing up to 1999 bytes into a region of size between 938 and 955 [-Wformat-overflow=]
     InternalCov.cc:352:26: warning: ‘undetermined, ’ directive writing 14 bytes into a region of size between 1 and 255 [-Wformat-overflow=]
     InternalCov.cc:351:50: warning: ‘, ’ directive writing 2 bytes into a region of size between 0 and 254 [-Wformat-overflow=]
     InternalCov.cc:354:25: warning: ‘undetermined)’ directive writing 13 bytes into a region of size between 1 and 255 [-Wformat-overflow=]
     InternalCov.cc:353:49: warning: ‘)’ directive writing 1 byte into a region of size between 0 and 254 [-Wformat-overflow=]
     MLE.cc:98:24: warning: ‘sprintf’ may write a terminating nul past the end of the destination [-Wformat-overflow=]
     MLE.cc:194:19: warning: ‘%d’ directive writing between 1 and 11 bytes into a region of size between 1 and 255 [-Wformat-overflow=]
     RF.h:1879:43: warning: ‘ '’ directive writing 2 bytes into a region of size between 1 and 1000 [-Wformat-overflow=]
     gauss.cc:664:22: warning: ‘%-13s’ directive writing 13 bytes into a region of size between 0 and 1299 [-Wformat-overflow=]
     initNerror.cc:394:26: warning: ‘%s’ directive writing up to 1999 bytes into a region of size between 1000 and 1999 [-Wformat-overflow=]
     kleinkram.cc:1018:18: warning: ‘ '’ directive writing 2 bytes into a region of size between 1 and 1000 [-Wformat-overflow=]
     rf_interfaces.cc:402:20: warning: ‘%s’ directive writing up to 79 bytes into a region of size between 0 and 999 [-Wformat-overflow=]
     rf_interfaces.cc:878:18: warning: ‘%s’ directive writing up to 1999 bytes into a region of size between 701 and 2000 [-Wformat-overflow=]
     rf_interfaces.cc:1301:22: warning: ‘%d’ directive writing between 1 and 10 bytes into a region of size between 0 and 999 [-Wformat-overflow=]
     tbm.cc:714:22: warning: ‘%s’ directive writing up to 17 bytes into a region of size between 0 and 999 [-Wformat-overflow=]
     trend.cc:1310:22: warning: ‘%s’ directive writing 15 bytes into a region of size between 1 and 1000 [-Wformat-overflow=]
Flavor: r-patched-linux-x86_64

Version: 3.1.50
Check: examples
Result: ERROR
    Running examples in ‘RandomFields-Ex.R’ failed
    The error most likely occurred in:
    
    > ### Name: RMave
    > ### Title: Space-time moving average model
    > ### Aliases: RMave
    > ### Keywords: spatial models
    >
    > ### ** Examples
    >
    > RFoptions(seed=0) ## *ANY* simulation will have the random seed 0; set
    > ## RFoptions(seed=NA) to make them all random again
    >
    > ## Example of an evaluation of the ave2-covariance function
    > ## in three different ways
    > ## ---------------------------------------------------------
    > ## some parameters A and z
    > A <- matrix(c(2,1,1,2),ncol=2)
    > z <- c(1,2)
    > ## h for evalutation
    > h <- c(1,2)
    > ## some abbreviations
    > E <- matrix(c(1,0,0,1),ncol=2)
    > B <- A %*% h %*% t(h) %*% A
    > phi <- function(t){return(RFcov(RMwhittle(1), t))}
    > ## ---------------------------------------------------------
    > ## the following should yield the same value 3 times
    > ## (also for other choices of A,z and h)
    > z1 <- RFcov( model=RMave(RMwhittle(1),A=A,z=z) , x=t(c(h,0)) )
    > z2 <- RFcov( model=RMave(RMwhittle(1),A=A,z=z,spacetime=FALSE) , x=t(h) )
    > z3 <- ( (det(E+2*B))^(-1/2) ) *
    + phi( sqrt( sum(h*h)/2 + (t(z) %*% h)^2 *
    + ( 1-2*t(h) %*% A %*% solve(E+2*B) %*% A %*% h) ) )
    > ##
    > stopifnot(abs(z1-z2)<1e-12, abs(z2-z3)<1e-12)
    Error: abs(z2 - z3) < 1e-12 is not TRUE
    Execution halted
Flavor: r-patched-solaris-x86

Version: 3.1.50
Check: whether package can be installed
Result: WARN
    Found the following significant warnings:
     /home/hornik/tmp/R.check/r-release-gcc/Work/build/Packages/RandomFieldsUtils/include/errors_messages.h:64:41: warning: ‘%s’ directive writing up to 1999 bytes into a region of size between 1000 and 1999 [-Wformat-overflow=]
     RF.h:1878:65: warning: ‘%s’ directive writing up to 1999 bytes into a region of size between 943 and 960 [-Wformat-overflow=]
     RF.h:1878:65: warning: ‘%s’ directive writing up to 1999 bytes into a region of size between 938 and 955 [-Wformat-overflow=]
     InternalCov.cc:352:26: warning: ‘undetermined, ’ directive writing 14 bytes into a region of size between 1 and 255 [-Wformat-overflow=]
     InternalCov.cc:351:50: warning: ‘, ’ directive writing 2 bytes into a region of size between 0 and 254 [-Wformat-overflow=]
     InternalCov.cc:354:25: warning: ‘undetermined)’ directive writing 13 bytes into a region of size between 1 and 255 [-Wformat-overflow=]
     InternalCov.cc:353:49: warning: ‘)’ directive writing 1 byte into a region of size between 0 and 254 [-Wformat-overflow=]
     MLE.cc:98:24: warning: ‘sprintf’ may write a terminating nul past the end of the destination [-Wformat-overflow=]
     MLE.cc:194:19: warning: ‘%d’ directive writing between 1 and 11 bytes into a region of size between 1 and 255 [-Wformat-overflow=]
     RF.h:1879:43: warning: ‘ '’ directive writing 2 bytes into a region of size between 1 and 1000 [-Wformat-overflow=]
     gauss.cc:664:22: warning: ‘%-13s’ directive writing 13 bytes into a region of size between 0 and 1299 [-Wformat-overflow=]
     initNerror.cc:394:26: warning: ‘%s’ directive writing up to 1999 bytes into a region of size between 1000 and 1999 [-Wformat-overflow=]
     kleinkram.cc:1018:18: warning: ‘ '’ directive writing 2 bytes into a region of size between 1 and 1000 [-Wformat-overflow=]
     rf_interfaces.cc:402:20: warning: ‘%s’ directive writing up to 79 bytes into a region of size between 0 and 999 [-Wformat-overflow=]
     rf_interfaces.cc:878:18: warning: ‘%s’ directive writing up to 1999 bytes into a region of size between 701 and 2000 [-Wformat-overflow=]
     rf_interfaces.cc:1301:22: warning: ‘%d’ directive writing between 1 and 10 bytes into a region of size between 0 and 999 [-Wformat-overflow=]
     tbm.cc:714:22: warning: ‘%s’ directive writing up to 17 bytes into a region of size between 0 and 999 [-Wformat-overflow=]
     trend.cc:1310:22: warning: ‘%s’ directive writing 15 bytes into a region of size between 1 and 1000 [-Wformat-overflow=]
Flavor: r-release-linux-x86_64