CRAN Package Check Results for Package RandomFields

Last updated on 2016-10-01 22:47:33.

Flavor Version Tinstall Tcheck Ttotal Status Flags
r-devel-linux-x86_64-debian-clang 3.1.24 37.99 123.84 161.83 NOTE
r-devel-linux-x86_64-debian-gcc 3.1.24 37.56 119.33 156.89 NOTE
r-devel-linux-x86_64-fedora-clang 3.1.24 323.30 NOTE
r-devel-linux-x86_64-fedora-gcc 3.1.24 283.50 NOTE
r-devel-macos-x86_64-clang 3.1.24 218.02 OK
r-devel-windows-ix86+x86_64 3.1.24 139.00 292.00 431.00 NOTE
r-patched-linux-x86_64 3.1.24 34.01 121.57 155.59 NOTE
r-patched-solaris-sparc 3.1.24 119.50 ERROR
r-patched-solaris-x86 3.1.24 34.60 ERROR
r-release-linux-x86_64 3.1.24 33.80 118.33 152.13 NOTE
r-release-osx-x86_64-mavericks 3.1.24 NOTE
r-release-windows-ix86+x86_64 3.1.24 127.00 232.00 359.00 NOTE
r-oldrel-windows-ix86+x86_64 3.1.24 121.00 242.00 363.00 OK

Check Details

Version: 3.1.24
Check: installed package size
Result: NOTE
     installed size is 6.1Mb
     sub-directories of 1Mb or more:
     help 1.1Mb
     libs 3.5Mb
Flavors: r-devel-linux-x86_64-debian-clang, r-devel-linux-x86_64-debian-gcc, r-devel-linux-x86_64-fedora-clang, r-devel-linux-x86_64-fedora-gcc, r-devel-windows-ix86+x86_64, r-patched-linux-x86_64, r-release-linux-x86_64, r-release-osx-x86_64-mavericks, r-release-windows-ix86+x86_64

Version: 3.1.24
Check: R code for possible problems
Result: NOTE
    Found the following calls to attach():
    File ‘RandomFields/R/RFfit.R’:
     attach(data, name = name)
    See section ‘Good practice’ in ‘?attach’.
Flavors: r-devel-linux-x86_64-debian-clang, r-devel-linux-x86_64-debian-gcc, r-patched-linux-x86_64, r-release-linux-x86_64

Version: 3.1.24
Check: package dependencies
Result: NOTE
    Package suggested but not available for checking: ‘geoR’
Flavors: r-patched-solaris-sparc, r-patched-solaris-x86

Version: 3.1.24
Check: whether package can be installed
Result: ERROR
    Installation failed.
Flavors: r-patched-solaris-sparc, r-patched-solaris-x86