CRAN Package Check Results for Package RandomFields

Last updated on 2015-01-25 04:47:12.

Flavor Version Tinstall Tcheck Ttotal Status Flags
r-devel-linux-x86_64-debian-clang 3.0.55 21.81 121.08 142.89 NOTE
r-devel-linux-x86_64-debian-gcc 3.0.55 30.55 123.14 153.69 NOTE
r-devel-linux-x86_64-fedora-clang 3.0.55 292.70 NOTE
r-devel-linux-x86_64-fedora-gcc 3.0.55 293.86 NOTE
r-devel-osx-x86_64-clang 3.0.55 236.32 OK
r-devel-windows-ix86+x86_64 3.0.55 126.00 211.00 337.00 OK
r-patched-linux-x86_64 3.0.55 30.01 114.55 144.57 NOTE
r-patched-solaris-sparc 3.0.55 1785.00 OK
r-patched-solaris-x86 3.0.55 394.70 OK
r-release-linux-ix86 3.0.55 37.96 143.92 181.88 NOTE
r-release-linux-x86_64 3.0.55 30.61 122.18 152.80 NOTE
r-release-osx-x86_64-mavericks 3.0.55 NOTE
r-release-osx-x86_64-snowleopard 3.0.55 NOTE
r-release-windows-ix86+x86_64 3.0.55 122.00 252.00 374.00 OK
r-oldrel-windows-ix86+x86_64 3.0.55 126.00 271.00 397.00 OK

Memtest notes: UBSAN-clang-trunk UBSAN-gcc UBSAN valgrind

Check Details

Version: 3.0.55
Check: installed package size
Result: NOTE
     installed size is 5.6Mb
     sub-directories of 1Mb or more:
     libs 3.2Mb
Flavors: r-devel-linux-x86_64-debian-clang, r-devel-linux-x86_64-debian-gcc, r-devel-linux-x86_64-fedora-clang, r-devel-linux-x86_64-fedora-gcc, r-patched-linux-x86_64, r-release-linux-ix86, r-release-linux-x86_64, r-release-osx-x86_64-mavericks, r-release-osx-x86_64-snowleopard

Version: 3.0.55
Check: S3 generic/method consistency
Result: NOTE
    Found the following apparent S3 methods exported but not registered:
     as.vector.RFgridDataFrame as.vector.RFpointsDataFrame
     as.vector.RFspatialGridDataFrame as.vector.RFspatialPointsDataFrame
     as.array.RFgridDataFrame as.array.RFpointsDataFrame
     as.array.RFspatialGridDataFrame as.array.RFspatialPointsDataFrame
     as.data.frame.RFgridDataFrame as.data.frame.RFpointsDataFrame
     as.data.frame.RFspatialGridDataFrame
     as.data.frame.RFspatialPointsDataFrame as.matrix.RFpointsDataFrame
     as.matrix.RFspatialGridDataFrame as.matrix.RFspatialPointsDataFrame
    See section ‘Registering S3 methods’ in the ‘Writing R Extensions’
    manual.
Flavors: r-devel-linux-x86_64-fedora-clang, r-devel-linux-x86_64-fedora-gcc