CRAN Package Check Results for Package RandomFields

Last updated on 2017-02-25 03:48:32.

Flavor Version Tinstall Tcheck Ttotal Status Flags
r-devel-linux-x86_64-debian-clang 3.1.36 38.13 125.51 163.63 NOTE
r-devel-linux-x86_64-debian-gcc 3.1.36 37.10 131.23 168.33 NOTE
r-devel-linux-x86_64-fedora-clang 3.1.36 303.82 NOTE --no-stop-on-test-error
r-devel-linux-x86_64-fedora-gcc 3.1.36 292.44 NOTE --no-stop-on-test-error
r-devel-macos-x86_64-clang 3.1.36 231.22 NOTE --no-stop-on-test-error
r-devel-windows-ix86+x86_64 3.1.36 267.00 339.00 606.00 NOTE
r-patched-linux-x86_64 3.1.36 33.08 113.49 146.57 NOTE
r-patched-solaris-sparc 3.1.36 214.40 ERROR
r-patched-solaris-x86 3.1.36 55.20 ERROR
r-release-linux-x86_64 3.1.36 33.54 115.30 148.84 NOTE
r-release-osx-x86_64-mavericks 3.1.36 NOTE
r-release-windows-ix86+x86_64 3.1.36 180.00 237.00 417.00 NOTE
r-oldrel-windows-ix86+x86_64 3.1.36 220.00 383.00 603.00 OK

Check Details

Version: 3.1.36
Check: R code for possible problems
Result: NOTE
    Found the following calls to attach():
    File ‘RandomFields/R/RFfit.R’:
     attach(data, name = name)
    See section ‘Good practice’ in ‘?attach’.
Flavors: r-devel-linux-x86_64-debian-clang, r-devel-linux-x86_64-debian-gcc, r-patched-linux-x86_64, r-release-linux-x86_64

Version: 3.1.36
Check: compiled code
Result: NOTE
    File ‘RandomFields/libs/RandomFields.so’:
     Found no calls to: ‘R_registerRoutines’, ‘R_useDynamicSymbols’
    
    It is good practice to register native routines and to disable symbol
    search.
    
    See ‘Writing portable packages’ in the ‘Writing R Extensions’ manual.
Flavors: r-devel-linux-x86_64-debian-clang, r-devel-linux-x86_64-debian-gcc

Version: 3.1.36
Flags: --no-stop-on-test-error
Check: installed package size
Result: NOTE
     installed size is 6.2Mb
     sub-directories of 1Mb or more:
     help 1.1Mb
     libs 3.6Mb
Flavors: r-devel-linux-x86_64-fedora-clang, r-devel-linux-x86_64-fedora-gcc

Version: 3.1.36
Flags: --no-stop-on-test-error
Check: compiled code
Result: NOTE
    File ‘RandomFields/libs/RandomFields.so’:
     Found no calls to: ‘R_registerRoutines’, ‘R_useDynamicSymbols’
    
    It is good practice to register native routines and to disable symbol
    search.
    
    See ‘Writing portable packages’ in the ‘Writing R Extensions’ manual.
Flavors: r-devel-linux-x86_64-fedora-clang, r-devel-linux-x86_64-fedora-gcc, r-devel-macos-x86_64-clang

Version: 3.1.36
Check: installed package size
Result: NOTE
     installed size is 5.2Mb
     sub-directories of 1Mb or more:
     help 1.1Mb
     libs 2.6Mb
Flavors: r-devel-windows-ix86+x86_64, r-release-osx-x86_64-mavericks, r-release-windows-ix86+x86_64

Version: 3.1.36
Check: package dependencies
Result: NOTE
    Package suggested but not available for checking: ‘geoR’
Flavors: r-patched-solaris-sparc, r-patched-solaris-x86

Version: 3.1.36
Check: whether package can be installed
Result: ERROR
    Installation failed.
Flavors: r-patched-solaris-sparc, r-patched-solaris-x86