CRAN Package Check Results for Package RandomFields

Last updated on 2015-05-23 11:51:30.

Flavor Version Tinstall Tcheck Ttotal Status Flags
r-devel-linux-x86_64-debian-clang 3.0.62 24.70 130.81 155.51 NOTE
r-devel-linux-x86_64-debian-gcc 3.0.62 32.34 127.43 159.76 NOTE
r-devel-linux-x86_64-fedora-clang 3.0.62 307.03 NOTE
r-devel-linux-x86_64-fedora-gcc 3.0.62 311.92 NOTE
r-devel-osx-x86_64-clang 3.0.62 247.59 NOTE
r-devel-windows-ix86+x86_64 3.0.62 129.00 226.00 355.00 NOTE
r-patched-linux-x86_64 3.0.62 31.53 128.97 160.50 NOTE
r-patched-solaris-sparc 3.0.62 1930.70 NOTE
r-patched-solaris-x86 3.0.62 398.80 NOTE
r-release-linux-x86_64 3.0.62 32.24 131.36 163.60 NOTE
r-release-osx-x86_64-mavericks 3.0.62 WARN
r-release-osx-x86_64-snowleopard 3.0.62 NOTE
r-release-windows-ix86+x86_64 3.0.62 127.00 240.00 367.00 NOTE
r-oldrel-windows-ix86+x86_64 3.0.62 129.00 239.00 368.00 OK

Check Details

Version: 3.0.62
Check: installed package size
Result: NOTE
     installed size is 5.8Mb
     sub-directories of 1Mb or more:
     libs 3.3Mb
Flavors: r-devel-linux-x86_64-debian-clang, r-devel-linux-x86_64-debian-gcc, r-devel-linux-x86_64-fedora-clang, r-devel-linux-x86_64-fedora-gcc, r-patched-linux-x86_64, r-patched-solaris-x86, r-release-linux-x86_64, r-release-osx-x86_64-mavericks, r-release-osx-x86_64-snowleopard

Version: 3.0.62
Check: DESCRIPTION meta-information
Result: NOTE
    Malformed Description field: should contain one or more complete sentences.
Flavors: r-devel-linux-x86_64-debian-clang, r-devel-linux-x86_64-debian-gcc, r-devel-linux-x86_64-fedora-clang, r-devel-linux-x86_64-fedora-gcc, r-devel-osx-x86_64-clang, r-devel-windows-ix86+x86_64, r-patched-linux-x86_64, r-patched-solaris-sparc, r-patched-solaris-x86, r-release-linux-x86_64, r-release-osx-x86_64-mavericks, r-release-osx-x86_64-snowleopard, r-release-windows-ix86+x86_64

Version: 3.0.62
Check: Rd cross-references
Result: WARN
    package ‘raster’ exists but was not installed under R >= 2.10.0 so xrefs cannot be checked
Flavor: r-release-osx-x86_64-mavericks

Version: 3.0.62
Check: package dependencies
Result: NOTE
    Packages suggested but not available for checking: ‘raster’ ‘spam’
Flavor: r-release-osx-x86_64-snowleopard

Version: 3.0.62
Check: Rd cross-references
Result: NOTE
    Package unavailable to check Rd xrefs: ‘raster’
Flavor: r-release-osx-x86_64-snowleopard