CRAN Package Check Results for Package RankAggreg

Last updated on 2017-10-22 20:47:27.

Flavor Version Tinstall Tcheck Ttotal Status Flags
r-devel-linux-x86_64-debian-clang 0.6.2 1.18 26.20 27.39 OK
r-devel-linux-x86_64-debian-gcc 0.6.2 1.22 24.61 25.83 OK
r-devel-linux-x86_64-fedora-clang 0.6.2 49.23 OK
r-devel-linux-x86_64-fedora-gcc 0.6.2 48.18 OK
r-devel-windows-ix86+x86_64 0.6.2 6.00 87.00 93.00 OK
r-patched-linux-x86_64 0.6.2 1.16 24.57 25.73 OK
r-patched-solaris-x86 0.6.2 61.30 OK
r-release-linux-x86_64 0.6.2 1.16 24.58 25.74 OK
r-release-windows-ix86+x86_64 0.6.2 8.00 95.00 103.00 OK
r-release-osx-x86_64 0.6.2 NOTE
r-oldrel-windows-ix86+x86_64 0.6.2 6.00 81.00 87.00 OK
r-oldrel-osx-x86_64 0.6.2 OK

Check Details

Version: 0.6.2
Check: package dependencies
Result: NOTE
    Package suggested but not available for checking: ‘kohonen’
Flavor: r-release-osx-x86_64

Version: 0.6.2
Check: re-building of vignette outputs
Result: NOTE
    Error in re-building vignettes:
     ...
    Loading required package: cluster
    Loading required package: mclust
    Package 'mclust' version 5.3
    Type 'citation("mclust")' for citing this R package in publications.
    Error in texi2dvi(file = file, pdf = TRUE, clean = clean, quiet = quiet, :
     Running 'texi2dvi' on 'RankAggreg.tex' failed.
    LaTeX errors:
    ! LaTeX Error: File `relsize.sty' not found.
    
    Type X to quit or <RETURN> to proceed,
    or enter new name. (Default extension: sty)
    
    ! Emergency stop.
    <read *>
    
    l.28 \usepackage
     [mathcal]{euscript}^^M
    ! ==> Fatal error occurred, no output PDF file produced!
    Calls: buildVignettes -> texi2pdf -> texi2dvi
    Execution halted
Flavor: r-release-osx-x86_64