CRAN Package Check Results for Package RankAggreg

Last updated on 2015-04-27 23:47:34.

Flavor Version Tinstall Tcheck Ttotal Status Flags
r-devel-linux-x86_64-debian-clang 0.5 1.02 58.60 59.62 NOTE
r-devel-linux-x86_64-debian-gcc 0.5 0.91 63.60 64.51 NOTE
r-devel-linux-x86_64-fedora-clang 0.5 122.55 NOTE
r-devel-linux-x86_64-fedora-gcc 0.5 117.42 NOTE
r-devel-osx-x86_64-clang 0.5 108.71 NOTE
r-devel-windows-ix86+x86_64 0.5 6.00 177.00 183.00 NOTE
r-patched-linux-x86_64 0.5 1.00 59.34 60.34 NOTE
r-patched-solaris-sparc 0.5 773.00 NOTE
r-patched-solaris-x86 0.5 97.30 ERROR
r-release-linux-x86_64 0.5 0.91 58.18 59.08 NOTE
r-release-osx-x86_64-mavericks 0.5 NOTE
r-release-osx-x86_64-snowleopard 0.5 NOTE
r-release-windows-ix86+x86_64 0.5 8.00 150.00 158.00 NOTE
r-oldrel-windows-ix86+x86_64 0.5 4.00 120.00 124.00 OK

Check Details

Version: 0.5
Check: DESCRIPTION meta-information
Result: NOTE
    Malformed Description field: should contain one or more complete sentences.
Flavors: r-devel-linux-x86_64-debian-clang, r-devel-linux-x86_64-debian-gcc, r-devel-linux-x86_64-fedora-clang, r-devel-linux-x86_64-fedora-gcc, r-devel-osx-x86_64-clang, r-devel-windows-ix86+x86_64, r-patched-solaris-sparc, r-patched-solaris-x86, r-release-linux-x86_64, r-release-osx-x86_64-mavericks, r-release-osx-x86_64-snowleopard, r-release-windows-ix86+x86_64

Version: 0.5
Check: running R code from vignettes
Result: ERROR
    Errors in running code in vignettes:
    when running code in ‘RankAggreg.Rnw’
     ...
    The following object is masked from ‘package:kohonen’:
    
     map
    
    Warning in fanny(DistDel, nc, ...) :
     FANNY algorithm has not converged in 'maxit' = 500 iterations
    
     When sourcing ‘RankAggreg.R’:
    Error: missing value where TRUE/FALSE needed
    Execution halted
Flavor: r-patched-solaris-x86

Version: 0.5
Check: re-building of vignette outputs
Result: NOTE
    Error in re-building vignettes:
     ...
    Loading required package: cluster
    Loading required package: kohonen
    Loading required package: class
    Loading required package: MASS
    Loading required package: mclust
    Package 'mclust' version 5.0.1
    Type 'citation("mclust")' for citing this R package in publications.
    
    Attaching package: ‘mclust’
    
    The following object is masked from ‘package:kohonen’:
    
     map
    
    Warning in fanny(DistDel, nc, ...) :
     FANNY algorithm has not converged in 'maxit' = 500 iterations
    
    Error: processing vignette 'RankAggreg.Rnw' failed with diagnostics:
     chunk 4
    Error in if (loglik > signif(.Machine$double.xmax, 6)) { :
     missing value where TRUE/FALSE needed
    Execution halted
Flavor: r-patched-solaris-x86