CRAN Package Check Results for Package RankAggreg

Last updated on 2014-09-02 17:46:56.

Flavor Version Tinstall Tcheck Ttotal Status Flags
r-devel-linux-x86_64-debian-clang 0.4-3 1.14 18.07 19.21 NOTE
r-devel-linux-x86_64-debian-gcc 0.5 0.92 25.61 26.53 OK
r-devel-linux-x86_64-fedora-clang 0.5 61.18 OK
r-devel-linux-x86_64-fedora-gcc 0.5 41.23 OK
r-devel-osx-x86_64-clang 0.5 54.64 OK
r-devel-windows-ix86+x86_64 0.4-3 7.00 37.00 44.00 NOTE
r-patched-linux-x86_64 0.5 0.95 27.25 28.20 OK
r-patched-solaris-sparc 0.5 348.00 OK
r-patched-solaris-x86 0.5 77.20 OK
r-release-linux-ix86 0.4-3 1.84 25.34 27.17 NOTE
r-release-linux-x86_64 0.4-3 1.25 18.05 19.30 NOTE
r-release-osx-x86_64-mavericks 0.5 NOTE
r-release-osx-x86_64-snowleopard 0.4-3 NOTE
r-release-windows-ix86+x86_64 0.5 5.00 59.00 64.00 OK
r-oldrel-windows-ix86+x86_64 0.5 6.00 75.00 81.00 OK

Check Details

Version: 0.4-3
Check: dependencies in R code
Result: NOTE
    'library' or 'require' call to ‘gtools’ which was already attached by Depends.
     Please remove these calls from your code.
    Packages in Depends field not imported from:
     ‘clValid’ ‘gtools’
     These packages need to be imported from (in the NAMESPACE file)
     for when this namespace is loaded but not attached.
    See the information on DESCRIPTION files in the chapter ‘Creating R
    packages’ of the ‘Writing R Extensions’ manual.
Flavors: r-devel-linux-x86_64-debian-clang, r-devel-windows-ix86+x86_64, r-release-linux-ix86, r-release-linux-x86_64

Version: 0.4-3
Check: R code for possible problems
Result: NOTE
    BruteAggreg: no visible global function definition for ‘permutations’
    RankAggreg: no visible global function definition for ‘tclvalue<-’
Flavors: r-devel-linux-x86_64-debian-clang, r-devel-windows-ix86+x86_64

Version: 0.4-3
Check: for old-style vignette sources
Result: NOTE
    Vignette sources only in ‘inst/doc’:
     ‘RankAggreg.Rnw’
    A ‘vignettes’ directory is required as from R 3.1.0
    and these will not be indexed nor checked
Flavors: r-devel-linux-x86_64-debian-clang, r-devel-windows-ix86+x86_64, r-release-linux-ix86, r-release-linux-x86_64, r-release-osx-x86_64-snowleopard

Version: 0.5
Check: re-building of vignette outputs
Result: NOTE
    Error in re-building vignettes:
     ...
    Loading required package: class
    Loading required package: MASS
    Loading required package: mclust
    Package 'mclust' version 4.3
    
    Attaching package: ‘mclust’
    
    The following object is masked from ‘package:kohonen’:
    
     map
    
    Warning in fanny(DistDel, nc, ...) :
     FANNY algorithm has not converged in 'maxit' = 500 iterations
    Error in texi2dvi(file = file, pdf = TRUE, clean = clean, quiet = quiet, :
     Running 'texi2dvi' on 'RankAggreg.tex' failed.
    LaTeX errors:
    ! LaTeX Error: File `relsize.sty' not found.
    
    Type X to quit or <RETURN> to proceed,
    or enter new name. (Default extension: sty)
    
    ign_test/RankAggreg/vignettes/RankAggreg.tex:28: ==> Fatal error occurred, no
    output PDF file produced!
    Calls: buildVignettes -> texi2pdf -> texi2dvi
    Execution halted
Flavor: r-release-osx-x86_64-mavericks

Version: 0.4-3
Check: dependencies in R code
Result: NOTE
    'library' or 'require' call to 'gtools' which was already attached by Depends.
     Please remove these calls from your code.
    See the information on DESCRIPTION files in the chapter 'Creating R
    packages' of the 'Writing R Extensions' manual.
Flavor: r-release-osx-x86_64-snowleopard