CRAN Package Check Results for Package RankAggreg

Last updated on 2015-07-03 07:48:12.

Flavor Version Tinstall Tcheck Ttotal Status Flags
r-devel-linux-x86_64-debian-clang 0.5 0.88 61.34 62.22 NOTE
r-devel-linux-x86_64-debian-gcc 0.5 0.89 57.60 58.50 NOTE
r-devel-linux-x86_64-fedora-clang 0.5 119.04 NOTE
r-devel-linux-x86_64-fedora-gcc 0.5 115.52 NOTE
r-devel-osx-x86_64-clang 0.5 112.88 NOTE
r-devel-windows-ix86+x86_64 0.5 6.00 122.00 128.00 NOTE
r-patched-linux-x86_64 0.5 0.91 58.17 59.08 NOTE
r-patched-solaris-sparc 0.5 823.40 NOTE
r-patched-solaris-x86 0.5 97.70 ERROR
r-release-linux-x86_64 0.5 0.94 58.53 59.46 NOTE
r-release-osx-x86_64-mavericks 0.5 NOTE
r-release-windows-ix86+x86_64 0.5 6.00 114.00 120.00 NOTE
r-oldrel-windows-ix86+x86_64 0.5 7.00 107.00 114.00 OK

Check Details

Version: 0.5
Check: DESCRIPTION meta-information
Result: NOTE
    Malformed Description field: should contain one or more complete sentences.
Flavors: r-devel-linux-x86_64-debian-clang, r-devel-linux-x86_64-debian-gcc, r-devel-linux-x86_64-fedora-clang, r-devel-linux-x86_64-fedora-gcc, r-devel-osx-x86_64-clang, r-devel-windows-ix86+x86_64, r-patched-linux-x86_64, r-patched-solaris-sparc, r-patched-solaris-x86, r-release-linux-x86_64, r-release-osx-x86_64-mavericks, r-release-windows-ix86+x86_64

Version: 0.5
Check: R code for possible problems
Result: NOTE
    BruteAggreg: no visible global function definition for ‘median’
    RankAggreg: no visible global function definition for ‘median’
    RankAggreg: no visible global function definition for ‘runif’
    mcmcProc: no visible global function definition for ‘runif’
    plot.raggr: no visible global function definition for ‘layout’
    plot.raggr: no visible global function definition for ‘plot’
    plot.raggr: no visible global function definition for ‘legend’
    plot.raggr: no visible global function definition for ‘hist’
    plot.raggr: no visible global function definition for ‘runif’
    plot.raggr: no visible global function definition for ‘axis’
    plot.raggr: no visible global function definition for ‘lines’
    plotUpdate: no visible global function definition for ‘layout’
    plotUpdate: no visible global function definition for ‘plot’
    plotUpdate: no visible global function definition for ‘legend’
    rmult: no visible global function definition for ‘runif’
    Undefined global functions or variables:
     axis hist layout legend lines median plot runif
Flavors: r-devel-linux-x86_64-debian-clang, r-devel-linux-x86_64-debian-gcc, r-devel-linux-x86_64-fedora-clang, r-devel-linux-x86_64-fedora-gcc, r-devel-windows-ix86+x86_64

Version: 0.5
Check: running R code from vignettes
Result: ERROR
    Errors in running code in vignettes:
    when running code in ‘RankAggreg.Rnw’
     ...
    The following object is masked from ‘package:kohonen’:
    
     map
    
    Warning in fanny(DistDel, nc, ...) :
     FANNY algorithm has not converged in 'maxit' = 500 iterations
    
     When sourcing ‘RankAggreg.R’:
    Error: missing value where TRUE/FALSE needed
    Execution halted
Flavor: r-patched-solaris-x86

Version: 0.5
Check: re-building of vignette outputs
Result: NOTE
    Error in re-building vignettes:
     ...
    Loading required package: cluster
    Loading required package: kohonen
    Loading required package: class
    Loading required package: MASS
    Loading required package: mclust
    Package 'mclust' version 5.0.1
    Type 'citation("mclust")' for citing this R package in publications.
    
    Attaching package: ‘mclust’
    
    The following object is masked from ‘package:kohonen’:
    
     map
    
    Warning in fanny(DistDel, nc, ...) :
     FANNY algorithm has not converged in 'maxit' = 500 iterations
    
    Error: processing vignette 'RankAggreg.Rnw' failed with diagnostics:
     chunk 4
    Error in if (loglik > signif(.Machine$double.xmax, 6)) { :
     missing value where TRUE/FALSE needed
    Execution halted
Flavor: r-patched-solaris-x86