CRAN Package Check Results for Package RankAggreg

Last updated on 2017-06-23 16:48:00.

Flavor Version Tinstall Tcheck Ttotal Status Flags
r-devel-linux-x86_64-debian-clang 0.5 1.27 23.04 24.30 WARN
r-devel-linux-x86_64-debian-gcc 0.5 1.08 22.47 23.56 WARN
r-devel-linux-x86_64-fedora-clang 0.5 46.38 WARN
r-devel-linux-x86_64-fedora-gcc 0.5 43.85 WARN
r-devel-windows-ix86+x86_64 0.5 5.00 69.00 74.00 WARN
r-patched-linux-x86_64 0.5 0.99 22.60 23.60 WARN
r-patched-solaris-sparc 0.5 265.00 WARN
r-patched-solaris-x86 0.5 54.50 WARN
r-release-linux-x86_64 0.5 1.12 22.96 24.08 WARN
r-release-windows-ix86+x86_64 0.5 6.00 67.00 73.00 WARN
r-release-osx-x86_64 0.5 ERROR
r-oldrel-windows-ix86+x86_64 0.5 8.00 65.00 73.00 WARN
r-oldrel-osx-x86_64 0.5 NOTE

Check Details

Version: 0.5
Check: DESCRIPTION meta-information
Result: NOTE
    Malformed Description field: should contain one or more complete sentences.
Flavors: r-devel-linux-x86_64-debian-clang, r-devel-linux-x86_64-debian-gcc, r-devel-linux-x86_64-fedora-clang, r-devel-linux-x86_64-fedora-gcc, r-devel-windows-ix86+x86_64, r-patched-linux-x86_64, r-patched-solaris-sparc, r-patched-solaris-x86, r-release-linux-x86_64, r-release-windows-ix86+x86_64, r-release-osx-x86_64, r-oldrel-windows-ix86+x86_64, r-oldrel-osx-x86_64

Version: 0.5
Check: R code for possible problems
Result: NOTE
    BruteAggreg: no visible global function definition for ‘median’
    RankAggreg: no visible global function definition for ‘median’
    RankAggreg: no visible global function definition for ‘runif’
    mcmcProc: no visible global function definition for ‘runif’
    plot.raggr: no visible global function definition for ‘layout’
    plot.raggr: no visible global function definition for ‘plot’
    plot.raggr: no visible global function definition for ‘legend’
    plot.raggr: no visible global function definition for ‘hist’
    plot.raggr: no visible global function definition for ‘runif’
    plot.raggr: no visible global function definition for ‘axis’
    plot.raggr: no visible global function definition for ‘lines’
    plotUpdate: no visible global function definition for ‘layout’
    plotUpdate: no visible global function definition for ‘plot’
    plotUpdate: no visible global function definition for ‘legend’
    rmult: no visible global function definition for ‘runif’
    Undefined global functions or variables:
     axis hist layout legend lines median plot runif
    Consider adding
     importFrom("graphics", "axis", "hist", "layout", "legend", "lines",
     "plot")
     importFrom("stats", "median", "runif")
    to your NAMESPACE file.
Flavors: r-devel-linux-x86_64-debian-clang, r-devel-linux-x86_64-debian-gcc, r-devel-linux-x86_64-fedora-clang, r-devel-linux-x86_64-fedora-gcc, r-devel-windows-ix86+x86_64, r-patched-linux-x86_64, r-patched-solaris-sparc, r-patched-solaris-x86, r-release-linux-x86_64, r-release-windows-ix86+x86_64, r-release-osx-x86_64, r-oldrel-windows-ix86+x86_64, r-oldrel-osx-x86_64

Version: 0.5
Check: compiled code
Result: NOTE
    File ‘RankAggreg/libs/RankAggreg.so’:
     Found no calls to: ‘R_registerRoutines’, ‘R_useDynamicSymbols’
    
    It is good practice to register native routines and to disable symbol
    search.
    
    See ‘Writing portable packages’ in the ‘Writing R Extensions’ manual.
Flavors: r-devel-linux-x86_64-debian-clang, r-devel-linux-x86_64-debian-gcc, r-devel-linux-x86_64-fedora-clang, r-devel-linux-x86_64-fedora-gcc, r-patched-linux-x86_64, r-release-linux-x86_64

Version: 0.5
Check: re-building of vignette outputs
Result: WARN
    Error in re-building vignettes:
     ...
    Loading required package: cluster
    Loading required package: kohonen
    Loading required package: mclust
    Package 'mclust' version 5.3
    Type 'citation("mclust")' for citing this R package in publications.
    
    Attaching package: ‘mclust’
    
    The following object is masked from ‘package:kohonen’:
    
     map
    
    Warning in fanny(DistDel, nc, ...) :
     FANNY algorithm has not converged in 'maxit' = 500 iterations
    
    Error: processing vignette ‘RankAggreg.Rnw’ failed with diagnostics:
     chunk 4
    Error in !toroidal : invalid argument type
    Execution halted
Flavors: r-devel-linux-x86_64-debian-clang, r-devel-linux-x86_64-debian-gcc, r-devel-linux-x86_64-fedora-clang, r-devel-linux-x86_64-fedora-gcc, r-devel-windows-ix86+x86_64, r-patched-linux-x86_64, r-patched-solaris-sparc, r-patched-solaris-x86, r-release-linux-x86_64, r-release-windows-ix86+x86_64, r-oldrel-windows-ix86+x86_64

Version: 0.5
Check: running R code from vignettes
Result: ERROR
    Errors in running code in vignettes:
    when running code in ‘RankAggreg.Rnw’
     ...
    The following object is masked from ‘package:kohonen’:
    
     map
    
    Warning in fanny(DistDel, nc, ...) :
     FANNY algorithm has not converged in 'maxit' = 500 iterations
    
     When sourcing ‘RankAggreg.R’:
    Error: invalid argument type
    Execution halted
Flavor: r-release-osx-x86_64

Version: 0.5
Check: re-building of vignette outputs
Result: NOTE
    Error in re-building vignettes:
     ...
    Loading required package: cluster
    Loading required package: kohonen
    Loading required package: mclust
    Package 'mclust' version 5.2.3
    Type 'citation("mclust")' for citing this R package in publications.
    
    Attaching package: ‘mclust’
    
    The following object is masked from ‘package:kohonen’:
    
     map
    
    Warning in fanny(DistDel, nc, ...) :
     FANNY algorithm has not converged in 'maxit' = 500 iterations
    
    Error: processing vignette 'RankAggreg.Rnw' failed with diagnostics:
     chunk 4
    Error in !toroidal : invalid argument type
    Execution halted
Flavor: r-release-osx-x86_64