CRAN Package Check Results for Package RankAggreg

Last updated on 2014-11-28 19:51:26.

Flavor Version Tinstall Tcheck Ttotal Status Flags
r-devel-linux-x86_64-debian-clang 0.5 1.01 28.36 29.36 OK
r-devel-linux-x86_64-debian-gcc 0.5 1.01 27.57 28.58 OK
r-devel-linux-x86_64-fedora-clang 0.5 61.86 OK
r-devel-linux-x86_64-fedora-gcc 0.5 58.84 OK
r-devel-osx-x86_64-clang 0.5 60.16 OK
r-devel-windows-ix86+x86_64 0.5 5.00 52.00 57.00 OK
r-patched-linux-x86_64 0.5 1.08 28.40 29.48 OK
r-patched-solaris-sparc 0.5 348.00 OK
r-patched-solaris-x86 0.5 72.90 OK
r-release-linux-ix86 0.5 1.46 37.42 38.89 OK
r-release-linux-x86_64 0.5 1.06 28.51 29.57 OK
r-release-osx-x86_64-mavericks 0.5 NOTE
r-release-osx-x86_64-snowleopard 0.5 OK
r-release-windows-ix86+x86_64 0.5 6.00 51.00 57.00 OK
r-oldrel-windows-ix86+x86_64 0.5 6.00 56.00 62.00 OK

Check Details

Version: 0.5
Check: re-building of vignette outputs
Result: NOTE
    Error in re-building vignettes:
     ...
    Loading required package: class
    Loading required package: MASS
    Loading required package: mclust
    Package 'mclust' version 4.3
    
    Attaching package: ‘mclust’
    
    The following object is masked from ‘package:kohonen’:
    
     map
    
    Warning in fanny(DistDel, nc, ...) :
     FANNY algorithm has not converged in 'maxit' = 500 iterations
    Error in texi2dvi(file = file, pdf = TRUE, clean = clean, quiet = quiet, :
     Running 'texi2dvi' on 'RankAggreg.tex' failed.
    LaTeX errors:
    ! LaTeX Error: File `relsize.sty' not found.
    
    Type X to quit or <RETURN> to proceed,
    or enter new name. (Default extension: sty)
    
    ign_test/RankAggreg/vignettes/RankAggreg.tex:28: ==> Fatal error occurred, no
    output PDF file produced!
    Calls: buildVignettes -> texi2pdf -> texi2dvi
    Execution halted
Flavor: r-release-osx-x86_64-mavericks