CRAN Package Check Results for Package RankAggreg

Last updated on 2014-04-24 21:47:47.

Flavor Version Tinstall Tcheck Ttotal Status Flags
r-devel-linux-x86_64-debian-clang 0.4-3 1.28 19.25 20.52 NOTE
r-devel-linux-x86_64-debian-gcc 0.4-3 1.29 18.30 19.59 NOTE
r-devel-linux-x86_64-fedora-clang 0.4-3 40.69 NOTE
r-devel-linux-x86_64-fedora-gcc 0.4-3 40.16 NOTE
r-devel-osx-x86_64-clang 0.4-3 38.94 NOTE
r-devel-osx-x86_64-gcc 0.4-3 NOTE
r-devel-windows-ix86+x86_64 0.4-3 7.00 38.00 45.00 NOTE
r-patched-linux-x86_64 0.4-3 1.32 18.17 19.49 NOTE
r-patched-solaris-sparc 0.4-3 215.80 NOTE
r-patched-solaris-x86 0.4-3 55.50 NOTE
r-release-linux-ix86 0.4-3 2.00 36.00 38.00 NOTE
r-release-linux-x86_64 0.4-3 1.34 18.62 19.96 NOTE
r-release-osx-x86_64-mavericks 0.4-3 WARN
r-release-osx-x86_64-snowleopard 0.4-3 NOTE
r-release-windows-ix86+x86_64 0.4-3 6.00 37.00 43.00 NOTE
r-oldrel-windows-ix86+x86_64 0.4-3 7.00 57.00 64.00 NOTE

Check Details

Version: 0.4-3
Check: dependencies in R code
Result: NOTE
    'library' or 'require' call to ‘gtools’ which was already attached by Depends.
     Please remove these calls from your code.
    Packages in Depends field not imported from:
     ‘clValid’ ‘gtools’
     These packages need to be imported from (in the NAMESPACE file)
     for when this namespace is loaded but not attached.
    See the information on DESCRIPTION files in the chapter ‘Creating R
    packages’ of the ‘Writing R Extensions’ manual.
Flavors: r-devel-linux-x86_64-debian-clang, r-devel-linux-x86_64-debian-gcc, r-devel-linux-x86_64-fedora-clang, r-devel-linux-x86_64-fedora-gcc, r-devel-osx-x86_64-clang, r-devel-osx-x86_64-gcc, r-devel-windows-ix86+x86_64, r-patched-linux-x86_64, r-patched-solaris-sparc, r-patched-solaris-x86, r-release-linux-ix86, r-release-linux-x86_64, r-release-osx-x86_64-mavericks, r-release-windows-ix86+x86_64, r-oldrel-windows-ix86+x86_64

Version: 0.4-3
Check: for old-style vignette sources
Result: NOTE
    Vignette sources only in ‘inst/doc’:
     ‘RankAggreg.Rnw’
    A ‘vignettes’ directory is required as from R 3.1.0
    and these will not be indexed nor checked
Flavors: r-devel-linux-x86_64-debian-clang, r-devel-linux-x86_64-debian-gcc, r-devel-linux-x86_64-fedora-clang, r-devel-linux-x86_64-fedora-gcc, r-devel-osx-x86_64-clang, r-devel-osx-x86_64-gcc, r-patched-linux-x86_64, r-patched-solaris-sparc, r-patched-solaris-x86, r-release-linux-ix86, r-release-linux-x86_64, r-release-osx-x86_64-mavericks, r-release-osx-x86_64-snowleopard

Version: 0.4-3
Check: Rd line widths
Result: NOTE
    Rd file 'BruteAggreg.Rd':
     \usage lines wider than 90 characters:
     BruteAggreg(x, k, weights = NULL, distance = c("Spearman", "Kendall"), importance=rep(1,nrow(x)))
    
    These lines will be truncated in the PDF manual.
Flavors: r-devel-linux-x86_64-fedora-clang, r-devel-linux-x86_64-fedora-gcc

Version: 0.4-3
Check: for old-style vignette sources
Result: NOTE
    Vignette sources only in 'inst/doc':
     'RankAggreg.Rnw'
    A 'vignettes' directory is required as from R 3.1.0
    and these will not be indexed nor checked
    * checking examples ...
Flavors: r-devel-windows-ix86+x86_64, r-release-windows-ix86+x86_64

Version: 0.4-3
Check: PDF version of manual
Result: WARNING
    LaTeX errors when creating PDF version.
    This typically indicates Rd problems.
    LaTeX errors found:
    ! LaTeX Error: File `upquote.sty' not found.
    
    Type X to quit or <RETURN> to proceed,
    or enter new name. (Default extension: sty)
    
    594d22e/Rd2.tex:8: ==> Fatal error occurred, no output PDF file produced!
Flavor: r-release-osx-x86_64-mavericks

Version: 0.4-3
Check: dependencies in R code
Result: NOTE
    'library' or 'require' call to 'gtools' which was already attached by Depends.
     Please remove these calls from your code.
    See the information on DESCRIPTION files in the chapter 'Creating R
    packages' of the 'Writing R Extensions' manual.
Flavor: r-release-osx-x86_64-snowleopard

Version: 0.4-3
Check: for old-style vignette sources
Result: NOTE
    Vignette sources only in 'inst/doc':
     'RankAggreg.Rnw'
    A 'vignettes' directory will be required as from R 3.1.0
    * checking examples ...
Flavor: r-oldrel-windows-ix86+x86_64