CRAN Package Check Results for Package RankAggreg

Last updated on 2017-08-24 02:48:34.

Flavor Version Tinstall Tcheck Ttotal Status Flags
r-devel-linux-x86_64-debian-clang 0.6.2 1.28 25.33 26.61 OK
r-devel-linux-x86_64-debian-gcc 0.6.2 1.18 24.82 26.00 OK
r-devel-linux-x86_64-fedora-clang 0.6.2 48.95 OK
r-devel-linux-x86_64-fedora-gcc 0.6.2 47.08 OK
r-devel-windows-ix86+x86_64 0.6.2 10.00 63.00 73.00 OK
r-patched-linux-x86_64 0.6.2 1.15 25.45 26.60 OK
r-patched-solaris-x86 0.6.2 60.10 OK
r-release-linux-x86_64 0.6.2 1.13 24.81 25.94 OK
r-release-windows-ix86+x86_64 0.6.2 6.00 83.00 89.00 OK
r-release-osx-x86_64 0.6.2 NOTE
r-oldrel-windows-ix86+x86_64 0.6.2 9.00 75.00 84.00 OK
r-oldrel-osx-x86_64 0.6.2 OK

Check Details

Version: 0.6.2
Check: package dependencies
Result: NOTE
    Package suggested but not available for checking: ‘kohonen’
Flavor: r-release-osx-x86_64

Version: 0.6.2
Check: re-building of vignette outputs
Result: NOTE
    Error in re-building vignettes:
     ...
    Loading required package: cluster
    Loading required package: mclust
    Package 'mclust' version 5.3
    Type 'citation("mclust")' for citing this R package in publications.
    Error in texi2dvi(file = file, pdf = TRUE, clean = clean, quiet = quiet, :
     Running 'texi2dvi' on 'RankAggreg.tex' failed.
    LaTeX errors:
    ! LaTeX Error: File `relsize.sty' not found.
    
    Type X to quit or <RETURN> to proceed,
    or enter new name. (Default extension: sty)
    
    ! Emergency stop.
    <read *>
    
    l.28 \usepackage
     [mathcal]{euscript}^^M
    ! ==> Fatal error occurred, no output PDF file produced!
    Calls: buildVignettes -> texi2pdf -> texi2dvi
    Execution halted
Flavor: r-release-osx-x86_64