CRAN Package Check Results for Package Rarity

Last updated on 2021-12-03 14:52:31 CET.

Flavor Version Tinstall Tcheck Ttotal Status Flags
r-devel-linux-x86_64-debian-clang 1.3-6 4.75 32.06 36.81 OK
r-devel-linux-x86_64-debian-gcc 1.3-6 3.71 24.94 28.65 OK
r-devel-linux-x86_64-fedora-clang 1.3-6 59.25 NOTE
r-devel-linux-x86_64-fedora-gcc 1.3-6 45.28 OK
r-devel-windows-x86_64-new-UL 1.3-6 10.00 70.00 80.00 OK
r-devel-windows-x86_64-new-TK 1.3-6 OK
r-devel-windows-x86_64-old 1.3-6 8.00 38.00 46.00 OK
r-patched-linux-x86_64 1.3-6 4.50 30.22 34.72 OK
r-release-linux-x86_64 1.3-6 4.61 30.62 35.23 OK
r-release-macos-arm64 1.3-6 OK
r-release-macos-x86_64 1.3-6 OK
r-release-windows-ix86+x86_64 1.3-6 10.00 49.00 59.00 OK
r-oldrel-macos-x86_64 1.3-6 OK
r-oldrel-windows-ix86+x86_64 1.3-6 11.00 53.00 64.00 OK

Check Details

Version: 1.3-6
Check: Rd cross-references
Result: NOTE
    Undeclared package ‘arm’ in Rd xrefs
Flavor: r-devel-linux-x86_64-fedora-clang