CRAN Package Check Results for Package RaschSampler

Last updated on 2014-07-22 23:48:24.

Flavor Version Tinstall Tcheck Ttotal Status Flags
r-devel-linux-x86_64-debian-clang 0.8-6 2.19 11.30 13.49 OK
r-devel-linux-x86_64-debian-gcc 0.8-6 2.06 11.07 13.14 OK
r-devel-linux-x86_64-fedora-clang 0.8-6 26.19 NOTE
r-devel-linux-x86_64-fedora-gcc 0.8-6 24.84 NOTE
r-devel-osx-x86_64-clang 0.8-6 28.57 OK
r-devel-windows-ix86+x86_64 0.8-6 8.00 24.00 32.00 OK
r-patched-linux-x86_64 0.8-6 2.19 11.48 13.66 OK
r-patched-solaris-sparc 0.8-6 149.40 OK
r-patched-solaris-x86 0.8-6 39.50 OK
r-release-linux-ix86 0.8-6 3.19 18.04 21.24 OK
r-release-linux-x86_64 0.8-6 2.08 11.33 13.41 OK
r-release-osx-x86_64-mavericks 0.8-6 OK
r-release-windows-ix86+x86_64 0.8-6 9.00 24.00 33.00 OK
r-oldrel-windows-ix86+x86_64 0.8-6 6.00 25.00 31.00 OK

Check Details

Version: 0.8-6
Check: top-level files
Result: NOTE
    Non-standard file/directory found at top level:
     ‘COPYRIGHTS’
    Copyright information should be in file inst/COPYRIGHTS
Flavors: r-devel-linux-x86_64-fedora-clang, r-devel-linux-x86_64-fedora-gcc