CRAN Package Check Results for Package RaschSampler

Last updated on 2015-07-03 11:47:17.

Flavor Version Tinstall Tcheck Ttotal Status Flags
r-devel-linux-x86_64-debian-clang 0.8-7 2.10 11.19 13.29 NOTE
r-devel-linux-x86_64-debian-gcc 0.8-7 2.01 11.02 13.03 NOTE
r-devel-linux-x86_64-fedora-clang 0.8-7 23.15 NOTE
r-devel-linux-x86_64-fedora-gcc 0.8-7 22.90 NOTE
r-devel-osx-x86_64-clang 0.8-7 24.72 NOTE
r-devel-windows-ix86+x86_64 0.8-7 11.00 24.00 35.00 NOTE
r-patched-linux-x86_64 0.8-7 2.06 11.24 13.31 NOTE
r-patched-solaris-sparc 0.8-7 153.40 NOTE
r-patched-solaris-x86 0.8-7 38.40 NOTE
r-release-linux-x86_64 0.8-7 2.05 11.60 13.65 NOTE
r-release-osx-x86_64-mavericks 0.8-7 NOTE
r-release-windows-ix86+x86_64 0.8-7 8.00 26.00 34.00 NOTE
r-oldrel-windows-ix86+x86_64 0.8-7 10.00 28.00 38.00 OK

Check Details

Version: 0.8-7
Check: DESCRIPTION meta-information
Result: NOTE
    Malformed Description field: should contain one or more complete sentences.
Flavors: r-devel-linux-x86_64-debian-clang, r-devel-linux-x86_64-debian-gcc, r-devel-linux-x86_64-fedora-clang, r-devel-linux-x86_64-fedora-gcc, r-devel-osx-x86_64-clang, r-devel-windows-ix86+x86_64, r-patched-linux-x86_64, r-patched-solaris-sparc, r-patched-solaris-x86, r-release-linux-x86_64, r-release-osx-x86_64-mavericks, r-release-windows-ix86+x86_64