CRAN Package Check Results for Package RaschSampler

Last updated on 2014-08-29 02:47:51.

Flavor Version Tinstall Tcheck Ttotal Status Flags
r-devel-linux-x86_64-debian-clang 0.8-6 2.12 11.61 13.73 OK
r-devel-linux-x86_64-debian-gcc 0.8-6 2.03 10.96 12.99 OK
r-devel-linux-x86_64-fedora-clang 0.8-6 27.35 NOTE
r-devel-linux-x86_64-fedora-gcc 0.8-6 24.16 NOTE
r-devel-osx-x86_64-clang 0.8-6 27.24 OK
r-devel-windows-ix86+x86_64 0.8-6 7.00 25.00 32.00 OK
r-patched-linux-x86_64 0.8-6 2.10 11.37 13.47 OK
r-patched-solaris-sparc 0.8-6 149.00 OK
r-patched-solaris-x86 0.8-6 40.20 OK
r-release-linux-ix86 0.8-6 3.25 18.07 21.32 OK
r-release-linux-x86_64 0.8-6 2.48 11.44 13.92 OK
r-release-osx-x86_64-mavericks 0.8-6 OK
r-release-windows-ix86+x86_64 0.8-6 9.00 24.00 33.00 OK
r-oldrel-windows-ix86+x86_64 0.8-6 6.00 25.00 31.00 OK

Check Details

Version: 0.8-6
Check: top-level files
Result: NOTE
    Non-standard file/directory found at top level:
     ‘COPYRIGHTS’
    Copyright information should be in file inst/COPYRIGHTS
Flavors: r-devel-linux-x86_64-fedora-clang, r-devel-linux-x86_64-fedora-gcc