CRAN Package Check Results for Package RaschSampler

Last updated on 2014-09-15 08:49:44.

Flavor Version Tinstall Tcheck Ttotal Status Flags
r-devel-linux-x86_64-debian-clang 0.8-6 2.08 11.90 13.98 NOTE
r-devel-linux-x86_64-debian-gcc 0.8-6 2.08 11.39 13.47 NOTE
r-devel-linux-x86_64-fedora-clang 0.8-6 25.38 NOTE
r-devel-linux-x86_64-fedora-gcc 0.8-6 25.24 NOTE
r-devel-osx-x86_64-clang 0.8-6 27.57 OK
r-devel-windows-ix86+x86_64 0.8-6 7.00 23.00 30.00 OK
r-patched-linux-x86_64 0.8-6 2.08 11.47 13.56 OK
r-patched-solaris-sparc 0.8-6 149.00 OK
r-patched-solaris-x86 0.8-6 39.70 OK
r-release-linux-ix86 0.8-6 3.20 18.10 21.29 OK
r-release-linux-x86_64 0.8-6 2.11 11.72 13.83 OK
r-release-osx-x86_64-mavericks 0.8-6 OK
r-release-windows-ix86+x86_64 0.8-6 9.00 24.00 33.00 OK
r-oldrel-windows-ix86+x86_64 0.8-6 6.00 25.00 31.00 OK

Check Details

Version: 0.8-6
Check: top-level files
Result: NOTE
    Non-standard file/directory found at top level:
     ‘COPYRIGHTS’
    Copyright information should be in file inst/COPYRIGHTS
Flavors: r-devel-linux-x86_64-debian-clang, r-devel-linux-x86_64-debian-gcc, r-devel-linux-x86_64-fedora-clang, r-devel-linux-x86_64-fedora-gcc