CRAN Package Check Results for Package RaschSampler

Last updated on 2017-07-23 04:48:50.

Flavor Version Tinstall Tcheck Ttotal Status Flags
r-devel-linux-x86_64-debian-clang 0.8-8 2.24 20.38 22.62 NOTE
r-devel-linux-x86_64-debian-gcc 0.8-8 2.32 20.35 22.66 NOTE
r-devel-linux-x86_64-fedora-clang 0.8-8 25.56 NOTE
r-devel-linux-x86_64-fedora-gcc 0.8-8 26.54 NOTE
r-devel-windows-ix86+x86_64 0.8-8 12.00 36.00 48.00 OK
r-patched-linux-x86_64 0.8-8 2.35 20.13 22.48 NOTE
r-patched-solaris-x86 0.8-8 38.50 OK
r-release-linux-x86_64 0.8-8 2.45 20.20 22.65 NOTE
r-release-windows-ix86+x86_64 0.8-8 10.00 36.00 46.00 OK
r-release-osx-x86_64 0.8-8 OK
r-oldrel-windows-ix86+x86_64 0.8-8 9.00 31.00 40.00 OK
r-oldrel-osx-x86_64 0.8-8 OK

Check Details

Version: 0.8-8
Check: compiled code
Result: NOTE
    File ‘RaschSampler/libs/RaschSampler.so’:
     Found no calls to: ‘R_registerRoutines’, ‘R_useDynamicSymbols’
    
    It is good practice to register native routines and to disable symbol
    search.
    
    See ‘Writing portable packages’ in the ‘Writing R Extensions’ manual.
Flavors: r-devel-linux-x86_64-debian-clang, r-devel-linux-x86_64-debian-gcc, r-devel-linux-x86_64-fedora-clang, r-devel-linux-x86_64-fedora-gcc, r-patched-linux-x86_64, r-release-linux-x86_64