CRAN Package Check Results for Package RaschSampler

Last updated on 2017-02-24 23:52:46.

Flavor Version Tinstall Tcheck Ttotal Status Flags
r-devel-linux-x86_64-debian-clang 0.8-8 2.32 13.33 15.65 NOTE
r-devel-linux-x86_64-debian-gcc 0.8-8 2.40 13.36 15.76 NOTE
r-devel-linux-x86_64-fedora-clang 0.8-8 24.80 NOTE --no-stop-on-test-error
r-devel-linux-x86_64-fedora-gcc 0.8-8 23.87 NOTE --no-stop-on-test-error
r-devel-macos-x86_64-clang 0.8-8 22.81 NOTE --no-stop-on-test-error
r-devel-windows-ix86+x86_64 0.8-8 11.00 46.00 57.00 OK
r-patched-linux-x86_64 0.8-8 2.03 11.46 13.49 OK
r-patched-solaris-sparc 0.8-8 144.50 OK
r-patched-solaris-x86 0.8-8 33.60 OK
r-release-linux-x86_64 0.8-8 2.08 11.35 13.43 OK
r-release-osx-x86_64-mavericks 0.8-8 OK
r-release-windows-ix86+x86_64 0.8-8 9.00 31.00 40.00 OK
r-oldrel-windows-ix86+x86_64 0.8-8 8.00 32.00 40.00 OK

Check Details

Version: 0.8-8
Check: compiled code
Result: NOTE
    File ‘RaschSampler/libs/RaschSampler.so’:
     Found no calls to: ‘R_registerRoutines’, ‘R_useDynamicSymbols’
    
    It is good practice to register native routines and to disable symbol
    search.
    
    See ‘Writing portable packages’ in the ‘Writing R Extensions’ manual.
Flavors: r-devel-linux-x86_64-debian-clang, r-devel-linux-x86_64-debian-gcc

Version: 0.8-8
Flags: --no-stop-on-test-error
Check: compiled code
Result: NOTE
    File ‘RaschSampler/libs/RaschSampler.so’:
     Found no calls to: ‘R_registerRoutines’, ‘R_useDynamicSymbols’
    
    It is good practice to register native routines and to disable symbol
    search.
    
    See ‘Writing portable packages’ in the ‘Writing R Extensions’ manual.
Flavors: r-devel-linux-x86_64-fedora-clang, r-devel-linux-x86_64-fedora-gcc, r-devel-macos-x86_64-clang