CRAN Package Check Results for Package RaschSampler

Last updated on 2014-11-24 09:48:21.

Flavor Version Tinstall Tcheck Ttotal Status Flags
r-devel-linux-x86_64-debian-clang 0.8-6 2.15 12.24 14.39 NOTE
r-devel-linux-x86_64-debian-gcc 0.8-6 2.05 11.95 14.00 NOTE
r-devel-linux-x86_64-fedora-clang 0.8-6 28.38 NOTE
r-devel-linux-x86_64-fedora-gcc 0.8-6 27.01 NOTE
r-devel-osx-x86_64-clang 0.8-6 32.19 OK
r-devel-windows-ix86+x86_64 0.8-6 7.00 26.00 33.00 OK
r-patched-linux-x86_64 0.8-6 2.12 12.29 14.40 NOTE
r-patched-solaris-sparc 0.8-6 149.00 OK
r-patched-solaris-x86 0.8-6 41.90 OK
r-release-linux-ix86 0.8-6 3.08 18.40 21.48 OK
r-release-linux-x86_64 0.8-6 2.09 12.34 14.43 NOTE
r-release-osx-x86_64-mavericks 0.8-6 OK
r-release-windows-ix86+x86_64 0.8-6 7.00 24.00 31.00 OK
r-oldrel-windows-ix86+x86_64 0.8-6 6.00 25.00 31.00 OK

Check Details

Version: 0.8-6
Check: top-level files
Result: NOTE
    Non-standard file/directory found at top level:
     ‘COPYRIGHTS’
    Copyright information should be in file inst/COPYRIGHTS
Flavors: r-devel-linux-x86_64-debian-clang, r-devel-linux-x86_64-debian-gcc, r-devel-linux-x86_64-fedora-clang, r-devel-linux-x86_64-fedora-gcc, r-patched-linux-x86_64, r-release-linux-x86_64