CRAN Package Check Results for Package RaschSampler

Last updated on 2014-04-23 12:48:25.

Flavor Version Tinstall Tcheck Ttotal Status Flags
r-devel-linux-x86_64-debian-clang 0.8-6 2.11 12.09 14.20 OK
r-devel-linux-x86_64-debian-gcc 0.8-6 2.14 12.10 14.24 OK
r-devel-linux-x86_64-fedora-clang 0.8-6 25.57 NOTE
r-devel-linux-x86_64-fedora-gcc 0.8-6 24.70 NOTE
r-devel-osx-x86_64-clang 0.8-6 28.56 OK
r-devel-osx-x86_64-gcc 0.8-6 OK
r-devel-windows-ix86+x86_64 0.8-6 6.00 24.00 30.00 OK
r-patched-linux-x86_64 0.8-6 2.09 11.83 13.92 OK
r-patched-solaris-sparc 0.8-6 149.40 OK
r-patched-solaris-x86 0.8-6 41.50 OK
r-release-linux-ix86 0.8-6 4.00 26.00 30.00 OK
r-release-linux-x86_64 0.8-6 2.39 12.18 14.58 OK
r-release-osx-x86_64-mavericks 0.8-6 OK
r-release-windows-ix86+x86_64 0.8-6 12.00 34.00 46.00 OK
r-oldrel-windows-ix86+x86_64 0.8-6 6.00 25.00 31.00 OK

Check Details

Version: 0.8-6
Check: top-level files
Result: NOTE
    Non-standard file/directory found at top level:
     ‘COPYRIGHTS’
    Copyright information should be in file inst/COPYRIGHTS
Flavors: r-devel-linux-x86_64-fedora-clang, r-devel-linux-x86_64-fedora-gcc