CRAN Package Check Results for Package RaschSampler

Last updated on 2018-04-21 14:47:02 CEST.

Flavor Version Tinstall Tcheck Ttotal Status Flags
r-devel-linux-x86_64-debian-clang 0.8-8 2.43 20.24 22.67 NOTE
r-devel-linux-x86_64-debian-gcc 0.8-8 2.25 16.07 18.32 NOTE
r-devel-linux-x86_64-fedora-clang 0.8-8 26.82 NOTE
r-devel-linux-x86_64-fedora-gcc 0.8-8 25.46 NOTE
r-devel-windows-ix86+x86_64 0.8-8 11.00 51.00 62.00 OK
r-devel-osx-x86_64 0.8-8 OK
r-patched-linux-x86_64 0.8-8 2.24 19.62 21.86 NOTE
r-patched-solaris-x86 0.8-8 43.00 OK
r-release-linux-x86_64 0.8-8 2.21 19.20 21.41 NOTE
r-release-windows-ix86+x86_64 0.8-8 12.00 37.00 49.00 OK
r-release-osx-x86_64 0.8-8 OK
r-oldrel-windows-ix86+x86_64 0.8-8 9.00 31.00 40.00 OK

Check Details

Version: 0.8-8
Check: compiled code
Result: NOTE
    File ‘RaschSampler/libs/RaschSampler.so’:
     Found no calls to: ‘R_registerRoutines’, ‘R_useDynamicSymbols’
    
    It is good practice to register native routines and to disable symbol
    search.
    
    See ‘Writing portable packages’ in the ‘Writing R Extensions’ manual.
Flavors: r-devel-linux-x86_64-debian-clang, r-devel-linux-x86_64-debian-gcc, r-devel-linux-x86_64-fedora-clang, r-devel-linux-x86_64-fedora-gcc, r-patched-linux-x86_64, r-release-linux-x86_64