CRAN Package Check Results for Package RaschSampler

Last updated on 2017-11-19 19:50:42.

Flavor Version Tinstall Tcheck Ttotal Status Flags
r-devel-linux-x86_64-debian-clang 0.8-8 1.68 12.93 14.61 NOTE
r-devel-linux-x86_64-debian-gcc 0.8-8 1.94 25.86 27.81 NOTE
r-devel-linux-x86_64-fedora-clang 0.8-8 24.54 NOTE
r-devel-linux-x86_64-fedora-gcc 0.8-8 24.81 NOTE
r-devel-windows-ix86+x86_64 0.8-8 17.00 38.00 55.00 OK
r-patched-linux-x86_64 0.8-8 1.71 13.17 14.88 NOTE
r-patched-solaris-x86 0.8-8 38.40 OK
r-release-linux-x86_64 0.8-8 1.81 13.46 15.27 NOTE
r-release-windows-ix86+x86_64 0.8-8 12.00 37.00 49.00 OK
r-release-osx-x86_64 0.8-8 OK
r-oldrel-windows-ix86+x86_64 0.8-8 9.00 31.00 40.00 OK
r-oldrel-osx-x86_64 0.8-8 OK

Check Details

Version: 0.8-8
Check: compiled code
Result: NOTE
    File ‘RaschSampler/libs/RaschSampler.so’:
     Found no calls to: ‘R_registerRoutines’, ‘R_useDynamicSymbols’
    
    It is good practice to register native routines and to disable symbol
    search.
    
    See ‘Writing portable packages’ in the ‘Writing R Extensions’ manual.
Flavors: r-devel-linux-x86_64-debian-clang, r-devel-linux-x86_64-debian-gcc, r-devel-linux-x86_64-fedora-clang, r-devel-linux-x86_64-fedora-gcc, r-patched-linux-x86_64, r-release-linux-x86_64