CRAN Package Check Results for Package RaschSampler

Last updated on 2015-03-27 03:47:53.

Flavor Version Tinstall Tcheck Ttotal Status Flags
r-devel-linux-x86_64-debian-clang 0.8-7 2.10 11.24 13.34 NOTE
r-devel-linux-x86_64-debian-gcc 0.8-7 2.09 11.14 13.23 NOTE
r-devel-linux-x86_64-fedora-clang 0.8-7 24.94 NOTE
r-devel-linux-x86_64-fedora-gcc 0.8-7 23.61 NOTE
r-devel-osx-x86_64-clang 0.8-7 31.06 NOTE
r-prerel-windows-ix86+x86_64 0.8-7 9.00 26.00 35.00 NOTE
r-prerel-linux-x86_64 0.8-7 2.51 11.06 13.57 NOTE
r-prerel-solaris-sparc 0.8-7 140.10 NOTE
r-prerel-solaris-x86 0.8-7 39.50 NOTE
r-release-linux-x86_64 0.8-7 2.14 12.44 14.58 OK
r-release-osx-x86_64-mavericks 0.8-7 OK
r-release-osx-x86_64-snowleopard 0.8-7 OK
r-release-windows-ix86+x86_64 0.8-7 10.00 28.00 38.00 OK
r-oldrel-windows-ix86+x86_64 0.8-7 7.00 32.00 39.00 OK

Check Details

Version: 0.8-7
Check: DESCRIPTION meta-information
Result: NOTE
    Malformed Description field: should contain one or more complete sentences.
Flavors: r-devel-linux-x86_64-debian-clang, r-devel-linux-x86_64-debian-gcc, r-devel-linux-x86_64-fedora-clang, r-devel-linux-x86_64-fedora-gcc, r-devel-osx-x86_64-clang, r-prerel-windows-ix86+x86_64, r-prerel-linux-x86_64, r-prerel-solaris-sparc, r-prerel-solaris-x86