CRAN Package Check Results for Package RaschSampler

Last updated on 2017-09-24 11:48:32.

Flavor Version Tinstall Tcheck Ttotal Status Flags
r-devel-linux-x86_64-debian-clang 0.8-8 1.76 13.83 15.59 NOTE
r-devel-linux-x86_64-debian-gcc 0.8-8 1.74 13.34 15.08 NOTE
r-devel-linux-x86_64-fedora-clang 0.8-8 25.47 NOTE
r-devel-linux-x86_64-fedora-gcc 0.8-8 24.95 NOTE
r-devel-windows-ix86+x86_64 0.8-8 16.00 34.00 50.00 OK
r-patched-linux-x86_64 0.8-8 1.77 13.49 15.27 NOTE
r-patched-solaris-x86 0.8-8 38.00 OK
r-release-linux-x86_64 0.8-8 1.75 13.70 15.45 NOTE
r-release-windows-ix86+x86_64 0.8-8 12.00 37.00 49.00 OK
r-release-osx-x86_64 0.8-8 OK
r-oldrel-windows-ix86+x86_64 0.8-8 9.00 31.00 40.00 OK
r-oldrel-osx-x86_64 0.8-8 OK

Check Details

Version: 0.8-8
Check: compiled code
Result: NOTE
    File ‘RaschSampler/libs/RaschSampler.so’:
     Found no calls to: ‘R_registerRoutines’, ‘R_useDynamicSymbols’
    
    It is good practice to register native routines and to disable symbol
    search.
    
    See ‘Writing portable packages’ in the ‘Writing R Extensions’ manual.
Flavors: r-devel-linux-x86_64-debian-clang, r-devel-linux-x86_64-debian-gcc, r-devel-linux-x86_64-fedora-clang, r-devel-linux-x86_64-fedora-gcc, r-patched-linux-x86_64, r-release-linux-x86_64