CRAN Package Check Results for Package RaschSampler

Last updated on 2014-10-02 15:49:09.

Flavor Version Tinstall Tcheck Ttotal Status Flags
r-devel-linux-x86_64-debian-clang 0.8-6 2.11 12.00 14.11 NOTE
r-devel-linux-x86_64-debian-gcc 0.8-6 2.40 11.88 14.28 NOTE
r-devel-linux-x86_64-fedora-clang 0.8-6 26.41 NOTE
r-devel-linux-x86_64-fedora-gcc 0.8-6 24.98 NOTE
r-devel-osx-x86_64-clang 0.8-6 28.31 OK
r-devel-windows-ix86+x86_64 0.8-6 7.00 24.00 31.00 OK
r-patched-linux-x86_64 0.8-6 2.16 12.31 14.47 NOTE
r-patched-solaris-sparc 0.8-6 149.00 OK
r-patched-solaris-x86 0.8-6 41.70 OK
r-release-linux-ix86 0.8-6 3.16 18.20 21.37 OK
r-release-linux-x86_64 0.8-6 2.10 11.82 13.93 NOTE
r-release-osx-x86_64-mavericks 0.8-6 OK
r-release-windows-ix86+x86_64 0.8-6 9.00 24.00 33.00 OK
r-oldrel-windows-ix86+x86_64 0.8-6 6.00 25.00 31.00 OK

Check Details

Version: 0.8-6
Check: top-level files
Result: NOTE
    Non-standard file/directory found at top level:
     ‘COPYRIGHTS’
    Copyright information should be in file inst/COPYRIGHTS
Flavors: r-devel-linux-x86_64-debian-clang, r-devel-linux-x86_64-debian-gcc, r-devel-linux-x86_64-fedora-clang, r-devel-linux-x86_64-fedora-gcc, r-patched-linux-x86_64, r-release-linux-x86_64