CRAN Package Check Results for Package RaschSampler

Last updated on 2015-05-25 10:47:20.

Flavor Version Tinstall Tcheck Ttotal Status Flags
r-devel-linux-x86_64-debian-clang 0.8-7 2.54 11.28 13.82 NOTE
r-devel-linux-x86_64-debian-gcc 0.8-7 2.04 11.24 13.28 NOTE
r-devel-linux-x86_64-fedora-clang 0.8-7 24.49 NOTE
r-devel-linux-x86_64-fedora-gcc 0.8-7 24.13 NOTE
r-devel-osx-x86_64-clang 0.8-7 27.14 NOTE
r-devel-windows-ix86+x86_64 0.8-7 8.00 28.00 36.00 NOTE
r-patched-linux-x86_64 0.8-7 2.07 11.21 13.28 NOTE
r-patched-solaris-sparc 0.8-7 153.40 NOTE
r-patched-solaris-x86 0.8-7 37.60 NOTE
r-release-linux-x86_64 0.8-7 2.10 11.26 13.36 NOTE
r-release-osx-x86_64-mavericks 0.8-7 NOTE
r-release-osx-x86_64-snowleopard 0.8-7 NOTE
r-release-windows-ix86+x86_64 0.8-7 6.00 27.00 33.00 NOTE
r-oldrel-windows-ix86+x86_64 0.8-7 10.00 28.00 38.00 OK

Check Details

Version: 0.8-7
Check: DESCRIPTION meta-information
Result: NOTE
    Malformed Description field: should contain one or more complete sentences.
Flavors: r-devel-linux-x86_64-debian-clang, r-devel-linux-x86_64-debian-gcc, r-devel-linux-x86_64-fedora-clang, r-devel-linux-x86_64-fedora-gcc, r-devel-osx-x86_64-clang, r-devel-windows-ix86+x86_64, r-patched-linux-x86_64, r-patched-solaris-sparc, r-patched-solaris-x86, r-release-linux-x86_64, r-release-osx-x86_64-mavericks, r-release-osx-x86_64-snowleopard, r-release-windows-ix86+x86_64