CRAN Package Check Results for Package RaschSampler

Last updated on 2017-03-28 11:51:39.

Flavor Version Tinstall Tcheck Ttotal Status Flags
r-devel-linux-x86_64-debian-clang 0.8-8 2.27 13.61 15.88 NOTE
r-devel-linux-x86_64-debian-gcc 0.8-8 2.27 13.77 16.04 NOTE
r-devel-linux-x86_64-fedora-clang 0.8-8 24.97 NOTE --no-stop-on-test-error
r-devel-linux-x86_64-fedora-gcc 0.8-8 24.28 NOTE --no-stop-on-test-error
r-devel-macos-x86_64-clang 0.8-8 22.25 NOTE --no-stop-on-test-error
r-devel-windows-ix86+x86_64 0.8-8 11.00 33.00 44.00 OK
r-patched-linux-x86_64 0.8-8 2.04 13.25 15.29 NOTE
r-patched-solaris-sparc 0.8-8 152.80 OK
r-patched-solaris-x86 0.8-8 38.20 OK
r-release-linux-x86_64 0.8-8 1.97 11.23 13.20 OK
r-release-osx-x86_64-mavericks 0.8-8 OK
r-release-windows-ix86+x86_64 0.8-8 9.00 31.00 40.00 OK
r-oldrel-windows-ix86+x86_64 0.8-8 8.00 32.00 40.00 OK

Check Details

Version: 0.8-8
Check: compiled code
Result: NOTE
    File ‘RaschSampler/libs/RaschSampler.so’:
     Found no calls to: ‘R_registerRoutines’, ‘R_useDynamicSymbols’
    
    It is good practice to register native routines and to disable symbol
    search.
    
    See ‘Writing portable packages’ in the ‘Writing R Extensions’ manual.
Flavors: r-devel-linux-x86_64-debian-clang, r-devel-linux-x86_64-debian-gcc, r-patched-linux-x86_64

Version: 0.8-8
Flags: --no-stop-on-test-error
Check: compiled code
Result: NOTE
    File ‘RaschSampler/libs/RaschSampler.so’:
     Found no calls to: ‘R_registerRoutines’, ‘R_useDynamicSymbols’
    
    It is good practice to register native routines and to disable symbol
    search.
    
    See ‘Writing portable packages’ in the ‘Writing R Extensions’ manual.
Flavors: r-devel-linux-x86_64-fedora-clang, r-devel-linux-x86_64-fedora-gcc, r-devel-macos-x86_64-clang