CRAN Package Check Results for Package RaschSampler

Last updated on 2017-05-29 16:48:36.

Flavor Version Tinstall Tcheck Ttotal Status Flags
r-devel-linux-x86_64-debian-clang 0.8-8 2.41 14.05 16.46 NOTE
r-devel-linux-x86_64-debian-gcc 0.8-8 2.35 13.59 15.95 NOTE
r-devel-linux-x86_64-fedora-clang 0.8-8 25.47 NOTE
r-devel-linux-x86_64-fedora-gcc 0.8-8 24.28 NOTE
r-devel-windows-ix86+x86_64 0.8-8 11.00 53.00 64.00 OK
r-patched-linux-x86_64 0.8-8 2.10 13.24 15.35 NOTE
r-patched-solaris-sparc 0.8-8 152.80 OK
r-patched-solaris-x86 0.8-8 38.30 OK
r-release-linux-x86_64 0.8-8 2.33 14.03 16.36 NOTE
r-release-windows-ix86+x86_64 0.8-8 10.00 36.00 46.00 OK
r-release-osx-x86_64 0.8-8 OK
r-oldrel-windows-ix86+x86_64 0.8-8 9.00 31.00 40.00 OK
r-oldrel-osx-x86_64 0.8-8 OK

Check Details

Version: 0.8-8
Check: compiled code
Result: NOTE
    File ‘RaschSampler/libs/RaschSampler.so’:
     Found no calls to: ‘R_registerRoutines’, ‘R_useDynamicSymbols’
    
    It is good practice to register native routines and to disable symbol
    search.
    
    See ‘Writing portable packages’ in the ‘Writing R Extensions’ manual.
Flavors: r-devel-linux-x86_64-debian-clang, r-devel-linux-x86_64-debian-gcc, r-devel-linux-x86_64-fedora-clang, r-devel-linux-x86_64-fedora-gcc, r-patched-linux-x86_64, r-release-linux-x86_64