CRAN Package Check Results for Package RaschSampler

Last updated on 2015-04-26 12:46:37.

Flavor Version Tinstall Tcheck Ttotal Status Flags
r-devel-linux-x86_64-debian-clang 0.8-7 2.11 11.37 13.48 NOTE
r-devel-linux-x86_64-debian-gcc 0.8-7 2.09 11.18 13.27 NOTE
r-devel-linux-x86_64-fedora-clang 0.8-7 25.61 NOTE
r-devel-linux-x86_64-fedora-gcc 0.8-7 24.65 NOTE
r-devel-osx-x86_64-clang 0.8-7 27.04 NOTE
r-devel-windows-ix86+x86_64 0.8-7 8.00 27.00 35.00 NOTE
r-patched-linux-x86_64 0.8-7 2.08 11.13 13.21 NOTE
r-patched-solaris-sparc 0.8-7 140.10 NOTE
r-patched-solaris-x86 0.8-7 38.80 NOTE
r-release-linux-x86_64 0.8-7 2.05 11.38 13.42 NOTE
r-release-osx-x86_64-mavericks 0.8-7 NOTE
r-release-osx-x86_64-snowleopard 0.8-7 NOTE
r-release-windows-ix86+x86_64 0.8-7 6.00 27.00 33.00 NOTE
r-oldrel-windows-ix86+x86_64 0.8-7 10.00 28.00 38.00 OK

Check Details

Version: 0.8-7
Check: DESCRIPTION meta-information
Result: NOTE
    Malformed Description field: should contain one or more complete sentences.
Flavors: r-devel-linux-x86_64-fedora-clang, r-devel-linux-x86_64-fedora-gcc, r-devel-osx-x86_64-clang, r-devel-windows-ix86+x86_64, r-patched-solaris-sparc, r-patched-solaris-x86, r-release-osx-x86_64-mavericks, r-release-windows-ix86+x86_64