CRAN Package Check Results for Package RaschSampler

Last updated on 2018-01-21 08:48:37 CET.

Flavor Version Tinstall Tcheck Ttotal Status Flags
r-devel-linux-x86_64-debian-clang 0.8-8 2.09 21.36 23.45 NOTE
r-devel-linux-x86_64-debian-gcc 0.8-8 1.98 16.46 18.44 NOTE
r-devel-linux-x86_64-fedora-clang 0.8-8 26.90 NOTE
r-devel-linux-x86_64-fedora-gcc 0.8-8 26.04 NOTE
r-devel-windows-ix86+x86_64 0.8-8 17.00 42.00 59.00 OK
r-patched-linux-x86_64 0.8-8 2.30 19.18 21.48 NOTE
r-patched-solaris-x86 0.8-8 42.50 OK
r-release-linux-x86_64 0.8-8 2.38 19.24 21.62 NOTE
r-release-windows-ix86+x86_64 0.8-8 12.00 37.00 49.00 OK
r-release-osx-x86_64 0.8-8 OK
r-oldrel-windows-ix86+x86_64 0.8-8 9.00 31.00 40.00 OK
r-oldrel-osx-x86_64 0.8-8 OK

Check Details

Version: 0.8-8
Check: compiled code
Result: NOTE
    File ‘RaschSampler/libs/RaschSampler.so’:
     Found no calls to: ‘R_registerRoutines’, ‘R_useDynamicSymbols’
    
    It is good practice to register native routines and to disable symbol
    search.
    
    See ‘Writing portable packages’ in the ‘Writing R Extensions’ manual.
Flavors: r-devel-linux-x86_64-debian-clang, r-devel-linux-x86_64-debian-gcc, r-devel-linux-x86_64-fedora-clang, r-devel-linux-x86_64-fedora-gcc, r-patched-linux-x86_64, r-release-linux-x86_64