CRAN Package Check Results for Package RbioRXN

Last updated on 2017-06-23 19:48:47.

Flavor Version Tinstall Tcheck Ttotal Status Flags
r-devel-linux-x86_64-debian-clang 1.5.1 5.72 70.23 75.95 NOTE
r-devel-linux-x86_64-debian-gcc 1.5.1 5.50 72.15 77.65 NOTE
r-devel-linux-x86_64-fedora-clang 1.5.1 159.31 NOTE
r-devel-linux-x86_64-fedora-gcc 1.5.1 158.24 NOTE
r-devel-windows-ix86+x86_64 1.5.1 15.00 150.00 165.00 NOTE
r-patched-linux-x86_64 1.5.1 5.90 71.05 76.95 NOTE
r-patched-solaris-sparc 1.5.1 871.80 NOTE
r-patched-solaris-x86 1.5.1 193.40 NOTE
r-release-linux-x86_64 1.5.1 6.79 70.47 77.26 NOTE
r-release-windows-ix86+x86_64 1.5.1 15.00 117.00 132.00 NOTE
r-release-osx-x86_64 1.5.1 ERROR
r-oldrel-windows-ix86+x86_64 1.5.1 22.00 152.00 174.00 NOTE
r-oldrel-osx-x86_64 1.5.1 NOTE

Check Details

Version: 1.5.1
Check: R code for possible problems
Result: NOTE
    .parse.rhea: no visible global function definition for ‘tail’
    get.chebi.all: no visible global function definition for
     ‘download.file’
    get.chebi.all: no visible global function definition for ‘read.delim’
    get.rhea.all: no visible global function definition for ‘download.file’
    get.unipathway.all: no visible global function definition for
     ‘download.file’
    Undefined global functions or variables:
     download.file read.delim tail
    Consider adding
     importFrom("utils", "download.file", "read.delim", "tail")
    to your NAMESPACE file.
Flavors: r-devel-linux-x86_64-debian-clang, r-devel-linux-x86_64-debian-gcc, r-devel-linux-x86_64-fedora-clang, r-devel-linux-x86_64-fedora-gcc, r-devel-windows-ix86+x86_64, r-patched-linux-x86_64, r-patched-solaris-sparc, r-patched-solaris-x86, r-release-linux-x86_64, r-release-windows-ix86+x86_64, r-oldrel-windows-ix86+x86_64, r-oldrel-osx-x86_64

Version: 1.5.1
Check: package dependencies
Result: ERROR
    Packages required but not available: ‘fmcsR’ ‘ChemmineR’ ‘KEGGREST’
    
    See section ‘The DESCRIPTION file’ in the ‘Writing R Extensions’
    manual.
Flavor: r-release-osx-x86_64