CRAN Package Check Results for Package RbioRXN

Last updated on 2014-12-22 19:48:30.

Flavor Version Tinstall Tcheck Ttotal Status Flags
r-devel-linux-x86_64-debian-clang 1.3.1 8.09 90.28 98.38 NOTE
r-devel-linux-x86_64-debian-gcc 1.3.1 7.29 87.32 94.61 NOTE
r-devel-linux-x86_64-fedora-clang 1.3.1 206.90 NOTE
r-devel-linux-x86_64-fedora-gcc 1.3.1 195.20 NOTE
r-devel-osx-x86_64-clang 1.3.1 182.58 NOTE
r-devel-windows-ix86+x86_64 1.3.1 25.00 125.00 150.00 NOTE
r-patched-linux-x86_64 1.3.1 8.25 92.48 100.74 NOTE
r-patched-solaris-sparc 1.3.1 1213.40 NOTE
r-patched-solaris-x86 1.3.1 272.90 NOTE
r-release-linux-ix86 1.3.1 9.02 104.90 113.92 NOTE
r-release-linux-x86_64 1.3.1 7.93 92.42 100.34 NOTE
r-release-osx-x86_64-mavericks 1.3.1 ERROR
r-release-osx-x86_64-snowleopard 1.3.1 ERROR
r-release-windows-ix86+x86_64 1.3.1 27.00 137.00 164.00 NOTE
r-oldrel-windows-ix86+x86_64 1.3.1 18.00 118.00 136.00 OK

Check Details

Version: 1.3.1
Check: R code for possible problems
Result: NOTE
    instantiate: no visible global function definition for ‘smiles2sdf’
    instantiate: no visible global function definition for ‘sdf2ap’
    instantiate: no visible global function definition for ‘cid<-’
    instantiate: no visible global function definition for ‘desc2fp’
    instantiate: no visible global function definition for ‘fpSim’
    instantiate.rhea: no visible global function definition for
     ‘smiles2sdf’
    instantiate.rhea: no visible global function definition for ‘sdf2ap’
    instantiate.rhea: no visible global function definition for ‘cid<-’
    instantiate.rhea: no visible global function definition for ‘desc2fp’
    instantiate.rhea: no visible global function definition for ‘fpSim’
Flavors: r-devel-linux-x86_64-debian-clang, r-devel-linux-x86_64-debian-gcc, r-devel-linux-x86_64-fedora-clang, r-devel-linux-x86_64-fedora-gcc, r-devel-osx-x86_64-clang, r-devel-windows-ix86+x86_64, r-patched-linux-x86_64, r-patched-solaris-sparc, r-patched-solaris-x86, r-release-linux-ix86, r-release-linux-x86_64, r-release-windows-ix86+x86_64

Version: 1.3.1
Check: package dependencies
Result: ERROR
    Packages required but not available: ‘fmcsR’ ‘KEGGREST’
    
    See the information on DESCRIPTION files in the chapter ‘Creating R
    packages’ of the ‘Writing R Extensions’ manual.
Flavors: r-release-osx-x86_64-mavericks, r-release-osx-x86_64-snowleopard