CRAN Package Check Results for Package RbioRXN

Last updated on 2016-12-08 23:49:43.

Flavor Version Tinstall Tcheck Ttotal Status Flags
r-devel-linux-x86_64-debian-clang 1.5.1 5.68 70.49 76.18 NOTE
r-devel-linux-x86_64-debian-gcc 1.5.1 5.73 70.58 76.31 NOTE
r-devel-linux-x86_64-fedora-clang 1.5.1 162.00 NOTE --no-stop-on-test-error
r-devel-linux-x86_64-fedora-gcc 1.5.1 161.94 NOTE --no-stop-on-test-error
r-devel-macos-x86_64-clang 1.5.1 117.37 NOTE --no-stop-on-test-error
r-devel-windows-ix86+x86_64 1.5.1 15.00 114.00 129.00 NOTE
r-patched-linux-x86_64 1.5.1 5.40 68.13 73.53 NOTE
r-patched-solaris-sparc 1.5.1 874.60 NOTE
r-patched-solaris-x86 1.5.1 186.90 NOTE
r-release-linux-x86_64 1.5.1 5.38 67.67 73.05 NOTE
r-release-osx-x86_64-mavericks 1.5.1 NOTE
r-release-windows-ix86+x86_64 1.5.1 17.00 105.00 122.00 NOTE
r-oldrel-windows-ix86+x86_64 1.5.1 24.00 111.00 135.00 OK

Check Details

Version: 1.5.1
Check: R code for possible problems
Result: NOTE
    .parse.rhea: no visible global function definition for ‘tail’
    get.chebi.all: no visible global function definition for
     ‘download.file’
    get.chebi.all: no visible global function definition for ‘read.delim’
    get.rhea.all: no visible global function definition for ‘download.file’
    get.unipathway.all: no visible global function definition for
     ‘download.file’
    Undefined global functions or variables:
     download.file read.delim tail
    Consider adding
     importFrom("utils", "download.file", "read.delim", "tail")
    to your NAMESPACE file.
Flavors: r-devel-linux-x86_64-debian-clang, r-devel-linux-x86_64-debian-gcc, r-devel-windows-ix86+x86_64, r-patched-linux-x86_64, r-patched-solaris-sparc, r-patched-solaris-x86, r-release-linux-x86_64, r-release-osx-x86_64-mavericks, r-release-windows-ix86+x86_64

Version: 1.5.1
Flags: --no-stop-on-test-error
Check: R code for possible problems
Result: NOTE
    .parse.rhea: no visible global function definition for ‘tail’
    get.chebi.all: no visible global function definition for
     ‘download.file’
    get.chebi.all: no visible global function definition for ‘read.delim’
    get.rhea.all: no visible global function definition for ‘download.file’
    get.unipathway.all: no visible global function definition for
     ‘download.file’
    Undefined global functions or variables:
     download.file read.delim tail
    Consider adding
     importFrom("utils", "download.file", "read.delim", "tail")
    to your NAMESPACE file.
Flavors: r-devel-linux-x86_64-fedora-clang, r-devel-linux-x86_64-fedora-gcc, r-devel-macos-x86_64-clang