CRAN Package Check Results for Package RbioRXN

Last updated on 2017-12-15 02:48:41 CET.

Flavor Version Tinstall Tcheck Ttotal Status Flags
r-release-osx-x86_64 1.5.1 ERROR

Check Details

Version: 1.5.1
Check: package dependencies
Result: ERROR
    Packages required but not available: ‘fmcsR’ ‘ChemmineR’ ‘KEGGREST’
    
    See section ‘The DESCRIPTION file’ in the ‘Writing R Extensions’
    manual.
Flavor: r-release-osx-x86_64