CRAN Package Check Results for Package RbioRXN

Last updated on 2016-08-31 21:47:16.

Flavor Version Tinstall Tcheck Ttotal Status Flags
r-devel-linux-x86_64-debian-clang 1.5.1 5.55 70.41 75.97 NOTE
r-devel-linux-x86_64-debian-gcc 1.5.1 5.57 68.52 74.09 NOTE
r-devel-linux-x86_64-fedora-clang 1.5.1 152.93 NOTE
r-devel-linux-x86_64-fedora-gcc 1.5.1 142.48 NOTE
r-devel-osx-x86_64-clang 1.5.1 117.82 NOTE
r-devel-windows-ix86+x86_64 1.5.1 24.00 173.00 197.00 WARN
r-patched-linux-x86_64 1.5.1 5.74 66.53 72.27 NOTE
r-patched-solaris-sparc 1.5.1 853.30 NOTE
r-patched-solaris-x86 1.5.1 182.10 NOTE
r-release-linux-x86_64 1.5.1 8.70 67.23 75.93 NOTE
r-release-osx-x86_64-mavericks 1.5.1 NOTE
r-release-windows-ix86+x86_64 1.5.1 24.00 116.00 140.00 NOTE
r-oldrel-windows-ix86+x86_64 1.5.1 25.00 171.00 196.00 OK

Check Details

Version: 1.5.1
Check: R code for possible problems
Result: NOTE
    .parse.rhea: no visible global function definition for ‘tail’
    get.chebi.all: no visible global function definition for
     ‘download.file’
    get.chebi.all: no visible global function definition for ‘read.delim’
    get.rhea.all: no visible global function definition for ‘download.file’
    get.unipathway.all: no visible global function definition for
     ‘download.file’
    Undefined global functions or variables:
     download.file read.delim tail
    Consider adding
     importFrom("utils", "download.file", "read.delim", "tail")
    to your NAMESPACE file.
Flavors: r-devel-linux-x86_64-debian-clang, r-devel-linux-x86_64-debian-gcc, r-devel-linux-x86_64-fedora-clang, r-devel-linux-x86_64-fedora-gcc, r-devel-osx-x86_64-clang, r-devel-windows-ix86+x86_64, r-patched-linux-x86_64, r-patched-solaris-sparc, r-patched-solaris-x86, r-release-linux-x86_64, r-release-osx-x86_64-mavericks, r-release-windows-ix86+x86_64

Version: 1.5.1
Check: whether package can be installed
Result: WARN
    Found the following significant warnings:
     Warning: multiple methods tables found for 'which.max'
     Warning: multiple methods tables found for 'which.min'
     Warning: multiple methods tables found for 'which'
Flavor: r-devel-windows-ix86+x86_64