CRAN Package Check Results for Package RbioRXN

Last updated on 2015-05-29 03:48:40.

Flavor Version Tinstall Tcheck Ttotal Status Flags
r-devel-linux-x86_64-debian-clang 1.5.1 6.09 72.27 78.36 OK
r-devel-linux-x86_64-debian-gcc 1.5.1 5.80 70.96 76.76 OK
r-devel-linux-x86_64-fedora-clang 1.5.1 167.19 OK
r-devel-linux-x86_64-fedora-gcc 1.5.1 162.62 OK
r-devel-osx-x86_64-clang 1.5.1 133.93 OK
r-devel-windows-ix86+x86_64 1.5.1 19.00 110.00 129.00 OK
r-patched-linux-x86_64 1.5.1 5.96 69.71 75.67 OK
r-patched-solaris-sparc 1.5.1 927.40 OK
r-patched-solaris-x86 1.5.1 206.40 OK
r-release-linux-x86_64 1.5.1 6.05 70.38 76.43 OK
r-release-osx-x86_64-mavericks 1.5.1 ERROR
r-release-osx-x86_64-snowleopard 1.5.1 ERROR
r-release-windows-ix86+x86_64 1.5.1 15.00 104.00 119.00 OK
r-oldrel-windows-ix86+x86_64 1.5.1 29.00 136.00 165.00 OK

Check Details

Version: 1.5.1
Check: package dependencies
Result: ERROR
    Packages required but not available: ‘fmcsR’ ‘ChemmineR’ ‘KEGGREST’
    
    See section ‘The DESCRIPTION file’ in the ‘Writing R Extensions’
    manual.
Flavors: r-release-osx-x86_64-mavericks, r-release-osx-x86_64-snowleopard