CRAN Package Check Results for Package RbioRXN

Last updated on 2015-08-01 11:49:10.

Flavor Version Tinstall Tcheck Ttotal Status Flags
r-devel-linux-x86_64-debian-clang 1.5.1 6.08 72.50 78.58 NOTE
r-devel-linux-x86_64-debian-gcc 1.5.1 5.76 69.88 75.64 NOTE
r-devel-linux-x86_64-fedora-clang 1.5.1 159.76 NOTE
r-devel-linux-x86_64-fedora-gcc 1.5.1 158.76 NOTE
r-devel-osx-x86_64-clang 1.5.1 129.39 OK
r-devel-windows-ix86+x86_64 1.5.1 22.00 118.00 140.00 NOTE
r-patched-linux-x86_64 1.5.1 5.80 70.52 76.32 OK
r-patched-solaris-sparc 1.5.1 950.90 OK
r-patched-solaris-x86 1.5.1 205.60 OK
r-release-linux-x86_64 1.5.1 5.80 70.03 75.83 OK
r-release-osx-x86_64-mavericks 1.5.1 ERROR
r-release-windows-ix86+x86_64 1.5.1 22.00 117.00 139.00 OK
r-oldrel-windows-ix86+x86_64 1.5.1 34.00 155.00 189.00 OK

Check Details

Version: 1.5.1
Check: R code for possible problems
Result: NOTE
    .parse.rhea: no visible global function definition for ‘tail’
    get.chebi.all: no visible global function definition for
     ‘download.file’
    get.chebi.all: no visible global function definition for ‘read.delim’
    get.rhea.all: no visible global function definition for ‘download.file’
    get.unipathway.all: no visible global function definition for
     ‘download.file’
    Undefined global functions or variables:
     download.file read.delim tail
    Consider adding
     importFrom("utils", "download.file", "read.delim", "tail")
    to your NAMESPACE.
Flavors: r-devel-linux-x86_64-debian-clang, r-devel-linux-x86_64-debian-gcc, r-devel-linux-x86_64-fedora-clang, r-devel-linux-x86_64-fedora-gcc, r-devel-windows-ix86+x86_64

Version: 1.5.1
Check: package dependencies
Result: ERROR
    Packages required but not available: ‘fmcsR’ ‘ChemmineR’ ‘KEGGREST’
    
    See section ‘The DESCRIPTION file’ in the ‘Writing R Extensions’
    manual.
Flavor: r-release-osx-x86_64-mavericks