CRAN Package Check Results for Package RbioRXN

Last updated on 2016-05-30 21:46:47.

Flavor Version Tinstall Tcheck Ttotal Status Flags
r-devel-linux-x86_64-debian-gcc 1.5.1 5.60 67.32 72.91 NOTE
r-devel-linux-x86_64-fedora-clang 1.5.1 148.33 NOTE
r-devel-linux-x86_64-fedora-gcc 1.5.1 142.34 NOTE
r-devel-osx-x86_64-clang 1.5.1 153.76 NOTE
r-devel-windows-ix86+x86_64 1.5.1 15.00 104.00 119.00 NOTE
r-patched-linux-x86_64 1.5.1 5.41 66.59 72.00 NOTE
r-patched-solaris-sparc 1.5.1 862.20 NOTE
r-patched-solaris-x86 1.5.1 184.10 NOTE
r-release-linux-x86_64 1.5.1 6.00 67.13 73.13 NOTE
r-release-osx-x86_64-mavericks 1.5.1 NOTE
r-release-windows-ix86+x86_64 1.5.1 21.00 119.00 140.00 NOTE
r-oldrel-windows-ix86+x86_64 1.5.1 16.00 119.00 135.00 OK

Check Details

Version: 1.5.1
Check: R code for possible problems
Result: NOTE
    .parse.rhea: no visible global function definition for ‘tail’
    get.chebi.all: no visible global function definition for
     ‘download.file’
    get.chebi.all: no visible global function definition for ‘read.delim’
    get.rhea.all: no visible global function definition for ‘download.file’
    get.unipathway.all: no visible global function definition for
     ‘download.file’
    Undefined global functions or variables:
     download.file read.delim tail
    Consider adding
     importFrom("utils", "download.file", "read.delim", "tail")
    to your NAMESPACE file.
Flavors: r-devel-linux-x86_64-debian-gcc, r-devel-linux-x86_64-fedora-clang, r-devel-linux-x86_64-fedora-gcc, r-devel-osx-x86_64-clang, r-devel-windows-ix86+x86_64, r-patched-linux-x86_64, r-patched-solaris-sparc, r-patched-solaris-x86, r-release-linux-x86_64, r-release-osx-x86_64-mavericks, r-release-windows-ix86+x86_64