CRAN Package Check Results for Package RbioRXN

Last updated on 2014-11-28 19:51:26.

Flavor Version Tinstall Tcheck Ttotal Status Flags
r-devel-linux-x86_64-debian-clang 1.3.1 7.68 90.15 97.83 NOTE
r-devel-linux-x86_64-debian-gcc 1.3.1 7.41 85.02 92.44 NOTE
r-devel-linux-x86_64-fedora-clang 1.3.1 210.64 NOTE
r-devel-linux-x86_64-fedora-gcc 1.3.1 205.25 NOTE
r-devel-osx-x86_64-clang 1.3.1 176.11 NOTE
r-devel-windows-ix86+x86_64 1.3.1 19.00 126.00 145.00 NOTE
r-patched-linux-x86_64 1.3.1 8.30 90.08 98.38 NOTE
r-patched-solaris-sparc 1.3.1 1121.50 OK
r-patched-solaris-x86 1.3.1 271.30 NOTE
r-release-linux-ix86 1.3.1 9.10 104.12 113.22 NOTE
r-release-linux-x86_64 1.3.1 7.89 91.05 98.94 NOTE
r-release-osx-x86_64-mavericks 1.3.1 ERROR
r-release-osx-x86_64-snowleopard 1.3.1 ERROR
r-release-windows-ix86+x86_64 1.3.1 25.00 144.00 169.00 NOTE
r-oldrel-windows-ix86+x86_64 1.3.1 21.00 114.00 135.00 OK

Check Details

Version: 1.3.1
Check: R code for possible problems
Result: NOTE
    instantiate: no visible global function definition for ‘smiles2sdf’
    instantiate: no visible global function definition for ‘sdf2ap’
    instantiate: no visible global function definition for ‘cid<-’
    instantiate: no visible global function definition for ‘desc2fp’
    instantiate: no visible global function definition for ‘fpSim’
    instantiate.rhea: no visible global function definition for
     ‘smiles2sdf’
    instantiate.rhea: no visible global function definition for ‘sdf2ap’
    instantiate.rhea: no visible global function definition for ‘cid<-’
    instantiate.rhea: no visible global function definition for ‘desc2fp’
    instantiate.rhea: no visible global function definition for ‘fpSim’
Flavors: r-devel-linux-x86_64-debian-clang, r-devel-linux-x86_64-debian-gcc, r-devel-linux-x86_64-fedora-clang, r-devel-linux-x86_64-fedora-gcc, r-devel-osx-x86_64-clang, r-devel-windows-ix86+x86_64, r-patched-linux-x86_64, r-patched-solaris-x86, r-release-linux-ix86, r-release-linux-x86_64, r-release-windows-ix86+x86_64

Version: 1.3.1
Check: package dependencies
Result: ERROR
    Packages required but not available: ‘fmcsR’ ‘KEGGREST’
    
    See the information on DESCRIPTION files in the chapter ‘Creating R
    packages’ of the ‘Writing R Extensions’ manual.
Flavors: r-release-osx-x86_64-mavericks, r-release-osx-x86_64-snowleopard