CRAN Package Check Results for Package RbioRXN

Last updated on 2014-09-01 23:46:50.

Flavor Version Tinstall Tcheck Ttotal Status Flags
r-devel-linux-x86_64-debian-clang 1.3.1 7.83 87.36 95.19 NOTE
r-devel-linux-x86_64-debian-gcc 1.3.1 7.70 83.55 91.25 NOTE
r-devel-linux-x86_64-fedora-clang 1.3.1 236.76 NOTE
r-devel-linux-x86_64-fedora-gcc 1.3.1 195.15 NOTE
r-devel-osx-x86_64-clang 1.3.1 160.56 NOTE
r-devel-windows-ix86+x86_64 1.3.1 19.00 123.00 142.00 NOTE
r-patched-linux-x86_64 1.3.1 6.78 76.18 82.96 OK
r-patched-solaris-sparc 1.3.1 975.60 OK
r-patched-solaris-x86 1.3.1 233.10 OK
r-release-linux-ix86 1.3.1 7.60 90.35 97.95 OK
r-release-linux-x86_64 1.3.1 6.91 76.55 83.46 OK
r-release-osx-x86_64-mavericks 1.3.1 ERROR
r-release-osx-x86_64-snowleopard 1.3.1 ERROR
r-release-windows-ix86+x86_64 1.3.1 20.00 114.00 134.00 OK
r-oldrel-windows-ix86+x86_64 1.3.1 22.00 108.00 130.00 OK

Check Details

Version: 1.3.1
Check: R code for possible problems
Result: NOTE
    instantiate: no visible global function definition for ‘smiles2sdf’
    instantiate: no visible global function definition for ‘sdf2ap’
    instantiate: no visible global function definition for ‘cid<-’
    instantiate: no visible global function definition for ‘desc2fp’
    instantiate: no visible global function definition for ‘fpSim’
    instantiate.rhea: no visible global function definition for
     ‘smiles2sdf’
    instantiate.rhea: no visible global function definition for ‘sdf2ap’
    instantiate.rhea: no visible global function definition for ‘cid<-’
    instantiate.rhea: no visible global function definition for ‘desc2fp’
    instantiate.rhea: no visible global function definition for ‘fpSim’
Flavors: r-devel-linux-x86_64-debian-clang, r-devel-linux-x86_64-debian-gcc, r-devel-linux-x86_64-fedora-clang, r-devel-linux-x86_64-fedora-gcc, r-devel-osx-x86_64-clang, r-devel-windows-ix86+x86_64

Version: 1.3.1
Check: package dependencies
Result: ERROR
    Packages required but not available: ‘fmcsR’ ‘KEGGREST’
    
    See the information on DESCRIPTION files in the chapter ‘Creating R
    packages’ of the ‘Writing R Extensions’ manual.
Flavors: r-release-osx-x86_64-mavericks, r-release-osx-x86_64-snowleopard