CRAN Package Check Results for Package RbioRXN

Last updated on 2015-04-26 19:47:28.

Flavor Version Tinstall Tcheck Ttotal Status Flags
r-devel-linux-x86_64-debian-clang 1.5 5.94 70.23 76.17 OK
r-devel-linux-x86_64-debian-gcc 1.5 5.78 71.84 77.62 OK
r-devel-linux-x86_64-fedora-clang 1.5 161.78 OK
r-devel-linux-x86_64-fedora-gcc 1.5 151.85 OK
r-devel-osx-x86_64-clang 1.5 129.72 OK
r-devel-windows-ix86+x86_64 1.5 14.00 102.00 116.00 OK
r-patched-linux-x86_64 1.5 5.94 70.54 76.48 OK
r-patched-solaris-sparc 1.5 786.30 OK
r-patched-solaris-x86 1.5 197.70 OK
r-release-linux-x86_64 1.5 5.76 69.11 74.87 OK
r-release-osx-x86_64-mavericks 1.5 ERROR
r-release-osx-x86_64-snowleopard 1.5 ERROR
r-release-windows-ix86+x86_64 1.5 17.00 108.00 125.00 OK
r-oldrel-windows-ix86+x86_64 1.5 20.00 130.00 150.00 OK

Check Details

Version: 1.5
Check: package dependencies
Result: ERROR
    Packages required but not available: ‘fmcsR’ ‘ChemmineR’ ‘KEGGREST’
    
    See section ‘The DESCRIPTION file’ in the ‘Writing R Extensions’
    manual.
Flavors: r-release-osx-x86_64-mavericks, r-release-osx-x86_64-snowleopard