CRAN Package Check Results for Package RbioRXN

Last updated on 2014-08-29 05:47:28.

Flavor Version Tinstall Tcheck Ttotal Status Flags
r-devel-linux-x86_64-debian-clang 1.3.1 7.51 87.02 94.53 NOTE
r-devel-linux-x86_64-debian-gcc 1.3.1 7.30 83.56 90.86 NOTE
r-devel-linux-x86_64-fedora-clang 1.3.1 236.76 NOTE
r-devel-linux-x86_64-fedora-gcc 1.3.1 204.07 NOTE
r-devel-osx-x86_64-clang 1.3.1 166.37 NOTE
r-devel-windows-ix86+x86_64 1.3.1 19.00 118.00 137.00 NOTE
r-patched-linux-x86_64 1.3.1 6.38 75.34 81.72 OK
r-patched-solaris-sparc 1.3.1 975.60 OK
r-patched-solaris-x86 1.3.1 233.10 OK
r-release-linux-ix86 1.3.1 7.70 90.50 98.20 OK
r-release-linux-x86_64 1.3.1 6.52 76.71 83.24 OK
r-release-osx-x86_64-mavericks 1.3.1 ERROR
r-release-osx-x86_64-snowleopard 1.3.1 ERROR
r-release-windows-ix86+x86_64 1.3.1 17.00 118.00 135.00 OK
r-oldrel-windows-ix86+x86_64 1.3.1 19.00 109.00 128.00 OK

Check Details

Version: 1.3.1
Check: R code for possible problems
Result: NOTE
    instantiate: no visible global function definition for ‘smiles2sdf’
    instantiate: no visible global function definition for ‘sdf2ap’
    instantiate: no visible global function definition for ‘cid<-’
    instantiate: no visible global function definition for ‘desc2fp’
    instantiate: no visible global function definition for ‘fpSim’
    instantiate.rhea: no visible global function definition for
     ‘smiles2sdf’
    instantiate.rhea: no visible global function definition for ‘sdf2ap’
    instantiate.rhea: no visible global function definition for ‘cid<-’
    instantiate.rhea: no visible global function definition for ‘desc2fp’
    instantiate.rhea: no visible global function definition for ‘fpSim’
Flavors: r-devel-linux-x86_64-debian-clang, r-devel-linux-x86_64-debian-gcc, r-devel-linux-x86_64-fedora-clang, r-devel-linux-x86_64-fedora-gcc, r-devel-osx-x86_64-clang, r-devel-windows-ix86+x86_64

Version: 1.3.1
Check: package dependencies
Result: ERROR
    Packages required but not available: ‘fmcsR’ ‘KEGGREST’
    
    See the information on DESCRIPTION files in the chapter ‘Creating R
    packages’ of the ‘Writing R Extensions’ manual.
Flavors: r-release-osx-x86_64-mavericks, r-release-osx-x86_64-snowleopard