CRAN Package Check Results for Package RbioRXN

Last updated on 2015-01-25 16:49:20.

Flavor Version Tinstall Tcheck Ttotal Status Flags
r-devel-linux-x86_64-debian-clang 1.5 7.64 91.33 98.97 OK
r-devel-linux-x86_64-debian-gcc 1.5 7.62 87.19 94.82 OK
r-devel-linux-x86_64-fedora-clang 1.5 207.45 OK
r-devel-linux-x86_64-fedora-gcc 1.5 189.97 OK
r-devel-osx-x86_64-clang 1.5 177.71 OK
r-devel-windows-ix86+x86_64 1.5 22.00 127.00 149.00 OK
r-patched-linux-x86_64 1.5 8.01 83.71 91.71 OK
r-patched-solaris-sparc 1.5 1132.80 OK
r-patched-solaris-x86 1.5 275.50 OK
r-release-linux-ix86 1.5 9.09 106.14 115.23 OK
r-release-linux-x86_64 1.5 9.12 79.22 88.34 OK
r-release-osx-x86_64-mavericks 1.5 ERROR
r-release-osx-x86_64-snowleopard 1.5 ERROR
r-release-windows-ix86+x86_64 1.5 23.00 151.00 174.00 OK
r-oldrel-windows-ix86+x86_64 1.5 24.00 119.00 143.00 OK

Check Details

Version: 1.5
Check: package dependencies
Result: ERROR
    Packages required but not available: ‘fmcsR’ ‘ChemmineR’ ‘KEGGREST’
    
    See the information on DESCRIPTION files in the chapter ‘Creating R
    packages’ of the ‘Writing R Extensions’ manual.
Flavors: r-release-osx-x86_64-mavericks, r-release-osx-x86_64-snowleopard