CRAN Package Check Results for Package RbioRXN

Last updated on 2017-02-19 23:48:30.

Flavor Version Tinstall Tcheck Ttotal Status Flags
r-devel-linux-x86_64-debian-clang 1.5.1 5.62 1864.25 1869.87 ERROR
r-devel-linux-x86_64-debian-gcc 1.5.1 5.60 71.99 77.59 NOTE
r-devel-linux-x86_64-fedora-clang 1.5.1 151.72 NOTE --no-stop-on-test-error
r-devel-linux-x86_64-fedora-gcc 1.5.1 152.67 NOTE --no-stop-on-test-error
r-devel-macos-x86_64-clang 1.5.1 114.17 NOTE --no-stop-on-test-error
r-devel-windows-ix86+x86_64 1.5.1 25.00 157.00 182.00 NOTE
r-patched-linux-x86_64 1.5.1 5.60 68.83 74.43 NOTE
r-patched-solaris-sparc 1.5.1 880.50 NOTE
r-patched-solaris-x86 1.5.1 186.50 NOTE
r-release-linux-x86_64 1.5.1 5.45 68.50 73.95 NOTE
r-release-osx-x86_64-mavericks 1.5.1 NOTE
r-release-windows-ix86+x86_64 1.5.1 16.00 125.00 141.00 NOTE
r-oldrel-windows-ix86+x86_64 1.5.1 25.00 169.00 194.00 OK

Check Details

Version: 1.5.1
Check: R code for possible problems
Result: NOTE
    .parse.rhea: no visible global function definition for ‘tail’
    get.chebi.all: no visible global function definition for
     ‘download.file’
    get.chebi.all: no visible global function definition for ‘read.delim’
    get.rhea.all: no visible global function definition for ‘download.file’
    get.unipathway.all: no visible global function definition for
     ‘download.file’
    Undefined global functions or variables:
     download.file read.delim tail
    Consider adding
     importFrom("utils", "download.file", "read.delim", "tail")
    to your NAMESPACE file.
Flavors: r-devel-linux-x86_64-debian-clang, r-devel-linux-x86_64-debian-gcc, r-devel-windows-ix86+x86_64, r-patched-linux-x86_64, r-patched-solaris-sparc, r-patched-solaris-x86, r-release-linux-x86_64, r-release-osx-x86_64-mavericks, r-release-windows-ix86+x86_64

Version: 1.5.1
Check: examples
Result: ERROR
    
Flavor: r-devel-linux-x86_64-debian-clang

Version: 1.5.1
Flags: --no-stop-on-test-error
Check: R code for possible problems
Result: NOTE
    .parse.rhea: no visible global function definition for ‘tail’
    get.chebi.all: no visible global function definition for
     ‘download.file’
    get.chebi.all: no visible global function definition for ‘read.delim’
    get.rhea.all: no visible global function definition for ‘download.file’
    get.unipathway.all: no visible global function definition for
     ‘download.file’
    Undefined global functions or variables:
     download.file read.delim tail
    Consider adding
     importFrom("utils", "download.file", "read.delim", "tail")
    to your NAMESPACE file.
Flavors: r-devel-linux-x86_64-fedora-clang, r-devel-linux-x86_64-fedora-gcc, r-devel-macos-x86_64-clang