CRAN Package Check Results for Package RbioRXN

Last updated on 2016-02-14 06:47:12.

Flavor Version Tinstall Tcheck Ttotal Status Flags
r-devel-linux-x86_64-debian-gcc 1.5.1 5.68 64.57 70.25 NOTE
r-devel-linux-x86_64-fedora-clang 1.5.1 146.67 NOTE
r-devel-linux-x86_64-fedora-gcc 1.5.1 140.49 NOTE
r-devel-osx-x86_64-clang 1.5.1 152.00 NOTE
r-devel-windows-ix86+x86_64 1.5.1 20.00 153.00 173.00 WARN
r-patched-linux-x86_64 1.5.1 6.34 72.03 78.36 OK
r-patched-solaris-sparc 1.5.1 918.20 OK
r-patched-solaris-x86 1.5.1 197.60 OK
r-release-linux-x86_64 1.5.1 6.07 71.78 77.85 OK
r-release-osx-x86_64-mavericks 1.5.1 ERROR
r-release-windows-ix86+x86_64 1.5.1 22.00 126.00 148.00 OK
r-oldrel-windows-ix86+x86_64 1.5.1 38.00 151.00 189.00 OK

Check Details

Version: 1.5.1
Check: R code for possible problems
Result: NOTE
    .parse.rhea: no visible global function definition for ‘tail’
    get.chebi.all: no visible global function definition for
     ‘download.file’
    get.chebi.all: no visible global function definition for ‘read.delim’
    get.rhea.all: no visible global function definition for ‘download.file’
    get.unipathway.all: no visible global function definition for
     ‘download.file’
    Undefined global functions or variables:
     download.file read.delim tail
    Consider adding
     importFrom("utils", "download.file", "read.delim", "tail")
    to your NAMESPACE file.
Flavors: r-devel-linux-x86_64-debian-gcc, r-devel-linux-x86_64-fedora-clang, r-devel-linux-x86_64-fedora-gcc, r-devel-osx-x86_64-clang, r-devel-windows-ix86+x86_64

Version: 1.5.1
Check: whether package can be installed
Result: WARN
    Found the following significant warnings:
     Warning: multiple methods tables found for 'as.vector'
     Warning: multiple methods tables found for 'relistToClass'
Flavor: r-devel-windows-ix86+x86_64

Version: 1.5.1
Check: package dependencies
Result: ERROR
    Packages required but not available: ‘fmcsR’ ‘ChemmineR’ ‘KEGGREST’
    
    See section ‘The DESCRIPTION file’ in the ‘Writing R Extensions’
    manual.
Flavor: r-release-osx-x86_64-mavericks