CRAN Package Check Results for Package RbioRXN

Last updated on 2016-06-26 20:50:10.

Flavor Version Tinstall Tcheck Ttotal Status Flags
r-devel-linux-x86_64-debian-gcc 1.5.1 5.77 66.44 72.21 NOTE
r-devel-linux-x86_64-fedora-clang 1.5.1 148.95 NOTE
r-devel-linux-x86_64-fedora-gcc 1.5.1 139.03 NOTE
r-devel-osx-x86_64-clang 1.5.1 113.11 NOTE
r-devel-windows-ix86+x86_64 1.5.1 22.00 116.00 138.00 NOTE
r-patched-linux-x86_64 1.5.1 5.92 67.77 73.69 NOTE
r-patched-solaris-sparc 1.5.1 853.30 NOTE
r-patched-solaris-x86 1.5.1 187.10 NOTE
r-release-linux-x86_64 1.5.1 5.49 70.20 75.69 NOTE
r-release-osx-x86_64-mavericks 1.5.1 NOTE
r-release-windows-ix86+x86_64 1.5.1 15.00 108.00 123.00 NOTE
r-oldrel-windows-ix86+x86_64 1.5.1 26.00 120.00 146.00 OK

Check Details

Version: 1.5.1
Check: R code for possible problems
Result: NOTE
    .parse.rhea: no visible global function definition for ‘tail’
    get.chebi.all: no visible global function definition for
     ‘download.file’
    get.chebi.all: no visible global function definition for ‘read.delim’
    get.rhea.all: no visible global function definition for ‘download.file’
    get.unipathway.all: no visible global function definition for
     ‘download.file’
    Undefined global functions or variables:
     download.file read.delim tail
    Consider adding
     importFrom("utils", "download.file", "read.delim", "tail")
    to your NAMESPACE file.
Flavors: r-devel-linux-x86_64-debian-gcc, r-devel-linux-x86_64-fedora-clang, r-devel-linux-x86_64-fedora-gcc, r-devel-osx-x86_64-clang, r-devel-windows-ix86+x86_64, r-patched-linux-x86_64, r-patched-solaris-sparc, r-patched-solaris-x86, r-release-linux-x86_64, r-release-osx-x86_64-mavericks, r-release-windows-ix86+x86_64