CRAN Package Check Results for Package RbioRXN

Last updated on 2015-03-27 17:50:29.

Flavor Version Tinstall Tcheck Ttotal Status Flags
r-devel-linux-x86_64-debian-clang 1.5 5.40 67.57 72.97 OK
r-devel-linux-x86_64-debian-gcc 1.5 5.46 66.55 72.01 OK
r-devel-linux-x86_64-fedora-clang 1.5 154.04 OK
r-devel-linux-x86_64-fedora-gcc 1.5 144.65 OK
r-devel-osx-x86_64-clang 1.5 135.35 OK
r-prerel-windows-ix86+x86_64 1.5 17.00 103.00 120.00 WARN
r-prerel-linux-x86_64 1.5 5.38 66.56 71.94 OK
r-prerel-solaris-sparc 1.5 844.20 OK
r-prerel-solaris-x86 1.5 181.70 OK
r-release-linux-x86_64 1.5 8.50 99.89 108.39 OK
r-release-osx-x86_64-mavericks 1.5 ERROR
r-release-osx-x86_64-snowleopard 1.5 ERROR
r-release-windows-ix86+x86_64 1.5 24.00 135.00 159.00 OK
r-oldrel-windows-ix86+x86_64 1.5 21.00 117.00 138.00 OK

Check Details

Version: 1.5
Check: whether package can be installed
Result: WARN
    Found the following significant warnings:
     Warning: multiple methods tables found for 'score'
Flavor: r-prerel-windows-ix86+x86_64

Version: 1.5
Check: package dependencies
Result: ERROR
    Packages required but not available: ‘fmcsR’ ‘ChemmineR’ ‘KEGGREST’
    
    See section ‘The DESCRIPTION file’ in the ‘Writing R Extensions’
    manual.
Flavors: r-release-osx-x86_64-mavericks, r-release-osx-x86_64-snowleopard