CRAN Package Check Results for Package RbioRXN

Last updated on 2014-10-01 17:48:30.

Flavor Version Tinstall Tcheck Ttotal Status Flags
r-devel-linux-x86_64-debian-clang 1.3.1 7.52 89.57 97.10 NOTE
r-devel-linux-x86_64-debian-gcc 1.3.1 7.38 87.36 94.74 NOTE
r-devel-linux-x86_64-fedora-clang 1.3.1 200.03 NOTE
r-devel-linux-x86_64-fedora-gcc 1.3.1 196.16 NOTE
r-devel-osx-x86_64-clang 1.3.1 162.66 NOTE
r-devel-windows-ix86+x86_64 1.3.1 20.00 121.00 141.00 NOTE
r-patched-linux-x86_64 1.3.1 6.82 78.62 85.44 OK
r-patched-solaris-sparc 1.3.1 975.60 OK
r-patched-solaris-x86 1.3.1 238.30 OK
r-release-linux-ix86 1.3.1 8.02 93.10 101.12 OK
r-release-linux-x86_64 1.3.1 8.20 80.07 88.27 OK
r-release-osx-x86_64-mavericks 1.3.1 ERROR
r-release-osx-x86_64-snowleopard 1.3.1 ERROR
r-release-windows-ix86+x86_64 1.3.1 20.00 119.00 139.00 OK
r-oldrel-windows-ix86+x86_64 1.3.1 20.00 119.00 139.00 OK

Check Details

Version: 1.3.1
Check: R code for possible problems
Result: NOTE
    instantiate: no visible global function definition for ‘smiles2sdf’
    instantiate: no visible global function definition for ‘sdf2ap’
    instantiate: no visible global function definition for ‘cid<-’
    instantiate: no visible global function definition for ‘desc2fp’
    instantiate: no visible global function definition for ‘fpSim’
    instantiate.rhea: no visible global function definition for
     ‘smiles2sdf’
    instantiate.rhea: no visible global function definition for ‘sdf2ap’
    instantiate.rhea: no visible global function definition for ‘cid<-’
    instantiate.rhea: no visible global function definition for ‘desc2fp’
    instantiate.rhea: no visible global function definition for ‘fpSim’
Flavors: r-devel-linux-x86_64-debian-clang, r-devel-linux-x86_64-debian-gcc, r-devel-linux-x86_64-fedora-clang, r-devel-linux-x86_64-fedora-gcc, r-devel-osx-x86_64-clang, r-devel-windows-ix86+x86_64

Version: 1.3.1
Check: package dependencies
Result: ERROR
    Packages required but not available: ‘fmcsR’ ‘KEGGREST’
    
    See the information on DESCRIPTION files in the chapter ‘Creating R
    packages’ of the ‘Writing R Extensions’ manual.
Flavors: r-release-osx-x86_64-mavericks, r-release-osx-x86_64-snowleopard