CRAN Package Check Results for Package RbioRXN

Last updated on 2017-01-24 13:51:45.

Flavor Version Tinstall Tcheck Ttotal Status Flags
r-devel-linux-x86_64-debian-clang 1.5.1 5.51 69.41 74.92 NOTE
r-devel-linux-x86_64-debian-gcc 1.5.1 5.66 71.45 77.12 NOTE
r-devel-linux-x86_64-fedora-clang 1.5.1 164.31 NOTE --no-stop-on-test-error
r-devel-linux-x86_64-fedora-gcc 1.5.1 149.99 NOTE --no-stop-on-test-error
r-devel-macos-x86_64-clang 1.5.1 113.09 NOTE --no-stop-on-test-error
r-devel-windows-ix86+x86_64 1.5.1 16.00 157.00 173.00 NOTE
r-patched-linux-x86_64 1.5.1 5.37 68.07 73.44 NOTE
r-patched-solaris-sparc 1.5.1 880.50 NOTE
r-patched-solaris-x86 1.5.1 184.80 NOTE
r-release-linux-x86_64 1.5.1 5.60 67.81 73.41 NOTE
r-release-osx-x86_64-mavericks 1.5.1 NOTE
r-release-windows-ix86+x86_64 1.5.1 24.00 154.00 178.00 NOTE
r-oldrel-windows-ix86+x86_64 1.5.1 33.00 164.00 197.00 OK

Check Details

Version: 1.5.1
Check: R code for possible problems
Result: NOTE
    .parse.rhea: no visible global function definition for ‘tail’
    get.chebi.all: no visible global function definition for
     ‘download.file’
    get.chebi.all: no visible global function definition for ‘read.delim’
    get.rhea.all: no visible global function definition for ‘download.file’
    get.unipathway.all: no visible global function definition for
     ‘download.file’
    Undefined global functions or variables:
     download.file read.delim tail
    Consider adding
     importFrom("utils", "download.file", "read.delim", "tail")
    to your NAMESPACE file.
Flavors: r-devel-linux-x86_64-debian-clang, r-devel-linux-x86_64-debian-gcc, r-devel-windows-ix86+x86_64, r-patched-linux-x86_64, r-patched-solaris-sparc, r-patched-solaris-x86, r-release-linux-x86_64, r-release-osx-x86_64-mavericks, r-release-windows-ix86+x86_64

Version: 1.5.1
Flags: --no-stop-on-test-error
Check: R code for possible problems
Result: NOTE
    .parse.rhea: no visible global function definition for ‘tail’
    get.chebi.all: no visible global function definition for
     ‘download.file’
    get.chebi.all: no visible global function definition for ‘read.delim’
    get.rhea.all: no visible global function definition for ‘download.file’
    get.unipathway.all: no visible global function definition for
     ‘download.file’
    Undefined global functions or variables:
     download.file read.delim tail
    Consider adding
     importFrom("utils", "download.file", "read.delim", "tail")
    to your NAMESPACE file.
Flavors: r-devel-linux-x86_64-fedora-clang, r-devel-linux-x86_64-fedora-gcc, r-devel-macos-x86_64-clang