CRAN Package Check Results for Package RbioRXN

Last updated on 2017-03-23 23:51:03.

Flavor Version Tinstall Tcheck Ttotal Status Flags
r-devel-linux-x86_64-debian-clang 1.5.1 5.85 70.77 76.62 NOTE
r-devel-linux-x86_64-debian-gcc 1.5.1 5.58 70.95 76.54 NOTE
r-devel-linux-x86_64-fedora-clang 1.5.1 152.39 NOTE --no-stop-on-test-error
r-devel-linux-x86_64-fedora-gcc 1.5.1 154.20 NOTE --no-stop-on-test-error
r-devel-macos-x86_64-clang 1.5.1 113.57 NOTE --no-stop-on-test-error
r-devel-windows-ix86+x86_64 1.5.1 17.00 113.00 130.00 NOTE
r-patched-linux-x86_64 1.5.1 5.40 70.34 75.75 NOTE
r-patched-solaris-sparc 1.5.1 871.80 NOTE
r-patched-solaris-x86 1.5.1 196.60 NOTE
r-release-linux-x86_64 1.5.1 5.76 69.58 75.34 NOTE
r-release-osx-x86_64-mavericks 1.5.1 NOTE
r-release-windows-ix86+x86_64 1.5.1 24.00 112.00 136.00 NOTE
r-oldrel-windows-ix86+x86_64 1.5.1 24.00 166.00 190.00 OK

Check Details

Version: 1.5.1
Check: R code for possible problems
Result: NOTE
    .parse.rhea: no visible global function definition for ‘tail’
    get.chebi.all: no visible global function definition for
     ‘download.file’
    get.chebi.all: no visible global function definition for ‘read.delim’
    get.rhea.all: no visible global function definition for ‘download.file’
    get.unipathway.all: no visible global function definition for
     ‘download.file’
    Undefined global functions or variables:
     download.file read.delim tail
    Consider adding
     importFrom("utils", "download.file", "read.delim", "tail")
    to your NAMESPACE file.
Flavors: r-devel-linux-x86_64-debian-clang, r-devel-linux-x86_64-debian-gcc, r-devel-windows-ix86+x86_64, r-patched-linux-x86_64, r-patched-solaris-sparc, r-patched-solaris-x86, r-release-linux-x86_64, r-release-osx-x86_64-mavericks, r-release-windows-ix86+x86_64

Version: 1.5.1
Flags: --no-stop-on-test-error
Check: R code for possible problems
Result: NOTE
    .parse.rhea: no visible global function definition for ‘tail’
    get.chebi.all: no visible global function definition for
     ‘download.file’
    get.chebi.all: no visible global function definition for ‘read.delim’
    get.rhea.all: no visible global function definition for ‘download.file’
    get.unipathway.all: no visible global function definition for
     ‘download.file’
    Undefined global functions or variables:
     download.file read.delim tail
    Consider adding
     importFrom("utils", "download.file", "read.delim", "tail")
    to your NAMESPACE file.
Flavors: r-devel-linux-x86_64-fedora-clang, r-devel-linux-x86_64-fedora-gcc, r-devel-macos-x86_64-clang