CRAN Package Check Results for Package RbioRXN

Last updated on 2017-04-29 15:48:15.

Flavor Version Tinstall Tcheck Ttotal Status Flags
r-devel-linux-x86_64-debian-clang 1.5.1 5.58 71.72 77.30 NOTE
r-devel-linux-x86_64-debian-gcc 1.5.1 5.69 71.45 77.14 NOTE
r-devel-linux-x86_64-fedora-clang 1.5.1 155.55 NOTE --no-stop-on-test-error
r-devel-linux-x86_64-fedora-gcc 1.5.1 150.99 NOTE --no-stop-on-test-error
r-devel-windows-ix86+x86_64 1.5.1 26.00 153.00 179.00 NOTE
r-patched-linux-x86_64 1.5.1 5.82 70.17 75.99 NOTE
r-patched-solaris-sparc 1.5.1 871.80 NOTE
r-patched-solaris-x86 1.5.1 193.90 NOTE
r-release-linux-x86_64 1.5.1 5.65 72.47 78.12 NOTE
r-release-windows-ix86+x86_64 1.5.1 21.00 158.00 179.00 NOTE
r-release-osx-x86_64 1.5.1 ERROR
r-oldrel-windows-ix86+x86_64 1.5.1 23.00 149.00 172.00 NOTE
r-oldrel-osx-x86_64 1.5.1 NOTE

Check Details

Version: 1.5.1
Check: R code for possible problems
Result: NOTE
    .parse.rhea: no visible global function definition for ‘tail’
    get.chebi.all: no visible global function definition for
     ‘download.file’
    get.chebi.all: no visible global function definition for ‘read.delim’
    get.rhea.all: no visible global function definition for ‘download.file’
    get.unipathway.all: no visible global function definition for
     ‘download.file’
    Undefined global functions or variables:
     download.file read.delim tail
    Consider adding
     importFrom("utils", "download.file", "read.delim", "tail")
    to your NAMESPACE file.
Flavors: r-devel-linux-x86_64-debian-clang, r-devel-linux-x86_64-debian-gcc, r-devel-windows-ix86+x86_64, r-patched-linux-x86_64, r-patched-solaris-sparc, r-patched-solaris-x86, r-release-linux-x86_64, r-release-windows-ix86+x86_64, r-oldrel-windows-ix86+x86_64, r-oldrel-osx-x86_64

Version: 1.5.1
Flags: --no-stop-on-test-error
Check: R code for possible problems
Result: NOTE
    .parse.rhea: no visible global function definition for ‘tail’
    get.chebi.all: no visible global function definition for
     ‘download.file’
    get.chebi.all: no visible global function definition for ‘read.delim’
    get.rhea.all: no visible global function definition for ‘download.file’
    get.unipathway.all: no visible global function definition for
     ‘download.file’
    Undefined global functions or variables:
     download.file read.delim tail
    Consider adding
     importFrom("utils", "download.file", "read.delim", "tail")
    to your NAMESPACE file.
Flavors: r-devel-linux-x86_64-fedora-clang, r-devel-linux-x86_64-fedora-gcc

Version: 1.5.1
Check: package dependencies
Result: ERROR
    Packages required but not available: ‘fmcsR’ ‘ChemmineR’ ‘KEGGREST’
    
    See section ‘The DESCRIPTION file’ in the ‘Writing R Extensions’
    manual.
Flavor: r-release-osx-x86_64