CRAN Package Check Results for Package RbioRXN

Last updated on 2016-09-28 11:50:19.

Flavor Version Tinstall Tcheck Ttotal Status Flags
r-devel-linux-x86_64-debian-clang 1.5.1 5.63 66.09 71.72 NOTE
r-devel-linux-x86_64-debian-gcc 1.5.1 5.22 64.97 70.19 NOTE
r-devel-linux-x86_64-fedora-clang 1.5.1 144.17 NOTE
r-devel-linux-x86_64-fedora-gcc 1.5.1 137.57 NOTE
r-devel-macos-x86_64-clang 1.5.1 105.35 NOTE
r-devel-windows-ix86+x86_64 1.5.1 15.00 142.00 157.00 WARN
r-patched-linux-x86_64 1.5.1 5.91 68.82 74.73 NOTE
r-patched-solaris-sparc 1.5.1 853.30 NOTE
r-patched-solaris-x86 1.5.1 179.90 NOTE
r-release-linux-x86_64 1.5.1 5.56 69.07 74.63 NOTE
r-release-osx-x86_64-mavericks 1.5.1 NOTE
r-release-windows-ix86+x86_64 1.5.1 20.00 149.00 169.00 NOTE
r-oldrel-windows-ix86+x86_64 1.5.1 24.00 155.00 179.00 OK

Check Details

Version: 1.5.1
Check: R code for possible problems
Result: NOTE
    .parse.rhea: no visible global function definition for ‘tail’
    get.chebi.all: no visible global function definition for
     ‘download.file’
    get.chebi.all: no visible global function definition for ‘read.delim’
    get.rhea.all: no visible global function definition for ‘download.file’
    get.unipathway.all: no visible global function definition for
     ‘download.file’
    Undefined global functions or variables:
     download.file read.delim tail
    Consider adding
     importFrom("utils", "download.file", "read.delim", "tail")
    to your NAMESPACE file.
Flavors: r-devel-linux-x86_64-debian-clang, r-devel-linux-x86_64-debian-gcc, r-devel-linux-x86_64-fedora-clang, r-devel-linux-x86_64-fedora-gcc, r-devel-macos-x86_64-clang, r-devel-windows-ix86+x86_64, r-patched-linux-x86_64, r-patched-solaris-sparc, r-patched-solaris-x86, r-release-linux-x86_64, r-release-osx-x86_64-mavericks, r-release-windows-ix86+x86_64

Version: 1.5.1
Check: whether package can be installed
Result: WARN
    Found the following significant warnings:
     Warning: multiple methods tables found for 'which.max'
     Warning: multiple methods tables found for 'which.min'
     Warning: multiple methods tables found for 'which'
Flavor: r-devel-windows-ix86+x86_64