CRAN Package Check Results for Package Rbitcoin

Last updated on 2020-02-21 04:48:33 CET.

Flavor Version Tinstall Tcheck Ttotal Status Flags
r-devel-linux-x86_64-debian-clang 0.9.2 4.81 37.03 41.84 NOTE
r-devel-linux-x86_64-debian-gcc 0.9.2 3.80 28.51 32.31 NOTE
r-devel-linux-x86_64-fedora-clang 0.9.2 52.35 NOTE
r-devel-linux-x86_64-fedora-gcc 0.9.2 50.07 NOTE
r-devel-windows-ix86+x86_64 0.9.2 10.00 50.00 60.00 NOTE
r-devel-windows-ix86+x86_64-gcc8 0.9.2 15.00 68.00 83.00 NOTE
r-patched-linux-x86_64 0.9.2 3.88 32.73 36.61 NOTE
r-patched-solaris-x86 0.9.2 69.50 NOTE
r-release-linux-x86_64 0.9.2 3.99 32.75 36.74 NOTE
r-release-windows-ix86+x86_64 0.9.2 7.00 47.00 54.00 NOTE
r-release-osx-x86_64 0.9.2 NOTE
r-oldrel-windows-ix86+x86_64 0.9.2 5.00 43.00 48.00 NOTE
r-oldrel-osx-x86_64 0.9.2 NOTE

Check Details

Version: 0.9.2
Check: R code for possible problems
Result: NOTE
    Rbitcoin.plot: no visible global function definition for 'dev.off'
    Rbitcoin.plot.order_book: no visible global function definition for
     'plot'
    Rbitcoin.plot.order_book: no visible global function definition for
     'lines'
    Rbitcoin.plot.order_book: no visible global function definition for
     'mtext'
    Rbitcoin.plot.order_book: no visible global function definition for
     'grid'
    Rbitcoin.plot.trades: no visible global function definition for 'plot'
    Rbitcoin.plot.trades: no visible global function definition for 'mtext'
    Rbitcoin.plot.trades: no visible global function definition for 'grid'
    Rbitcoin.plot.wallet: no visible global function definition for 'par'
    Rbitcoin.plot.wallet : case.legend: no visible global function
     definition for 'dev.interactive'
    Rbitcoin.plot.wallet : case.legend: no visible global function
     definition for 'legend'
    Rbitcoin.plot.wallet : case.legend: no visible global function
     definition for 'dev.cur'
    Rbitcoin.plot.wallet: no visible global function definition for 'plot'
    Rbitcoin.plot.wallet: no visible global function definition for
     'barplot'
    Rbitcoin.plot.wallet: no visible global function definition for 'lines'
    Rbitcoin.plot.wallet: no visible global function definition for 'title'
    Rbitcoin.plot.wallet: no visible global function definition for 'mtext'
    blockchain.api.query: no visible global function definition for
     'packageVersion'
    get_rate: no visible global function definition for 'packageVersion'
    market.api.process: no visible global function definition for 'data'
    market.api.process: no visible global function definition for
     'packageVersion'
    market.api.query.bitmarket: no visible global function definition for
     'packageVersion'
    market.api.query.bitstamp: no visible global function definition for
     'packageVersion'
    market.api.query.btce: no visible global function definition for
     'packageVersion'
    market.api.query.kraken: no visible global function definition for
     'packageVersion'
    market.api.query.mtgox: no visible global function definition for
     'packageVersion'
    wallet_manager: no visible binding for global variable 'timestamp'
    wallet_manager : wallet_source.market: no visible binding for global
     variable 'timestamp'
    wallet_manager : wallet_source.blockchain: no visible binding for
     global variable 'timestamp'
    wallet_value: no visible global function definition for 'data'
    wallet_value: no visible global function definition for 'head'
    wallet_value: no visible global function definition for 'write.table'
    wallet_value: no visible binding for global variable 'timestamp'
    Undefined global functions or variables:
     barplot data dev.cur dev.interactive dev.off grid head legend lines
     mtext packageVersion par plot timestamp title write.table
    Consider adding
     importFrom("grDevices", "dev.cur", "dev.interactive", "dev.off")
     importFrom("graphics", "barplot", "grid", "legend", "lines", "mtext",
     "par", "plot", "title")
     importFrom("utils", "data", "head", "packageVersion", "timestamp",
     "write.table")
    to your NAMESPACE file.
Flavors: r-devel-linux-x86_64-debian-clang, r-devel-linux-x86_64-debian-gcc, r-devel-linux-x86_64-fedora-clang, r-devel-linux-x86_64-fedora-gcc, r-devel-windows-ix86+x86_64, r-devel-windows-ix86+x86_64-gcc8, r-patched-linux-x86_64, r-patched-solaris-x86, r-release-linux-x86_64, r-release-windows-ix86+x86_64, r-release-osx-x86_64, r-oldrel-windows-ix86+x86_64, r-oldrel-osx-x86_64