CRAN Package Check Results for Package Rborist

Last updated on 2020-09-30 20:46:52 CEST.

Flavor Version Tinstall Tcheck Ttotal Status Flags
r-devel-linux-x86_64-debian-clang 0.2-3 190.56 35.35 225.91 OK
r-devel-linux-x86_64-debian-gcc 0.2-3 138.54 27.44 165.98 OK
r-devel-linux-x86_64-fedora-clang 0.2-3 341.02 NOTE
r-devel-linux-x86_64-fedora-gcc 0.2-3 296.18 OK
r-devel-windows-ix86+x86_64 0.2-3 459.00 110.00 569.00 OK
r-patched-linux-x86_64 0.2-3 176.14 33.97 210.11 OK
r-patched-solaris-x86 0.2-3 253.90 OK
r-release-linux-x86_64 0.2-3 166.05 34.08 200.13 OK
r-release-macos-x86_64 0.2-3 NOTE
r-release-windows-ix86+x86_64 0.2-3 390.00 109.00 499.00 OK
r-oldrel-macos-x86_64 0.2-3 NOTE
r-oldrel-windows-ix86+x86_64 0.2-3 390.00 108.00 498.00 OK

Check Details

Version: 0.2-3
Check: installed package size
Result: NOTE
     installed size is 13.0Mb
     sub-directories of 1Mb or more:
     libs 12.7Mb
Flavors: r-devel-linux-x86_64-fedora-clang, r-release-macos-x86_64, r-oldrel-macos-x86_64