CRAN Package Check Results for Package Rcell

Last updated on 2015-09-04 23:56:23.

Flavor Version Tinstall Tcheck Ttotal Status Flags
r-devel-linux-x86_64-debian-clang 1.3-2 1.58 94.86 96.44 NOTE
r-devel-linux-x86_64-debian-gcc 1.3-2 1.64 93.85 95.49 NOTE
r-devel-linux-x86_64-fedora-clang 1.3-2 188.52 NOTE
r-devel-linux-x86_64-fedora-gcc 1.3-2 181.46 NOTE
r-devel-osx-x86_64-clang 1.3-2 161.57 NOTE
r-devel-windows-ix86+x86_64 1.3-2 7.00 160.00 167.00 NOTE
r-patched-linux-x86_64 1.3-2 1.66 98.48 100.13 NOTE
r-release-linux-x86_64 1.3-2 1.62 96.98 98.60 NOTE
r-release-osx-x86_64-mavericks 1.3-2 NOTE
r-release-windows-ix86+x86_64 1.3-2 10.00 165.00 175.00 NOTE
r-oldrel-windows-ix86+x86_64 1.3-2 12.00 126.00 138.00 ERROR

Check Details

Version: 1.3-2
Check: dependencies in R code
Result: NOTE
    Unexported objects imported by ':::' calls:
     ‘ggplot2:::Geom’ ‘ggplot2:::Position’ ‘ggplot2:::Stat’
     See the note in ?`:::` about the use of this operator.
Flavors: r-devel-linux-x86_64-debian-clang, r-devel-linux-x86_64-debian-gcc, r-devel-linux-x86_64-fedora-clang, r-devel-linux-x86_64-fedora-gcc, r-devel-osx-x86_64-clang, r-devel-windows-ix86+x86_64, r-patched-linux-x86_64, r-release-linux-x86_64, r-release-osx-x86_64-mavericks, r-release-windows-ix86+x86_64, r-oldrel-windows-ix86+x86_64

Version: 1.3-2
Check: R code for possible problems
Result: NOTE
    .axis: no visible global function definition for ‘tiff’
    .axis: no visible global function definition for ‘par’
    .axis: no visible global function definition for ‘plot.new’
    .axis: no visible global function definition for ‘text’
    .axis: no visible global function definition for ‘lines’
    .axis: no visible global function definition for ‘dev.off’
    .axis: no visible global function definition for ‘capture.output’
    .select: no visible global function definition for ‘glob2rx’
    .select: no visible global function definition for ‘na.omit’
    [[.cell.data: no visible global function definition for ‘na.omit’
    aggregate.cell.data: no visible global function definition for
     ‘aggregate.data.frame’
    aggregateBy.cell.data: no visible global function definition for
     ‘aggregate.data.frame’
    aggregateBy.data.frame: no visible global function definition for
     ‘aggregate.data.frame’
    aggregateBy.default: no visible global function definition for
     ‘aggregate.data.frame’
    as.cell.data.default: no visible binding for global variable ‘image’
    as.cell.data.default: no visible global function definition for
     ‘glob2rx’
    as.cell.data.list: no visible binding for global variable ‘image’
    as.cell.data.list: no visible global function definition for ‘glob2rx’
    as.data.frame.cell.data: no visible global function definition for
     ‘na.omit’
    cdata: no visible global function definition for ‘na.omit’
    cplot: no visible global function definition for ‘na.omit’
    drawCross: no visible global function definition for ‘col2rgb’
    drawLine: no visible global function definition for ‘col2rgb’
    drawText: no visible global function definition for ‘dev.list’
    drawText: no visible global function definition for ‘tiff’
    drawText: no visible global function definition for ‘par’
    drawText: no visible global function definition for ‘text’
    drawText: no visible global function definition for ‘dev.off’
    drawText: no visible global function definition for ‘capture.output’
    get.cell.image.cell.data: no visible binding for global variable
     ‘image’
    get.cell.image.data.frame: no visible global function definition for
     ‘capture.output’
    is.constant : <anonymous>: no visible global function definition for
     ‘asOneSidedFormula’
    load.cell.data: no visible global function definition for ‘read.table’
    load.cell.data: no visible binding for global variable ‘image’
    load.cell.data: no visible global function definition for ‘glob2rx’
    load.cell.data: no visible global function definition for ‘sessionInfo’
    load.cellID.data: no visible global function definition for
     ‘read.table’
    load.cellID.data: no visible binding for global variable ‘image’
    load.cellID.data: no visible global function definition for ‘glob2rx’
    load.cellID.data: no visible global function definition for
     ‘sessionInfo’
    load.pdata: no visible global function definition for ‘read.delim’
    plot.Image: no visible global function definition for ‘dev.size’
    print.summary.cell.image: no visible global function definition for
     ‘head’
    read.cell.image: no visible global function definition for ‘read.delim’
    remove_missing: no visible global function definition for
     ‘complete.cases’
    select.cells: no visible global function definition for ‘na.omit’
    show.image: no visible global function definition for ‘capture.output’
    show.img: no visible global function definition for ‘capture.output’
    write.delim: no visible global function definition for ‘write.table’
    Undefined global functions or variables:
     aggregate.data.frame asOneSidedFormula capture.output col2rgb
     complete.cases dev.list dev.off dev.size glob2rx head image lines
     na.omit par plot.new read.delim read.table sessionInfo text tiff
     write.table
    Consider adding
     importFrom("grDevices", "col2rgb", "dev.list", "dev.off", "dev.size",
     "tiff")
     importFrom("graphics", "image", "lines", "par", "plot.new", "text")
     importFrom("stats", "aggregate.data.frame", "asOneSidedFormula",
     "complete.cases", "na.omit")
     importFrom("utils", "capture.output", "glob2rx", "head", "read.delim",
     "read.table", "sessionInfo", "write.table")
    to your NAMESPACE.
Flavors: r-devel-linux-x86_64-debian-clang, r-devel-linux-x86_64-debian-gcc, r-devel-linux-x86_64-fedora-clang, r-devel-linux-x86_64-fedora-gcc, r-devel-windows-ix86+x86_64

Version: 1.3-2
Check: R code for possible problems
Result: NOTE
    .nchar: possible error in nchar(x, type, allowNA, keepNA = FALSE):
     unused argument (keepNA = FALSE)
Flavors: r-release-osx-x86_64-mavericks, r-oldrel-windows-ix86+x86_64

Version: 1.3-2
Check: running R code from vignettes
Result: ERROR
    Errors in running code in vignettes:
    when running code in 'cimage.Rnw'
     ...
    Warning in is.na(object) :
     is.na() applied to non-(list or vector) of type 'NULL'
    Warning in is.na(object) :
     is.na() applied to non-(list or vector) of type 'NULL'
    Warning in is.na(object) :
     is.na() applied to non-(list or vector) of type 'NULL'
    
     When sourcing 'cimage.R':
    Error: number of items to replace is not a multiple of replacement length
    Execution halted
Flavor: r-oldrel-windows-ix86+x86_64