CRAN Package Check Results for Package Rcell

Last updated on 2014-08-01 04:47:31.

Flavor Version Tinstall Tcheck Ttotal Status Flags
r-devel-linux-x86_64-debian-clang 1.2-6 3.98 145.66 149.64 WARN
r-devel-linux-x86_64-debian-gcc 1.2-6 4.01 144.58 148.60 WARN
r-devel-linux-x86_64-fedora-clang 1.2-6 332.54 WARN
r-devel-linux-x86_64-fedora-gcc 1.2-6 320.66 WARN
r-devel-osx-x86_64-clang 1.2-6 263.92 WARN
r-devel-windows-ix86+x86_64 1.2-6 13.00 226.00 239.00 WARN
r-patched-linux-x86_64 1.2-6 3.90 154.50 158.40 WARN
r-release-linux-ix86 1.2-6 4.82 203.67 208.49 WARN
r-release-linux-x86_64 1.2-6 3.90 151.54 155.44 WARN
r-release-osx-x86_64-mavericks 1.2-6 ERROR
r-release-osx-x86_64-snowleopard 1.2-6 WARN
r-release-windows-ix86+x86_64 1.2-6 20.00 330.00 350.00 WARN
r-oldrel-windows-ix86+x86_64 1.2-6 18.00 313.00 331.00 NOTE

Check Details

Version: 1.2-6
Check: dependencies in R code
Result: NOTE
    Unexported objects imported by ':::' calls:
     ggplot2:::Geom ggplot2:::Position ggplot2:::Stat
     See the note in ?`:::` about the use of this operator.
    See the information on DESCRIPTION files in the chapter Creating R
    packages of the Writing R Extensions manual.
Flavors: r-devel-linux-x86_64-debian-clang, r-devel-linux-x86_64-debian-gcc, r-devel-linux-x86_64-fedora-clang, r-devel-linux-x86_64-fedora-gcc, r-devel-osx-x86_64-clang, r-devel-windows-ix86+x86_64, r-patched-linux-x86_64, r-release-linux-ix86, r-release-linux-x86_64, r-release-osx-x86_64-snowleopard, r-release-windows-ix86+x86_64, r-oldrel-windows-ix86+x86_64

Version: 1.2-6
Check: for code/documentation mismatches
Result: WARNING
    Codoc mismatches from documentation object 'vplayout':
    grid.layout
     Code: function(nrow = 1, ncol = 1, widths = unit(rep_len(1, ncol),
     "null"), heights = unit(rep_len(1, nrow), "null"),
     default.units = "null", respect = FALSE, just =
     "centre")
     Docs: function(nrow = 1, ncol = 1, widths = unit(rep(1, ncol),
     "null"), heights = unit(rep(1, nrow), "null"),
     default.units = "null", respect = FALSE, just =
     "centre")
     Mismatches in argument default values:
     Name: 'widths' Code: unit(rep_len(1, ncol), "null") Docs: unit(rep(1, ncol), "null")
     Name: 'heights' Code: unit(rep_len(1, nrow), "null") Docs: unit(rep(1, nrow), "null")
Flavors: r-devel-linux-x86_64-debian-clang, r-devel-linux-x86_64-debian-gcc, r-devel-linux-x86_64-fedora-clang, r-devel-linux-x86_64-fedora-gcc, r-devel-osx-x86_64-clang, r-devel-windows-ix86+x86_64, r-patched-linux-x86_64, r-release-linux-ix86, r-release-linux-x86_64, r-release-osx-x86_64-snowleopard, r-release-windows-ix86+x86_64

Version: 1.2-6
Check: package dependencies
Result: ERROR
    Package required but not available: EBImage
    
    Package suggested but not available for checking: hopach
    
    See the information on DESCRIPTION files in the chapter Creating R
    packages of the Writing R Extensions manual.
Flavor: r-release-osx-x86_64-mavericks

Version: 1.2-6
Check: package dependencies
Result: NOTE
    Package suggested but not available for checking: hopach
Flavor: r-release-osx-x86_64-snowleopard

Version: 1.2-6
Check: R code for possible problems
Result: NOTE
    cell.hclust: no visible global function definition for distancematrix
    chclust: no visible global function definition for distancematrix
Flavor: r-release-osx-x86_64-snowleopard