CRAN Package Check Results for Package Rcgmin

Last updated on 2014-11-27 19:49:55.

Flavor Version Tinstall Tcheck Ttotal Status Flags
r-devel-linux-x86_64-debian-clang 2013-02.20 0.59 11.09 11.68 NOTE
r-devel-linux-x86_64-debian-gcc 2013-02.20 0.61 11.00 11.61 NOTE
r-devel-linux-x86_64-fedora-clang 2013-02.20 25.56 NOTE
r-devel-linux-x86_64-fedora-gcc 2013-02.20 24.46 NOTE
r-devel-osx-x86_64-clang 2013-02.20 25.76 NOTE
r-devel-windows-ix86+x86_64 2013-02.20 3.00 18.00 21.00 NOTE
r-patched-linux-x86_64 2013-02.20 0.73 10.92 11.65 NOTE
r-patched-solaris-sparc 2013-02.20 133.60 NOTE
r-patched-solaris-x86 2013-02.20 32.80 NOTE
r-release-linux-ix86 2013-02.20 0.86 16.38 17.24 NOTE
r-release-linux-x86_64 2013-02.20 0.60 11.22 11.82 NOTE
r-release-osx-x86_64-mavericks 2013-02.20 NOTE
r-release-windows-ix86+x86_64 2013-02.20 3.00 18.00 21.00 NOTE
r-oldrel-windows-ix86+x86_64 2013-02.20 2.00 18.00 20.00 NOTE

Check Details

Version: 2013-02.20
Check: top-level files
Result: NOTE
    Non-standard files/directories found at top level:
     ‘FLAGS’ ‘Makefile’
Flavors: r-devel-linux-x86_64-debian-clang, r-devel-linux-x86_64-debian-gcc, r-devel-linux-x86_64-fedora-clang, r-devel-linux-x86_64-fedora-gcc, r-patched-linux-x86_64, r-release-linux-x86_64

Version: 2013-02.20
Check: dependencies in R code
Result: NOTE
    'library' or 'require' call to ‘numDeriv’ which was already attached by Depends.
     Please remove these calls from your code.
    Package in Depends field not imported from: ‘numDeriv’
     These packages need to be imported from (in the NAMESPACE file)
     for when this namespace is loaded but not attached.
    See the information on DESCRIPTION files in the chapter ‘Creating R
    packages’ of the ‘Writing R Extensions’ manual.
Flavors: r-devel-linux-x86_64-debian-clang, r-devel-linux-x86_64-debian-gcc, r-devel-linux-x86_64-fedora-clang, r-devel-linux-x86_64-fedora-gcc, r-devel-osx-x86_64-clang, r-devel-windows-ix86+x86_64, r-patched-linux-x86_64, r-patched-solaris-sparc, r-patched-solaris-x86, r-release-linux-ix86, r-release-linux-x86_64, r-release-osx-x86_64-mavericks, r-release-windows-ix86+x86_64, r-oldrel-windows-ix86+x86_64

Version: 2013-02.20
Check: R code for possible problems
Result: NOTE
    Rcgminb : mygr: no visible global function definition for ‘grad’
    Rcgminu : mygr: no visible global function definition for ‘grad’
Flavors: r-devel-linux-x86_64-debian-clang, r-devel-linux-x86_64-debian-gcc, r-devel-linux-x86_64-fedora-clang, r-devel-linux-x86_64-fedora-gcc, r-devel-osx-x86_64-clang, r-devel-windows-ix86+x86_64, r-patched-linux-x86_64, r-patched-solaris-sparc, r-patched-solaris-x86, r-release-linux-ix86, r-release-linux-x86_64, r-release-windows-ix86+x86_64