CRAN Package Check Results for Package Rcgmin

Last updated on 2014-04-16 06:48:00.

Flavor Version Tinstall Tcheck Ttotal Status Flags
r-devel-linux-x86_64-debian-clang 2013-02.20 0.61 11.67 12.28 NOTE
r-devel-linux-x86_64-debian-gcc 2013-02.20 0.62 11.32 11.94 NOTE
r-devel-linux-x86_64-fedora-clang 2013-02.20 23.23 NOTE
r-devel-linux-x86_64-fedora-gcc 2013-02.20 21.95 NOTE
r-devel-macosx-x86_64-clang 2013-02.20 27.75 NOTE
r-devel-macosx-x86_64-gcc 2013-02.20 NOTE
r-devel-windows-ix86+x86_64 2013-02.20 2.00 25.00 27.00 NOTE
r-patched-linux-x86_64 2013-02.20 0.63 11.52 12.15 NOTE
r-patched-solaris-sparc 2013-02.20 135.40 NOTE
r-patched-solaris-x86 2013-02.20 33.10 NOTE
r-release-linux-ix86 2013-02.20 2.00 26.00 28.00 NOTE
r-release-linux-x86_64 2013-02.20 0.64 11.57 12.20 NOTE
r-release-windows-ix86+x86_64 2013-02.20 5.00 24.00 29.00 NOTE
r-oldrel-windows-ix86+x86_64 2013-02.20 2.00 18.00 20.00 NOTE

Check Details

Version: 2013-02.20
Check: dependencies in R code
Result: NOTE
    'library' or 'require' call to ‘numDeriv’ which was already attached by Depends.
     Please remove these calls from your code.
    Package in Depends field not imported from: ‘numDeriv’
     These packages need to be imported from (in the NAMESPACE file)
     for when this namespace is loaded but not attached.
    See the information on DESCRIPTION files in the chapter ‘Creating R
    packages’ of the ‘Writing R Extensions’ manual.
Flavors: r-devel-linux-x86_64-debian-clang, r-devel-linux-x86_64-debian-gcc, r-devel-linux-x86_64-fedora-clang, r-devel-linux-x86_64-fedora-gcc, r-devel-macosx-x86_64-clang, r-devel-macosx-x86_64-gcc, r-devel-windows-ix86+x86_64, r-patched-linux-x86_64, r-patched-solaris-sparc, r-patched-solaris-x86, r-release-linux-ix86, r-release-linux-x86_64, r-release-windows-ix86+x86_64, r-oldrel-windows-ix86+x86_64

Version: 2013-02.20
Check: top-level files
Result: NOTE
    Non-standard files/directories found at top level:
     ‘FLAGS’ ‘Makefile’
Flavors: r-devel-linux-x86_64-fedora-clang, r-devel-linux-x86_64-fedora-gcc