CRAN Package Check Results for Package Rcgmin

Last updated on 2014-09-21 23:47:27.

Flavor Version Tinstall Tcheck Ttotal Status Flags
r-devel-linux-x86_64-debian-clang 2013-02.20 0.65 10.93 11.58 NOTE
r-devel-linux-x86_64-debian-gcc 2013-02.20 0.52 10.93 11.46 NOTE
r-devel-linux-x86_64-fedora-clang 2013-02.20 23.14 NOTE
r-devel-linux-x86_64-fedora-gcc 2013-02.20 21.04 NOTE
r-devel-osx-x86_64-clang 2013-02.20 28.01 NOTE
r-devel-windows-ix86+x86_64 2013-02.20 2.00 17.00 19.00 NOTE
r-patched-linux-x86_64 2013-02.20 0.56 11.02 11.58 NOTE
r-patched-solaris-sparc 2013-02.20 138.10 NOTE
r-patched-solaris-x86 2013-02.20 33.60 NOTE
r-release-linux-ix86 2013-02.20 0.90 17.48 18.38 NOTE
r-release-linux-x86_64 2013-02.20 0.74 12.38 13.11 NOTE
r-release-osx-x86_64-mavericks 2013-02.20 NOTE
r-release-windows-ix86+x86_64 2013-02.20 3.00 18.00 21.00 NOTE
r-oldrel-windows-ix86+x86_64 2013-02.20 2.00 18.00 20.00 NOTE

Check Details

Version: 2013-02.20
Check: top-level files
Result: NOTE
    Non-standard files/directories found at top level:
     ‘FLAGS’ ‘Makefile’
Flavors: r-devel-linux-x86_64-debian-clang, r-devel-linux-x86_64-debian-gcc, r-devel-linux-x86_64-fedora-clang, r-devel-linux-x86_64-fedora-gcc, r-patched-linux-x86_64, r-release-linux-x86_64

Version: 2013-02.20
Check: dependencies in R code
Result: NOTE
    'library' or 'require' call to ‘numDeriv’ which was already attached by Depends.
     Please remove these calls from your code.
    Package in Depends field not imported from: ‘numDeriv’
     These packages need to be imported from (in the NAMESPACE file)
     for when this namespace is loaded but not attached.
    See the information on DESCRIPTION files in the chapter ‘Creating R
    packages’ of the ‘Writing R Extensions’ manual.
Flavors: r-devel-linux-x86_64-debian-clang, r-devel-linux-x86_64-debian-gcc, r-devel-linux-x86_64-fedora-clang, r-devel-linux-x86_64-fedora-gcc, r-devel-osx-x86_64-clang, r-devel-windows-ix86+x86_64, r-patched-linux-x86_64, r-patched-solaris-sparc, r-patched-solaris-x86, r-release-linux-ix86, r-release-linux-x86_64, r-release-osx-x86_64-mavericks, r-release-windows-ix86+x86_64, r-oldrel-windows-ix86+x86_64

Version: 2013-02.20
Check: R code for possible problems
Result: NOTE
    Rcgminb : mygr: no visible global function definition for ‘grad’
    Rcgminu : mygr: no visible global function definition for ‘grad’
Flavors: r-devel-linux-x86_64-debian-clang, r-devel-linux-x86_64-debian-gcc, r-devel-linux-x86_64-fedora-clang, r-devel-linux-x86_64-fedora-gcc, r-devel-osx-x86_64-clang, r-devel-windows-ix86+x86_64