CRAN Package Check Results for Package Rclusterpp

Last updated on 2017-08-18 17:48:04.

Flavor Version Tinstall Tcheck Ttotal Status Flags
r-devel-linux-x86_64-debian-clang 0.2.3 13.87 36.43 50.29 NOTE
r-devel-linux-x86_64-debian-gcc 0.2.3 13.61 34.58 48.20 NOTE
r-devel-linux-x86_64-fedora-clang 0.2.3 105.09 NOTE
r-devel-linux-x86_64-fedora-gcc 0.2.3 110.27 NOTE
r-devel-windows-ix86+x86_64 0.2.3 39.00 133.00 172.00 NOTE
r-patched-linux-x86_64 0.2.3 13.15 36.10 49.25 NOTE
r-patched-solaris-x86 0.2.3 133.70 NOTE
r-release-linux-x86_64 0.2.3 13.67 33.38 47.05 NOTE
r-release-windows-ix86+x86_64 0.2.3 53.00 84.00 137.00 NOTE
r-release-osx-x86_64 0.2.3 NOTE
r-oldrel-windows-ix86+x86_64 0.2.3 37.00 73.00 110.00 NOTE
r-oldrel-osx-x86_64 0.2.3 NOTE

Check Details

Version: 0.2.3
Check: dependencies in R code
Result: NOTE
    Packages in Depends field not imported from:
     ‘Rcpp’ ‘RcppEigen’
     These packages need to be imported from (in the NAMESPACE file)
     for when this namespace is loaded but not attached.
Flavors: r-devel-linux-x86_64-debian-clang, r-devel-linux-x86_64-debian-gcc, r-devel-linux-x86_64-fedora-clang, r-devel-linux-x86_64-fedora-gcc, r-devel-windows-ix86+x86_64, r-patched-linux-x86_64, r-patched-solaris-x86, r-release-linux-x86_64, r-release-windows-ix86+x86_64, r-release-osx-x86_64, r-oldrel-windows-ix86+x86_64, r-oldrel-osx-x86_64

Version: 0.2.3
Check: foreign function calls
Result: NOTE
    Calls with DUP:
     .Call("hclust_from_distance", data = as.double(x), size = as.integer(attributes(x)$Size),
     link = as.integer(method), DUP = FALSE, NAOK = FALSE, PACKAGE = "Rclusterpp")
     .Call("hclust_from_data", data = x, link = as.integer(method),
     dist = as.integer(distance), p = as.numeric(p), DUP = FALSE,
     NAOK = FALSE, PACKAGE = "Rclusterpp")
    DUP is no longer supported and will be ignored.
Flavors: r-devel-linux-x86_64-debian-clang, r-devel-linux-x86_64-debian-gcc, r-devel-linux-x86_64-fedora-clang, r-devel-linux-x86_64-fedora-gcc, r-devel-windows-ix86+x86_64, r-patched-linux-x86_64, r-patched-solaris-x86, r-release-linux-x86_64, r-release-windows-ix86+x86_64, r-release-osx-x86_64, r-oldrel-windows-ix86+x86_64, r-oldrel-osx-x86_64

Version: 0.2.3
Check: R code for possible problems
Result: NOTE
    Rclusterpp.package.skeleton: no visible global function definition for
     ‘packageDescription’
    Undefined global functions or variables:
     packageDescription
    Consider adding
     importFrom("utils", "packageDescription")
    to your NAMESPACE file.
Flavors: r-devel-linux-x86_64-debian-clang, r-devel-linux-x86_64-debian-gcc, r-devel-linux-x86_64-fedora-clang, r-devel-linux-x86_64-fedora-gcc, r-devel-windows-ix86+x86_64, r-patched-linux-x86_64, r-patched-solaris-x86, r-release-linux-x86_64, r-release-windows-ix86+x86_64, r-release-osx-x86_64, r-oldrel-windows-ix86+x86_64, r-oldrel-osx-x86_64

Version: 0.2.3
Check: compiled code
Result: NOTE
    File ‘Rclusterpp/libs/Rclusterpp.so’:
     Found no calls to: ‘R_registerRoutines’, ‘R_useDynamicSymbols’
    
    It is good practice to register native routines and to disable symbol
    search.
    
    See ‘Writing portable packages’ in the ‘Writing R Extensions’ manual.
Flavors: r-devel-linux-x86_64-debian-clang, r-devel-linux-x86_64-debian-gcc, r-devel-linux-x86_64-fedora-clang, r-devel-linux-x86_64-fedora-gcc, r-patched-linux-x86_64, r-release-linux-x86_64

Version: 0.2.3
Check: re-building of vignette outputs
Result: NOTE
    Error in re-building vignettes:
     ...
    Loading required package: Rclusterpp
    Loading required package: Rcpp
    Loading required package: RcppEigen
    Error in texi2dvi(file = file, pdf = TRUE, clean = clean, quiet = quiet, :
     Running 'texi2dvi' on 'Rclusterpp.tex' failed.
    LaTeX errors:
    ! LaTeX Error: File `multirow.sty' not found.
    
    Type X to quit or <RETURN> to proceed,
    or enter new name. (Default extension: sty)
    
    ! Emergency stop.
    <read *>
    
    l.7 \lstset
     {language=C++,basicstyle=\footnotesize\ttfamily}^^M
    ! ==> Fatal error occurred, no output PDF file produced!
    Calls: buildVignettes -> texi2pdf -> texi2dvi
    Execution halted
Flavor: r-release-osx-x86_64