CRAN Package Check Results for Package Rclusterpp

Last updated on 2016-09-30 12:50:33.

Flavor Version Tinstall Tcheck Ttotal Status Flags
r-devel-linux-x86_64-debian-clang 0.2.3 12.51 30.28 42.79 NOTE
r-devel-linux-x86_64-debian-gcc 0.2.3 12.18 29.74 41.91 NOTE
r-devel-linux-x86_64-fedora-clang 0.2.3 111.06 NOTE
r-devel-linux-x86_64-fedora-gcc 0.2.3 87.50 NOTE
r-devel-macos-x86_64-clang 0.2.3 65.75 NOTE
r-devel-windows-ix86+x86_64 0.2.3 52.00 91.00 143.00 NOTE
r-patched-linux-x86_64 0.2.3 10.67 30.27 40.94 NOTE
r-patched-solaris-sparc 0.2.3 469.60 NOTE
r-patched-solaris-x86 0.2.3 105.70 NOTE
r-release-linux-x86_64 0.2.3 11.24 29.44 40.69 NOTE
r-release-osx-x86_64-mavericks 0.2.3 NOTE
r-release-windows-ix86+x86_64 0.2.3 35.00 92.00 127.00 NOTE
r-oldrel-windows-ix86+x86_64 0.2.3 48.00 80.00 128.00 NOTE

Check Details

Version: 0.2.3
Check: dependencies in R code
Result: NOTE
    Packages in Depends field not imported from:
     ‘Rcpp’ ‘RcppEigen’
     These packages need to be imported from (in the NAMESPACE file)
     for when this namespace is loaded but not attached.
Flavors: r-devel-linux-x86_64-debian-clang, r-devel-linux-x86_64-debian-gcc, r-devel-linux-x86_64-fedora-clang, r-devel-linux-x86_64-fedora-gcc, r-devel-macos-x86_64-clang, r-devel-windows-ix86+x86_64, r-patched-linux-x86_64, r-patched-solaris-sparc, r-patched-solaris-x86, r-release-linux-x86_64, r-release-osx-x86_64-mavericks, r-release-windows-ix86+x86_64, r-oldrel-windows-ix86+x86_64

Version: 0.2.3
Check: foreign function calls
Result: NOTE
    Calls with DUP:
     .Call("hclust_from_distance", data = as.double(x), size = as.integer(attributes(x)$Size),
     link = as.integer(method), DUP = FALSE, NAOK = FALSE, PACKAGE = "Rclusterpp")
     .Call("hclust_from_data", data = x, link = as.integer(method),
     dist = as.integer(distance), p = as.numeric(p), DUP = FALSE,
     NAOK = FALSE, PACKAGE = "Rclusterpp")
    DUP is no longer supported and will be ignored.
Flavors: r-devel-linux-x86_64-debian-clang, r-devel-linux-x86_64-debian-gcc, r-devel-linux-x86_64-fedora-clang, r-devel-linux-x86_64-fedora-gcc, r-devel-macos-x86_64-clang, r-devel-windows-ix86+x86_64, r-patched-linux-x86_64, r-patched-solaris-sparc, r-patched-solaris-x86, r-release-linux-x86_64, r-release-osx-x86_64-mavericks, r-release-windows-ix86+x86_64, r-oldrel-windows-ix86+x86_64

Version: 0.2.3
Check: R code for possible problems
Result: NOTE
    Rclusterpp.package.skeleton: no visible global function definition for
     ‘packageDescription’
    Undefined global functions or variables:
     packageDescription
    Consider adding
     importFrom("utils", "packageDescription")
    to your NAMESPACE file.
Flavors: r-devel-linux-x86_64-debian-clang, r-devel-linux-x86_64-debian-gcc, r-devel-linux-x86_64-fedora-clang, r-devel-linux-x86_64-fedora-gcc, r-devel-macos-x86_64-clang, r-devel-windows-ix86+x86_64, r-patched-linux-x86_64, r-patched-solaris-sparc, r-patched-solaris-x86, r-release-linux-x86_64, r-release-osx-x86_64-mavericks, r-release-windows-ix86+x86_64