CRAN Package Check Results for Package Rclusterpp

Last updated on 2014-04-24 07:52:34.

Flavor Version Tinstall Tcheck Ttotal Status Flags
r-devel-linux-x86_64-debian-clang 0.2.3 11.06 45.27 56.33 NOTE
r-devel-linux-x86_64-debian-gcc 0.2.3 12.30 47.06 59.36 NOTE
r-devel-linux-x86_64-fedora-clang 0.2.3 133.34 NOTE
r-devel-linux-x86_64-fedora-gcc 0.2.3 129.75 NOTE
r-devel-osx-x86_64-clang 0.2.3 109.99 NOTE
r-devel-osx-x86_64-gcc 0.2.3 NOTE
r-devel-windows-ix86+x86_64 0.2.3 37.00 84.00 121.00 NOTE
r-patched-linux-x86_64 0.2.3 12.18 45.98 58.16 NOTE
r-patched-solaris-sparc 0.2.3 707.00 NOTE
r-patched-solaris-x86 0.2.3 170.80 NOTE
r-release-linux-ix86 0.2.3 18.00 76.00 94.00 NOTE
r-release-linux-x86_64 0.2.3 12.30 45.81 58.12 NOTE
r-release-osx-x86_64-mavericks 0.2.3 WARN
r-release-osx-x86_64-snowleopard 0.2.3 NOTE
r-release-windows-ix86+x86_64 0.2.3 32.00 90.00 122.00 NOTE
r-oldrel-windows-ix86+x86_64 0.2.3 30.00 91.00 121.00 NOTE

Check Details

Version: 0.2.3
Check: dependencies in R code
Result: NOTE
    Packages in Depends field not imported from:
     ‘Rcpp’ ‘RcppEigen’
     These packages need to be imported from (in the NAMESPACE file)
     for when this namespace is loaded but not attached.
    See the information on DESCRIPTION files in the chapter ‘Creating R
    packages’ of the ‘Writing R Extensions’ manual.
Flavors: r-devel-linux-x86_64-debian-clang, r-devel-linux-x86_64-debian-gcc, r-devel-linux-x86_64-fedora-clang, r-devel-linux-x86_64-fedora-gcc, r-devel-osx-x86_64-clang, r-devel-osx-x86_64-gcc, r-devel-windows-ix86+x86_64, r-patched-linux-x86_64, r-patched-solaris-sparc, r-patched-solaris-x86, r-release-linux-ix86, r-release-linux-x86_64, r-release-osx-x86_64-mavericks, r-release-windows-ix86+x86_64, r-oldrel-windows-ix86+x86_64

Version: 0.2.3
Check: foreign function calls
Result: NOTE
    Calls with DUP = FALSE:
     .Call("hclust_from_distance", data = as.double(x), size = as.integer(attributes(x)$Size),
     link = as.integer(method), DUP = FALSE, NAOK = FALSE, PACKAGE = "Rclusterpp")
     .Call("hclust_from_data", data = x, link = as.integer(method),
     dist = as.integer(distance), p = as.numeric(p), DUP = FALSE,
     NAOK = FALSE, PACKAGE = "Rclusterpp")
    DUP = FALSE is deprecated and may be disabled in future versions of R.
Flavors: r-devel-linux-x86_64-debian-clang, r-devel-linux-x86_64-debian-gcc, r-devel-linux-x86_64-fedora-clang, r-devel-linux-x86_64-fedora-gcc, r-devel-osx-x86_64-clang, r-devel-osx-x86_64-gcc, r-devel-windows-ix86+x86_64, r-patched-linux-x86_64, r-patched-solaris-sparc, r-patched-solaris-x86, r-release-linux-ix86, r-release-linux-x86_64, r-release-osx-x86_64-mavericks, r-release-windows-ix86+x86_64

Version: 0.2.3
Check: re-building of vignette outputs
Result: NOTE
    Error in re-building vignettes:
     ...
    Loading required package: Rclusterpp
    Loading required package: Rcpp
    Loading required package: RcppEigen
    Error in texi2dvi(file = file, pdf = TRUE, clean = clean, quiet = quiet, :
     Running 'texi2dvi' on 'Rclusterpp.tex' failed.
    LaTeX errors:
    ! LaTeX Error: File `multirow.sty' not found.
    
    Type X to quit or <RETURN> to proceed,
    or enter new name. (Default extension: sty)
    
    ign_test/Rclusterpp/vignettes/Rclusterpp.tex:7: ==> Fatal error occurred, no o
    utput PDF file produced!
    Calls: buildVignettes -> texi2pdf -> texi2dvi
    Execution halted
Flavor: r-release-osx-x86_64-mavericks

Version: 0.2.3
Check: PDF version of manual
Result: WARNING
    LaTeX errors when creating PDF version.
    This typically indicates Rd problems.
    LaTeX errors found:
    ! LaTeX Error: File `upquote.sty' not found.
    
    Type X to quit or <RETURN> to proceed,
    or enter new name. (Default extension: sty)
    
    b1cd5d5/Rd2.tex:8: ==> Fatal error occurred, no output PDF file produced!
Flavor: r-release-osx-x86_64-mavericks

Version: 0.2.3
Check: re-building of vignette outputs
Result: NOTE
    Error in re-building vignettes:
     ...
    Loading required package: Rclusterpp
    Loading required package: Rcpp
    Loading required package: RcppEigen
    Error in texi2dvi(file = file, pdf = TRUE, clean = clean, quiet = quiet, :
     Running 'texi2dvi' on 'Rclusterpp.tex' failed.
    LaTeX errors:
    ! LaTeX Error: File `multirow.sty' not found.
    
    Type X to quit or <RETURN> to proceed,
    or enter new name. (Default extension: sty)
    Calls: buildVignettes -> texi2pdf -> texi2dvi
    Execution halted
Flavor: r-release-osx-x86_64-snowleopard