CRAN Package Check Results for Package Rclusterpp

Last updated on 2018-06-24 16:49:02 CEST.

Flavor Version Tinstall Tcheck Ttotal Status Flags
r-release-osx-x86_64 0.2.3 NOTE
r-oldrel-osx-x86_64 0.2.3 NOTE

Check Details

Version: 0.2.3
Check: dependencies in R code
Result: NOTE
    Packages in Depends field not imported from:
     ‘Rcpp’ ‘RcppEigen’
     These packages need to be imported from (in the NAMESPACE file)
     for when this namespace is loaded but not attached.
Flavors: r-release-osx-x86_64, r-oldrel-osx-x86_64

Version: 0.2.3
Check: foreign function calls
Result: NOTE
    Calls with DUP:
     .Call("hclust_from_distance", data = as.double(x), size = as.integer(attributes(x)$Size),
     link = as.integer(method), DUP = FALSE, NAOK = FALSE, PACKAGE = "Rclusterpp")
     .Call("hclust_from_data", data = x, link = as.integer(method),
     dist = as.integer(distance), p = as.numeric(p), DUP = FALSE,
     NAOK = FALSE, PACKAGE = "Rclusterpp")
    DUP is no longer supported and will be ignored.
Flavors: r-release-osx-x86_64, r-oldrel-osx-x86_64

Version: 0.2.3
Check: R code for possible problems
Result: NOTE
    Rclusterpp.package.skeleton: no visible global function definition for
     ‘packageDescription’
    Undefined global functions or variables:
     packageDescription
    Consider adding
     importFrom("utils", "packageDescription")
    to your NAMESPACE file.
Flavors: r-release-osx-x86_64, r-oldrel-osx-x86_64

Version: 0.2.3
Check: re-building of vignette outputs
Result: NOTE
    Error in re-building vignettes:
     ...
    Loading required package: Rclusterpp
    Loading required package: Rcpp
    Loading required package: RcppEigen
    Error in texi2dvi(file = file, pdf = TRUE, clean = clean, quiet = quiet, :
     Running 'texi2dvi' on 'Rclusterpp.tex' failed.
    LaTeX errors:
    ! LaTeX Error: File `multirow.sty' not found.
    
    Type X to quit or <RETURN> to proceed,
    or enter new name. (Default extension: sty)
    
    ! Emergency stop.
    <read *>
    
    l.7 \lstset
     {language=C++,basicstyle=\footnotesize\ttfamily}^^M
    ! ==> Fatal error occurred, no output PDF file produced!
    Calls: buildVignettes -> texi2pdf -> texi2dvi
    Execution halted
Flavor: r-oldrel-osx-x86_64