CRAN Package Check Results for Package Rclusterpp

Last updated on 2015-07-31 18:48:31.

Flavor Version Tinstall Tcheck Ttotal Status Flags
r-devel-linux-x86_64-debian-clang 0.2.3 11.09 34.91 46.00 NOTE
r-devel-linux-x86_64-debian-gcc 0.2.3 12.57 34.33 46.90 NOTE
r-devel-linux-x86_64-fedora-clang 0.2.3 94.83 NOTE
r-devel-linux-x86_64-fedora-gcc 0.2.3 94.42 NOTE
r-devel-osx-x86_64-clang 0.2.3 79.20 NOTE
r-devel-windows-ix86+x86_64 0.2.3 32.00 103.00 135.00 NOTE
r-patched-linux-x86_64 0.2.3 11.72 35.16 46.88 NOTE
r-patched-solaris-sparc 0.2.3 541.30 NOTE
r-patched-solaris-x86 0.2.3 120.40 NOTE
r-release-linux-x86_64 0.2.3 11.54 35.30 46.84 NOTE
r-release-osx-x86_64-mavericks 0.2.3 NOTE
r-release-windows-ix86+x86_64 0.2.3 45.00 103.00 148.00 NOTE
r-oldrel-windows-ix86+x86_64 0.2.3 33.00 125.00 158.00 NOTE

Check Details

Version: 0.2.3
Check: dependencies in R code
Result: NOTE
    Packages in Depends field not imported from:
     ‘Rcpp’ ‘RcppEigen’
     These packages need to be imported from (in the NAMESPACE file)
     for when this namespace is loaded but not attached.
Flavors: r-devel-linux-x86_64-debian-clang, r-devel-linux-x86_64-debian-gcc, r-devel-linux-x86_64-fedora-clang, r-devel-linux-x86_64-fedora-gcc, r-devel-osx-x86_64-clang, r-devel-windows-ix86+x86_64, r-patched-linux-x86_64, r-patched-solaris-sparc, r-patched-solaris-x86, r-release-linux-x86_64, r-release-osx-x86_64-mavericks, r-release-windows-ix86+x86_64, r-oldrel-windows-ix86+x86_64

Version: 0.2.3
Check: foreign function calls
Result: NOTE
    Calls with DUP:
     .Call("hclust_from_distance", data = as.double(x), size = as.integer(attributes(x)$Size),
     link = as.integer(method), DUP = FALSE, NAOK = FALSE, PACKAGE = "Rclusterpp")
     .Call("hclust_from_data", data = x, link = as.integer(method),
     dist = as.integer(distance), p = as.numeric(p), DUP = FALSE,
     NAOK = FALSE, PACKAGE = "Rclusterpp")
    DUP is no longer supported and will be ignored.
Flavors: r-devel-linux-x86_64-debian-clang, r-devel-linux-x86_64-debian-gcc, r-devel-linux-x86_64-fedora-clang, r-devel-linux-x86_64-fedora-gcc, r-devel-osx-x86_64-clang, r-devel-windows-ix86+x86_64, r-patched-linux-x86_64, r-patched-solaris-sparc, r-patched-solaris-x86, r-release-linux-x86_64, r-release-osx-x86_64-mavericks, r-release-windows-ix86+x86_64

Version: 0.2.3
Check: R code for possible problems
Result: NOTE
    Rclusterpp.package.skeleton: no visible global function definition for
     ‘packageDescription’
    Undefined global functions or variables:
     packageDescription
    Consider adding
     importFrom("utils", "packageDescription")
    to your NAMESPACE.
Flavors: r-devel-linux-x86_64-debian-clang, r-devel-linux-x86_64-debian-gcc, r-devel-linux-x86_64-fedora-clang, r-devel-linux-x86_64-fedora-gcc, r-devel-windows-ix86+x86_64

Version: 0.2.3
Check: foreign function calls
Result: NOTE
    Calls with DUP != TRUE:
     .Call("hclust_from_distance", data = as.double(x), size = as.integer(attributes(x)$Size),
     link = as.integer(method), DUP = FALSE, NAOK = FALSE, PACKAGE = "Rclusterpp")
     .Call("hclust_from_data", data = x, link = as.integer(method),
     dist = as.integer(distance), p = as.numeric(p), DUP = FALSE,
     NAOK = FALSE, PACKAGE = "Rclusterpp")
    DUP = FALSE is deprecated and will be disabled in future versions of R.
Flavor: r-oldrel-windows-ix86+x86_64