CRAN Package Check Results for Package Rcmdr

Last updated on 2019-08-18 00:46:20 CEST.

Flavor Version Tinstall Tcheck Ttotal Status Flags
r-devel-linux-x86_64-debian-clang 2.5-3 39.59 197.31 236.90 OK
r-devel-linux-x86_64-debian-gcc 2.5-3 31.06 152.55 183.61 OK
r-devel-linux-x86_64-fedora-clang 2.5-3 287.52 NOTE
r-devel-linux-x86_64-fedora-gcc 2.5-3 287.80 OK
r-devel-windows-ix86+x86_64 2.5-3 80.00 264.00 344.00 NOTE
r-patched-linux-x86_64 2.5-3 38.38 195.63 234.01 OK
r-patched-solaris-x86 2.5-3 394.60 NOTE
r-release-linux-x86_64 2.5-3 37.08 195.06 232.14 OK
r-release-windows-ix86+x86_64 2.5-3 49.00 275.00 324.00 NOTE
r-release-osx-x86_64 2.5-3 NOTE
r-oldrel-windows-ix86+x86_64 2.5-3 60.00 270.00 330.00 NOTE
r-oldrel-osx-x86_64 2.5-3 NOTE

Check Details

Version: 2.5-3
Check: installed package size
Result: NOTE
     installed size is 7.0Mb
     sub-directories of 1Mb or more:
     R 1.1Mb
     doc 3.0Mb
     po 2.2Mb
Flavors: r-devel-linux-x86_64-fedora-clang, r-devel-windows-ix86+x86_64, r-patched-solaris-x86, r-release-windows-ix86+x86_64, r-release-osx-x86_64, r-oldrel-windows-ix86+x86_64, r-oldrel-osx-x86_64