CRAN Package Check Results for Package Rcmdr

Last updated on 2017-08-16 18:46:54.

Flavor Version Tinstall Tcheck Ttotal Status Flags
r-devel-linux-x86_64-debian-clang 2.3-2 19.63 102.67 122.30 OK
r-devel-linux-x86_64-debian-gcc 2.3-2 18.68 102.33 121.01 OK
r-devel-linux-x86_64-fedora-clang 2.3-2 233.44 NOTE
r-devel-linux-x86_64-fedora-gcc 2.3-2 241.06 NOTE
r-devel-windows-ix86+x86_64 2.3-2 36.00 125.00 161.00 NOTE
r-patched-linux-x86_64 2.3-2 20.19 106.09 126.28 OK
r-patched-solaris-x86 2.3-2 298.50 NOTE
r-release-linux-x86_64 2.3-2 21.17 103.64 124.80 OK
r-release-windows-ix86+x86_64 2.3-2 42.00 223.00 265.00 NOTE
r-release-osx-x86_64 2.3-2 NOTE
r-oldrel-windows-ix86+x86_64 2.3-2 37.00 116.00 153.00 NOTE
r-oldrel-osx-x86_64 2.3-2 NOTE

Check Details

Version: 2.3-2
Check: installed package size
Result: NOTE
     installed size is 7.8Mb
     sub-directories of 1Mb or more:
     R 1.0Mb
     doc 4.0Mb
     po 2.2Mb
Flavors: r-devel-linux-x86_64-fedora-clang, r-devel-linux-x86_64-fedora-gcc, r-devel-windows-ix86+x86_64, r-patched-solaris-x86, r-release-windows-ix86+x86_64, r-release-osx-x86_64, r-oldrel-windows-ix86+x86_64, r-oldrel-osx-x86_64