CRAN Package Check Results for Package Rcmdr

Last updated on 2015-03-06 12:46:48.

Flavor Version Tinstall Tcheck Ttotal Status Flags
r-devel-linux-x86_64-debian-clang 2.1-7 16.70 88.02 104.72 NOTE
r-devel-linux-x86_64-debian-gcc 2.1-7 14.91 85.45 100.36 NOTE
r-devel-linux-x86_64-fedora-clang 2.1-7 200.76 NOTE
r-devel-linux-x86_64-fedora-gcc 2.1-7 188.71 NOTE
r-devel-osx-x86_64-clang 2.1-7 177.72 NOTE
r-devel-windows-ix86+x86_64 2.1-7 47.00 141.00 188.00 NOTE
r-patched-linux-x86_64 2.1-7 22.66 123.27 145.94 NOTE
r-patched-solaris-sparc 2.1-7 1508.40 NOTE
r-patched-solaris-x86 2.1-7 359.90 NOTE
r-release-linux-ix86 2.1-7 32.62 170.52 203.14 NOTE
r-release-linux-x86_64 2.1-7 21.58 126.39 147.97 NOTE
r-release-osx-x86_64-mavericks 2.1-7 NOTE
r-release-osx-x86_64-snowleopard 2.1-7 NOTE
r-release-windows-ix86+x86_64 2.1-7 59.00 229.00 288.00 NOTE
r-oldrel-windows-ix86+x86_64 2.1-7 58.00 234.00 292.00 NOTE

Check Details

Version: 2.1-7
Check: installed package size
Result: NOTE
     installed size is 7.0Mb
     sub-directories of 1Mb or more:
     doc 3.7Mb
     po 1.9Mb
Flavors: r-devel-linux-x86_64-debian-clang, r-devel-linux-x86_64-debian-gcc, r-devel-linux-x86_64-fedora-clang, r-devel-linux-x86_64-fedora-gcc, r-devel-osx-x86_64-clang, r-devel-windows-ix86+x86_64, r-patched-linux-x86_64, r-patched-solaris-sparc, r-patched-solaris-x86, r-release-linux-ix86, r-release-linux-x86_64, r-release-osx-x86_64-mavericks, r-release-osx-x86_64-snowleopard, r-release-windows-ix86+x86_64, r-oldrel-windows-ix86+x86_64

Version: 2.1-7
Check: package dependencies
Result: NOTE
    Package suggested but not available for checking: ‘RODBC’
Flavor: r-release-osx-x86_64-mavericks