CRAN Package Check Results for Package Rcmdr

Last updated on 2014-10-31 17:49:19.

Flavor Version Tinstall Tcheck Ttotal Status Flags
r-devel-linux-x86_64-debian-clang 2.1-3 14.13 95.36 109.49 NOTE
r-devel-linux-x86_64-debian-gcc 2.1-4 13.69 92.19 105.88 NOTE
r-devel-linux-x86_64-fedora-clang 2.1-4 103.83 NOTE
r-devel-linux-x86_64-fedora-gcc 2.1-4 96.46 NOTE
r-devel-osx-x86_64-clang 2.1-4 80.30 NOTE
r-devel-windows-ix86+x86_64 2.1-3 37.00 109.00 146.00 NOTE
r-patched-linux-x86_64 2.1-3 16.28 97.95 114.24 NOTE
r-patched-solaris-sparc 2.1-4 758.70 NOTE
r-patched-solaris-x86 2.1-4 150.40 NOTE
r-release-linux-ix86 2.1-2 0.37 2.91 3.28 ERROR
r-release-linux-x86_64 2.1-3 15.30 102.64 117.94 NOTE
r-release-osx-x86_64-mavericks 2.1-4 NOTE
r-release-osx-x86_64-snowleopard 2.1-4 NOTE
r-release-windows-ix86+x86_64 2.1-4 33.00 117.00 150.00 NOTE
r-oldrel-windows-ix86+x86_64 2.1-4 42.00 137.00 179.00 NOTE

Check Details

Version: 2.1-3
Check: installed package size
Result: NOTE
     installed size is 6.7Mb
     sub-directories of 1Mb or more:
     doc 3.7Mb
     po 1.6Mb
Flavors: r-devel-linux-x86_64-debian-clang, r-devel-windows-ix86+x86_64, r-patched-linux-x86_64, r-release-linux-x86_64

Version: 2.1-4
Check: installed package size
Result: NOTE
     installed size is 6.9Mb
     sub-directories of 1Mb or more:
     doc 3.7Mb
     po 1.8Mb
Flavors: r-devel-linux-x86_64-debian-gcc, r-devel-linux-x86_64-fedora-clang, r-devel-linux-x86_64-fedora-gcc, r-devel-osx-x86_64-clang, r-patched-solaris-sparc, r-patched-solaris-x86, r-release-osx-x86_64-mavericks, r-release-osx-x86_64-snowleopard, r-release-windows-ix86+x86_64, r-oldrel-windows-ix86+x86_64

Version: 2.1-2
Check: whether package can be installed
Result: ERROR
    Installation failed.
Flavor: r-release-linux-ix86

Version: 2.1-4
Check: package dependencies
Result: NOTE
    Package suggested but not available for checking: ‘RODBC’
Flavor: r-release-osx-x86_64-mavericks