CRAN Package Check Results for Package Rcmdr

Last updated on 2017-06-28 20:48:54.

Flavor Version Tinstall Tcheck Ttotal Status Flags
r-devel-linux-x86_64-debian-clang 2.3-2 19.43 100.63 120.05 OK
r-devel-linux-x86_64-debian-gcc 2.3-2 18.75 107.71 126.46 OK
r-devel-linux-x86_64-fedora-clang 2.3-2 235.23 NOTE
r-devel-linux-x86_64-fedora-gcc 2.3-2 231.22 NOTE
r-devel-windows-ix86+x86_64 2.3-2 39.00 133.00 172.00 NOTE
r-patched-linux-x86_64 2.3-2 19.67 105.49 125.16 OK
r-patched-solaris-sparc 2.3-2 1291.30 NOTE
r-patched-solaris-x86 2.3-2 300.10 NOTE
r-release-linux-x86_64 2.3-2 20.22 101.95 122.17 OK
r-release-windows-ix86+x86_64 2.3-2 39.00 148.00 187.00 NOTE
r-release-osx-x86_64 2.3-2 NOTE
r-oldrel-windows-ix86+x86_64 2.3-2 56.00 185.00 241.00 NOTE
r-oldrel-osx-x86_64 2.3-2 NOTE

Check Details

Version: 2.3-2
Check: installed package size
Result: NOTE
     installed size is 7.8Mb
     sub-directories of 1Mb or more:
     R 1.0Mb
     doc 4.0Mb
     po 2.2Mb
Flavors: r-devel-linux-x86_64-fedora-clang, r-devel-linux-x86_64-fedora-gcc, r-devel-windows-ix86+x86_64, r-patched-solaris-sparc, r-patched-solaris-x86, r-release-windows-ix86+x86_64, r-release-osx-x86_64, r-oldrel-windows-ix86+x86_64, r-oldrel-osx-x86_64