CRAN Package Check Results for Package Rcmdr

Last updated on 2014-07-24 11:53:28.

Flavor Version Tinstall Tcheck Ttotal Status Flags
r-devel-linux-x86_64-debian-clang 2.0-4 13.92 55.24 69.16 NOTE
r-devel-linux-x86_64-debian-gcc 2.0-4 13.34 52.67 66.01 NOTE
r-devel-linux-x86_64-fedora-clang 2.0-4 159.65 NOTE
r-devel-linux-x86_64-fedora-gcc 2.0-4 152.02 NOTE
r-devel-osx-x86_64-clang 2.0-4 127.17 NOTE
r-devel-windows-ix86+x86_64 2.0-4 31.00 83.00 114.00 NOTE
r-patched-linux-x86_64 2.0-4 14.80 52.28 67.08 NOTE
r-patched-solaris-sparc 2.0-4 682.30 NOTE
r-patched-solaris-x86 2.0-4 187.70 WARN
r-release-linux-ix86 2.0-4 17.48 70.06 87.55 NOTE
r-release-linux-x86_64 2.0-4 14.53 53.40 67.94 NOTE
r-release-osx-x86_64-mavericks 2.0-4 NOTE
r-release-osx-x86_64-snowleopard 2.0-4 NOTE
r-release-windows-ix86+x86_64 2.0-4 32.00 95.00 127.00 NOTE
r-oldrel-windows-ix86+x86_64 2.0-4 30.00 92.00 122.00 NOTE

Check Details

Version: 2.0-4
Check: installed package size
Result: NOTE
     installed size is 5.2Mb
     sub-directories of 1Mb or more:
     doc 2.4Mb
     po 1.4Mb
Flavors: r-devel-linux-x86_64-debian-clang, r-devel-linux-x86_64-debian-gcc, r-devel-linux-x86_64-fedora-clang, r-devel-linux-x86_64-fedora-gcc, r-devel-osx-x86_64-clang, r-devel-windows-ix86+x86_64, r-patched-linux-x86_64, r-patched-solaris-sparc, r-patched-solaris-x86, r-release-linux-ix86, r-release-linux-x86_64, r-release-osx-x86_64-mavericks, r-release-osx-x86_64-snowleopard, r-release-windows-ix86+x86_64, r-oldrel-windows-ix86+x86_64

Version: 2.0-4
Check: sizes of PDF files under ‘inst/doc’
Result: WARNING
     ‘gs+qpdf’ made some significant size reductions:
     compacted ‘Empezando-con-Rcmdr-es.pdf’ from 597Kb to 125Kb
     consider running tools::compactPDF(gs_quality = "ebook") on these files
Flavor: r-patched-solaris-x86

Version: 2.0-4
Check: package dependencies
Result: NOTE
    Package suggested but not available for checking: ‘RODBC’
Flavor: r-release-osx-x86_64-mavericks

Version: 2.0-4
Check: R code for possible problems
Result: NOTE
    importRODBCtable: no visible global function definition for
     ‘odbcCloseAll’
    importRODBCtable : onOK: no visible global function definition for
     ‘sqlTables’
    importRODBCtable : onOK: no visible global function definition for
     ‘sqlQuery’
    importRODBCtable : onOK: no visible global function definition for
     ‘odbcCloseAll’
Flavor: r-release-osx-x86_64-mavericks

Version: 2.0-4
Check: package dependencies
Result: NOTE
    Package suggested but not available for checking: ‘multcomp’
Flavor: r-release-osx-x86_64-snowleopard