CRAN Package Check Results for Package Rcmdr

Last updated on 2014-12-21 11:46:42.

Flavor Version Tinstall Tcheck Ttotal Status Flags
r-devel-linux-x86_64-debian-clang 2.1-5 13.62 69.46 83.08 NOTE
r-devel-linux-x86_64-debian-gcc 2.1-5 12.75 66.61 79.36 NOTE
r-devel-linux-x86_64-fedora-clang 2.1-5 147.32 NOTE
r-devel-linux-x86_64-fedora-gcc 2.1-5 143.96 NOTE
r-devel-osx-x86_64-clang 2.1-5 141.57 NOTE
r-devel-windows-ix86+x86_64 2.1-5 38.00 109.00 147.00 NOTE
r-patched-linux-x86_64 2.1-5 15.65 71.74 87.39 NOTE
r-patched-solaris-sparc 2.1-5 787.60 NOTE
r-patched-solaris-x86 2.1-5 186.80 NOTE
r-release-linux-ix86 2.1-5 18.69 76.79 95.48 NOTE
r-release-linux-x86_64 2.1-5 15.14 71.01 86.15 NOTE
r-release-osx-x86_64-mavericks 2.1-5 NOTE
r-release-osx-x86_64-snowleopard 2.1-5 NOTE
r-release-windows-ix86+x86_64 2.1-5 43.00 125.00 168.00 NOTE
r-oldrel-windows-ix86+x86_64 2.1-5 38.00 122.00 160.00 NOTE

Check Details

Version: 2.1-5
Check: installed package size
Result: NOTE
     installed size is 6.9Mb
     sub-directories of 1Mb or more:
     doc 3.7Mb
     po 1.8Mb
Flavors: r-devel-linux-x86_64-debian-clang, r-devel-linux-x86_64-debian-gcc, r-devel-linux-x86_64-fedora-clang, r-devel-linux-x86_64-fedora-gcc, r-devel-osx-x86_64-clang, r-devel-windows-ix86+x86_64, r-patched-linux-x86_64, r-patched-solaris-sparc, r-patched-solaris-x86, r-release-linux-ix86, r-release-linux-x86_64, r-release-osx-x86_64-mavericks, r-release-osx-x86_64-snowleopard, r-release-windows-ix86+x86_64, r-oldrel-windows-ix86+x86_64

Version: 2.1-5
Check: package dependencies
Result: NOTE
    Package suggested but not available for checking: ‘RODBC’
Flavor: r-release-osx-x86_64-mavericks