CRAN Package Check Results for Package Rcmdr

Last updated on 2017-05-24 01:49:20.

Flavor Version Tinstall Tcheck Ttotal Status Flags
r-devel-linux-x86_64-debian-clang 2.3-2 20.61 101.06 121.67 OK
r-devel-linux-x86_64-debian-gcc 2.3-2 20.28 103.70 123.98 OK
r-devel-linux-x86_64-fedora-clang 2.3-2 235.55 NOTE --no-stop-on-test-error
r-devel-linux-x86_64-fedora-gcc 2.3-2 227.01 NOTE --no-stop-on-test-error
r-devel-windows-ix86+x86_64 2.3-2 40.00 142.00 182.00 NOTE
r-patched-linux-x86_64 2.3-2 19.60 104.23 123.83 OK
r-patched-solaris-sparc 2.3-2 1291.30 NOTE
r-patched-solaris-x86 2.3-2 289.70 NOTE
r-release-linux-x86_64 2.3-2 19.81 102.78 122.58 OK
r-release-windows-ix86+x86_64 2.3-2 40.00 209.00 249.00 NOTE
r-release-osx-x86_64 2.3-2 NOTE
r-oldrel-windows-ix86+x86_64 2.3-2 52.00 193.00 245.00 NOTE
r-oldrel-osx-x86_64 2.3-2 NOTE

Check Details

Version: 2.3-2
Flags: --no-stop-on-test-error
Check: installed package size
Result: NOTE
     installed size is 7.8Mb
     sub-directories of 1Mb or more:
     R 1.0Mb
     doc 4.0Mb
     po 2.2Mb
Flavors: r-devel-linux-x86_64-fedora-clang, r-devel-linux-x86_64-fedora-gcc

Version: 2.3-2
Check: installed package size
Result: NOTE
     installed size is 7.6Mb
     sub-directories of 1Mb or more:
     R 1.0Mb
     doc 4.0Mb
     po 2.0Mb
Flavors: r-devel-windows-ix86+x86_64, r-patched-solaris-sparc, r-patched-solaris-x86, r-release-windows-ix86+x86_64, r-release-osx-x86_64, r-oldrel-windows-ix86+x86_64, r-oldrel-osx-x86_64