CRAN Package Check Results for Package Rcmdr

Last updated on 2014-04-24 11:48:53.

Flavor Version Tinstall Tcheck Ttotal Status Flags
r-devel-linux-x86_64-debian-clang 2.0-4 14.82 57.07 71.89 NOTE
r-devel-linux-x86_64-debian-gcc 2.0-4 14.19 56.98 71.17 NOTE
r-devel-linux-x86_64-fedora-clang 2.0-4 160.66 NOTE
r-devel-linux-x86_64-fedora-gcc 2.0-4 153.57 NOTE
r-devel-osx-x86_64-clang 2.0-4 126.61 NOTE
r-devel-osx-x86_64-gcc 2.0-4 ERROR
r-devel-windows-ix86+x86_64 2.0-4 31.00 84.00 115.00 NOTE
r-patched-linux-x86_64 2.0-4 15.23 58.25 73.48 NOTE
r-patched-solaris-sparc 2.0-4 671.70 NOTE
r-patched-solaris-x86 2.0-4 215.90 NOTE
r-release-linux-ix86 2.0-4 22.00 93.00 115.00 NOTE
r-release-linux-x86_64 2.0-4 14.38 56.87 71.25 NOTE
r-release-osx-x86_64-mavericks 2.0-4 WARN
r-release-osx-x86_64-snowleopard 2.0-4 NOTE
r-release-windows-ix86+x86_64 2.0-4 30.00 89.00 119.00 NOTE
r-oldrel-windows-ix86+x86_64 2.0-4 31.00 94.00 125.00 NOTE

Check Details

Version: 2.0-4
Check: installed package size
Result: NOTE
     installed size is 5.2Mb
     sub-directories of 1Mb or more:
     doc 2.4Mb
     po 1.4Mb
Flavors: r-devel-linux-x86_64-debian-clang, r-devel-linux-x86_64-debian-gcc, r-devel-linux-x86_64-fedora-clang, r-devel-linux-x86_64-fedora-gcc, r-devel-osx-x86_64-clang, r-devel-osx-x86_64-gcc, r-devel-windows-ix86+x86_64, r-patched-linux-x86_64, r-patched-solaris-sparc, r-patched-solaris-x86, r-release-linux-ix86, r-release-linux-x86_64, r-release-osx-x86_64-mavericks, r-release-osx-x86_64-snowleopard, r-release-windows-ix86+x86_64, r-oldrel-windows-ix86+x86_64

Version: 2.0-4
Check: package dependencies
Result: NOTE
    Packages suggested but not available for checking:
     ‘car’ ‘Hmisc’ ‘knitr’ ‘lmtest’ ‘multcomp’
Flavor: r-devel-osx-x86_64-gcc

Version: 2.0-4
Check: R code for possible problems
Result: NOTE
    compileRmd: no visible global function definition for ‘knit’
    compileRnw: no visible global function definition for ‘knit2pdf’
    indexplot: no visible global function definition for ‘showLabels’
    rcorr.adjust: no visible global function definition for ‘rcorr’
Flavor: r-devel-osx-x86_64-gcc

Version: 2.0-4
Check: Rd cross-references
Result: NOTE
    Packages unavailable to check Rd xrefs: ‘knitr’, ‘car’, ‘Hmisc’
Flavor: r-devel-osx-x86_64-gcc

Version: 2.0-4
Check: examples
Result: ERROR
    Running examples in ‘Rcmdr-Ex.R’ failed
    The error most likely occurred in:
    
    > ### Name: Hist
    > ### Title: Plot a Histogram
    > ### Aliases: Hist
    > ### Keywords: hplot
    >
    > ### ** Examples
    >
    > data(Prestige, package="car")
    Error in find.package(package, lib.loc, verbose = verbose) :
     there is no package called ‘car’
    Calls: data -> find.package
    Execution halted
Flavor: r-devel-osx-x86_64-gcc

Version: 2.0-4
Check: package dependencies
Result: NOTE
    Packages suggested but not available for checking: ‘multcomp’ ‘RODBC’
Flavor: r-release-osx-x86_64-mavericks

Version: 2.0-4
Check: R code for possible problems
Result: NOTE
    importRODBCtable: no visible global function definition for
     ‘odbcCloseAll’
    importRODBCtable : onOK: no visible global function definition for
     ‘sqlTables’
    importRODBCtable : onOK: no visible global function definition for
     ‘sqlQuery’
    importRODBCtable : onOK: no visible global function definition for
     ‘odbcCloseAll’
Flavor: r-release-osx-x86_64-mavericks

Version: 2.0-4
Check: PDF version of manual
Result: WARNING
    LaTeX errors when creating PDF version.
    This typically indicates Rd problems.
    LaTeX errors found:
    ! LaTeX Error: File `upquote.sty' not found.
    
    Type X to quit or <RETURN> to proceed,
    or enter new name. (Default extension: sty)
    
    a86e5cd/Rd2.tex:8: ==> Fatal error occurred, no output PDF file produced!
Flavor: r-release-osx-x86_64-mavericks

Version: 2.0-4
Check: package dependencies
Result: NOTE
    Package suggested but not available for checking: ‘multcomp’
Flavor: r-release-osx-x86_64-snowleopard