CRAN Package Check Results for Package Rcmdr

Last updated on 2020-08-06 23:48:43 CEST.

Flavor Version Tinstall Tcheck Ttotal Status Flags
r-devel-linux-x86_64-debian-clang 2.6-2 48.37 222.99 271.36 OK
r-devel-linux-x86_64-debian-gcc 2.6-2 33.63 164.06 197.69 OK
r-devel-linux-x86_64-fedora-clang 2.6-2 325.63 NOTE
r-devel-linux-x86_64-fedora-gcc 2.6-2 316.77 OK
r-devel-windows-ix86+x86_64 2.6-2 84.00 207.00 291.00 NOTE
r-patched-linux-x86_64 2.6-2 34.51 217.92 252.43 OK
r-patched-solaris-x86 2.6-2 438.10 NOTE
r-release-linux-x86_64 2.6-2 30.27 218.40 248.67 OK
r-release-macos-x86_64 2.6-2 NOTE
r-release-windows-ix86+x86_64 2.6-2 55.00 225.00 280.00 NOTE
r-oldrel-macos-x86_64 2.6-2 WARN
r-oldrel-windows-ix86+x86_64 2.6-2 49.00 193.00 242.00 NOTE

Check Details

Version: 2.6-2
Check: installed package size
Result: NOTE
     installed size is 7.1Mb
     sub-directories of 1Mb or more:
     R 1.1Mb
     doc 3.0Mb
     po 2.4Mb
Flavors: r-devel-linux-x86_64-fedora-clang, r-devel-windows-ix86+x86_64, r-patched-solaris-x86, r-release-macos-x86_64, r-release-windows-ix86+x86_64, r-oldrel-macos-x86_64, r-oldrel-windows-ix86+x86_64

Version: 2.6-2
Check: dependencies in R code
Result: NOTE
    No protocol specified
    No protocol specified
Flavor: r-oldrel-macos-x86_64

Version: 2.6-2
Check: S3 generic/method consistency
Result: WARN
    No protocol specified
    No protocol specified
    See section ‘Generic functions and methods’ in the ‘Writing R
    Extensions’ manual.
Flavor: r-oldrel-macos-x86_64

Version: 2.6-2
Check: replacement functions
Result: WARN
    No protocol specified
    No protocol specified
    The argument of a replacement function which corresponds to the right
    hand side must be named ‘value’.
Flavor: r-oldrel-macos-x86_64

Version: 2.6-2
Check: foreign function calls
Result: NOTE
    No protocol specified
    No protocol specified
    See chapter ‘System and foreign language interfaces’ in the ‘Writing R
    Extensions’ manual.
Flavor: r-oldrel-macos-x86_64

Version: 2.6-2
Check: R code for possible problems
Result: NOTE
    No protocol specified
    No protocol specified
Flavor: r-oldrel-macos-x86_64

Version: 2.6-2
Check: for missing documentation entries
Result: WARN
    No protocol specified
    No protocol specified
    All user-level objects in a package should have documentation entries.
    See chapter ‘Writing R documentation files’ in the ‘Writing R
    Extensions’ manual.
Flavor: r-oldrel-macos-x86_64

Version: 2.6-2
Check: for code/documentation mismatches
Result: WARN
    No protocol specified
    No protocol specified
    No protocol specified
    No protocol specified
    No protocol specified
    No protocol specified
Flavor: r-oldrel-macos-x86_64

Version: 2.6-2
Check: Rd \usage sections
Result: NOTE
    No protocol specified
    No protocol specified
    The \usage entries for S3 methods should use the \method markup and not
    their full name.
    See chapter ‘Writing R documentation files’ in the ‘Writing R
    Extensions’ manual.
Flavor: r-oldrel-macos-x86_64