CRAN Package Check Results for Package Rcmdr

Last updated on 2017-10-22 22:49:01.

Flavor Version Tinstall Tcheck Ttotal Status Flags
r-devel-linux-x86_64-debian-clang 2.4-0 19.94 119.66 139.59 OK
r-devel-linux-x86_64-debian-gcc 2.4-1 24.14 119.97 144.11 OK
r-devel-linux-x86_64-fedora-clang 2.4-1 138.23 NOTE
r-devel-linux-x86_64-fedora-gcc 2.4-1 148.51 NOTE
r-devel-windows-ix86+x86_64 2.4-1 58.00 226.00 284.00 NOTE
r-patched-linux-x86_64 2.4-0 22.43 120.73 143.16 OK
r-patched-solaris-x86 2.4-1 274.00 NOTE
r-release-linux-x86_64 2.4-1 22.88 121.10 143.97 OK
r-release-windows-ix86+x86_64 2.4-0 58.00 170.00 228.00 NOTE
r-release-osx-x86_64 2.4-1 NOTE
r-oldrel-windows-ix86+x86_64 2.4-1 38.00 144.00 182.00 NOTE
r-oldrel-osx-x86_64 2.4-1 NOTE

Check Details

Version: 2.4-1
Check: installed package size
Result: NOTE
     installed size is 6.9Mb
     sub-directories of 1Mb or more:
     R 1.0Mb
     doc 3.0Mb
     po 2.2Mb
Flavors: r-devel-linux-x86_64-fedora-clang, r-devel-linux-x86_64-fedora-gcc, r-devel-windows-ix86+x86_64, r-patched-solaris-x86, r-release-osx-x86_64, r-oldrel-windows-ix86+x86_64, r-oldrel-osx-x86_64

Version: 2.4-0
Check: installed package size
Result: NOTE
     installed size is 6.7Mb
     sub-directories of 1Mb or more:
     R 1.0Mb
     doc 3.0Mb
     po 2.0Mb
Flavor: r-release-windows-ix86+x86_64

Version: 2.4-1
Check: re-building of vignette outputs
Result: NOTE
    Error in re-building vignettes:
     ...
    Loading required package: sandwich
    Loading required package: effects
    Loading required package: carData
    
    Attaching package: ‘carData’
    
    The following objects are masked from ‘package:car’:
    
     Guyer, UN, Vocab
    
    lattice theme set by effectsTheme()
    See ?effectsTheme for details.
    The Commander GUI is launched only in interactive sessions
    Error in texi2dvi(file = file, pdf = TRUE, clean = clean, quiet = quiet, :
     Running 'texi2dvi' on 'Getting-Started-with-the-Rcmdr.tex' failed.
    BibTeX errors:
    The top-level auxiliary file: Getting-Started-with-the-Rcmdr.aux
    I couldn't open style file apa.bst
    ---line 3 of file Getting-Started-with-the-Rcmdr.aux
     : \bibstyle{apa
     : }
    I'm skipping whatever remains of this command
    I found no style file---while reading file Getting-Started-with-the-Rcmdr.aux
    Calls: buildVignettes -> texi2pdf -> texi2dvi
    Execution halted
Flavor: r-release-osx-x86_64