CRAN Package Check Results for Package Rcmdr

Last updated on 2016-02-11 03:47:18.

Flavor Version Tinstall Tcheck Ttotal Status Flags
r-devel-linux-x86_64-debian-gcc 2.2-3 17.87 93.55 111.43 NOTE
r-devel-linux-x86_64-fedora-clang 2.2-3 205.58 NOTE
r-devel-linux-x86_64-fedora-gcc 2.2-3 193.20 NOTE
r-devel-osx-x86_64-clang 2.2-3 209.92 NOTE
r-devel-windows-ix86+x86_64 2.2-3 55.00 136.00 191.00 NOTE
r-patched-linux-x86_64 2.2-3 17.74 100.19 117.94 NOTE
r-patched-solaris-sparc 2.2-3 1155.40 NOTE
r-patched-solaris-x86 2.2-3 263.10 NOTE
r-release-linux-x86_64 2.2-3 18.42 98.70 117.12 NOTE
r-release-osx-x86_64-mavericks 2.2-3 NOTE
r-release-windows-ix86+x86_64 2.2-3 52.00 213.00 265.00 NOTE
r-oldrel-windows-ix86+x86_64 2.2-3 19.00 2.00 21.00 ERROR

Check Details

Version: 2.2-3
Check: installed package size
Result: NOTE
     installed size is 7.2Mb
     sub-directories of 1Mb or more:
     doc 3.7Mb
     po 2.1Mb
Flavors: r-devel-linux-x86_64-debian-gcc, r-devel-linux-x86_64-fedora-clang, r-devel-linux-x86_64-fedora-gcc, r-devel-osx-x86_64-clang, r-devel-windows-ix86+x86_64, r-patched-linux-x86_64, r-patched-solaris-sparc, r-patched-solaris-x86, r-release-linux-x86_64, r-release-osx-x86_64-mavericks, r-release-windows-ix86+x86_64

Version: 2.2-3
Check: package dependencies
Result: ERROR
    Package required and available but unsuitable version: 'car'
    
    See section 'The DESCRIPTION file' in the 'Writing R Extensions'
    manual.
Flavor: r-oldrel-windows-ix86+x86_64