CRAN Package Check Results for Package Rcmdr

Last updated on 2015-01-30 03:49:11.

Flavor Version Tinstall Tcheck Ttotal Status Flags
r-devel-linux-x86_64-debian-clang 2.1-5 13.44 60.26 73.70 NOTE
r-devel-linux-x86_64-debian-gcc 2.1-5 12.46 58.87 71.33 NOTE
r-devel-linux-x86_64-fedora-clang 2.1-5 138.29 NOTE
r-devel-linux-x86_64-fedora-gcc 2.1-5 131.68 NOTE
r-devel-osx-x86_64-clang 2.1-5 139.12 NOTE
r-devel-windows-ix86+x86_64 2.1-5 36.00 75.00 111.00 NOTE
r-patched-linux-x86_64 2.1-5 15.31 72.60 87.91 NOTE
r-patched-solaris-sparc 2.1-5 841.20 NOTE
r-patched-solaris-x86 2.1-5 183.30 NOTE
r-release-linux-ix86 2.1-5 18.75 77.18 95.93 NOTE
r-release-linux-x86_64 2.1-5 16.18 71.95 88.13 NOTE
r-release-osx-x86_64-mavericks 2.1-5 NOTE
r-release-osx-x86_64-snowleopard 2.1-5 NOTE
r-release-windows-ix86+x86_64 2.1-5 35.00 129.00 164.00 NOTE
r-oldrel-windows-ix86+x86_64 2.1-5 34.00 130.00 164.00 NOTE

Check Details

Version: 2.1-5
Check: installed package size
Result: NOTE
     installed size is 6.9Mb
     sub-directories of 1Mb or more:
     doc 3.7Mb
     po 1.8Mb
Flavors: r-devel-linux-x86_64-debian-clang, r-devel-linux-x86_64-debian-gcc, r-devel-linux-x86_64-fedora-clang, r-devel-linux-x86_64-fedora-gcc, r-devel-osx-x86_64-clang, r-devel-windows-ix86+x86_64, r-patched-linux-x86_64, r-patched-solaris-sparc, r-patched-solaris-x86, r-release-linux-ix86, r-release-linux-x86_64, r-release-osx-x86_64-mavericks, r-release-osx-x86_64-snowleopard, r-release-windows-ix86+x86_64, r-oldrel-windows-ix86+x86_64

Version: 2.1-5
Check: package dependencies
Result: NOTE
    Package suggested but not available for checking: ‘RODBC’
Flavor: r-release-osx-x86_64-mavericks