CRAN Package Check Results for Package Rcmdr

Last updated on 2016-08-27 12:47:41.

Flavor Version Tinstall Tcheck Ttotal Status Flags
r-devel-linux-x86_64-debian-clang 2.3-0 18.63 99.49 118.13 NOTE
r-devel-linux-x86_64-debian-gcc 2.3-0 22.54 128.24 150.79 NOTE
r-devel-linux-x86_64-fedora-clang 2.3-0 127.16 NOTE
r-devel-linux-x86_64-fedora-gcc 2.3-0 121.24 NOTE
r-devel-osx-x86_64-clang 2.3-0 169.08 NOTE
r-devel-windows-ix86+x86_64 2.2-5 53.00 182.00 235.00 NOTE
r-patched-linux-x86_64 2.3-0 18.83 97.78 116.61 NOTE
r-patched-solaris-sparc 2.3-0 1126.80 NOTE
r-patched-solaris-x86 2.3-0 214.50 NOTE
r-release-linux-x86_64 2.3-0 19.77 104.13 123.90 NOTE
r-release-osx-x86_64-mavericks 2.3-0 NOTE
r-release-windows-ix86+x86_64 2.3-0 50.00 309.00 359.00 NOTE
r-oldrel-windows-ix86+x86_64 2.3-0 40.00 141.00 181.00 NOTE

Check Details

Version: 2.3-0
Check: installed package size
Result: NOTE
     installed size is 7.4Mb
     sub-directories of 1Mb or more:
     doc 3.8Mb
     po 2.2Mb
Flavors: r-devel-linux-x86_64-debian-clang, r-devel-linux-x86_64-debian-gcc, r-devel-linux-x86_64-fedora-clang, r-devel-linux-x86_64-fedora-gcc, r-devel-osx-x86_64-clang, r-patched-linux-x86_64, r-patched-solaris-sparc, r-patched-solaris-x86, r-release-linux-x86_64, r-release-osx-x86_64-mavericks, r-release-windows-ix86+x86_64, r-oldrel-windows-ix86+x86_64

Version: 2.2-5
Check: installed package size
Result: NOTE
     installed size is 7.0Mb
     sub-directories of 1Mb or more:
     doc 3.7Mb
     po 2.0Mb
Flavor: r-devel-windows-ix86+x86_64