CRAN Package Check Results for Package Rcmdr

Last updated on 2019-05-25 08:50:18 CEST.

Flavor Version Tinstall Tcheck Ttotal Status Flags
r-devel-linux-x86_64-debian-clang 2.5-3 41.09 196.06 237.15 OK
r-devel-linux-x86_64-debian-gcc 2.5-3 30.49 151.75 182.24 OK
r-devel-linux-x86_64-fedora-clang 2.5-3 279.04 NOTE
r-devel-linux-x86_64-fedora-gcc 2.5-3 290.90 OK
r-devel-windows-ix86+x86_64 2.5-3 54.00 190.00 244.00 NOTE
r-patched-linux-x86_64 2.5-3 OK
r-patched-solaris-x86 2.5-3 402.50 NOTE
r-release-linux-x86_64 2.5-3 41.03 195.20 236.23 OK
r-release-windows-ix86+x86_64 2.5-3 82.00 268.00 350.00 NOTE
r-release-osx-x86_64 2.5-3 NOTE
r-oldrel-windows-ix86+x86_64 2.5-3 58.00 182.00 240.00 NOTE
r-oldrel-osx-x86_64 2.5-3 NOTE

Check Details

Version: 2.5-3
Check: installed package size
Result: NOTE
     installed size is 7.0Mb
     sub-directories of 1Mb or more:
     R 1.1Mb
     doc 3.0Mb
     po 2.2Mb
Flavors: r-devel-linux-x86_64-fedora-clang, r-devel-windows-ix86+x86_64, r-patched-solaris-x86, r-release-windows-ix86+x86_64, r-release-osx-x86_64, r-oldrel-windows-ix86+x86_64, r-oldrel-osx-x86_64