CRAN Package Check Results for Package Rcmdr

Last updated on 2014-08-29 09:48:05.

Flavor Version Tinstall Tcheck Ttotal Status Flags
r-devel-linux-x86_64-debian-clang 2.1-0 14.66 61.13 75.79 NOTE
r-devel-linux-x86_64-debian-gcc 2.1-0 13.98 58.87 72.86 NOTE
r-devel-linux-x86_64-fedora-clang 2.1-0 176.83 NOTE
r-devel-linux-x86_64-fedora-gcc 2.1-0 152.83 NOTE
r-devel-osx-x86_64-clang 2.1-0 147.32 NOTE
r-devel-windows-ix86+x86_64 2.1-0 35.00 103.00 138.00 NOTE
r-patched-linux-x86_64 2.1-0 15.12 66.12 81.24 NOTE
r-patched-solaris-sparc 2.1-0 803.40 NOTE
r-patched-solaris-x86 2.1-0 235.60 WARN
r-release-linux-ix86 2.1-0 19.92 83.79 103.72 NOTE
r-release-linux-x86_64 2.1-0 16.96 66.30 83.26 NOTE
r-release-osx-x86_64-mavericks 2.1-0 NOTE
r-release-osx-x86_64-snowleopard 2.0-4 NOTE
r-release-windows-ix86+x86_64 2.1-0 43.00 139.00 182.00 NOTE
r-oldrel-windows-ix86+x86_64 2.1-0 36.00 141.00 177.00 NOTE

Check Details

Version: 2.1-0
Check: installed package size
Result: NOTE
     installed size is 6.6Mb
     sub-directories of 1Mb or more:
     doc 3.7Mb
     po 1.6Mb
Flavors: r-devel-linux-x86_64-debian-clang, r-devel-linux-x86_64-debian-gcc, r-devel-linux-x86_64-fedora-clang, r-devel-linux-x86_64-fedora-gcc, r-devel-osx-x86_64-clang, r-devel-windows-ix86+x86_64, r-patched-linux-x86_64, r-patched-solaris-sparc, r-patched-solaris-x86, r-release-linux-ix86, r-release-linux-x86_64, r-release-osx-x86_64-mavericks, r-release-windows-ix86+x86_64, r-oldrel-windows-ix86+x86_64

Version: 2.1-0
Check: sizes of PDF files under ‘inst/doc’
Result: WARN
     ‘gs+qpdf’ made some significant size reductions:
     compacted ‘Empezando-con-Rcmdr-es.pdf’ from 597Kb to 125Kb
     compacted ‘Getting-Started-with-the-Rcmdr.pdf’ from 821Kb to 176Kb
     consider running tools::compactPDF(gs_quality = "ebook") on these files
Flavor: r-patched-solaris-x86

Version: 2.1-0
Check: package dependencies
Result: NOTE
    Package suggested but not available for checking: ‘RODBC’
Flavor: r-release-osx-x86_64-mavericks

Version: 2.0-4
Check: package dependencies
Result: NOTE
    Package suggested but not available for checking: ‘multcomp’
Flavor: r-release-osx-x86_64-snowleopard

Version: 2.0-4
Check: installed package size
Result: NOTE
     installed size is 5.1Mb
     sub-directories of 1Mb or more:
     doc 2.4Mb
     po 1.3Mb
Flavor: r-release-osx-x86_64-snowleopard