CRAN Package Check Results for Package Rcmdr

Last updated on 2016-09-26 06:47:26.

Flavor Version Tinstall Tcheck Ttotal Status Flags
r-devel-linux-x86_64-debian-clang 2.3-0 17.48 93.89 111.37 NOTE
r-devel-linux-x86_64-debian-gcc 2.3-0 18.93 93.42 112.36 NOTE
r-devel-linux-x86_64-fedora-clang 2.3-0 207.50 NOTE
r-devel-linux-x86_64-fedora-gcc 2.3-0 199.04 NOTE
r-devel-macos-x86_64-clang 2.3-0 157.78 NOTE
r-devel-windows-ix86+x86_64 2.3-0 48.00 176.00 224.00 NOTE
r-patched-linux-x86_64 2.3-0 18.85 97.64 116.49 NOTE
r-patched-solaris-sparc 2.3-0 1126.80 NOTE
r-patched-solaris-x86 2.3-0 254.10 NOTE
r-release-linux-x86_64 2.3-0 17.60 94.69 112.30 NOTE
r-release-osx-x86_64-mavericks 2.3-0 NOTE
r-release-windows-ix86+x86_64 2.3-0 46.00 167.00 213.00 NOTE
r-oldrel-windows-ix86+x86_64 2.3-0 53.00 181.00 234.00 NOTE

Check Details

Version: 2.3-0
Check: installed package size
Result: NOTE
     installed size is 7.4Mb
     sub-directories of 1Mb or more:
     doc 3.8Mb
     po 2.2Mb
Flavors: r-devel-linux-x86_64-debian-clang, r-devel-linux-x86_64-debian-gcc, r-devel-linux-x86_64-fedora-clang, r-devel-linux-x86_64-fedora-gcc, r-devel-macos-x86_64-clang, r-devel-windows-ix86+x86_64, r-patched-linux-x86_64, r-patched-solaris-sparc, r-patched-solaris-x86, r-release-linux-x86_64, r-release-osx-x86_64-mavericks, r-release-windows-ix86+x86_64, r-oldrel-windows-ix86+x86_64