CRAN Package Check Results for Package Rcmdr

Last updated on 2015-04-26 00:47:33.

Flavor Version Tinstall Tcheck Ttotal Status Flags
r-devel-linux-x86_64-debian-clang 2.1-7 15.75 89.00 104.74 NOTE
r-devel-linux-x86_64-debian-gcc 2.1-7 14.81 86.15 100.96 NOTE
r-devel-linux-x86_64-fedora-clang 2.1-7 206.55 NOTE
r-devel-linux-x86_64-fedora-gcc 2.1-7 211.04 NOTE
r-devel-osx-x86_64-clang 2.1-7 168.02 NOTE
r-devel-windows-ix86+x86_64 2.1-7 36.00 134.00 170.00 NOTE
r-patched-linux-x86_64 2.1-7 15.78 88.23 104.02 NOTE
r-patched-solaris-sparc 2.1-7 1103.60 NOTE
r-patched-solaris-x86 2.1-7 240.00 NOTE
r-release-linux-x86_64 2.1-7 16.48 88.88 105.35 NOTE
r-release-osx-x86_64-mavericks 2.1-7 NOTE
r-release-osx-x86_64-snowleopard 2.1-7 ERROR
r-release-windows-ix86+x86_64 2.1-7 36.00 140.00 176.00 NOTE
r-oldrel-windows-ix86+x86_64 2.1-7 46.00 215.00 261.00 NOTE

Check Details

Version: 2.1-7
Check: installed package size
Result: NOTE
     installed size is 6.8Mb
     sub-directories of 1Mb or more:
     doc 3.7Mb
     po 1.8Mb
Flavors: r-devel-windows-ix86+x86_64, r-release-windows-ix86+x86_64, r-oldrel-windows-ix86+x86_64