CRAN Package Check Results for Package Rcmdr

Last updated on 2015-05-24 08:48:40.

Flavor Version Tinstall Tcheck Ttotal Status Flags
r-devel-linux-x86_64-debian-clang 2.1-7 15.38 89.67 105.05 NOTE
r-devel-linux-x86_64-debian-gcc 2.1-7 15.12 88.19 103.32 NOTE
r-devel-linux-x86_64-fedora-clang 2.1-7 206.96 NOTE
r-devel-linux-x86_64-fedora-gcc 2.1-7 206.71 NOTE
r-devel-osx-x86_64-clang 2.1-7 169.96 NOTE
r-devel-windows-ix86+x86_64 2.1-7 39.00 136.00 175.00 NOTE
r-patched-linux-x86_64 2.1-7 16.47 87.14 103.61 NOTE
r-patched-solaris-sparc 2.1-7 1127.60 NOTE
r-patched-solaris-x86 2.1-7 257.70 NOTE
r-release-linux-x86_64 2.1-7 15.12 88.07 103.18 NOTE
r-release-osx-x86_64-mavericks 2.1-7 NOTE
r-release-osx-x86_64-snowleopard 2.1-7 ERROR
r-release-windows-ix86+x86_64 2.1-7 40.00 133.00 173.00 NOTE
r-oldrel-windows-ix86+x86_64 2.1-7 54.00 242.00 296.00 NOTE

Check Details

Version: 2.1-7
Check: installed package size
Result: NOTE
     installed size is 7.0Mb
     sub-directories of 1Mb or more:
     doc 3.7Mb
     po 1.9Mb
Flavors: r-devel-linux-x86_64-debian-clang, r-devel-linux-x86_64-debian-gcc, r-devel-linux-x86_64-fedora-clang, r-devel-linux-x86_64-fedora-gcc, r-devel-osx-x86_64-clang, r-devel-windows-ix86+x86_64, r-patched-linux-x86_64, r-patched-solaris-sparc, r-patched-solaris-x86, r-release-linux-x86_64, r-release-osx-x86_64-mavericks, r-release-windows-ix86+x86_64, r-oldrel-windows-ix86+x86_64

Version: 2.1-7
Check: package dependencies
Result: NOTE
    Packages suggested but not available for checking: ‘multcomp’ ‘RODBC’
Flavor: r-release-osx-x86_64-mavericks

Version: 2.1-7
Check: package dependencies
Result: ERROR
    Packages required but not available: ‘RcmdrMisc’ ‘car’
    
    Packages suggested but not available for checking:
     ‘Hmisc’ ‘knitr’ ‘lmtest’ ‘multcomp’
    
    See section ‘The DESCRIPTION file’ in the ‘Writing R Extensions’
    manual.
Flavor: r-release-osx-x86_64-snowleopard