CRAN Package Check Results for Package Rcmdr

Last updated on 2015-07-28 09:47:14.

Flavor Version Tinstall Tcheck Ttotal Status Flags
r-devel-linux-x86_64-debian-clang 2.1-7 16.60 90.57 107.18 NOTE
r-devel-linux-x86_64-debian-gcc 2.1-7 15.64 89.23 104.87 NOTE
r-devel-linux-x86_64-fedora-clang 2.1-7 205.32 NOTE
r-devel-linux-x86_64-fedora-gcc 2.1-7 195.60 NOTE
r-devel-osx-x86_64-clang 2.1-7 179.96 NOTE
r-devel-windows-ix86+x86_64 2.1-7 41.00 143.00 184.00 NOTE
r-patched-linux-x86_64 2.1-7 16.21 89.62 105.82 NOTE
r-patched-solaris-sparc 2.1-7 1152.50 NOTE
r-patched-solaris-x86 2.1-7 257.80 NOTE
r-release-linux-x86_64 2.1-7 14.64 91.44 106.08 NOTE
r-release-osx-x86_64-mavericks 2.1-7 NOTE
r-release-windows-ix86+x86_64 2.1-7 52.00 146.00 198.00 NOTE
r-oldrel-windows-ix86+x86_64 2.1-7 52.00 242.00 294.00 NOTE

Check Details

Version: 2.1-7
Check: installed package size
Result: NOTE
     installed size is 7.0Mb
     sub-directories of 1Mb or more:
     doc 3.7Mb
     po 1.9Mb
Flavors: r-devel-linux-x86_64-debian-clang, r-devel-linux-x86_64-debian-gcc, r-devel-linux-x86_64-fedora-clang, r-devel-linux-x86_64-fedora-gcc, r-devel-osx-x86_64-clang, r-devel-windows-ix86+x86_64, r-patched-linux-x86_64, r-patched-solaris-sparc, r-patched-solaris-x86, r-release-linux-x86_64, r-release-osx-x86_64-mavericks, r-release-windows-ix86+x86_64, r-oldrel-windows-ix86+x86_64

Version: 2.1-7
Check: R code for possible problems
Result: NOTE
    .onLoad : onHelp: no visible global function definition for ‘help’
    BreuschPaganTest : onOK: no visible global function definition for
     ‘formula’
    Coef.default: no visible global function definition for ‘coef’
    Commander: no visible global function definition for
     ‘assignInMyNamespace’
    Commander: no visible global function definition for
     ‘installed.packages’
    Commander: no visible global function definition for ‘read.table’
    Commander : addMenus: no visible global function definition for
     ‘read.table’
    Confint.default: no visible global function definition for ‘confint’
    Confint.glm: no visible global function definition for ‘coef’
    Confint.glm: no visible global function definition for ‘confint’
    Confint.glm: no visible global function definition for ‘vcov’
    Confint.glm: no visible global function definition for ‘qnorm’
    Confint.glm: no visible global function definition for ‘family’
    Confint.multinom: no visible global function definition for ‘vcov’
    Confint.multinom: no visible global function definition for ‘qnorm’
    Confint.polr: no visible global function definition for ‘coef’
    Confint.polr: no visible global function definition for ‘vcov’
    Confint.polr: no visible global function definition for ‘qnorm’
    DurbinWatsonTest : onOK: no visible global function definition for
     ‘formula’
    Options: no visible global function definition for ‘rgb’
    Options : contrasting: no visible global function definition for
     ‘optim’
    Options : convert: no visible global function definition for ‘col2rgb’
    Options: no visible global function definition for ‘colorConverter’
    Options : <anonymous>: no visible global function definition for
     ‘col2rgb’
    Options : <anonymous>: no visible binding for global variable
     ‘colorspaces’
    Options: no visible global function definition for ‘col2rgb’
    Options: no visible global function definition for ‘convertColor’
    RESETtest : onOK: no visible global function definition for ‘formula’
    browseEnglishManual: no visible global function definition for
     ‘browseURL’
    browseManual: no visible global function definition for ‘browseURL’
    browseRMarkdown: no visible global function definition for ‘browseURL’
    browseRWebsite: no visible global function definition for ‘browseURL’
    browseRcmdrWebsite: no visible global function definition for
     ‘browseURL’
    checkWarnings: no visible global function definition for ‘head’
    checkWarnings: no visible global function definition for ‘tail’
    compileRmd: no visible global function definition for ‘browseURL’
    compileRnw: no visible global function definition for ‘browseURL’
    doItAndPrint: no visible global function definition for ‘show’
    editDataset : deleteCell: no visible binding for global variable ‘text’
    editDataset : onOK: no visible global function definition for
     ‘read.table’
    editDataset : onEditorHelp: no visible global function definition for
     ‘help’
    effectPlots: no visible global function definition for ‘formula’
    enterTable : onOK: no visible global function definition for ‘na.omit’
    exists.method: no visible global function definition for ‘methods’
    factorAnalysis : onOK: no visible global function definition for
     ‘optimize’
    frequencyDistribution : onOK : onOKsub: no visible global function
     definition for ‘na.omit’
    helpAboutCommander: no visible global function definition for ‘help’
    helpCommander: no visible global function definition for ‘browseURL’
    helpCommander: no visible global function definition for ‘help’
    isS4object: no visible global function definition for ‘isVirtualClass’
    isS4object: no visible global function definition for ‘getClass’
    justDoIt: no visible global function definition for ‘capture.output’
    linePlot : onOK: no visible global function definition for ‘na.omit’
    numericToFactor : onOK: no visible binding for global variable ‘var’
    readDataFromPackage : <anonymous>: no visible global function
     definition for ‘data’
    readDataFromPackage : onPackageSelect: no visible global function
     definition for ‘data’
    rgb2col: no visible global function definition for ‘convertColor’
    rgb2col: no visible global function definition for ‘col2rgb’
    saveBitmap : updateSize: no visible global function definition for
     ‘dev.size’
    saveBitmap: no visible global function definition for ‘dev.cur’
    saveBitmap: no visible global function definition for ‘dev.size’
    savePDF : updateSize: no visible global function definition for
     ‘dev.size’
    savePDF: no visible global function definition for ‘dev.cur’
    savePDF: no visible global function definition for ‘dev.size’
    setContrasts : onOK : onOKsub: no visible global function definition
     for ‘na.omit’
    setPalette : contrasting: no visible global function definition for
     ‘optim’
    setPalette : convert: no visible global function definition for
     ‘col2rgb’
    setPalette: no visible global function definition for ‘palette’
    setPalette: no visible global function definition for ‘colorConverter’
    setPalette : <anonymous>: no visible global function definition for
     ‘col2rgb’
    setPalette : <anonymous>: no visible binding for global variable
     ‘colorspaces’
    setPalette: no visible global function definition for ‘col2rgb’
    setPalette: no visible global function definition for ‘convertColor’
    setPalette : onOK: no visible global function definition for ‘palette’
    splitCmd: no visible global function definition for ‘na.omit’
    startHelp: no visible global function definition for ‘help.start’
    subsetRegression: no visible global function definition for
     ‘model.matrix’
    testLinearHypothesis : onOK: no visible global function definition for
     ‘na.omit’
    Undefined global functions or variables:
     assignInMyNamespace browseURL capture.output coef col2rgb
     colorConverter colorspaces confint convertColor data dev.cur dev.size
     family formula getClass head help help.start installed.packages
     isVirtualClass methods model.matrix na.omit optim optimize palette
     qnorm read.table rgb show tail text var vcov
    Consider adding
     importFrom("grDevices", "col2rgb", "colorConverter", "colorspaces",
     "convertColor", "dev.cur", "dev.size", "palette", "rgb")
     importFrom("graphics", "text")
     importFrom("methods", "getClass", "isVirtualClass", "show")
     importFrom("stats", "coef", "confint", "family", "formula",
     "model.matrix", "na.omit", "optim", "optimize", "qnorm",
     "var", "vcov")
     importFrom("utils", "assignInMyNamespace", "browseURL",
     "capture.output", "data", "head", "help", "help.start",
     "installed.packages", "methods", "read.table", "tail")
    to your NAMESPACE.
Flavors: r-devel-linux-x86_64-debian-clang, r-devel-linux-x86_64-debian-gcc, r-devel-linux-x86_64-fedora-clang, r-devel-linux-x86_64-fedora-gcc, r-devel-windows-ix86+x86_64

Version: 2.1-7
Check: package dependencies
Result: NOTE
    Packages suggested but not available for checking: ‘multcomp’ ‘RODBC’
Flavor: r-release-osx-x86_64-mavericks