CRAN Package Check Results for Package Rcmdr

Last updated on 2017-01-24 05:49:06.

Flavor Version Tinstall Tcheck Ttotal Status Flags
r-devel-linux-x86_64-debian-clang 2.3-2 19.92 101.66 121.58 OK
r-devel-linux-x86_64-debian-gcc 2.3-2 19.42 105.56 124.97 OK
r-devel-linux-x86_64-fedora-clang 2.3-2 241.41 NOTE --no-stop-on-test-error
r-devel-linux-x86_64-fedora-gcc 2.3-2 217.12 NOTE --no-stop-on-test-error
r-devel-macos-x86_64-clang 2.3-2 166.30 NOTE --no-stop-on-test-error
r-devel-windows-ix86+x86_64 2.3-2 45.00 157.00 202.00 NOTE
r-patched-linux-x86_64 2.3-2 17.03 100.58 117.61 OK
r-patched-solaris-sparc 2.3-2 1125.30 NOTE
r-patched-solaris-x86 2.3-2 268.70 NOTE
r-release-linux-x86_64 2.3-2 19.52 101.01 120.53 OK
r-release-osx-x86_64-mavericks 2.3-2 NOTE
r-release-windows-ix86+x86_64 2.3-2 75.00 209.00 284.00 NOTE
r-oldrel-windows-ix86+x86_64 2.3-2 57.00 216.00 273.00 NOTE

Check Details

Version: 2.3-2
Flags: --no-stop-on-test-error
Check: installed package size
Result: NOTE
     installed size is 7.8Mb
     sub-directories of 1Mb or more:
     R 1.0Mb
     doc 4.0Mb
     po 2.2Mb
Flavors: r-devel-linux-x86_64-fedora-clang, r-devel-linux-x86_64-fedora-gcc, r-devel-macos-x86_64-clang

Version: 2.3-2
Check: installed package size
Result: NOTE
     installed size is 7.6Mb
     sub-directories of 1Mb or more:
     R 1.0Mb
     doc 4.0Mb
     po 2.0Mb
Flavors: r-devel-windows-ix86+x86_64, r-patched-solaris-sparc, r-patched-solaris-x86, r-release-osx-x86_64-mavericks, r-release-windows-ix86+x86_64, r-oldrel-windows-ix86+x86_64