CRAN Package Check Results for Package Rcmdr

Last updated on 2017-02-23 23:49:49.

Flavor Version Tinstall Tcheck Ttotal Status Flags
r-devel-linux-x86_64-debian-clang 2.3-2 20.17 100.87 121.05 OK
r-devel-linux-x86_64-debian-gcc 2.3-2 20.04 105.35 125.39 OK
r-devel-linux-x86_64-fedora-clang 2.3-2 233.14 NOTE --no-stop-on-test-error
r-devel-linux-x86_64-fedora-gcc 2.3-2 230.28 NOTE --no-stop-on-test-error
r-devel-macos-x86_64-clang 2.3-2 177.79 NOTE --no-stop-on-test-error
r-devel-windows-ix86+x86_64 2.3-2 62.00 185.00 247.00 NOTE
r-patched-linux-x86_64 2.3-2 18.43 99.03 117.46 OK
r-patched-solaris-sparc 2.3-2 1125.30 NOTE
r-patched-solaris-x86 2.3-2 249.10 NOTE
r-release-linux-x86_64 2.3-2 17.89 101.65 119.54 OK
r-release-osx-x86_64-mavericks 2.3-2 NOTE
r-release-windows-ix86+x86_64 2.3-2 54.00 187.00 241.00 NOTE
r-oldrel-windows-ix86+x86_64 2.3-2 55.00 199.00 254.00 NOTE

Check Details

Version: 2.3-2
Flags: --no-stop-on-test-error
Check: installed package size
Result: NOTE
     installed size is 7.8Mb
     sub-directories of 1Mb or more:
     R 1.0Mb
     doc 4.0Mb
     po 2.2Mb
Flavors: r-devel-linux-x86_64-fedora-clang, r-devel-linux-x86_64-fedora-gcc, r-devel-macos-x86_64-clang

Version: 2.3-2
Check: installed package size
Result: NOTE
     installed size is 7.6Mb
     sub-directories of 1Mb or more:
     R 1.0Mb
     doc 4.0Mb
     po 2.0Mb
Flavors: r-devel-windows-ix86+x86_64, r-patched-solaris-sparc, r-patched-solaris-x86, r-release-osx-x86_64-mavericks, r-release-windows-ix86+x86_64, r-oldrel-windows-ix86+x86_64