CRAN Package Check Results for Package Rcmdr

Last updated on 2016-07-27 14:48:55.

Flavor Version Tinstall Tcheck Ttotal Status Flags
r-devel-linux-x86_64-debian-clang 2.2-5 22.37 118.54 140.91 NOTE
r-devel-linux-x86_64-debian-gcc 2.2-5 22.14 116.23 138.36 NOTE
r-devel-linux-x86_64-fedora-clang 2.2-5 215.47 NOTE
r-devel-linux-x86_64-fedora-gcc 2.2-5 200.62 NOTE
r-devel-osx-x86_64-clang 2.2-5 164.74 NOTE
r-devel-windows-ix86+x86_64 2.2-5 51.00 175.00 226.00 NOTE
r-patched-linux-x86_64 2.2-5 23.14 114.72 137.86 NOTE
r-patched-solaris-sparc 2.2-5 1117.10 NOTE
r-patched-solaris-x86 2.2-5 256.80 NOTE
r-release-linux-x86_64 2.2-5 22.34 114.02 136.36 NOTE
r-release-osx-x86_64-mavericks 2.2-5 WARN
r-release-windows-ix86+x86_64 2.2-5 50.00 176.00 226.00 NOTE
r-oldrel-windows-ix86+x86_64 2.2-5 51.00 183.00 234.00 NOTE

Check Details

Version: 2.2-5
Check: installed package size
Result: NOTE
     installed size is 7.2Mb
     sub-directories of 1Mb or more:
     doc 3.7Mb
     po 2.1Mb
Flavors: r-devel-linux-x86_64-debian-clang, r-devel-linux-x86_64-debian-gcc, r-devel-linux-x86_64-fedora-clang, r-devel-linux-x86_64-fedora-gcc, r-devel-osx-x86_64-clang, r-devel-windows-ix86+x86_64, r-patched-linux-x86_64, r-patched-solaris-sparc, r-patched-solaris-x86, r-release-linux-x86_64, r-release-osx-x86_64-mavericks, r-release-windows-ix86+x86_64, r-oldrel-windows-ix86+x86_64

Version: 2.2-5
Check: dependencies in R code
Result: NOTE
    Invalid MIT-MAGIC-COOKIE-1 key
Flavor: r-release-osx-x86_64-mavericks

Version: 2.2-5
Check: S3 generic/method consistency
Result: WARN
    Invalid MIT-MAGIC-COOKIE-1 key
    See section ‘Generic functions and methods’ in the ‘Writing R
    Extensions’ manual.
Flavor: r-release-osx-x86_64-mavericks

Version: 2.2-5
Check: replacement functions
Result: WARN
    Invalid MIT-MAGIC-COOKIE-1 key
    The argument of a replacement function which corresponds to the right
    hand side must be named ‘value’.
Flavor: r-release-osx-x86_64-mavericks

Version: 2.2-5
Check: foreign function calls
Result: NOTE
    Invalid MIT-MAGIC-COOKIE-1 key
    See chapter ‘System and foreign language interfaces’ in the ‘Writing R
    Extensions’ manual.
Flavor: r-release-osx-x86_64-mavericks

Version: 2.2-5
Check: R code for possible problems
Result: NOTE
    Invalid MIT-MAGIC-COOKIE-1 key
Flavor: r-release-osx-x86_64-mavericks

Version: 2.2-5
Check: for missing documentation entries
Result: WARN
    Invalid MIT-MAGIC-COOKIE-1 key
    All user-level objects in a package should have documentation entries.
    See chapter ‘Writing R documentation files’ in the ‘Writing R
    Extensions’ manual.
Flavor: r-release-osx-x86_64-mavericks

Version: 2.2-5
Check: for code/documentation mismatches
Result: WARN
    Invalid MIT-MAGIC-COOKIE-1 key
    Invalid MIT-MAGIC-COOKIE-1 key
    Invalid MIT-MAGIC-COOKIE-1 key
Flavor: r-release-osx-x86_64-mavericks

Version: 2.2-5
Check: Rd \usage sections
Result: NOTE
    Invalid MIT-MAGIC-COOKIE-1 key
    The \usage entries for S3 methods should use the \method markup and not
    their full name.
    See chapter ‘Writing R documentation files’ in the ‘Writing R
    Extensions’ manual.
Flavor: r-release-osx-x86_64-mavericks