CRAN Package Check Results for Package RcmdrPlugin.BCA

Last updated on 2014-10-31 06:47:26.

Flavor Version Tinstall Tcheck Ttotal Status Flags
r-devel-linux-x86_64-debian-clang 0.9-8 3.01 44.48 47.49 OK
r-devel-linux-x86_64-debian-gcc 0.9-8 2.40 40.25 42.65 OK
r-devel-linux-x86_64-fedora-clang 0.9-8 89.94 OK
r-devel-linux-x86_64-fedora-gcc 0.9-8 86.32 OK
r-devel-osx-x86_64-clang 0.9-8 85.54 OK
r-devel-windows-ix86+x86_64 0.9-8 25.00 83.00 108.00 OK
r-patched-linux-x86_64 0.9-8 2.70 42.97 45.67 OK
r-patched-solaris-sparc 0.9-8 467.80 OK
r-patched-solaris-x86 0.9-8 128.00 OK
r-release-linux-ix86 0.9-8 0.48 1.86 2.34 ERROR
r-release-linux-x86_64 0.9-8 2.91 45.02 47.94 OK
r-release-osx-x86_64-mavericks 0.9-8 OK
r-release-osx-x86_64-snowleopard 0.9-8 OK
r-release-windows-ix86+x86_64 0.9-8 23.00 134.00 157.00 OK
r-oldrel-windows-ix86+x86_64 0.9-8 24.00 96.00 120.00 OK

Check Details

Version: 0.9-8
Check: package dependencies
Result: ERROR
    Packages required but not available: ‘Rcmdr’ ‘BCA’
    
    See the information on DESCRIPTION files in the chapter ‘Creating R
    packages’ of the ‘Writing R Extensions’ manual.
Flavor: r-release-linux-ix86