CRAN Package Check Results for Package RcmdrPlugin.BCA

Last updated on 2016-02-08 19:48:35.

Flavor Version Tinstall Tcheck Ttotal Status Flags
r-devel-linux-x86_64-debian-gcc 0.9-8 4.45 57.59 62.04 NOTE
r-devel-linux-x86_64-fedora-clang 0.9-8 122.41 NOTE
r-devel-linux-x86_64-fedora-gcc 0.9-8 117.76 NOTE
r-devel-osx-x86_64-clang 0.9-8 131.12 NOTE
r-devel-windows-ix86+x86_64 0.9-8 32.00 89.00 121.00 NOTE
r-patched-linux-x86_64 0.9-8 5.18 59.36 64.54 OK
r-patched-solaris-sparc 0.9-8 743.30 OK
r-patched-solaris-x86 0.9-8 182.10 OK
r-release-linux-x86_64 0.9-8 5.40 60.19 65.59 OK
r-release-osx-x86_64-mavericks 0.9-8 OK
r-release-windows-ix86+x86_64 0.9-8 43.00 94.00 137.00 OK
r-oldrel-windows-ix86+x86_64 0.9-8 49.00 175.00 224.00 OK

Check Details

Version: 0.9-8
Check: R code for possible problems
Result: NOTE
    .onAttach: no visible global function definition for ‘palette’
    .onAttach: no visible global function definition for ‘dev.off’
    helpAboutBCA: no visible global function definition for ‘help’
    Undefined global functions or variables:
     dev.off help palette
    Consider adding
     importFrom("grDevices", "dev.off", "palette")
     importFrom("utils", "help")
    to your NAMESPACE file.
Flavors: r-devel-linux-x86_64-debian-gcc, r-devel-linux-x86_64-fedora-clang, r-devel-linux-x86_64-fedora-gcc, r-devel-osx-x86_64-clang, r-devel-windows-ix86+x86_64