CRAN Package Check Results for Package RcmdrPlugin.BCA

Last updated on 2015-04-28 06:46:44.

Flavor Version Tinstall Tcheck Ttotal Status Flags
r-devel-linux-x86_64-debian-clang 0.9-8 4.86 55.28 60.13 OK
r-devel-linux-x86_64-debian-gcc 0.9-8 4.32 55.48 59.80 OK
r-devel-linux-x86_64-fedora-clang 0.9-8 128.87 OK
r-devel-linux-x86_64-fedora-gcc 0.9-8 120.27 OK
r-devel-osx-x86_64-clang 0.9-8 110.29 OK
r-devel-windows-ix86+x86_64 0.9-8 32.00 91.00 123.00 OK
r-patched-linux-x86_64 0.9-8 4.69 55.78 60.47 OK
r-patched-solaris-sparc 0.9-8 713.40 OK
r-patched-solaris-x86 0.9-8 175.90 OK
r-release-linux-x86_64 0.9-8 4.60 54.93 59.54 OK
r-release-osx-x86_64-mavericks 0.9-8 OK
r-release-osx-x86_64-snowleopard 0.9-8 ERROR
r-release-windows-ix86+x86_64 0.9-8 36.00 125.00 161.00 OK
r-oldrel-windows-ix86+x86_64 0.9-8 54.00 160.00 214.00 OK

Check Details

Version: 0.9-8
Check: package dependencies
Result: ERROR
    Packages required but not available: ‘Rcmdr’ ‘BCA’ ‘car’ ‘RcmdrMisc’
    
    See section ‘The DESCRIPTION file’ in the ‘Writing R Extensions’
    manual.
Flavor: r-release-osx-x86_64-snowleopard