CRAN Package Check Results for Package RcmdrPlugin.BCA

Last updated on 2015-09-01 21:47:14.

Flavor Version Tinstall Tcheck Ttotal Status Flags
r-devel-linux-x86_64-debian-clang 0.9-8 4.78 59.47 64.25 NOTE
r-devel-linux-x86_64-debian-gcc 0.9-8 4.70 55.50 60.20 NOTE
r-devel-linux-x86_64-fedora-clang 0.9-8 127.15 NOTE
r-devel-linux-x86_64-fedora-gcc 0.9-8 122.89 NOTE
r-devel-osx-x86_64-clang 0.9-8 111.98 OK
r-devel-windows-ix86+x86_64 0.9-8 32.00 102.00 134.00 NOTE
r-patched-linux-x86_64 0.9-8 5.24 57.78 63.02 OK
r-patched-solaris-sparc 0.9-8 766.40 OK
r-patched-solaris-x86 0.9-8 187.80 OK
r-release-linux-x86_64 0.9-8 5.22 58.56 63.78 OK
r-release-osx-x86_64-mavericks 0.9-8 OK
r-release-windows-ix86+x86_64 0.9-8 39.00 117.00 156.00 OK
r-oldrel-windows-ix86+x86_64 0.9-8 59.00 203.00 262.00 OK

Check Details

Version: 0.9-8
Check: R code for possible problems
Result: NOTE
    .onAttach: no visible global function definition for ‘palette’
    .onAttach: no visible global function definition for ‘dev.off’
    helpAboutBCA: no visible global function definition for ‘help’
    Undefined global functions or variables:
     dev.off help palette
    Consider adding
     importFrom("grDevices", "dev.off", "palette")
     importFrom("utils", "help")
    to your NAMESPACE.
Flavors: r-devel-linux-x86_64-debian-clang, r-devel-linux-x86_64-debian-gcc, r-devel-linux-x86_64-fedora-clang, r-devel-linux-x86_64-fedora-gcc, r-devel-windows-ix86+x86_64