CRAN Package Check Results for Package RcmdrPlugin.BCA

Last updated on 2015-07-04 06:47:45.

Flavor Version Tinstall Tcheck Ttotal Status Flags
r-devel-linux-x86_64-debian-clang 0.9-8 4.82 57.74 62.56 NOTE
r-devel-linux-x86_64-debian-gcc 0.9-8 4.50 54.74 59.25 NOTE
r-devel-linux-x86_64-fedora-clang 0.9-8 130.90 NOTE
r-devel-linux-x86_64-fedora-gcc 0.9-8 129.29 NOTE
r-devel-osx-x86_64-clang 0.9-8 116.40 OK
r-devel-windows-ix86+x86_64 0.9-8 29.00 91.00 120.00 NOTE
r-patched-linux-x86_64 0.9-8 4.56 55.93 60.50 OK
r-patched-solaris-sparc 0.9-8 754.00 OK
r-patched-solaris-x86 0.9-8 185.20 OK
r-release-linux-x86_64 0.9-8 4.66 57.99 62.65 OK
r-release-osx-x86_64-mavericks 0.9-8 OK
r-release-windows-ix86+x86_64 0.9-8 37.00 82.00 119.00 OK
r-oldrel-windows-ix86+x86_64 0.9-8 54.00 160.00 214.00 OK

Check Details

Version: 0.9-8
Check: R code for possible problems
Result: NOTE
    .onAttach: no visible global function definition for ‘palette’
    .onAttach: no visible global function definition for ‘dev.off’
    helpAboutBCA: no visible global function definition for ‘help’
    Undefined global functions or variables:
     dev.off help palette
Flavors: r-devel-linux-x86_64-debian-clang, r-devel-linux-x86_64-debian-gcc, r-devel-linux-x86_64-fedora-clang, r-devel-linux-x86_64-fedora-gcc, r-devel-windows-ix86+x86_64