CRAN Package Check Results for Package RcmdrPlugin.BCA

Last updated on 2016-05-03 23:47:01.

Flavor Version Tinstall Tcheck Ttotal Status Flags
r-devel-linux-x86_64-debian-gcc 0.9-8 4.85 57.64 62.49 NOTE
r-devel-linux-x86_64-fedora-clang 0.9-8 122.84 NOTE
r-devel-linux-x86_64-fedora-gcc 0.9-8 120.10 NOTE
r-devel-osx-x86_64-clang 0.9-8 132.38 NOTE
r-devel-windows-ix86+x86_64 0.9-8 28.00 102.00 130.00 NOTE
r-patched-linux-x86_64 0.9-8 4.95 56.83 61.78 NOTE
r-patched-solaris-sparc 0.9-8 758.10 NOTE
r-patched-solaris-x86 0.9-8 165.10 NOTE
r-release-linux-x86_64 0.9-8 5.46 61.40 66.86 OK
r-release-osx-x86_64-mavericks 0.9-8 OK
r-release-windows-ix86+x86_64 0.9-8 37.00 112.00 149.00 OK
r-oldrel-windows-ix86+x86_64 0.9-8 66.00 262.00 328.00 OK

Check Details

Version: 0.9-8
Check: R code for possible problems
Result: NOTE
    .onAttach: no visible global function definition for ‘palette’
    .onAttach: no visible global function definition for ‘dev.off’
    helpAboutBCA: no visible global function definition for ‘help’
    Undefined global functions or variables:
     dev.off help palette
    Consider adding
     importFrom("grDevices", "dev.off", "palette")
     importFrom("utils", "help")
    to your NAMESPACE file.
Flavors: r-devel-linux-x86_64-debian-gcc, r-devel-linux-x86_64-fedora-clang, r-devel-linux-x86_64-fedora-gcc, r-devel-osx-x86_64-clang, r-devel-windows-ix86+x86_64, r-patched-linux-x86_64, r-patched-solaris-sparc, r-patched-solaris-x86