CRAN Package Check Results for Package RcmdrPlugin.BCA

Last updated on 2014-08-22 23:47:47.

Flavor Version Tinstall Tcheck Ttotal Status Flags
r-devel-linux-x86_64-debian-clang 0.9-7 2.60 28.08 30.68 NOTE
r-devel-linux-x86_64-debian-gcc 0.9-7 2.08 28.93 31.01 OK
r-devel-linux-x86_64-fedora-clang 0.9-7 62.66 NOTE
r-devel-linux-x86_64-fedora-gcc 0.9-7 59.15 NOTE
r-devel-osx-x86_64-clang 0.9-7 61.54 NOTE
r-devel-windows-ix86+x86_64 0.9-7 14.00 56.00 70.00 OK
r-patched-linux-x86_64 0.9-7 2.19 29.72 31.91 OK
r-patched-solaris-sparc 0.9-7 370.70 OK
r-patched-solaris-x86 0.9-7 89.00 OK
r-release-linux-ix86 0.9-7 3.02 41.35 44.36 OK
r-release-linux-x86_64 0.9-7 2.28 30.84 33.11 OK
r-release-osx-x86_64-mavericks 0.9-7 OK
r-release-osx-x86_64-snowleopard 0.9-7 OK
r-release-windows-ix86+x86_64 0.9-7 26.00 65.00 91.00 OK
r-oldrel-windows-ix86+x86_64 0.9-7 32.00 61.00 93.00 OK

Check Details

Version: 0.9-7
Check: R code for possible problems
Result: NOTE
    hclustSummaryBCA : onOK: no visible global function definition for
     ‘rgl.bringtotop’
    kcentroidsClustering : onOK: no visible global function definition for
     ‘rgl.bringtotop’
    kmeansClusteringBCA : onOK: no visible global function definition for
     ‘rgl.bringtotop’
Flavors: r-devel-linux-x86_64-debian-clang, r-devel-linux-x86_64-fedora-clang, r-devel-linux-x86_64-fedora-gcc, r-devel-osx-x86_64-clang