CRAN Package Check Results for Package RcmdrPlugin.BCA

Last updated on 2014-09-03 01:47:56.

Flavor Version Tinstall Tcheck Ttotal Status Flags
r-devel-linux-x86_64-debian-clang 0.9-7 2.66 39.70 42.36 NOTE
r-devel-linux-x86_64-debian-gcc 0.9-7 2.57 39.26 41.84 NOTE
r-devel-linux-x86_64-fedora-clang 0.9-7 88.18 NOTE
r-devel-linux-x86_64-fedora-gcc 0.9-7 83.16 NOTE
r-devel-osx-x86_64-clang 0.9-7 77.61 NOTE
r-devel-windows-ix86+x86_64 0.9-7 17.00 72.00 89.00 NOTE
r-patched-linux-x86_64 0.9-7 2.76 42.09 44.86 OK
r-patched-solaris-sparc 0.9-7 429.60 OK
r-patched-solaris-x86 0.9-7 117.20 OK
r-release-linux-ix86 0.9-7 3.62 52.40 56.02 OK
r-release-linux-x86_64 0.9-7 2.89 41.79 44.68 OK
r-release-osx-x86_64-mavericks 0.9-7 OK
r-release-osx-x86_64-snowleopard 0.9-7 OK
r-release-windows-ix86+x86_64 0.9-7 19.00 86.00 105.00 OK
r-oldrel-windows-ix86+x86_64 0.9-7 21.00 93.00 114.00 OK

Check Details

Version: 0.9-7
Check: R code for possible problems
Result: NOTE
    hclustSummaryBCA : onOK: no visible global function definition for
     ‘rgl.bringtotop’
    kcentroidsClustering : onOK: no visible global function definition for
     ‘rgl.bringtotop’
    kmeansClusteringBCA : onOK: no visible global function definition for
     ‘rgl.bringtotop’
    stepwiseBCA : onOK: no visible binding for global variable ‘stepwise’
Flavors: r-devel-linux-x86_64-debian-clang, r-devel-linux-x86_64-debian-gcc, r-devel-linux-x86_64-fedora-clang, r-devel-linux-x86_64-fedora-gcc, r-devel-osx-x86_64-clang, r-devel-windows-ix86+x86_64