CRAN Package Check Results for Package RcmdrPlugin.BCA

Last updated on 2015-05-24 10:47:07.

Flavor Version Tinstall Tcheck Ttotal Status Flags
r-devel-linux-x86_64-debian-clang 0.9-8 5.09 57.37 62.46 OK
r-devel-linux-x86_64-debian-gcc 0.9-8 4.61 54.96 59.57 OK
r-devel-linux-x86_64-fedora-clang 0.9-8 129.80 OK
r-devel-linux-x86_64-fedora-gcc 0.9-8 130.64 OK
r-devel-osx-x86_64-clang 0.9-8 113.18 OK
r-devel-windows-ix86+x86_64 0.9-8 15.00 88.00 103.00 OK
r-patched-linux-x86_64 0.9-8 4.52 54.32 58.84 OK
r-patched-solaris-sparc 0.9-8 754.00 OK
r-patched-solaris-x86 0.9-8 186.20 OK
r-release-linux-x86_64 0.9-8 4.77 55.34 60.11 OK
r-release-osx-x86_64-mavericks 0.9-8 OK
r-release-osx-x86_64-snowleopard 0.9-8 ERROR
r-release-windows-ix86+x86_64 0.9-8 36.00 84.00 120.00 OK
r-oldrel-windows-ix86+x86_64 0.9-8 57.00 185.00 242.00 OK

Check Details

Version: 0.9-8
Check: package dependencies
Result: ERROR
    Packages required but not available: ‘Rcmdr’ ‘BCA’ ‘car’ ‘RcmdrMisc’
    
    See section ‘The DESCRIPTION file’ in the ‘Writing R Extensions’
    manual.
Flavor: r-release-osx-x86_64-snowleopard