CRAN Package Check Results for Package RcmdrPlugin.BCA

Last updated on 2016-12-08 23:49:43.

Flavor Version Tinstall Tcheck Ttotal Status Flags
r-devel-linux-x86_64-debian-clang 0.9-8 5.94 62.12 68.06 NOTE
r-devel-linux-x86_64-debian-gcc 0.9-8 5.63 61.55 67.17 NOTE
r-devel-linux-x86_64-fedora-clang 0.9-8 155.17 NOTE --no-stop-on-test-error
r-devel-linux-x86_64-fedora-gcc 0.9-8 156.63 NOTE --no-stop-on-test-error
r-devel-macos-x86_64-clang 0.9-8 113.95 NOTE --no-stop-on-test-error
r-devel-windows-ix86+x86_64 0.9-8 20.00 109.00 129.00 NOTE
r-patched-linux-x86_64 0.9-8 10.09 57.59 67.68 NOTE
r-patched-solaris-sparc 0.9-8 742.10 NOTE
r-patched-solaris-x86 0.9-8 178.10 NOTE
r-release-linux-x86_64 0.9-8 4.83 57.73 62.56 NOTE
r-release-osx-x86_64-mavericks 0.9-8 WARN
r-release-windows-ix86+x86_64 0.9-8 22.00 138.00 160.00 NOTE
r-oldrel-windows-ix86+x86_64 0.9-8 31.00 107.00 138.00 OK

Check Details

Version: 0.9-8
Check: R code for possible problems
Result: NOTE
    .onAttach: no visible global function definition for ‘palette’
    .onAttach: no visible global function definition for ‘dev.off’
    helpAboutBCA: no visible global function definition for ‘help’
    Undefined global functions or variables:
     dev.off help palette
    Consider adding
     importFrom("grDevices", "dev.off", "palette")
     importFrom("utils", "help")
    to your NAMESPACE file.
Flavors: r-devel-linux-x86_64-debian-clang, r-devel-linux-x86_64-debian-gcc, r-devel-windows-ix86+x86_64, r-patched-linux-x86_64, r-patched-solaris-sparc, r-patched-solaris-x86, r-release-linux-x86_64, r-release-windows-ix86+x86_64

Version: 0.9-8
Flags: --no-stop-on-test-error
Check: R code for possible problems
Result: NOTE
    .onAttach: no visible global function definition for ‘palette’
    .onAttach: no visible global function definition for ‘dev.off’
    helpAboutBCA: no visible global function definition for ‘help’
    Undefined global functions or variables:
     dev.off help palette
    Consider adding
     importFrom("grDevices", "dev.off", "palette")
     importFrom("utils", "help")
    to your NAMESPACE file.
Flavors: r-devel-linux-x86_64-fedora-clang, r-devel-linux-x86_64-fedora-gcc, r-devel-macos-x86_64-clang

Version: 0.9-8
Check: dependencies in R code
Result: NOTE
    Invalid MIT-MAGIC-COOKIE-1 keyInvalid MIT-MAGIC-COOKIE-1 key
Flavor: r-release-osx-x86_64-mavericks

Version: 0.9-8
Check: S3 generic/method consistency
Result: WARN
    Invalid MIT-MAGIC-COOKIE-1 key
    See section ‘Generic functions and methods’ in the ‘Writing R
    Extensions’ manual.
Flavor: r-release-osx-x86_64-mavericks

Version: 0.9-8
Check: replacement functions
Result: WARN
    Invalid MIT-MAGIC-COOKIE-1 key
    The argument of a replacement function which corresponds to the right
    hand side must be named ‘value’.
Flavor: r-release-osx-x86_64-mavericks

Version: 0.9-8
Check: foreign function calls
Result: NOTE
    Invalid MIT-MAGIC-COOKIE-1 key
    See chapter ‘System and foreign language interfaces’ in the ‘Writing R
    Extensions’ manual.
Flavor: r-release-osx-x86_64-mavericks

Version: 0.9-8
Check: R code for possible problems
Result: NOTE
    Invalid MIT-MAGIC-COOKIE-1 key.onAttach: no visible global function definition for ‘palette’
    .onAttach: no visible global function definition for ‘dev.off’
    helpAboutBCA: no visible global function definition for ‘help’
    Undefined global functions or variables:
     dev.off help palette
    Consider adding
     importFrom("grDevices", "dev.off", "palette")
     importFrom("utils", "help")
    to your NAMESPACE file.
Flavor: r-release-osx-x86_64-mavericks

Version: 0.9-8
Check: for missing documentation entries
Result: WARN
    Invalid MIT-MAGIC-COOKIE-1 key
    All user-level objects in a package should have documentation entries.
    See chapter ‘Writing R documentation files’ in the ‘Writing R
    Extensions’ manual.
Flavor: r-release-osx-x86_64-mavericks

Version: 0.9-8
Check: for code/documentation mismatches
Result: WARN
    Invalid MIT-MAGIC-COOKIE-1 key
    Invalid MIT-MAGIC-COOKIE-1 key
    Invalid MIT-MAGIC-COOKIE-1 key
Flavor: r-release-osx-x86_64-mavericks

Version: 0.9-8
Check: Rd \usage sections
Result: NOTE
    Invalid MIT-MAGIC-COOKIE-1 key
    The \usage entries for S3 methods should use the \method markup and not
    their full name.
    See chapter ‘Writing R documentation files’ in the ‘Writing R
    Extensions’ manual.
Flavor: r-release-osx-x86_64-mavericks