CRAN Package Check Results for Package RcmdrPlugin.BCA

Last updated on 2015-08-03 08:48:51.

Flavor Version Tinstall Tcheck Ttotal Status Flags
r-devel-linux-x86_64-debian-clang 0.9-8 4.94 57.12 62.07 NOTE
r-devel-linux-x86_64-debian-gcc 0.9-8 4.61 57.22 61.83 NOTE
r-devel-linux-x86_64-fedora-clang 0.9-8 130.57 NOTE
r-devel-linux-x86_64-fedora-gcc 0.9-8 129.97 NOTE
r-devel-osx-x86_64-clang 0.9-8 112.84 OK
r-devel-windows-ix86+x86_64 0.9-8 31.00 94.00 125.00 NOTE
r-patched-linux-x86_64 0.9-8 4.71 58.87 63.58 OK
r-patched-solaris-sparc 0.9-8 766.40 OK
r-patched-solaris-x86 0.9-8 185.50 OK
r-release-linux-x86_64 0.9-8 4.72 56.35 61.07 OK
r-release-osx-x86_64-mavericks 0.9-8 OK
r-release-windows-ix86+x86_64 0.9-8 38.00 95.00 133.00 OK
r-oldrel-windows-ix86+x86_64 0.9-8 58.00 178.00 236.00 OK

Check Details

Version: 0.9-8
Check: R code for possible problems
Result: NOTE
    .onAttach: no visible global function definition for ‘palette’
    .onAttach: no visible global function definition for ‘dev.off’
    helpAboutBCA: no visible global function definition for ‘help’
    Undefined global functions or variables:
     dev.off help palette
    Consider adding
     importFrom("grDevices", "dev.off", "palette")
     importFrom("utils", "help")
    to your NAMESPACE.
Flavors: r-devel-linux-x86_64-debian-clang, r-devel-linux-x86_64-debian-gcc, r-devel-linux-x86_64-fedora-clang, r-devel-linux-x86_64-fedora-gcc, r-devel-windows-ix86+x86_64