CRAN Package Check Results for Package RcmdrPlugin.BCA

Last updated on 2014-04-24 23:48:10.

Flavor Version Tinstall Tcheck Ttotal Status Flags
r-devel-linux-x86_64-debian-clang 0.9-7 2.35 31.88 34.24 OK
r-devel-linux-x86_64-debian-gcc 0.9-7 2.41 33.19 35.60 OK
r-devel-linux-x86_64-fedora-clang 0.9-7 66.61 OK
r-devel-linux-x86_64-fedora-gcc 0.9-7 63.68 OK
r-devel-osx-x86_64-clang 0.9-7 68.91 OK
r-devel-osx-x86_64-gcc 0.9-7 ERROR
r-devel-windows-ix86+x86_64 0.9-7 16.00 59.00 75.00 OK
r-patched-linux-x86_64 0.9-7 2.30 32.10 34.41 OK
r-patched-solaris-sparc 0.9-7 357.30 OK
r-patched-solaris-x86 0.9-7 104.10 OK
r-release-linux-ix86 0.9-7 4.00 58.00 62.00 OK
r-release-linux-x86_64 0.9-7 2.35 31.86 34.21 OK
r-release-osx-x86_64-mavericks 0.9-7 WARN
r-release-osx-x86_64-snowleopard 0.9-7 OK
r-release-windows-ix86+x86_64 0.9-7 16.00 57.00 73.00 OK
r-oldrel-windows-ix86+x86_64 0.9-7 20.00 64.00 84.00 OK

Check Details

Version: 0.9-7
Check: package dependencies
Result: ERROR
    Packages required but not available: ‘BCA’ ‘car’ ‘Rcmdr’
    
    See the information on DESCRIPTION files in the chapter ‘Creating R
    packages’ of the ‘Writing R Extensions’ manual.
Flavor: r-devel-osx-x86_64-gcc

Version: 0.9-7
Check: PDF version of manual
Result: WARNING
    LaTeX errors when creating PDF version.
    This typically indicates Rd problems.
    LaTeX errors found:
    ! LaTeX Error: File `upquote.sty' not found.
    
    Type X to quit or <RETURN> to proceed,
    or enter new name. (Default extension: sty)
    
    bc40ad5/Rd2.tex:8: ==> Fatal error occurred, no output PDF file produced!
Flavor: r-release-osx-x86_64-mavericks