CRAN Package Check Results for Package RcmdrPlugin.BiclustGUI

Last updated on 2021-01-18 21:49:27 CET.

Flavor Version Tinstall Tcheck Ttotal Status Flags
r-devel-linux-x86_64-debian-clang 1.1.3 50.26 339.31 389.57 NOTE
r-devel-linux-x86_64-debian-gcc 1.1.3 38.37 256.24 294.61 NOTE
r-devel-linux-x86_64-fedora-clang 1.1.3 480.56 NOTE
r-devel-linux-x86_64-fedora-gcc 1.1.3 473.07 NOTE
r-devel-windows-ix86+x86_64 1.1.3 63.00 250.00 313.00 NOTE
r-patched-linux-x86_64 1.1.3 34.69 308.76 343.45 NOTE
r-patched-solaris-x86 1.1.3 692.90 NOTE
r-release-linux-x86_64 1.1.3 35.22 316.30 351.52 NOTE
r-release-macos-x86_64 1.1.3 NOTE
r-release-windows-ix86+x86_64 1.1.3 79.00 295.00 374.00 NOTE
r-oldrel-macos-x86_64 1.1.3 WARN
r-oldrel-windows-ix86+x86_64 1.1.3 57.00 232.00 289.00 NOTE

Check Details

Version: 1.1.3
Check: package dependencies
Result: NOTE
    Depends: includes the non-default packages:
     'biclust', 'fabia', 'iBBiG', 'superbiclust', 'BcDiag', 'BicARE',
     's4vd', 'BiBitR'
    Adding so many packages to the search path is excessive and importing
    selectively is preferable.
Flavors: r-devel-linux-x86_64-debian-clang, r-devel-linux-x86_64-debian-gcc, r-devel-linux-x86_64-fedora-clang, r-devel-windows-ix86+x86_64, r-patched-linux-x86_64, r-patched-solaris-x86, r-release-windows-ix86+x86_64, r-oldrel-macos-x86_64, r-oldrel-windows-ix86+x86_64

Version: 1.1.3
Check: package dependencies
Result: NOTE
    Package suggested but not available for checking: ‘rqubic’
    
    Depends: includes the non-default packages:
     'biclust', 'fabia', 'iBBiG', 'superbiclust', 'BcDiag', 'BicARE',
     's4vd', 'BiBitR'
    Adding so many packages to the search path is excessive and importing
    selectively is preferable.
Flavors: r-devel-linux-x86_64-fedora-gcc, r-release-linux-x86_64, r-release-macos-x86_64

Version: 1.1.3
Check: dependencies in R code
Result: NOTE
    No protocol specified
    No protocol specified
Flavor: r-oldrel-macos-x86_64

Version: 1.1.3
Check: S3 generic/method consistency
Result: WARN
    No protocol specified
    No protocol specified
    See section ‘Generic functions and methods’ in the ‘Writing R
    Extensions’ manual.
Flavor: r-oldrel-macos-x86_64

Version: 1.1.3
Check: replacement functions
Result: WARN
    No protocol specified
    No protocol specified
    The argument of a replacement function which corresponds to the right
    hand side must be named ‘value’.
Flavor: r-oldrel-macos-x86_64

Version: 1.1.3
Check: foreign function calls
Result: NOTE
    No protocol specified
    No protocol specified
    See chapter ‘System and foreign language interfaces’ in the ‘Writing R
    Extensions’ manual.
Flavor: r-oldrel-macos-x86_64

Version: 1.1.3
Check: R code for possible problems
Result: NOTE
    No protocol specified
    No protocol specified
Flavor: r-oldrel-macos-x86_64

Version: 1.1.3
Check: for missing documentation entries
Result: WARN
    No protocol specified
    No protocol specified
    All user-level objects in a package should have documentation entries.
    See chapter ‘Writing R documentation files’ in the ‘Writing R
    Extensions’ manual.
Flavor: r-oldrel-macos-x86_64

Version: 1.1.3
Check: for code/documentation mismatches
Result: WARN
    No protocol specified
    No protocol specified
    No protocol specified
    No protocol specified
    No protocol specified
    No protocol specified
Flavor: r-oldrel-macos-x86_64

Version: 1.1.3
Check: Rd \usage sections
Result: NOTE
    No protocol specified
    No protocol specified
    The \usage entries for S3 methods should use the \method markup and not
    their full name.
    See chapter ‘Writing R documentation files’ in the ‘Writing R
    Extensions’ manual.
Flavor: r-oldrel-macos-x86_64