CRAN Package Check Results for Package RcmdrPlugin.BiclustGUI

Last updated on 2022-01-24 21:51:21 CET.

Flavor Version Tinstall Tcheck Ttotal Status Flags
r-devel-linux-x86_64-debian-clang 1.1.3 55.53 374.84 430.37 NOTE
r-devel-linux-x86_64-debian-gcc 1.1.3 43.87 279.73 323.60 NOTE
r-devel-linux-x86_64-fedora-clang 1.1.3 540.50 NOTE
r-devel-linux-x86_64-fedora-gcc 1.1.3 587.95 NOTE
r-devel-windows-x86_64-new-UL 1.1.3 307.00 417.00 724.00 NOTE
r-devel-windows-x86_64-new-TK 1.1.3 ERROR
r-patched-linux-x86_64 1.1.3 59.09 355.72 414.81 NOTE
r-release-linux-x86_64 1.1.3 51.38 358.58 409.96 NOTE
r-release-macos-arm64 1.1.3 NOTE
r-release-macos-x86_64 1.1.3 NOTE
r-release-windows-ix86+x86_64 1.1.3 107.00 384.00 491.00 NOTE
r-oldrel-macos-x86_64 1.1.3 NOTE
r-oldrel-windows-ix86+x86_64 1.1.3 95.00 348.00 443.00 NOTE

Check Details

Version: 1.1.3
Check: package dependencies
Result: NOTE
    Depends: includes the non-default packages:
     'biclust', 'fabia', 'iBBiG', 'superbiclust', 'BcDiag', 'BicARE',
     's4vd', 'BiBitR'
    Adding so many packages to the search path is excessive and importing
    selectively is preferable.
Flavors: r-devel-linux-x86_64-debian-clang, r-devel-linux-x86_64-debian-gcc, r-devel-linux-x86_64-fedora-clang, r-devel-linux-x86_64-fedora-gcc, r-devel-windows-x86_64-new-UL, r-patched-linux-x86_64, r-release-linux-x86_64, r-release-windows-ix86+x86_64, r-oldrel-windows-ix86+x86_64

Version: 1.1.3
Check: package dependencies
Result: ERROR
    Package required but not available: 'Rcmdr'
    
    Depends: includes the non-default packages:
     'biclust', 'fabia', 'iBBiG', 'superbiclust', 'BcDiag', 'BicARE',
     's4vd', 'BiBitR'
    Adding so many packages to the search path is excessive and importing
    selectively is preferable.
    
    See section 'The DESCRIPTION file' in the 'Writing R Extensions'
    manual.
Flavor: r-devel-windows-x86_64-new-TK

Version: 1.1.3
Check: package dependencies
Result: NOTE
    Package suggested but not available for checking: ‘rqubic’
    
    Depends: includes the non-default packages:
     'biclust', 'fabia', 'iBBiG', 'superbiclust', 'BcDiag', 'BicARE',
     's4vd', 'BiBitR'
    Adding so many packages to the search path is excessive and importing
    selectively is preferable.
Flavors: r-release-macos-arm64, r-release-macos-x86_64, r-oldrel-macos-x86_64