CRAN Package Check Results for Package RcmdrPlugin.DoE

Last updated on 2014-07-23 08:49:53.

Flavor Version Tinstall Tcheck Ttotal Status Flags
r-devel-linux-x86_64-debian-clang 0.12-2 2.78 49.58 52.36 OK
r-devel-linux-x86_64-debian-gcc 0.12-2 2.88 51.00 53.88 OK
r-devel-linux-x86_64-fedora-clang 0.12-2 107.93 OK
r-devel-linux-x86_64-fedora-gcc 0.12-2 103.09 OK
r-devel-osx-x86_64-clang 0.12-2 102.26 OK
r-devel-windows-ix86+x86_64 0.12-2 22.00 77.00 99.00 OK
r-patched-linux-x86_64 0.12-2 2.69 49.68 52.38 OK
r-patched-solaris-sparc 0.12-2 612.80 OK
r-patched-solaris-x86 0.12-2 142.40 OK
r-release-linux-ix86 0.12-2 3.74 65.39 69.14 OK
r-release-linux-x86_64 0.12-2 3.09 50.55 53.64 OK
r-release-osx-x86_64-mavericks 0.12-2 OK
r-release-osx-x86_64-snowleopard 0.12-2 WARN
r-release-windows-ix86+x86_64 0.12-2 28.00 83.00 111.00 OK
r-oldrel-windows-ix86+x86_64 0.12-2 16.00 86.00 102.00 OK

Check Details

Version: 0.12-2
Check: examples
Result: WARNING
    checking a package with encoding 'latin1' in an ASCII locale
    
     OK
Flavor: r-release-osx-x86_64-snowleopard