CRAN Package Check Results for Package RcmdrPlugin.DoE

Last updated on 2016-05-29 10:46:44.

Flavor Version Tinstall Tcheck Ttotal Status Flags
r-devel-linux-x86_64-debian-gcc 0.12-3 7.59 85.84 93.43 NOTE
r-devel-linux-x86_64-fedora-clang 0.12-3 165.63 NOTE
r-devel-linux-x86_64-fedora-gcc 0.12-3 160.69 NOTE
r-devel-osx-x86_64-clang 0.12-3 181.21 NOTE
r-devel-windows-ix86+x86_64 0.12-3 46.00 131.00 177.00 NOTE
r-patched-linux-x86_64 0.12-3 7.16 83.98 91.14 NOTE
r-patched-solaris-sparc 0.12-3 980.40 NOTE
r-patched-solaris-x86 0.12-3 231.90 NOTE
r-release-linux-x86_64 0.12-3 7.07 84.25 91.33 NOTE
r-release-osx-x86_64-mavericks 0.12-3 WARN
r-release-windows-ix86+x86_64 0.12-3 42.00 135.00 177.00 NOTE
r-oldrel-windows-ix86+x86_64 0.12-3 26.00 136.00 162.00 NOTE

Check Details

Version: 0.12-3
Check: dependencies in R code
Result: NOTE
    'library' or 'require' call to ‘FrF2.catlg128’ in package code.
     Please use :: or requireNamespace() instead.
     See section 'Suggested packages' in the 'Writing R Extensions' manual.
Flavors: r-devel-linux-x86_64-debian-gcc, r-devel-linux-x86_64-fedora-clang, r-devel-linux-x86_64-fedora-gcc, r-devel-osx-x86_64-clang, r-devel-windows-ix86+x86_64, r-patched-linux-x86_64, r-patched-solaris-sparc, r-patched-solaris-x86, r-release-linux-x86_64, r-release-windows-ix86+x86_64, r-oldrel-windows-ix86+x86_64

Version: 0.12-3
Check: R code for possible problems
Result: NOTE
    HowToReImport: no visible global function definition for ‘help’
    Menu.Dopt : onHelpTab1: no visible global function definition for
     ‘help’
    Menu.Dopt : onHelpTab6: no visible global function definition for
     ‘help’
    Menu.FrF2level : onHelpTab1: no visible global function definition for
     ‘help’
    Menu.FrF2level : onHelpTab2: no visible global function definition for
     ‘help’
    Menu.FrF2level : onHelpTab6: no visible global function definition for
     ‘help’
    Menu.FrF2level : onHelpTabEstimable: no visible global function
     definition for ‘help’
    Menu.FrF2level: no visible global function definition for ‘combn’
    Menu.augmentlhs : onHelpTab1: no visible global function definition for
     ‘help’
    Menu.augmentlhs : onHelpTab6: no visible global function definition for
     ‘help’
    Menu.bbd : onHelpTab1: no visible global function definition for ‘help’
    Menu.bbd : onHelpTab2: no visible global function definition for ‘help’
    Menu.bbd : onHelpTab6: no visible global function definition for ‘help’
    Menu.ccd : onHelpTab1: no visible global function definition for ‘help’
    Menu.ccd : onHelpTab6: no visible global function definition for ‘help’
    Menu.contour: no visible global function definition for ‘formula’
    Menu.contour : oncomprestrb.worefresh: no visible global function
     definition for ‘combn’
    Menu.fac : onHelpTab1: no visible global function definition for ‘help’
    Menu.fac : onHelpTab2: no visible global function definition for ‘help’
    Menu.fac : onHelpTab6: no visible global function definition for ‘help’
    Menu.lhs : onHelpTab1: no visible global function definition for ‘help’
    Menu.lhs : onHelpTab2: no visible global function definition for ‘help’
    Menu.lhs : onHelpTab6: no visible global function definition for ‘help’
    Menu.linearModelDesign: no visible global function definition for
     ‘formula’
    Menu.oa : onHelpTab1: no visible global function definition for ‘help’
    Menu.oa : onHelpTab2: no visible global function definition for ‘help’
    Menu.oa : onHelpTab6: no visible global function definition for ‘help’
    Menu.pb2level : onHelpTab1: no visible global function definition for
     ‘help’
    Menu.pb2level : onHelpTab2: no visible global function definition for
     ‘help’
    Menu.pb2level : onHelpTab6: no visible global function definition for
     ‘help’
    checkWarnings: no visible global function definition for ‘head’
    checkWarnings: no visible global function definition for ‘tail’
    displayCentralCompositeDesigns: no visible global function definition
     for ‘help’
    displayGlossary: no visible global function definition for ‘help’
    displayblock: no visible global function definition for ‘help’
    displaysplitplot: no visible global function definition for ‘help’
    fix.design : pickresps : onHelp: no visible binding for global variable
     ‘window’
    fix.design : pickresps : onHelp: no visible global function definition
     for ‘help’
    fix.design: no visible global function definition for ‘edit’
    fpairsc: no visible global function definition for ‘combn’
    help2level: no visible global function definition for ‘help’
    helpAnalyze: no visible global function definition for ‘help’
    helpDopt: no visible global function definition for ‘help’
    helpExpImp: no visible global function definition for ‘help’
    helpExport: no visible global function definition for ‘help’
    helpGeneralAnalyze: no visible global function definition for ‘help’
    helpImport: no visible global function definition for ‘help’
    helpInspect: no visible global function definition for ‘help’
    helpMenus: no visible global function definition for ‘help’
    helpModify: no visible global function definition for ‘help’
    helpQuantDesignAnalyze: no visible global function definition for
     ‘help’
    helpabout: no visible global function definition for ‘help’
    helpgeneral: no visible global function definition for ‘help’
    helpquant: no visible global function definition for ‘help’
    onHelpSyntax: no visible global function definition for ‘help’
    Undefined global functions or variables:
     combn edit formula head help tail window
    Consider adding
     importFrom("stats", "formula", "window")
     importFrom("utils", "combn", "edit", "head", "help", "tail")
    to your NAMESPACE file.
Flavors: r-devel-linux-x86_64-debian-gcc, r-devel-linux-x86_64-fedora-clang, r-devel-linux-x86_64-fedora-gcc, r-devel-osx-x86_64-clang, r-devel-windows-ix86+x86_64, r-patched-linux-x86_64, r-patched-solaris-sparc, r-patched-solaris-x86, r-release-linux-x86_64, r-release-windows-ix86+x86_64

Version: 0.12-3
Check: dependencies in R code
Result: NOTE
    Invalid MIT-MAGIC-COOKIE-1 key'library' or 'require' call to ‘FrF2.catlg128’ in package code.
     Please use :: or requireNamespace() instead.
     See section 'Suggested packages' in the 'Writing R Extensions' manual.
Flavor: r-release-osx-x86_64-mavericks

Version: 0.12-3
Check: S3 generic/method consistency
Result: WARN
    Invalid MIT-MAGIC-COOKIE-1 key
    See section ‘Generic functions and methods’ in the ‘Writing R
    Extensions’ manual.
Flavor: r-release-osx-x86_64-mavericks

Version: 0.12-3
Check: replacement functions
Result: WARN
    Invalid MIT-MAGIC-COOKIE-1 key
    The argument of a replacement function which corresponds to the right
    hand side must be named ‘value’.
Flavor: r-release-osx-x86_64-mavericks

Version: 0.12-3
Check: foreign function calls
Result: NOTE
    Invalid MIT-MAGIC-COOKIE-1 key
    See chapter ‘System and foreign language interfaces’ in the ‘Writing R
    Extensions’ manual.
Flavor: r-release-osx-x86_64-mavericks

Version: 0.12-3
Check: R code for possible problems
Result: NOTE
    Invalid MIT-MAGIC-COOKIE-1 keyHowToReImport: no visible global function definition for ‘help’
    Menu.Dopt : onHelpTab1: no visible global function definition for
     ‘help’
    Menu.Dopt : onHelpTab6: no visible global function definition for
     ‘help’
    Menu.FrF2level : onHelpTab1: no visible global function definition for
     ‘help’
    Menu.FrF2level : onHelpTab2: no visible global function definition for
     ‘help’
    Menu.FrF2level : onHelpTab6: no visible global function definition for
     ‘help’
    Menu.FrF2level : onHelpTabEstimable: no visible global function
     definition for ‘help’
    Menu.FrF2level: no visible global function definition for ‘combn’
    Menu.augmentlhs : onHelpTab1: no visible global function definition for
     ‘help’
    Menu.augmentlhs : onHelpTab6: no visible global function definition for
     ‘help’
    Menu.bbd : onHelpTab1: no visible global function definition for ‘help’
    Menu.bbd : onHelpTab2: no visible global function definition for ‘help’
    Menu.bbd : onHelpTab6: no visible global function definition for ‘help’
    Menu.ccd : onHelpTab1: no visible global function definition for ‘help’
    Menu.ccd : onHelpTab6: no visible global function definition for ‘help’
    Menu.contour: no visible global function definition for ‘formula’
    Menu.contour : oncomprestrb.worefresh: no visible global function
     definition for ‘combn’
    Menu.fac : onHelpTab1: no visible global function definition for ‘help’
    Menu.fac : onHelpTab2: no visible global function definition for ‘help’
    Menu.fac : onHelpTab6: no visible global function definition for ‘help’
    Menu.lhs : onHelpTab1: no visible global function definition for ‘help’
    Menu.lhs : onHelpTab2: no visible global function definition for ‘help’
    Menu.lhs : onHelpTab6: no visible global function definition for ‘help’
    Menu.linearModelDesign: no visible global function definition for
     ‘formula’
    Menu.oa : onHelpTab1: no visible global function definition for ‘help’
    Menu.oa : onHelpTab2: no visible global function definition for ‘help’
    Menu.oa : onHelpTab6: no visible global function definition for ‘help’
    Menu.pb2level : onHelpTab1: no visible global function definition for
     ‘help’
    Menu.pb2level : onHelpTab2: no visible global function definition for
     ‘help’
    Menu.pb2level : onHelpTab6: no visible global function definition for
     ‘help’
    checkWarnings: no visible global function definition for ‘head’
    checkWarnings: no visible global function definition for ‘tail’
    displayCentralCompositeDesigns: no visible global function definition
     for ‘help’
    displayGlossary: no visible global function definition for ‘help’
    displayblock: no visible global function definition for ‘help’
    displaysplitplot: no visible global function definition for ‘help’
    fix.design : pickresps : onHelp: no visible binding for global variable
     ‘window’
    fix.design : pickresps : onHelp: no visible global function definition
     for ‘help’
    fix.design: no visible global function definition for ‘edit’
    fpairsc: no visible global function definition for ‘combn’
    help2level: no visible global function definition for ‘help’
    helpAnalyze: no visible global function definition for ‘help’
    helpDopt: no visible global function definition for ‘help’
    helpExpImp: no visible global function definition for ‘help’
    helpExport: no visible global function definition for ‘help’
    helpGeneralAnalyze: no visible global function definition for ‘help’
    helpImport: no visible global function definition for ‘help’
    helpInspect: no visible global function definition for ‘help’
    helpMenus: no visible global function definition for ‘help’
    helpModify: no visible global function definition for ‘help’
    helpQuantDesignAnalyze: no visible global function definition for
     ‘help’
    helpabout: no visible global function definition for ‘help’
    helpgeneral: no visible global function definition for ‘help’
    helpquant: no visible global function definition for ‘help’
    onHelpSyntax: no visible global function definition for ‘help’
    Undefined global functions or variables:
     combn edit formula head help tail window
    Consider adding
     importFrom("stats", "formula", "window")
     importFrom("utils", "combn", "edit", "head", "help", "tail")
    to your NAMESPACE file.
Flavor: r-release-osx-x86_64-mavericks

Version: 0.12-3
Check: for missing documentation entries
Result: WARN
    Invalid MIT-MAGIC-COOKIE-1 key
    All user-level objects in a package should have documentation entries.
    See chapter ‘Writing R documentation files’ in the ‘Writing R
    Extensions’ manual.
Flavor: r-release-osx-x86_64-mavericks

Version: 0.12-3
Check: for code/documentation mismatches
Result: WARN
    Invalid MIT-MAGIC-COOKIE-1 key
    Invalid MIT-MAGIC-COOKIE-1 key
    Invalid MIT-MAGIC-COOKIE-1 key
Flavor: r-release-osx-x86_64-mavericks

Version: 0.12-3
Check: Rd \usage sections
Result: NOTE
    Invalid MIT-MAGIC-COOKIE-1 key
    The \usage entries for S3 methods should use the \method markup and not
    their full name.
    See chapter ‘Writing R documentation files’ in the ‘Writing R
    Extensions’ manual.
Flavor: r-release-osx-x86_64-mavericks