CRAN Package Check Results for Package RcmdrPlugin.DoE

Last updated on 2015-03-03 12:50:44.

Flavor Version Tinstall Tcheck Ttotal Status Flags
r-devel-linux-x86_64-debian-clang 0.12-3 6.28 77.79 84.07 NOTE
r-devel-linux-x86_64-debian-gcc 0.12-3 6.20 73.70 79.90 NOTE
r-devel-linux-x86_64-fedora-clang 0.12-3 165.13 NOTE
r-devel-linux-x86_64-fedora-gcc 0.12-3 152.29 NOTE
r-devel-osx-x86_64-clang 0.12-3 155.25 NOTE
r-devel-windows-ix86+x86_64 0.12-3 52.00 160.00 212.00 NOTE
r-patched-linux-x86_64 0.12-3 15.46 144.48 159.94 NOTE
r-patched-solaris-sparc 0.12-3 1532.10 NOTE
r-patched-solaris-x86 0.12-3 401.10 NOTE
r-release-linux-ix86 0.12-3 11.56 141.80 153.36 OK
r-release-linux-x86_64 0.12-3 15.91 146.52 162.43 OK
r-release-osx-x86_64-mavericks 0.12-3 OK
r-release-osx-x86_64-snowleopard 0.12-3 OK
r-release-windows-ix86+x86_64 0.12-3 60.00 287.00 347.00 OK
r-oldrel-windows-ix86+x86_64 0.12-3 62.00 199.00 261.00 OK

Check Details

Version: 0.12-3
Check: dependencies in R code
Result: NOTE
    'library' or 'require' call to ‘FrF2.catlg128’ in package code.
     Please use :: or requireNamespace() instead.
     See section 'Suggested packages' in the 'Writing R Extensions' manual.
Flavors: r-devel-linux-x86_64-debian-clang, r-devel-linux-x86_64-debian-gcc, r-devel-linux-x86_64-fedora-clang, r-devel-linux-x86_64-fedora-gcc, r-devel-osx-x86_64-clang, r-devel-windows-ix86+x86_64, r-patched-linux-x86_64, r-patched-solaris-sparc, r-patched-solaris-x86