CRAN Package Check Results for Package RcmdrPlugin.DoE

Last updated on 2014-10-24 19:47:48.

Flavor Version Tinstall Tcheck Ttotal Status Flags
r-devel-linux-x86_64-debian-clang 0.12-3 3.80 69.48 73.28 OK
r-devel-linux-x86_64-debian-gcc 0.12-3 4.08 69.99 74.07 OK
r-devel-linux-x86_64-fedora-clang 0.12-3 132.38 OK
r-devel-linux-x86_64-fedora-gcc 0.12-3 123.92 OK
r-devel-osx-x86_64-clang 0.12-3 128.39 OK
r-devel-windows-ix86+x86_64 0.12-3 27.00 115.00 142.00 OK
r-patched-linux-x86_64 0.12-3 4.08 69.84 73.92 OK
r-patched-solaris-sparc 0.12-3 747.90 OK
r-patched-solaris-x86 0.12-3 201.40 OK
r-release-linux-ix86 0.12-3 0.67 1.87 2.54 ERROR
r-release-linux-x86_64 0.12-3 4.22 72.84 77.07 OK
r-release-osx-x86_64-mavericks 0.12-3 OK
r-release-osx-x86_64-snowleopard 0.12-3 OK
r-release-windows-ix86+x86_64 0.12-3 30.00 130.00 160.00 OK
r-oldrel-windows-ix86+x86_64 0.12-3 34.00 133.00 167.00 OK

Check Details

Version: 0.12-3
Check: package dependencies
Result: ERROR
    Package required but not available: ‘Rcmdr’
    
    See the information on DESCRIPTION files in the chapter ‘Creating R
    packages’ of the ‘Writing R Extensions’ manual.
Flavor: r-release-linux-ix86