CRAN Package Check Results for Package RcmdrPlugin.DoE

Last updated on 2014-04-16 15:49:33.

Flavor Version Tinstall Tcheck Ttotal Status Flags
r-devel-linux-x86_64-debian-clang 0.12-2 3.14 52.61 55.75 OK
r-devel-linux-x86_64-debian-gcc 0.12-2 3.17 53.75 56.92 OK
r-devel-linux-x86_64-fedora-clang 0.12-2 106.92 OK
r-devel-linux-x86_64-fedora-gcc 0.12-2 100.33 OK
r-devel-macosx-x86_64-clang 0.12-2 106.79 OK
r-devel-macosx-x86_64-gcc 0.12-2 ERROR
r-devel-windows-ix86+x86_64 0.12-2 14.00 79.00 93.00 OK
r-patched-linux-x86_64 0.12-2 3.16 53.70 56.86 OK
r-patched-solaris-sparc 0.12-2 612.80 OK
r-patched-solaris-x86 0.12-2 151.70 OK
r-release-linux-ix86 0.12-2 7.00 90.00 97.00 OK
r-release-linux-x86_64 0.12-2 2.88 56.02 58.90 OK
r-release-macosx-x86_64 0.12-2 WARN
r-release-windows-ix86+x86_64 0.12-2 15.00 82.00 97.00 OK
r-oldrel-windows-ix86+x86_64 0.12-2 20.00 85.00 105.00 OK

Check Details

Version: 0.12-2
Check: package dependencies
Result: ERROR
    Packages required but not available: ‘FrF2’ ‘DoE.wrapper’ ‘Rcmdr’
    
    Package suggested but not available for checking: ‘FrF2.catlg128’
    
    See the information on DESCRIPTION files in the chapter ‘Creating R
    packages’ of the ‘Writing R Extensions’ manual.
Flavor: r-devel-macosx-x86_64-gcc

Version: 0.12-2
Check: examples
Result: WARNING
    checking a package with encoding 'latin1' in an ASCII locale
    
     OK
Flavor: r-release-macosx-x86_64