CRAN Package Check Results for Package RcmdrPlugin.DoE

Last updated on 2017-06-25 18:47:57.

Flavor Version Tinstall Tcheck Ttotal Status Flags
r-devel-linux-x86_64-debian-clang 0.12-3 6.86 87.79 94.64 NOTE
r-devel-linux-x86_64-debian-gcc 0.12-3 6.77 88.77 95.53 NOTE
r-devel-linux-x86_64-fedora-clang 0.12-3 200.34 NOTE
r-devel-linux-x86_64-fedora-gcc 0.12-3 184.78 NOTE
r-devel-windows-ix86+x86_64 0.12-3 54.00 222.00 276.00 NOTE
r-patched-linux-x86_64 0.12-3 7.03 88.32 95.35 NOTE
r-patched-solaris-sparc 0.12-3 1063.60 NOTE
r-patched-solaris-x86 0.12-3 265.90 NOTE
r-release-linux-x86_64 0.12-3 6.78 93.87 100.65 NOTE
r-release-windows-ix86+x86_64 0.12-3 55.00 233.00 288.00 NOTE
r-release-osx-x86_64 0.12-3 NOTE
r-oldrel-windows-ix86+x86_64 0.12-3 37.00 190.00 227.00 NOTE
r-oldrel-osx-x86_64 0.12-3 WARN

Check Details

Version: 0.12-3
Check: dependencies in R code
Result: NOTE
    'library' or 'require' call to ‘FrF2.catlg128’ in package code.
     Please use :: or requireNamespace() instead.
     See section 'Suggested packages' in the 'Writing R Extensions' manual.
Flavors: r-devel-linux-x86_64-debian-clang, r-devel-linux-x86_64-debian-gcc, r-devel-linux-x86_64-fedora-clang, r-devel-linux-x86_64-fedora-gcc, r-devel-windows-ix86+x86_64, r-patched-linux-x86_64, r-patched-solaris-sparc, r-patched-solaris-x86, r-release-linux-x86_64, r-release-windows-ix86+x86_64, r-release-osx-x86_64, r-oldrel-windows-ix86+x86_64

Version: 0.12-3
Check: R code for possible problems
Result: NOTE
    HowToReImport: no visible global function definition for ‘help’
    Menu.Dopt : onHelpTab1: no visible global function definition for
     ‘help’
    Menu.Dopt : onHelpTab6: no visible global function definition for
     ‘help’
    Menu.FrF2level : onHelpTab1: no visible global function definition for
     ‘help’
    Menu.FrF2level : onHelpTab2: no visible global function definition for
     ‘help’
    Menu.FrF2level : onHelpTab6: no visible global function definition for
     ‘help’
    Menu.FrF2level : onHelpTabEstimable: no visible global function
     definition for ‘help’
    Menu.FrF2level: no visible global function definition for ‘combn’
    Menu.augmentlhs : onHelpTab1: no visible global function definition for
     ‘help’
    Menu.augmentlhs : onHelpTab6: no visible global function definition for
     ‘help’
    Menu.bbd : onHelpTab1: no visible global function definition for ‘help’
    Menu.bbd : onHelpTab2: no visible global function definition for ‘help’
    Menu.bbd : onHelpTab6: no visible global function definition for ‘help’
    Menu.ccd : onHelpTab1: no visible global function definition for ‘help’
    Menu.ccd : onHelpTab6: no visible global function definition for ‘help’
    Menu.contour: no visible global function definition for ‘formula’
    Menu.contour : oncomprestrb.worefresh: no visible global function
     definition for ‘combn’
    Menu.fac : onHelpTab1: no visible global function definition for ‘help’
    Menu.fac : onHelpTab2: no visible global function definition for ‘help’
    Menu.fac : onHelpTab6: no visible global function definition for ‘help’
    Menu.lhs : onHelpTab1: no visible global function definition for ‘help’
    Menu.lhs : onHelpTab2: no visible global function definition for ‘help’
    Menu.lhs : onHelpTab6: no visible global function definition for ‘help’
    Menu.linearModelDesign: no visible global function definition for
     ‘formula’
    Menu.oa : onHelpTab1: no visible global function definition for ‘help’
    Menu.oa : onHelpTab2: no visible global function definition for ‘help’
    Menu.oa : onHelpTab6: no visible global function definition for ‘help’
    Menu.pb2level : onHelpTab1: no visible global function definition for
     ‘help’
    Menu.pb2level : onHelpTab2: no visible global function definition for
     ‘help’
    Menu.pb2level : onHelpTab6: no visible global function definition for
     ‘help’
    checkWarnings: no visible global function definition for ‘head’
    checkWarnings: no visible global function definition for ‘tail’
    displayCentralCompositeDesigns: no visible global function definition
     for ‘help’
    displayGlossary: no visible global function definition for ‘help’
    displayblock: no visible global function definition for ‘help’
    displaysplitplot: no visible global function definition for ‘help’
    fix.design : pickresps : onHelp: no visible binding for global variable
     ‘window’
    fix.design : pickresps : onHelp: no visible global function definition
     for ‘help’
    fix.design: no visible global function definition for ‘edit’
    fpairsc: no visible global function definition for ‘combn’
    help2level: no visible global function definition for ‘help’
    helpAnalyze: no visible global function definition for ‘help’
    helpDopt: no visible global function definition for ‘help’
    helpExpImp: no visible global function definition for ‘help’
    helpExport: no visible global function definition for ‘help’
    helpGeneralAnalyze: no visible global function definition for ‘help’
    helpImport: no visible global function definition for ‘help’
    helpInspect: no visible global function definition for ‘help’
    helpMenus: no visible global function definition for ‘help’
    helpModify: no visible global function definition for ‘help’
    helpQuantDesignAnalyze: no visible global function definition for
     ‘help’
    helpabout: no visible global function definition for ‘help’
    helpgeneral: no visible global function definition for ‘help’
    helpquant: no visible global function definition for ‘help’
    onHelpSyntax: no visible global function definition for ‘help’
    Undefined global functions or variables:
     combn edit formula head help tail window
    Consider adding
     importFrom("stats", "formula", "window")
     importFrom("utils", "combn", "edit", "head", "help", "tail")
    to your NAMESPACE file.
Flavors: r-devel-linux-x86_64-debian-clang, r-devel-linux-x86_64-debian-gcc, r-devel-linux-x86_64-fedora-clang, r-devel-linux-x86_64-fedora-gcc, r-devel-windows-ix86+x86_64, r-patched-linux-x86_64, r-patched-solaris-sparc, r-patched-solaris-x86, r-release-linux-x86_64, r-release-windows-ix86+x86_64, r-release-osx-x86_64, r-oldrel-windows-ix86+x86_64

Version: 0.12-3
Check: dependencies in R code
Result: NOTE
    Invalid MIT-MAGIC-COOKIE-1 key'library' or 'require' call to ‘FrF2.catlg128’ in package code.
     Please use :: or requireNamespace() instead.
     See section 'Suggested packages' in the 'Writing R Extensions' manual.
Flavor: r-oldrel-osx-x86_64

Version: 0.12-3
Check: S3 generic/method consistency
Result: WARN
    Invalid MIT-MAGIC-COOKIE-1 key
    See section ‘Generic functions and methods’ in the ‘Writing R
    Extensions’ manual.
Flavor: r-oldrel-osx-x86_64

Version: 0.12-3
Check: replacement functions
Result: WARN
    Invalid MIT-MAGIC-COOKIE-1 key
    The argument of a replacement function which corresponds to the right
    hand side must be named ‘value’.
Flavor: r-oldrel-osx-x86_64

Version: 0.12-3
Check: foreign function calls
Result: NOTE
    Invalid MIT-MAGIC-COOKIE-1 key
    See chapter ‘System and foreign language interfaces’ in the ‘Writing R
    Extensions’ manual.
Flavor: r-oldrel-osx-x86_64

Version: 0.12-3
Check: R code for possible problems
Result: NOTE
    Invalid MIT-MAGIC-COOKIE-1 keyHowToReImport: no visible global function definition for ‘help’
    Menu.Dopt : onHelpTab1: no visible global function definition for
     ‘help’
    Menu.Dopt : onHelpTab6: no visible global function definition for
     ‘help’
    Menu.FrF2level : onHelpTab1: no visible global function definition for
     ‘help’
    Menu.FrF2level : onHelpTab2: no visible global function definition for
     ‘help’
    Menu.FrF2level : onHelpTab6: no visible global function definition for
     ‘help’
    Menu.FrF2level : onHelpTabEstimable: no visible global function
     definition for ‘help’
    Menu.FrF2level: no visible global function definition for ‘combn’
    Menu.augmentlhs : onHelpTab1: no visible global function definition for
     ‘help’
    Menu.augmentlhs : onHelpTab6: no visible global function definition for
     ‘help’
    Menu.bbd : onHelpTab1: no visible global function definition for ‘help’
    Menu.bbd : onHelpTab2: no visible global function definition for ‘help’
    Menu.bbd : onHelpTab6: no visible global function definition for ‘help’
    Menu.ccd : onHelpTab1: no visible global function definition for ‘help’
    Menu.ccd : onHelpTab6: no visible global function definition for ‘help’
    Menu.contour: no visible global function definition for ‘formula’
    Menu.contour : oncomprestrb.worefresh: no visible global function
     definition for ‘combn’
    Menu.fac : onHelpTab1: no visible global function definition for ‘help’
    Menu.fac : onHelpTab2: no visible global function definition for ‘help’
    Menu.fac : onHelpTab6: no visible global function definition for ‘help’
    Menu.lhs : onHelpTab1: no visible global function definition for ‘help’
    Menu.lhs : onHelpTab2: no visible global function definition for ‘help’
    Menu.lhs : onHelpTab6: no visible global function definition for ‘help’
    Menu.linearModelDesign: no visible global function definition for
     ‘formula’
    Menu.oa : onHelpTab1: no visible global function definition for ‘help’
    Menu.oa : onHelpTab2: no visible global function definition for ‘help’
    Menu.oa : onHelpTab6: no visible global function definition for ‘help’
    Menu.pb2level : onHelpTab1: no visible global function definition for
     ‘help’
    Menu.pb2level : onHelpTab2: no visible global function definition for
     ‘help’
    Menu.pb2level : onHelpTab6: no visible global function definition for
     ‘help’
    checkWarnings: no visible global function definition for ‘head’
    checkWarnings: no visible global function definition for ‘tail’
    displayCentralCompositeDesigns: no visible global function definition
     for ‘help’
    displayGlossary: no visible global function definition for ‘help’
    displayblock: no visible global function definition for ‘help’
    displaysplitplot: no visible global function definition for ‘help’
    fix.design : pickresps : onHelp: no visible binding for global variable
     ‘window’
    fix.design : pickresps : onHelp: no visible global function definition
     for ‘help’
    fix.design: no visible global function definition for ‘edit’
    fpairsc: no visible global function definition for ‘combn’
    help2level: no visible global function definition for ‘help’
    helpAnalyze: no visible global function definition for ‘help’
    helpDopt: no visible global function definition for ‘help’
    helpExpImp: no visible global function definition for ‘help’
    helpExport: no visible global function definition for ‘help’
    helpGeneralAnalyze: no visible global function definition for ‘help’
    helpImport: no visible global function definition for ‘help’
    helpInspect: no visible global function definition for ‘help’
    helpMenus: no visible global function definition for ‘help’
    helpModify: no visible global function definition for ‘help’
    helpQuantDesignAnalyze: no visible global function definition for
     ‘help’
    helpabout: no visible global function definition for ‘help’
    helpgeneral: no visible global function definition for ‘help’
    helpquant: no visible global function definition for ‘help’
    onHelpSyntax: no visible global function definition for ‘help’
    Undefined global functions or variables:
     combn edit formula head help tail window
    Consider adding
     importFrom("stats", "formula", "window")
     importFrom("utils", "combn", "edit", "head", "help", "tail")
    to your NAMESPACE file.
Flavor: r-oldrel-osx-x86_64

Version: 0.12-3
Check: for missing documentation entries
Result: WARN
    Invalid MIT-MAGIC-COOKIE-1 key
    All user-level objects in a package should have documentation entries.
    See chapter ‘Writing R documentation files’ in the ‘Writing R
    Extensions’ manual.
Flavor: r-oldrel-osx-x86_64

Version: 0.12-3
Check: for code/documentation mismatches
Result: WARN
    Invalid MIT-MAGIC-COOKIE-1 key
    Invalid MIT-MAGIC-COOKIE-1 key
    Invalid MIT-MAGIC-COOKIE-1 key
Flavor: r-oldrel-osx-x86_64

Version: 0.12-3
Check: Rd \usage sections
Result: NOTE
    Invalid MIT-MAGIC-COOKIE-1 key
    The \usage entries for S3 methods should use the \method markup and not
    their full name.
    See chapter ‘Writing R documentation files’ in the ‘Writing R
    Extensions’ manual.
Flavor: r-oldrel-osx-x86_64