CRAN Package Check Results for Package RcmdrPlugin.DoE

Last updated on 2014-08-29 14:47:08.

Flavor Version Tinstall Tcheck Ttotal Status Flags
r-devel-linux-x86_64-debian-clang 0.12-2 3.91 65.89 69.80 WARN
r-devel-linux-x86_64-debian-gcc 0.12-3 3.73 66.19 69.92 OK
r-devel-linux-x86_64-fedora-clang 0.12-3 66.39 OK
r-devel-linux-x86_64-fedora-gcc 0.12-3 65.76 OK
r-devel-osx-x86_64-clang 0.12-3 96.23 OK
r-devel-windows-ix86+x86_64 0.12-3 32.00 159.00 191.00 OK
r-patched-linux-x86_64 0.12-2 3.90 68.21 72.11 WARN
r-patched-solaris-sparc 0.12-3 692.50 OK
r-patched-solaris-x86 0.12-3 142.40 OK
r-release-linux-ix86 0.12-2 5.38 83.74 89.12 WARN
r-release-linux-x86_64 0.12-3 3.97 70.03 74.00 OK
r-release-osx-x86_64-mavericks 0.12-3 OK
r-release-osx-x86_64-snowleopard 0.12-2 WARN
r-release-windows-ix86+x86_64 0.12-3 29.00 123.00 152.00 OK
r-oldrel-windows-ix86+x86_64 0.12-3 31.00 137.00 168.00 OK

Check Details

Version: 0.12-2
Check: dependencies in R code
Result: NOTE
    Package in Depends field not imported from: ‘tcltk’
     These packages need to be imported from (in the NAMESPACE file)
     for when this namespace is loaded but not attached.
    See the information on DESCRIPTION files in the chapter ‘Creating R
    packages’ of the ‘Writing R Extensions’ manual.
Flavors: r-devel-linux-x86_64-debian-clang, r-patched-linux-x86_64

Version: 0.12-2
Check: R code for possible problems
Result: NOTE
    Menu.Dopt: no visible global function definition for ‘ttknotebook’
    Menu.Dopt: no visible global function definition for ‘tkadd’
    Menu.Dopt: no visible global function definition for ‘ttklabel’
    Menu.EffectPlots : onalpha: no visible global function definition for
     ‘tk_messageBox’
    Menu.EffectPlots: no visible global function definition for ‘tkbutton’
    Menu.FrF2level : storeRcmdr: no visible global function definition for
     ‘tclObj’
    Menu.FrF2level : onOK: no visible global function definition for
     ‘tclObj’
    Menu.FrF2level : onOK: no visible global function definition for
     ‘tk_messageBox’
    Menu.FrF2level : nfacchange: no visible global function definition for
     ‘tclObj’
    Menu.FrF2level : nrunchange: no visible global function definition for
     ‘tk_messageBox’
    Menu.FrF2level : factorsel: no visible global function definition for
     ‘tclObj’
    Menu.FrF2level : fnamchange: no visible global function definition for
     ‘tclObj’
    Menu.FrF2level : flev1change: no visible global function definition for
     ‘tclObj’
    Menu.FrF2level : flev2change: no visible global function definition for
     ‘tclObj’
    Menu.FrF2level : flabchange: no visible global function definition for
     ‘tclObj’
    Menu.FrF2level : onUp: no visible global function definition for
     ‘tclObj’
    Menu.FrF2level : onDown: no visible global function definition for
     ‘tclObj’
    Menu.FrF2level : onMAinfo: no visible global function definition for
     ‘ttklabel’
    Menu.FrF2level : onMaxC2info: no visible global function definition for
     ‘ttklabel’
    Menu.FrF2level: no visible global function definition for ‘ttknotebook’
    Menu.FrF2level: no visible global function definition for ‘tkadd’
    Menu.FrF2level: no visible global function definition for ‘ttkcombobox’
    Menu.FrF2level: no visible global function definition for ‘ttklabel’
    Menu.addcenter: no visible global function definition for
     ‘tk_messageBox’
    Menu.addcenter : onncenter: no visible global function definition for
     ‘tk_messageBox’
    Menu.addcenter : ondistribute: no visible global function definition
     for ‘tk_messageBox’
    Menu.addcenter : onname: no visible global function definition for
     ‘tk_messageBox’
    Menu.addresponse: no visible global function definition for
     ‘ttkcombobox’
    Menu.addresponse: no visible global function definition for ‘ttklabel’
    Menu.aggregate: no visible global function definition for ‘ttkcombobox’
    Menu.augmentlhs: no visible global function definition for
     ‘ttknotebook’
    Menu.augmentlhs: no visible global function definition for ‘tkadd’
    Menu.augmentlhs: no visible global function definition for ‘ttklabel’
    Menu.bbd : storeRcmdr: no visible global function definition for
     ‘tclObj’
    Menu.bbd : onOK: no visible global function definition for ‘tclObj’
    Menu.bbd : nfacchange: no visible global function definition for
     ‘tclObj’
    Menu.bbd : factorsel: no visible global function definition for
     ‘tclObj’
    Menu.bbd : fnamchange: no visible global function definition for
     ‘tclObj’
    Menu.bbd : flev1change: no visible global function definition for
     ‘tclObj’
    Menu.bbd : flev2change: no visible global function definition for
     ‘tclObj’
    Menu.bbd : flabchange: no visible global function definition for
     ‘tclObj’
    Menu.bbd : onUp: no visible global function definition for ‘tclObj’
    Menu.bbd : onDown: no visible global function definition for ‘tclObj’
    Menu.bbd: no visible global function definition for ‘ttknotebook’
    Menu.bbd: no visible global function definition for ‘tkadd’
    Menu.bbd: no visible global function definition for ‘ttklabel’
    Menu.bbd: no visible global function definition for ‘ttkcombobox’
    Menu.cand: no visible global function definition for ‘tkbutton’
    Menu.cand: no visible global function definition for ‘ttkseparator’
    Menu.ccd: no visible global function definition for ‘ttknotebook’
    Menu.ccd: no visible global function definition for ‘tkadd’
    Menu.ccd: no visible global function definition for ‘tkbutton’
    Menu.ccd: no visible global function definition for ‘ttklabel’
    Menu.contour: no visible global function definition for ‘ttknotebook’
    Menu.contour: no visible global function definition for ‘tkadd’
    Menu.contour: no visible global function definition for ‘ttklabel’
    Menu.contour: no visible global function definition for ‘ttkcombobox’
    Menu.export: no visible global function definition for ‘ttkcombobox’
    Menu.export: no visible global function definition for ‘ttklabel’
    Menu.fac : storeRcmdr: no visible global function definition for
     ‘tclObj’
    Menu.fac : onOK: no visible global function definition for ‘tclObj’
    Menu.fac : nfacchange: no visible global function definition for
     ‘tclObj’
    Menu.fac : factorsel: no visible global function definition for
     ‘tclObj’
    Menu.fac : fnamchange: no visible global function definition for
     ‘tclObj’
    Menu.fac : nlevchange: no visible global function definition for
     ‘tclObj’
    Menu.fac : flevchange: no visible global function definition for
     ‘tclObj’
    Menu.fac : flabchange: no visible global function definition for
     ‘tclObj’
    Menu.fac : onUp: no visible global function definition for ‘tclObj’
    Menu.fac : onDown: no visible global function definition for ‘tclObj’
    Menu.fac: no visible global function definition for ‘ttknotebook’
    Menu.fac: no visible global function definition for ‘tkadd’
    Menu.fac: no visible global function definition for ‘ttklabel’
    Menu.fac: no visible global function definition for ‘ttkcombobox’
    Menu.importrdacsv: no visible global function definition for
     ‘ttkcombobox’
    Menu.lhs : storeRcmdr: no visible global function definition for
     ‘tclObj’
    Menu.lhs : onOK: no visible global function definition for ‘tclObj’
    Menu.lhs : nfacchange: no visible global function definition for
     ‘tclObj’
    Menu.lhs : factorsel: no visible global function definition for
     ‘tclObj’
    Menu.lhs : fnamchange: no visible global function definition for
     ‘tclObj’
    Menu.lhs : flev1change: no visible global function definition for
     ‘tclObj’
    Menu.lhs : flev2change: no visible global function definition for
     ‘tclObj’
    Menu.lhs : flabchange: no visible global function definition for
     ‘tclObj’
    Menu.lhs : onUp: no visible global function definition for ‘tclObj’
    Menu.lhs : onDown: no visible global function definition for ‘tclObj’
    Menu.lhs: no visible global function definition for ‘ttknotebook’
    Menu.lhs: no visible global function definition for ‘tkadd’
    Menu.lhs: no visible global function definition for ‘ttklabel’
    Menu.lhs: no visible global function definition for ‘ttkcombobox’
    Menu.model: no visible global function definition for ‘ttklabel’
    Menu.model : onOK: no visible global function definition for
     ‘tk_messageBox’
    Menu.oa : onInspect: no visible global function definition for ‘tclObj’
    Menu.oa : storeRcmdr: no visible global function definition for
     ‘tclObj’
    Menu.oa : onOK: no visible global function definition for ‘tclObj’
    Menu.oa : nfacchange: no visible global function definition for
     ‘tclObj’
    Menu.oa : factorsel: no visible global function definition for ‘tclObj’
    Menu.oa : fnamchange: no visible global function definition for
     ‘tclObj’
    Menu.oa : colnochange: no visible global function definition for
     ‘tclObj’
    Menu.oa : nlevchange: no visible global function definition for
     ‘tclObj’
    Menu.oa : flevchange: no visible global function definition for
     ‘tclObj’
    Menu.oa : flabchange: no visible global function definition for
     ‘tclObj’
    Menu.oa : onUp: no visible global function definition for ‘tclObj’
    Menu.oa : onDown: no visible global function definition for ‘tclObj’
    Menu.oa: no visible global function definition for ‘ttknotebook’
    Menu.oa: no visible global function definition for ‘tkadd’
    Menu.oa: no visible global function definition for ‘ttklabel’
    Menu.oa: no visible global function definition for ‘ttkcombobox’
    Menu.param : onname: no visible global function definition for
     ‘tk_messageBox’
    Menu.pb2level : storeRcmdr: no visible global function definition for
     ‘tclObj’
    Menu.pb2level : onOK: no visible global function definition for
     ‘tclObj’
    Menu.pb2level : nfacchange: no visible global function definition for
     ‘tclObj’
    Menu.pb2level : factorsel: no visible global function definition for
     ‘tclObj’
    Menu.pb2level : fnamchange: no visible global function definition for
     ‘tclObj’
    Menu.pb2level : flev1change: no visible global function definition for
     ‘tclObj’
    Menu.pb2level : flev2change: no visible global function definition for
     ‘tclObj’
    Menu.pb2level : flabchange: no visible global function definition for
     ‘tclObj’
    Menu.pb2level : onUp: no visible global function definition for
     ‘tclObj’
    Menu.pb2level : onDown: no visible global function definition for
     ‘tclObj’
    Menu.pb2level: no visible global function definition for ‘ttknotebook’
    Menu.pb2level: no visible global function definition for ‘tkadd’
    Menu.pb2level: no visible global function definition for ‘ttklabel’
    Menu.pb2level: no visible global function definition for ‘ttkcombobox’
    Menu.rsmmodel: no visible global function definition for ‘ttklabel’
    Menu.rsmmodel : onOK: no visible global function definition for
     ‘tk_messageBox’
    Menu.steepest: no visible global function definition for ‘ttklabel’
    fix.design : pickresps: no visible global function definition for
     ‘tkbutton’
Flavor: r-devel-linux-x86_64-debian-clang

Version: 0.12-2
Check: Rd cross-references
Result: WARN
    Missing link or links in documentation object 'PlotMeansDoE.menu.Rd':
     ‘[Rcmdr]{plotMeans}’
    
    See the information in section 'Cross-references' of the 'Writing R
    Extensions' manual.
Flavors: r-devel-linux-x86_64-debian-clang, r-patched-linux-x86_64, r-release-linux-ix86

Version: 0.12-2
Check: examples
Result: WARN
    checking a package with encoding 'latin1' in an ASCII locale
    
     OK
Flavor: r-release-osx-x86_64-snowleopard