CRAN Package Check Results for Package RcmdrPlugin.DoE

Last updated on 2015-05-28 12:48:03.

Flavor Version Tinstall Tcheck Ttotal Status Flags
r-devel-linux-x86_64-debian-clang 0.12-3 6.10 76.96 83.05 NOTE
r-devel-linux-x86_64-debian-gcc 0.12-3 5.90 74.81 80.71 NOTE
r-devel-linux-x86_64-fedora-clang 0.12-3 168.79 NOTE
r-devel-linux-x86_64-fedora-gcc 0.12-3 164.79 NOTE
r-devel-osx-x86_64-clang 0.12-3 151.43 NOTE
r-devel-windows-ix86+x86_64 0.12-3 39.00 107.00 146.00 NOTE
r-patched-linux-x86_64 0.12-3 6.14 76.07 82.21 NOTE
r-patched-solaris-sparc 0.12-3 1001.60 NOTE
r-patched-solaris-x86 0.12-3 249.60 NOTE
r-release-linux-x86_64 0.12-3 6.22 76.45 82.66 NOTE
r-release-osx-x86_64-mavericks 0.12-3 NOTE
r-release-osx-x86_64-snowleopard 0.12-3 ERROR
r-release-windows-ix86+x86_64 0.12-3 38.00 105.00 143.00 NOTE
r-oldrel-windows-ix86+x86_64 0.12-3 71.00 224.00 295.00 NOTE

Check Details

Version: 0.12-3
Check: dependencies in R code
Result: NOTE
    'library' or 'require' call to ‘FrF2.catlg128’ in package code.
     Please use :: or requireNamespace() instead.
     See section 'Suggested packages' in the 'Writing R Extensions' manual.
Flavors: r-devel-linux-x86_64-debian-clang, r-devel-linux-x86_64-debian-gcc, r-devel-linux-x86_64-fedora-clang, r-devel-linux-x86_64-fedora-gcc, r-devel-osx-x86_64-clang, r-devel-windows-ix86+x86_64, r-patched-linux-x86_64, r-patched-solaris-sparc, r-patched-solaris-x86, r-release-linux-x86_64, r-release-osx-x86_64-mavericks, r-release-windows-ix86+x86_64, r-oldrel-windows-ix86+x86_64

Version: 0.12-3
Check: package dependencies
Result: ERROR
    Packages required but not available:
     ‘FrF2’ ‘DoE.wrapper’ ‘Rcmdr’ ‘RcmdrMisc’
    
    Package suggested but not available for checking: ‘FrF2.catlg128’
    
    See section ‘The DESCRIPTION file’ in the ‘Writing R Extensions’
    manual.
Flavor: r-release-osx-x86_64-snowleopard