CRAN Package Check Results for Package RcmdrPlugin.DoE

Last updated on 2015-04-27 05:47:42.

Flavor Version Tinstall Tcheck Ttotal Status Flags
r-devel-linux-x86_64-debian-clang 0.12-3 6.40 78.52 84.92 NOTE
r-devel-linux-x86_64-debian-gcc 0.12-3 8.02 77.86 85.88 NOTE
r-devel-linux-x86_64-fedora-clang 0.12-3 167.29 NOTE
r-devel-linux-x86_64-fedora-gcc 0.12-3 156.23 NOTE
r-devel-osx-x86_64-clang 0.12-3 148.18 NOTE
r-devel-windows-ix86+x86_64 0.12-3 46.00 216.00 262.00 NOTE
r-patched-linux-x86_64 0.12-3 5.97 76.38 82.34 NOTE
r-patched-solaris-sparc 0.12-3 963.20 NOTE
r-patched-solaris-x86 0.12-3 238.50 NOTE
r-release-linux-x86_64 0.12-3 6.41 74.27 80.68 NOTE
r-release-osx-x86_64-mavericks 0.12-3 NOTE
r-release-osx-x86_64-snowleopard 0.12-3 ERROR
r-release-windows-ix86+x86_64 0.12-3 49.00 101.00 150.00 NOTE
r-oldrel-windows-ix86+x86_64 0.12-3 64.00 220.00 284.00 NOTE

Check Details

Version: 0.12-3
Check: dependencies in R code
Result: NOTE
    'library' or 'require' call to ‘FrF2.catlg128’ in package code.
     Please use :: or requireNamespace() instead.
     See section 'Suggested packages' in the 'Writing R Extensions' manual.
Flavors: r-devel-linux-x86_64-debian-clang, r-devel-linux-x86_64-debian-gcc, r-devel-linux-x86_64-fedora-clang, r-devel-linux-x86_64-fedora-gcc, r-devel-osx-x86_64-clang, r-devel-windows-ix86+x86_64, r-patched-solaris-sparc, r-patched-solaris-x86, r-release-osx-x86_64-mavericks, r-release-windows-ix86+x86_64, r-oldrel-windows-ix86+x86_64

Version: 0.12-3
Check: package dependencies
Result: ERROR
    Packages required but not available:
     ‘FrF2’ ‘DoE.wrapper’ ‘Rcmdr’ ‘RcmdrMisc’
    
    Package suggested but not available for checking: ‘FrF2.catlg128’
    
    See section ‘The DESCRIPTION file’ in the ‘Writing R Extensions’
    manual.
Flavor: r-release-osx-x86_64-snowleopard