CRAN Package Check Results for Package RcmdrPlugin.DoE

Last updated on 2015-01-25 09:51:36.

Flavor Version Tinstall Tcheck Ttotal Status Flags
r-devel-linux-x86_64-debian-clang 0.12-3 3.57 69.69 73.26 NOTE
r-devel-linux-x86_64-debian-gcc 0.12-3 3.76 67.46 71.22 NOTE
r-devel-linux-x86_64-fedora-clang 0.12-3 131.64 NOTE
r-devel-linux-x86_64-fedora-gcc 0.12-3 134.74 NOTE
r-devel-osx-x86_64-clang 0.12-3 125.79 NOTE
r-devel-windows-ix86+x86_64 0.12-3 40.00 112.00 152.00 NOTE
r-patched-linux-x86_64 0.12-3 4.12 55.90 60.02 OK
r-patched-solaris-sparc 0.12-3 758.70 OK
r-patched-solaris-x86 0.12-3 194.10 OK
r-release-linux-ix86 0.12-3 4.85 79.57 84.42 OK
r-release-linux-x86_64 0.12-3 3.96 55.70 59.66 OK
r-release-osx-x86_64-mavericks 0.12-3 OK
r-release-osx-x86_64-snowleopard 0.12-3 OK
r-release-windows-ix86+x86_64 0.12-3 43.00 125.00 168.00 OK
r-oldrel-windows-ix86+x86_64 0.12-3 35.00 148.00 183.00 OK

Check Details

Version: 0.12-3
Check: dependencies in R code
Result: NOTE
    'library' or 'require' call to ‘FrF2.catlg128’ in package code.
     Please use :: or requireNamespace() instead.
     See section 'Suggested packages' in the 'Writing R Extensions' manual.
Flavors: r-devel-linux-x86_64-debian-clang, r-devel-linux-x86_64-debian-gcc, r-devel-linux-x86_64-fedora-clang, r-devel-linux-x86_64-fedora-gcc, r-devel-osx-x86_64-clang, r-devel-windows-ix86+x86_64