CRAN Package Check Results for Package RcmdrPlugin.EACSPIR

Last updated on 2014-12-21 11:46:42.

Flavor Version Tinstall Tcheck Ttotal Status Flags
r-devel-linux-x86_64-debian-clang 0.2-1 6.51 90.16 96.67 NOTE
r-devel-linux-x86_64-debian-gcc 0.2-1 6.15 87.06 93.21 NOTE
r-devel-linux-x86_64-fedora-clang 0.2-1 195.92 NOTE
r-devel-linux-x86_64-fedora-gcc 0.2-1 182.00 NOTE
r-devel-osx-x86_64-clang 0.2-1 175.27 NOTE
r-devel-windows-ix86+x86_64 0.2-1 30.00 204.00 234.00 NOTE
r-patched-linux-x86_64 0.2-1 6.64 89.72 96.37 NOTE
r-patched-solaris-sparc 0.2-1 1070.00 NOTE
r-patched-solaris-x86 0.2-1 274.30 NOTE
r-release-linux-ix86 0.2-1 7.84 101.01 108.84 NOTE
r-release-linux-x86_64 0.2-1 6.76 90.67 97.43 NOTE
r-release-osx-x86_64-mavericks 0.2-1 OK
r-release-osx-x86_64-snowleopard 0.2-1 OK
r-release-windows-ix86+x86_64 0.2-1 54.00 208.00 262.00 NOTE
r-oldrel-windows-ix86+x86_64 0.2-1 39.00 156.00 195.00 NOTE

Check Details

Version: 0.2-1
Check: R code for possible problems
Result: NOTE
    bivcat: no visible global function definition for ‘rowPercents’
    bivcat: no visible global function definition for ‘colPercents’
    bivcat: no visible global function definition for ‘totPercents’
    bivord: no visible global function definition for ‘rowPercents’
    bivord: no visible global function definition for ‘colPercents’
    bivord: no visible global function definition for ‘totPercents’
Flavors: r-devel-linux-x86_64-debian-clang, r-devel-linux-x86_64-debian-gcc, r-devel-linux-x86_64-fedora-clang, r-devel-linux-x86_64-fedora-gcc, r-devel-osx-x86_64-clang, r-devel-windows-ix86+x86_64, r-patched-linux-x86_64, r-patched-solaris-sparc, r-patched-solaris-x86, r-release-linux-ix86, r-release-linux-x86_64, r-release-windows-ix86+x86_64, r-oldrel-windows-ix86+x86_64