CRAN Package Check Results for Package RcmdrPlugin.EACSPIR

Last updated on 2014-10-21 21:46:58.

Flavor Version Tinstall Tcheck Ttotal Status Flags
r-devel-linux-x86_64-debian-clang 0.2-1 6.60 91.21 97.80 NOTE
r-devel-linux-x86_64-debian-gcc 0.2-1 6.59 91.68 98.28 NOTE
r-devel-linux-x86_64-fedora-clang 0.2-1 192.84 NOTE
r-devel-linux-x86_64-fedora-gcc 0.2-1 179.35 NOTE
r-devel-osx-x86_64-clang 0.2-1 179.59 NOTE
r-devel-windows-ix86+x86_64 0.2-1 47.00 145.00 192.00 NOTE
r-patched-linux-x86_64 0.2-1 6.92 93.12 100.05 NOTE
r-patched-solaris-sparc 0.2-1 1070.00 NOTE
r-patched-solaris-x86 0.2-1 284.70 NOTE
r-release-linux-ix86 0.2-1 0.49 1.88 2.37 ERROR
r-release-linux-x86_64 0.2-1 7.28 92.79 100.07 NOTE
r-release-osx-x86_64-mavericks 0.2-1 OK
r-release-osx-x86_64-snowleopard 0.2-1 OK
r-release-windows-ix86+x86_64 0.2-1 47.00 148.00 195.00 NOTE
r-oldrel-windows-ix86+x86_64 0.2-1 40.00 143.00 183.00 NOTE

Check Details

Version: 0.2-1
Check: R code for possible problems
Result: NOTE
    bivcat: no visible global function definition for ‘rowPercents’
    bivcat: no visible global function definition for ‘colPercents’
    bivcat: no visible global function definition for ‘totPercents’
    bivord: no visible global function definition for ‘rowPercents’
    bivord: no visible global function definition for ‘colPercents’
    bivord: no visible global function definition for ‘totPercents’
Flavors: r-devel-linux-x86_64-debian-clang, r-devel-linux-x86_64-debian-gcc, r-devel-linux-x86_64-fedora-clang, r-devel-linux-x86_64-fedora-gcc, r-devel-osx-x86_64-clang, r-devel-windows-ix86+x86_64, r-patched-linux-x86_64, r-patched-solaris-sparc, r-patched-solaris-x86, r-release-linux-x86_64, r-release-windows-ix86+x86_64, r-oldrel-windows-ix86+x86_64

Version: 0.2-1
Check: package dependencies
Result: ERROR
    Package required but not available: ‘Rcmdr’
    
    See the information on DESCRIPTION files in the chapter ‘Creating R
    packages’ of the ‘Writing R Extensions’ manual.
Flavor: r-release-linux-ix86