CRAN Package Check Results for Package RcmdrPlugin.EACSPIR

Last updated on 2014-08-29 03:47:17.

Flavor Version Tinstall Tcheck Ttotal Status Flags
r-devel-linux-x86_64-debian-clang 0.2-1 6.67 87.10 93.77 NOTE
r-devel-linux-x86_64-debian-gcc 0.2-1 6.61 87.27 93.88 NOTE
r-devel-linux-x86_64-fedora-clang 0.2-1 225.25 NOTE
r-devel-linux-x86_64-fedora-gcc 0.2-1 189.68 NOTE
r-devel-osx-x86_64-clang 0.2-1 168.33 NOTE
r-devel-windows-ix86+x86_64 0.2-1 37.00 138.00 175.00 NOTE
r-patched-linux-x86_64 0.2-1 6.66 89.66 96.32 NOTE
r-patched-solaris-sparc 0.2-1 1009.00 NOTE
r-patched-solaris-x86 0.2-1 285.00 NOTE
r-release-linux-ix86 0.2-1 8.33 104.30 112.62 NOTE
r-release-linux-x86_64 0.2-1 6.63 92.91 99.54 NOTE
r-release-osx-x86_64-mavericks 0.2-1 OK
r-release-osx-x86_64-snowleopard 0.2-1 OK
r-release-windows-ix86+x86_64 0.2-1 28.00 164.00 192.00 NOTE
r-oldrel-windows-ix86+x86_64 0.2-1 40.00 149.00 189.00 NOTE

Check Details

Version: 0.2-1
Check: R code for possible problems
Result: NOTE
    bivcat: no visible global function definition for ‘rowPercents’
    bivcat: no visible global function definition for ‘colPercents’
    bivcat: no visible global function definition for ‘totPercents’
    bivord: no visible global function definition for ‘rowPercents’
    bivord: no visible global function definition for ‘colPercents’
    bivord: no visible global function definition for ‘totPercents’
Flavors: r-devel-linux-x86_64-debian-clang, r-devel-linux-x86_64-debian-gcc, r-devel-linux-x86_64-fedora-clang, r-devel-linux-x86_64-fedora-gcc, r-devel-osx-x86_64-clang, r-devel-windows-ix86+x86_64, r-patched-linux-x86_64, r-patched-solaris-sparc, r-patched-solaris-x86, r-release-linux-ix86, r-release-linux-x86_64, r-release-windows-ix86+x86_64, r-oldrel-windows-ix86+x86_64