CRAN Package Check Results for Package RcmdrPlugin.EACSPIR

Last updated on 2015-01-29 22:48:49.

Flavor Version Tinstall Tcheck Ttotal Status Flags
r-devel-linux-x86_64-debian-clang 0.2-1 6.02 62.55 68.57 NOTE
r-devel-linux-x86_64-debian-gcc 0.2-1 5.14 60.99 66.14 NOTE
r-devel-linux-x86_64-fedora-clang 0.2-1 162.51 NOTE
r-devel-linux-x86_64-fedora-gcc 0.2-1 153.32 NOTE
r-devel-osx-x86_64-clang 0.2-1 175.08 NOTE
r-devel-windows-ix86+x86_64 0.2-1 39.00 88.00 127.00 NOTE
r-patched-linux-x86_64 0.2-1 7.03 79.47 86.50 NOTE
r-patched-solaris-sparc 0.2-1 1086.20 NOTE
r-patched-solaris-x86 0.2-1 277.90 NOTE
r-release-linux-ix86 0.2-1 7.91 101.53 109.44 NOTE
r-release-linux-x86_64 0.2-1 7.33 81.74 89.07 NOTE
r-release-osx-x86_64-mavericks 0.2-1 NOTE
r-release-osx-x86_64-snowleopard 0.2-1 OK
r-release-windows-ix86+x86_64 0.2-1 40.00 151.00 191.00 NOTE
r-oldrel-windows-ix86+x86_64 0.2-1 40.00 149.00 189.00 NOTE

Check Details

Version: 0.2-1
Check: R code for possible problems
Result: NOTE
    bivcat: no visible global function definition for ‘rowPercents’
    bivcat: no visible global function definition for ‘colPercents’
    bivcat: no visible global function definition for ‘totPercents’
    bivord: no visible global function definition for ‘rowPercents’
    bivord: no visible global function definition for ‘colPercents’
    bivord: no visible global function definition for ‘totPercents’
Flavors: r-devel-linux-x86_64-debian-clang, r-devel-linux-x86_64-debian-gcc, r-devel-linux-x86_64-fedora-clang, r-devel-linux-x86_64-fedora-gcc, r-devel-osx-x86_64-clang, r-devel-windows-ix86+x86_64, r-patched-linux-x86_64, r-patched-solaris-sparc, r-patched-solaris-x86, r-release-linux-ix86, r-release-linux-x86_64, r-release-osx-x86_64-mavericks, r-release-windows-ix86+x86_64, r-oldrel-windows-ix86+x86_64