CRAN Package Check Results for Package RcmdrPlugin.EACSPIR

Last updated on 2014-09-21 21:47:45.

Flavor Version Tinstall Tcheck Ttotal Status Flags
r-devel-linux-x86_64-debian-clang 0.2-1 6.80 91.14 97.94 NOTE
r-devel-linux-x86_64-debian-gcc 0.2-1 6.44 91.38 97.82 NOTE
r-devel-linux-x86_64-fedora-clang 0.2-1 194.06 NOTE
r-devel-linux-x86_64-fedora-gcc 0.2-1 181.20 NOTE
r-devel-osx-x86_64-clang 0.2-1 170.25 NOTE
r-devel-windows-ix86+x86_64 0.2-1 39.00 146.00 185.00 NOTE
r-patched-linux-x86_64 0.2-1 7.15 94.26 101.41 NOTE
r-patched-solaris-sparc 0.2-1 1009.00 NOTE
r-patched-solaris-x86 0.2-1 276.40 NOTE
r-release-linux-ix86 0.2-1 8.58 118.98 127.56 NOTE
r-release-linux-x86_64 0.2-1 7.04 94.94 101.99 NOTE
r-release-osx-x86_64-mavericks 0.2-1 OK
r-release-osx-x86_64-snowleopard 0.2-1 OK
r-release-windows-ix86+x86_64 0.2-1 32.00 168.00 200.00 NOTE
r-oldrel-windows-ix86+x86_64 0.2-1 37.00 159.00 196.00 NOTE

Check Details

Version: 0.2-1
Check: R code for possible problems
Result: NOTE
    bivcat: no visible global function definition for ‘rowPercents’
    bivcat: no visible global function definition for ‘colPercents’
    bivcat: no visible global function definition for ‘totPercents’
    bivord: no visible global function definition for ‘rowPercents’
    bivord: no visible global function definition for ‘colPercents’
    bivord: no visible global function definition for ‘totPercents’
Flavors: r-devel-linux-x86_64-debian-clang, r-devel-linux-x86_64-debian-gcc, r-devel-linux-x86_64-fedora-clang, r-devel-linux-x86_64-fedora-gcc, r-devel-osx-x86_64-clang, r-devel-windows-ix86+x86_64, r-patched-linux-x86_64, r-patched-solaris-sparc, r-patched-solaris-x86, r-release-linux-ix86, r-release-linux-x86_64, r-release-windows-ix86+x86_64, r-oldrel-windows-ix86+x86_64