CRAN Package Check Results for Package RcmdrPlugin.EACSPIR

Last updated on 2015-04-19 11:51:18.

Flavor Version Tinstall Tcheck Ttotal Status Flags
r-devel-linux-x86_64-debian-clang 0.2-2 4.73 60.23 64.96 OK
r-devel-linux-x86_64-debian-gcc 0.2-2 4.60 60.52 65.12 OK
r-devel-linux-x86_64-fedora-clang 0.2-2 133.59 OK
r-devel-linux-x86_64-fedora-gcc 0.2-2 131.59 OK
r-devel-osx-x86_64-clang 0.2-2 125.77 OK
r-devel-windows-ix86+x86_64 0.2-2 42.00 126.00 168.00 OK
r-patched-linux-x86_64 0.2-2 4.61 60.11 64.72 OK
r-patched-solaris-sparc 0.2-2 754.10 OK
r-patched-solaris-x86 0.2-2 171.20 OK
r-release-linux-x86_64 0.2-2 4.97 58.95 63.92 OK
r-release-osx-x86_64-mavericks 0.2-2 OK
r-release-osx-x86_64-snowleopard 0.2-2 ERROR
r-release-windows-ix86+x86_64 0.2-2 26.00 87.00 113.00 OK
r-oldrel-windows-ix86+x86_64 0.2-2 54.00 243.00 297.00 OK

Check Details

Version: 0.2-2
Check: package dependencies
Result: ERROR
    Packages required but not available: ‘ez’ ‘Rcmdr’ ‘RcmdrMisc’
    
    See section ‘The DESCRIPTION file’ in the ‘Writing R Extensions’
    manual.
Flavor: r-release-osx-x86_64-snowleopard