CRAN Package Check Results for Package RcmdrPlugin.EACSPIR

Last updated on 2014-11-23 17:49:36.

Flavor Version Tinstall Tcheck Ttotal Status Flags
r-devel-linux-x86_64-debian-clang 0.2-1 6.48 86.70 93.18 NOTE
r-devel-linux-x86_64-debian-gcc 0.2-1 6.39 86.00 92.39 NOTE
r-devel-linux-x86_64-fedora-clang 0.2-1 195.95 NOTE
r-devel-linux-x86_64-fedora-gcc 0.2-1 179.01 NOTE
r-devel-osx-x86_64-clang 0.2-1 174.79 NOTE
r-devel-windows-ix86+x86_64 0.2-1 39.00 126.00 165.00 NOTE
r-patched-linux-x86_64 0.2-1 6.78 86.18 92.96 NOTE
r-patched-solaris-sparc 0.2-1 1070.00 NOTE
r-patched-solaris-x86 0.2-1 272.80 NOTE
r-release-linux-ix86 0.2-1 8.18 100.50 108.67 NOTE
r-release-linux-x86_64 0.2-1 6.89 89.48 96.37 NOTE
r-release-osx-x86_64-mavericks 0.2-1 OK
r-release-osx-x86_64-snowleopard 0.2-1 OK
r-release-windows-ix86+x86_64 0.2-1 40.00 146.00 186.00 NOTE
r-oldrel-windows-ix86+x86_64 0.2-1 50.00 144.00 194.00 NOTE

Check Details

Version: 0.2-1
Check: R code for possible problems
Result: NOTE
    bivcat: no visible global function definition for ‘rowPercents’
    bivcat: no visible global function definition for ‘colPercents’
    bivcat: no visible global function definition for ‘totPercents’
    bivord: no visible global function definition for ‘rowPercents’
    bivord: no visible global function definition for ‘colPercents’
    bivord: no visible global function definition for ‘totPercents’
Flavors: r-devel-linux-x86_64-debian-clang, r-devel-linux-x86_64-debian-gcc, r-devel-linux-x86_64-fedora-clang, r-devel-linux-x86_64-fedora-gcc, r-devel-osx-x86_64-clang, r-devel-windows-ix86+x86_64, r-patched-linux-x86_64, r-patched-solaris-sparc, r-patched-solaris-x86, r-release-linux-ix86, r-release-linux-x86_64, r-release-windows-ix86+x86_64, r-oldrel-windows-ix86+x86_64