CRAN Package Check Results for Package RcmdrPlugin.EACSPIR

Last updated on 2015-05-23 11:51:30.

Flavor Version Tinstall Tcheck Ttotal Status Flags
r-devel-linux-x86_64-debian-clang 0.2-2 4.70 60.87 65.56 OK
r-devel-linux-x86_64-debian-gcc 0.2-2 4.94 60.56 65.50 OK
r-devel-linux-x86_64-fedora-clang 0.2-2 134.82 OK
r-devel-linux-x86_64-fedora-gcc 0.2-2 135.07 OK
r-devel-osx-x86_64-clang 0.2-2 120.13 OK
r-devel-windows-ix86+x86_64 0.2-2 37.00 100.00 137.00 OK
r-patched-linux-x86_64 0.2-2 4.69 60.73 65.42 OK
r-patched-solaris-sparc 0.2-2 789.80 OK
r-patched-solaris-x86 0.2-2 189.00 OK
r-release-linux-x86_64 0.2-2 5.08 62.09 67.17 OK
r-release-osx-x86_64-mavericks 0.2-2 OK
r-release-osx-x86_64-snowleopard 0.2-2 ERROR
r-release-windows-ix86+x86_64 0.2-2 39.00 87.00 126.00 OK
r-oldrel-windows-ix86+x86_64 0.2-2 65.00 174.00 239.00 OK

Check Details

Version: 0.2-2
Check: package dependencies
Result: ERROR
    Packages required but not available: ‘ez’ ‘Rcmdr’ ‘RcmdrMisc’
    
    See section ‘The DESCRIPTION file’ in the ‘Writing R Extensions’
    manual.
Flavor: r-release-osx-x86_64-snowleopard