CRAN Package Check Results for Package RcmdrPlugin.EBM

Last updated on 2014-09-02 13:47:03.

Flavor Version Tinstall Tcheck Ttotal Status Flags
r-devel-linux-x86_64-debian-clang 1.0-3 1.74 31.37 33.10 NOTE
r-devel-linux-x86_64-debian-gcc 1.0-3 1.71 30.66 32.38 NOTE
r-devel-linux-x86_64-fedora-clang 1.0-3 70.74 NOTE
r-devel-linux-x86_64-fedora-gcc 1.0-3 63.42 NOTE
r-devel-osx-x86_64-clang 1.0-3 65.21 NOTE
r-devel-windows-ix86+x86_64 1.0-3 22.00 64.00 86.00 NOTE
r-patched-linux-x86_64 1.0-3 1.85 32.67 34.52 OK
r-patched-solaris-sparc 1.0-3 331.30 OK
r-patched-solaris-x86 1.0-3 90.80 OK
r-release-linux-ix86 1.0-3 2.57 41.23 43.80 OK
r-release-linux-x86_64 1.0-3 1.94 32.18 34.12 OK
r-release-osx-x86_64-mavericks 1.0-3 OK
r-release-osx-x86_64-snowleopard 1.0-3 OK
r-release-windows-ix86+x86_64 1.0-3 39.00 77.00 116.00 OK
r-oldrel-windows-ix86+x86_64 1.0-3 33.00 77.00 110.00 OK

Check Details

Version: 1.0-3
Check: R code for possible problems
Result: NOTE
    fncNbPercents: no visible global function definition for ‘rowPercents’
Flavors: r-devel-linux-x86_64-debian-clang, r-devel-linux-x86_64-debian-gcc, r-devel-linux-x86_64-fedora-clang, r-devel-linux-x86_64-fedora-gcc, r-devel-osx-x86_64-clang, r-devel-windows-ix86+x86_64