CRAN Package Check Results for Package RcmdrPlugin.EBM

Last updated on 2015-09-02 19:47:47.

Flavor Version Tinstall Tcheck Ttotal Status Flags
r-devel-linux-x86_64-debian-clang 1.0-8 4.41 49.82 54.22 NOTE
r-devel-linux-x86_64-debian-gcc 1.0-8 4.93 49.46 54.39 NOTE
r-devel-linux-x86_64-fedora-clang 1.0-8 114.48 NOTE
r-devel-linux-x86_64-fedora-gcc 1.0-8 108.07 NOTE
r-devel-osx-x86_64-clang 1.0-8 99.21 OK
r-devel-windows-ix86+x86_64 1.0-8 49.00 86.00 135.00 NOTE
r-patched-linux-x86_64 1.0-8 4.66 52.63 57.28 OK
r-patched-solaris-sparc 1.0-8 672.70 OK
r-patched-solaris-x86 1.0-8 175.00 OK
r-release-linux-x86_64 1.0-8 4.59 52.29 56.88 OK
r-release-osx-x86_64-mavericks 1.0-8 OK
r-release-windows-ix86+x86_64 1.0-8 45.00 86.00 131.00 OK
r-oldrel-windows-ix86+x86_64 1.0-8 62.00 188.00 250.00 OK

Check Details

Version: 1.0-8
Check: R code for possible problems
Result: NOTE
    fncEBMCrossTab: no visible global function definition for ‘mosaicplot’
    fncEBMCrossTab: no visible global function definition for ‘heat.colors’
    Undefined global functions or variables:
     heat.colors mosaicplot
    Consider adding
     importFrom("grDevices", "heat.colors")
     importFrom("graphics", "mosaicplot")
    to your NAMESPACE.
Flavors: r-devel-linux-x86_64-debian-clang, r-devel-linux-x86_64-debian-gcc, r-devel-linux-x86_64-fedora-clang, r-devel-linux-x86_64-fedora-gcc, r-devel-windows-ix86+x86_64