CRAN Package Check Results for Package RcmdrPlugin.EBM

Last updated on 2016-12-10 22:48:42.

Flavor Version Tinstall Tcheck Ttotal Status Flags
r-devel-linux-x86_64-debian-clang 1.0-10 4.75 55.89 60.64 OK
r-devel-linux-x86_64-debian-gcc 1.0-10 4.87 55.21 60.08 OK
r-devel-linux-x86_64-fedora-clang 1.0-10 138.60 OK --no-stop-on-test-error
r-devel-linux-x86_64-fedora-gcc 1.0-10 134.33 OK --no-stop-on-test-error
r-devel-macos-x86_64-clang 1.0-10 103.65 OK --no-stop-on-test-error
r-devel-windows-ix86+x86_64 1.0-10 46.00 102.00 148.00 OK
r-patched-linux-x86_64 1.0-10 5.46 49.60 55.06 OK
r-patched-solaris-sparc 1.0-10 664.10 OK
r-patched-solaris-x86 1.0-10 161.30 OK
r-release-linux-x86_64 1.0-10 4.70 50.34 55.04 OK
r-release-osx-x86_64-mavericks 1.0-10 WARN
r-release-windows-ix86+x86_64 1.0-10 47.00 93.00 140.00 OK
r-oldrel-windows-ix86+x86_64 1.0-10 55.00 139.00 194.00 OK

Check Details

Version: 1.0-10
Check: dependencies in R code
Result: NOTE
    Invalid MIT-MAGIC-COOKIE-1 key
Flavor: r-release-osx-x86_64-mavericks

Version: 1.0-10
Check: S3 generic/method consistency
Result: WARN
    Invalid MIT-MAGIC-COOKIE-1 key
    See section ‘Generic functions and methods’ in the ‘Writing R
    Extensions’ manual.
Flavor: r-release-osx-x86_64-mavericks

Version: 1.0-10
Check: replacement functions
Result: WARN
    Invalid MIT-MAGIC-COOKIE-1 key
    The argument of a replacement function which corresponds to the right
    hand side must be named ‘value’.
Flavor: r-release-osx-x86_64-mavericks

Version: 1.0-10
Check: foreign function calls
Result: NOTE
    Invalid MIT-MAGIC-COOKIE-1 key
    See chapter ‘System and foreign language interfaces’ in the ‘Writing R
    Extensions’ manual.
Flavor: r-release-osx-x86_64-mavericks

Version: 1.0-10
Check: R code for possible problems
Result: NOTE
    Invalid MIT-MAGIC-COOKIE-1 key
Flavor: r-release-osx-x86_64-mavericks

Version: 1.0-10
Check: for missing documentation entries
Result: WARN
    Invalid MIT-MAGIC-COOKIE-1 key
    All user-level objects in a package should have documentation entries.
    See chapter ‘Writing R documentation files’ in the ‘Writing R
    Extensions’ manual.
Flavor: r-release-osx-x86_64-mavericks

Version: 1.0-10
Check: for code/documentation mismatches
Result: WARN
    Invalid MIT-MAGIC-COOKIE-1 key
    Invalid MIT-MAGIC-COOKIE-1 key
    Invalid MIT-MAGIC-COOKIE-1 key
Flavor: r-release-osx-x86_64-mavericks

Version: 1.0-10
Check: Rd \usage sections
Result: NOTE
    Invalid MIT-MAGIC-COOKIE-1 key
    The \usage entries for S3 methods should use the \method markup and not
    their full name.
    See chapter ‘Writing R documentation files’ in the ‘Writing R
    Extensions’ manual.
Flavor: r-release-osx-x86_64-mavericks