CRAN Package Check Results for Package RcmdrPlugin.EBM

Last updated on 2015-08-02 19:47:37.

Flavor Version Tinstall Tcheck Ttotal Status Flags
r-devel-linux-x86_64-debian-clang 1.0-8 4.52 51.68 56.20 NOTE
r-devel-linux-x86_64-debian-gcc 1.0-8 4.80 51.18 55.99 NOTE
r-devel-linux-x86_64-fedora-clang 1.0-8 113.95 NOTE
r-devel-linux-x86_64-fedora-gcc 1.0-8 114.21 NOTE
r-devel-osx-x86_64-clang 1.0-8 99.63 OK
r-devel-windows-ix86+x86_64 1.0-8 42.00 87.00 129.00 NOTE
r-patched-linux-x86_64 1.0-8 4.55 51.00 55.55 OK
r-patched-solaris-sparc 1.0-8 672.70 OK
r-patched-solaris-x86 1.0-8 161.90 OK
r-release-linux-x86_64 1.0-8 4.73 49.42 54.15 OK
r-release-osx-x86_64-mavericks 1.0-8 OK
r-release-windows-ix86+x86_64 1.0-8 47.00 90.00 137.00 OK
r-oldrel-windows-ix86+x86_64 1.0-8 74.00 180.00 254.00 OK

Check Details

Version: 1.0-8
Check: R code for possible problems
Result: NOTE
    fncEBMCrossTab: no visible global function definition for ‘mosaicplot’
    fncEBMCrossTab: no visible global function definition for ‘heat.colors’
    Undefined global functions or variables:
     heat.colors mosaicplot
    Consider adding
     importFrom("grDevices", "heat.colors")
     importFrom("graphics", "mosaicplot")
    to your NAMESPACE.
Flavors: r-devel-linux-x86_64-debian-clang, r-devel-linux-x86_64-debian-gcc, r-devel-linux-x86_64-fedora-clang, r-devel-linux-x86_64-fedora-gcc, r-devel-windows-ix86+x86_64