CRAN Package Check Results for Package RcmdrPlugin.EBM

Last updated on 2014-04-24 21:47:48.

Flavor Version Tinstall Tcheck Ttotal Status Flags
r-devel-linux-x86_64-debian-clang 1.0-3 1.12 17.31 18.43 OK
r-devel-linux-x86_64-debian-gcc 1.0-3 1.15 17.43 18.58 OK
r-devel-linux-x86_64-fedora-clang 1.0-3 33.55 OK
r-devel-linux-x86_64-fedora-gcc 1.0-3 31.70 OK
r-devel-osx-x86_64-clang 1.0-3 42.86 OK
r-devel-osx-x86_64-gcc 1.0-3 ERROR
r-devel-windows-ix86+x86_64 1.0-3 20.00 37.00 57.00 OK
r-patched-linux-x86_64 1.0-3 1.16 17.53 18.69 OK
r-patched-solaris-sparc 1.0-3 205.40 OK
r-patched-solaris-x86 1.0-3 62.90 OK
r-release-linux-ix86 1.0-3 3.00 35.00 38.00 OK
r-release-linux-x86_64 1.0-3 1.04 16.98 18.02 OK
r-release-osx-x86_64-mavericks 1.0-3 WARN
r-release-osx-x86_64-snowleopard 1.0-3 OK
r-release-windows-ix86+x86_64 1.0-3 11.00 39.00 50.00 OK
r-oldrel-windows-ix86+x86_64 1.0-3 14.00 40.00 54.00 OK

Check Details

Version: 1.0-3
Check: package dependencies
Result: ERROR
    Package required but not available: ‘Rcmdr’
    
    See the information on DESCRIPTION files in the chapter ‘Creating R
    packages’ of the ‘Writing R Extensions’ manual.
Flavor: r-devel-osx-x86_64-gcc

Version: 1.0-3
Check: PDF version of manual
Result: WARNING
    LaTeX errors when creating PDF version.
    This typically indicates Rd problems.
    LaTeX errors found:
    ! LaTeX Error: File `upquote.sty' not found.
    
    Type X to quit or <RETURN> to proceed,
    or enter new name. (Default extension: sty)
    
    3909b2/Rd2.tex:8: ==> Fatal error occurred, no output PDF file produced!
Flavor: r-release-osx-x86_64-mavericks