CRAN Package Check Results for Package RcmdrPlugin.EBM

Last updated on 2017-04-24 12:47:54.

Flavor Version Tinstall Tcheck Ttotal Status Flags
r-devel-linux-x86_64-debian-clang 1.0-10 5.18 59.27 64.45 OK
r-devel-linux-x86_64-debian-gcc 1.0-10 4.88 58.27 63.16 OK
r-devel-linux-x86_64-fedora-clang 1.0-10 139.34 OK --no-stop-on-test-error
r-devel-linux-x86_64-fedora-gcc 1.0-10 134.80 OK --no-stop-on-test-error
r-devel-windows-ix86+x86_64 1.0-10 50.00 144.00 194.00 OK
r-patched-linux-x86_64 1.0-10 5.16 59.40 64.56 OK
r-patched-solaris-sparc 1.0-10 755.60 OK
r-patched-solaris-x86 1.0-10 193.60 OK
r-release-linux-x86_64 1.0-10 5.09 59.60 64.68 OK
r-release-windows-ix86+x86_64 1.0-10 36.00 105.00 141.00 OK
r-release-osx-x86_64 1.0-10 OK
r-oldrel-windows-ix86+x86_64 1.0-10 33.00 93.00 126.00 OK
r-oldrel-osx-x86_64 1.0-10 WARN

Check Details

Version: 1.0-10
Check: dependencies in R code
Result: NOTE
    Invalid MIT-MAGIC-COOKIE-1 key
Flavor: r-oldrel-osx-x86_64

Version: 1.0-10
Check: S3 generic/method consistency
Result: WARN
    Invalid MIT-MAGIC-COOKIE-1 key
    See section ‘Generic functions and methods’ in the ‘Writing R
    Extensions’ manual.
Flavor: r-oldrel-osx-x86_64

Version: 1.0-10
Check: replacement functions
Result: WARN
    Invalid MIT-MAGIC-COOKIE-1 key
    The argument of a replacement function which corresponds to the right
    hand side must be named ‘value’.
Flavor: r-oldrel-osx-x86_64

Version: 1.0-10
Check: foreign function calls
Result: NOTE
    Invalid MIT-MAGIC-COOKIE-1 key
    See chapter ‘System and foreign language interfaces’ in the ‘Writing R
    Extensions’ manual.
Flavor: r-oldrel-osx-x86_64

Version: 1.0-10
Check: R code for possible problems
Result: NOTE
    Invalid MIT-MAGIC-COOKIE-1 key
Flavor: r-oldrel-osx-x86_64

Version: 1.0-10
Check: for missing documentation entries
Result: WARN
    Invalid MIT-MAGIC-COOKIE-1 key
    All user-level objects in a package should have documentation entries.
    See chapter ‘Writing R documentation files’ in the ‘Writing R
    Extensions’ manual.
Flavor: r-oldrel-osx-x86_64

Version: 1.0-10
Check: for code/documentation mismatches
Result: WARN
    Invalid MIT-MAGIC-COOKIE-1 key
    Invalid MIT-MAGIC-COOKIE-1 key
    Invalid MIT-MAGIC-COOKIE-1 key
Flavor: r-oldrel-osx-x86_64

Version: 1.0-10
Check: Rd \usage sections
Result: NOTE
    Invalid MIT-MAGIC-COOKIE-1 key
    The \usage entries for S3 methods should use the \method markup and not
    their full name.
    See chapter ‘Writing R documentation files’ in the ‘Writing R
    Extensions’ manual.
Flavor: r-oldrel-osx-x86_64