CRAN Package Check Results for Package RcmdrPlugin.EBM

Last updated on 2015-05-24 14:47:06.

Flavor Version Tinstall Tcheck Ttotal Status Flags
r-devel-linux-x86_64-debian-clang 1.0-8 4.58 49.42 54.00 OK
r-devel-linux-x86_64-debian-gcc 1.0-8 4.98 48.87 53.85 OK
r-devel-linux-x86_64-fedora-clang 1.0-8 112.70 OK
r-devel-linux-x86_64-fedora-gcc 1.0-8 116.31 OK
r-devel-osx-x86_64-clang 1.0-8 99.38 OK
r-devel-windows-ix86+x86_64 1.0-8 34.00 80.00 114.00 OK
r-patched-linux-x86_64 1.0-8 4.63 48.21 52.84 OK
r-patched-solaris-sparc 1.0-8 662.90 OK
r-patched-solaris-x86 1.0-8 160.80 OK
r-release-linux-x86_64 1.0-8 4.51 48.92 53.43 OK
r-release-osx-x86_64-mavericks 1.0-8 OK
r-release-osx-x86_64-snowleopard 1.0-8 ERROR
r-release-windows-ix86+x86_64 1.0-8 40.00 82.00 122.00 OK
r-oldrel-windows-ix86+x86_64 1.0-8 64.00 151.00 215.00 OK

Check Details

Version: 1.0-8
Check: package dependencies
Result: ERROR
    Package required but not available: ‘Rcmdr’
    
    See section ‘The DESCRIPTION file’ in the ‘Writing R Extensions’
    manual.
Flavor: r-release-osx-x86_64-snowleopard