CRAN Package Check Results for Package RcmdrPlugin.EBM

Last updated on 2015-07-07 23:48:00.

Flavor Version Tinstall Tcheck Ttotal Status Flags
r-devel-linux-x86_64-debian-clang 1.0-8 4.39 50.02 54.41 NOTE
r-devel-linux-x86_64-debian-gcc 1.0-8 4.64 48.32 52.96 NOTE
r-devel-linux-x86_64-fedora-clang 1.0-8 111.38 NOTE
r-devel-linux-x86_64-fedora-gcc 1.0-8 110.96 NOTE
r-devel-osx-x86_64-clang 1.0-8 102.53 OK
r-devel-windows-ix86+x86_64 1.0-8 47.00 81.00 128.00 NOTE
r-patched-linux-x86_64 1.0-8 4.47 50.08 54.56 OK
r-patched-solaris-sparc 1.0-8 662.90 OK
r-patched-solaris-x86 1.0-8 162.30 OK
r-release-linux-x86_64 1.0-8 4.44 49.06 53.50 OK
r-release-osx-x86_64-mavericks 1.0-8 OK
r-release-windows-ix86+x86_64 1.0-8 50.00 82.00 132.00 OK
r-oldrel-windows-ix86+x86_64 1.0-8 61.00 172.00 233.00 OK

Check Details

Version: 1.0-8
Check: R code for possible problems
Result: NOTE
    fncEBMCrossTab: no visible global function definition for ‘mosaicplot’
    fncEBMCrossTab: no visible global function definition for ‘heat.colors’
    Undefined global functions or variables:
     heat.colors mosaicplot
Flavors: r-devel-linux-x86_64-debian-clang, r-devel-linux-x86_64-debian-gcc, r-devel-linux-x86_64-fedora-clang, r-devel-linux-x86_64-fedora-gcc, r-devel-windows-ix86+x86_64