CRAN Package Check Results for Package RcmdrPlugin.EBM

Last updated on 2017-11-17 17:50:52.

Flavor Version Tinstall Tcheck Ttotal Status Flags
r-devel-linux-x86_64-debian-clang 1.0-10 5.85 62.36 68.21 OK
r-devel-linux-x86_64-debian-gcc 1.0-10 6.22 69.05 75.27 OK
r-devel-linux-x86_64-fedora-clang 1.0-10 148.27 OK
r-devel-linux-x86_64-fedora-gcc 1.0-10 145.30 OK
r-devel-windows-ix86+x86_64 1.0-10 48.00 175.00 223.00 OK
r-patched-linux-x86_64 1.0-10 5.70 66.30 72.00 OK
r-patched-solaris-x86 1.0-10 220.40 OK
r-release-linux-x86_64 1.0-10 5.87 67.08 72.95 OK
r-release-windows-ix86+x86_64 1.0-10 48.00 162.00 210.00 OK
r-release-osx-x86_64 1.0-10 OK
r-oldrel-windows-ix86+x86_64 1.0-10 28.00 181.00 209.00 OK
r-oldrel-osx-x86_64 1.0-10 WARN

Check Details

Version: 1.0-10
Check: dependencies in R code
Result: NOTE
    Invalid MIT-MAGIC-COOKIE-1 key
Flavor: r-oldrel-osx-x86_64

Version: 1.0-10
Check: S3 generic/method consistency
Result: WARN
    Invalid MIT-MAGIC-COOKIE-1 key
    See section ‘Generic functions and methods’ in the ‘Writing R
    Extensions’ manual.
Flavor: r-oldrel-osx-x86_64

Version: 1.0-10
Check: replacement functions
Result: WARN
    Invalid MIT-MAGIC-COOKIE-1 key
    The argument of a replacement function which corresponds to the right
    hand side must be named ‘value’.
Flavor: r-oldrel-osx-x86_64

Version: 1.0-10
Check: foreign function calls
Result: NOTE
    Invalid MIT-MAGIC-COOKIE-1 key
    See chapter ‘System and foreign language interfaces’ in the ‘Writing R
    Extensions’ manual.
Flavor: r-oldrel-osx-x86_64

Version: 1.0-10
Check: R code for possible problems
Result: NOTE
    Invalid MIT-MAGIC-COOKIE-1 key
Flavor: r-oldrel-osx-x86_64

Version: 1.0-10
Check: for missing documentation entries
Result: WARN
    Invalid MIT-MAGIC-COOKIE-1 key
    All user-level objects in a package should have documentation entries.
    See chapter ‘Writing R documentation files’ in the ‘Writing R
    Extensions’ manual.
Flavor: r-oldrel-osx-x86_64

Version: 1.0-10
Check: for code/documentation mismatches
Result: WARN
    Invalid MIT-MAGIC-COOKIE-1 key
    Invalid MIT-MAGIC-COOKIE-1 key
    Invalid MIT-MAGIC-COOKIE-1 key
Flavor: r-oldrel-osx-x86_64

Version: 1.0-10
Check: Rd \usage sections
Result: NOTE
    Invalid MIT-MAGIC-COOKIE-1 key
    The \usage entries for S3 methods should use the \method markup and not
    their full name.
    See chapter ‘Writing R documentation files’ in the ‘Writing R
    Extensions’ manual.
Flavor: r-oldrel-osx-x86_64