CRAN Package Check Results for Package RcmdrPlugin.EBM

Last updated on 2016-08-24 06:47:52.

Flavor Version Tinstall Tcheck Ttotal Status Flags
r-devel-linux-x86_64-debian-clang 1.0-10 4.64 52.50 57.14 OK
r-devel-linux-x86_64-debian-gcc 1.0-10 5.10 53.17 58.28 OK
r-devel-linux-x86_64-fedora-clang 1.0-10 114.79 OK
r-devel-linux-x86_64-fedora-gcc 1.0-10 110.20 OK
r-devel-osx-x86_64-clang 1.0-10 91.73 OK
r-devel-windows-ix86+x86_64 1.0-10 37.00 88.00 125.00 OK
r-patched-linux-x86_64 1.0-10 4.57 49.87 54.44 OK
r-patched-solaris-sparc 1.0-10 622.40 OK
r-patched-solaris-x86 1.0-10 150.20 OK
r-release-linux-x86_64 1.0-10 4.48 50.79 55.26 OK
r-release-osx-x86_64-mavericks 1.0-10 WARN
r-release-windows-ix86+x86_64 1.0-10 33.00 100.00 133.00 OK
r-oldrel-windows-ix86+x86_64 1.0-10 45.00 137.00 182.00 OK

Check Details

Version: 1.0-10
Check: dependencies in R code
Result: NOTE
    Invalid MIT-MAGIC-COOKIE-1 key
Flavor: r-release-osx-x86_64-mavericks

Version: 1.0-10
Check: S3 generic/method consistency
Result: WARN
    Invalid MIT-MAGIC-COOKIE-1 key
    See section ‘Generic functions and methods’ in the ‘Writing R
    Extensions’ manual.
Flavor: r-release-osx-x86_64-mavericks

Version: 1.0-10
Check: replacement functions
Result: WARN
    Invalid MIT-MAGIC-COOKIE-1 key
    The argument of a replacement function which corresponds to the right
    hand side must be named ‘value’.
Flavor: r-release-osx-x86_64-mavericks

Version: 1.0-10
Check: foreign function calls
Result: NOTE
    Invalid MIT-MAGIC-COOKIE-1 key
    See chapter ‘System and foreign language interfaces’ in the ‘Writing R
    Extensions’ manual.
Flavor: r-release-osx-x86_64-mavericks

Version: 1.0-10
Check: R code for possible problems
Result: NOTE
    Invalid MIT-MAGIC-COOKIE-1 key
Flavor: r-release-osx-x86_64-mavericks

Version: 1.0-10
Check: for missing documentation entries
Result: WARN
    Invalid MIT-MAGIC-COOKIE-1 key
    All user-level objects in a package should have documentation entries.
    See chapter ‘Writing R documentation files’ in the ‘Writing R
    Extensions’ manual.
Flavor: r-release-osx-x86_64-mavericks

Version: 1.0-10
Check: for code/documentation mismatches
Result: WARN
    Invalid MIT-MAGIC-COOKIE-1 key
    Invalid MIT-MAGIC-COOKIE-1 key
    Invalid MIT-MAGIC-COOKIE-1 key
Flavor: r-release-osx-x86_64-mavericks

Version: 1.0-10
Check: Rd \usage sections
Result: NOTE
    Invalid MIT-MAGIC-COOKIE-1 key
    The \usage entries for S3 methods should use the \method markup and not
    their full name.
    See chapter ‘Writing R documentation files’ in the ‘Writing R
    Extensions’ manual.
Flavor: r-release-osx-x86_64-mavericks