CRAN Package Check Results for Package RcmdrPlugin.EZR

Last updated on 2014-10-24 14:47:30.

Flavor Version Tinstall Tcheck Ttotal Status Flags
r-devel-linux-x86_64-debian-clang 1.26 2.77 70.40 73.16 OK
r-devel-linux-x86_64-debian-gcc 1.26 2.77 73.81 76.58 OK
r-devel-linux-x86_64-fedora-clang 1.26 120.61 OK
r-devel-linux-x86_64-fedora-gcc 1.26 112.77 OK
r-devel-osx-x86_64-clang 1.26 125.92 OK
r-devel-windows-ix86+x86_64 1.26 32.00 100.00 132.00 OK
r-patched-linux-x86_64 1.26 2.82 73.33 76.14 OK
r-patched-solaris-sparc 1.26 730.00 OK
r-patched-solaris-x86 1.26 185.20 OK
r-release-linux-ix86 1.26 0.50 1.75 2.25 ERROR
r-release-linux-x86_64 1.26 2.82 77.38 80.20 OK
r-release-osx-x86_64-mavericks 1.26 NOTE
r-release-osx-x86_64-snowleopard 1.26 OK
r-release-windows-ix86+x86_64 1.26 27.00 117.00 144.00 OK
r-oldrel-windows-ix86+x86_64 1.26 19.00 124.00 143.00 OK

Check Details

Version: 1.26
Check: package dependencies
Result: ERROR
    Package required but not available: ‘Rcmdr’
    
    See the information on DESCRIPTION files in the chapter ‘Creating R
    packages’ of the ‘Writing R Extensions’ manual.
Flavor: r-release-linux-ix86

Version: 1.26
Check: package dependencies
Result: NOTE
    Package suggested but not available for checking: ‘RODBC’
Flavor: r-release-osx-x86_64-mavericks