CRAN Package Check Results for Package RcmdrPlugin.EZR

Last updated on 2016-08-29 21:49:18.

Flavor Version Tinstall Tcheck Ttotal Status Flags
r-devel-linux-x86_64-debian-clang 1.32 5.82 99.76 105.58 OK
r-devel-linux-x86_64-debian-gcc 1.32 0.23 1.66 1.89 ERROR
r-devel-linux-x86_64-fedora-clang 1.33 106.48 OK
r-devel-linux-x86_64-fedora-gcc 1.33 100.05 OK
r-devel-osx-x86_64-clang 1.33 91.12 OK
r-devel-windows-ix86+x86_64 1.32 53.00 177.00 230.00 OK
r-patched-linux-x86_64 1.32 5.70 95.39 101.09 OK
r-patched-solaris-sparc 1.33 993.80 OK
r-patched-solaris-x86 1.33 180.70 OK
r-release-linux-x86_64 1.32 5.28 88.53 93.80 OK
r-release-osx-x86_64-mavericks 1.32 WARN
r-release-windows-ix86+x86_64 1.32 31.00 127.00 158.00 OK
r-oldrel-windows-ix86+x86_64 1.33 3.00 2.00 5.00 ERROR

Check Details

Version: 1.32
Check: whether package can be installed
Result: ERROR
    Installation failed.
Flavor: r-devel-linux-x86_64-debian-gcc

Version: 1.32
Check: dependencies in R code
Result: NOTE
    Invalid MIT-MAGIC-COOKIE-1 key
Flavor: r-release-osx-x86_64-mavericks

Version: 1.32
Check: S3 generic/method consistency
Result: WARN
    Invalid MIT-MAGIC-COOKIE-1 key
    See section ‘Generic functions and methods’ in the ‘Writing R
    Extensions’ manual.
Flavor: r-release-osx-x86_64-mavericks

Version: 1.32
Check: replacement functions
Result: WARN
    Invalid MIT-MAGIC-COOKIE-1 key
    The argument of a replacement function which corresponds to the right
    hand side must be named ‘value’.
Flavor: r-release-osx-x86_64-mavericks

Version: 1.32
Check: foreign function calls
Result: NOTE
    Invalid MIT-MAGIC-COOKIE-1 key
    See chapter ‘System and foreign language interfaces’ in the ‘Writing R
    Extensions’ manual.
Flavor: r-release-osx-x86_64-mavericks

Version: 1.32
Check: R code for possible problems
Result: NOTE
    Invalid MIT-MAGIC-COOKIE-1 key
Flavor: r-release-osx-x86_64-mavericks

Version: 1.32
Check: for missing documentation entries
Result: WARN
    Invalid MIT-MAGIC-COOKIE-1 key
    All user-level objects in a package should have documentation entries.
    See chapter ‘Writing R documentation files’ in the ‘Writing R
    Extensions’ manual.
Flavor: r-release-osx-x86_64-mavericks

Version: 1.32
Check: for code/documentation mismatches
Result: WARN
    Invalid MIT-MAGIC-COOKIE-1 key
    Invalid MIT-MAGIC-COOKIE-1 key
    Invalid MIT-MAGIC-COOKIE-1 key
Flavor: r-release-osx-x86_64-mavericks

Version: 1.32
Check: Rd \usage sections
Result: NOTE
    Invalid MIT-MAGIC-COOKIE-1 key
    The \usage entries for S3 methods should use the \method markup and not
    their full name.
    See chapter ‘Writing R documentation files’ in the ‘Writing R
    Extensions’ manual.
Flavor: r-release-osx-x86_64-mavericks

Version: 1.33
Check: whether package can be installed
Result: ERROR
    Installation failed.
Flavor: r-oldrel-windows-ix86+x86_64