CRAN Package Check Results for Package RcmdrPlugin.EZR

Last updated on 2015-03-28 14:48:59.

Flavor Version Tinstall Tcheck Ttotal Status Flags
r-devel-linux-x86_64-debian-clang 1.27 4.91 80.44 85.35 NOTE
r-devel-linux-x86_64-debian-gcc 1.27 5.14 81.13 86.27 NOTE
r-devel-linux-x86_64-fedora-clang 1.27 171.56 NOTE
r-devel-linux-x86_64-fedora-gcc 1.27 160.60 NOTE
r-devel-osx-x86_64-clang 1.27 166.27 NOTE
r-prerel-windows-ix86+x86_64 1.27 35.00 161.00 196.00 NOTE
r-prerel-linux-x86_64 1.27 5.00 81.07 86.07 NOTE
r-prerel-solaris-sparc 1.27 1014.90 NOTE
r-prerel-solaris-x86 1.27 221.30 NOTE
r-release-linux-x86_64 1.27 11.93 135.09 147.02 NOTE
r-release-osx-x86_64-mavericks 1.27 NOTE
r-release-osx-x86_64-snowleopard 1.27 OK
r-release-windows-ix86+x86_64 1.27 55.00 202.00 257.00 NOTE
r-oldrel-windows-ix86+x86_64 1.27 56.00 298.00 354.00 OK

Check Details

Version: 1.27
Check: dependencies in R code
Result: NOTE
    'library' or 'require' calls in package code:
     ‘car’ ‘meta’
     Please use :: or requireNamespace() instead.
     See section 'Suggested packages' in the 'Writing R Extensions' manual.
Flavors: r-devel-linux-x86_64-debian-clang, r-devel-linux-x86_64-debian-gcc, r-devel-linux-x86_64-fedora-clang, r-devel-linux-x86_64-fedora-gcc, r-devel-osx-x86_64-clang, r-prerel-linux-x86_64, r-prerel-solaris-sparc, r-prerel-solaris-x86, r-release-linux-x86_64

Version: 1.27
Check: S3 generic/method consistency
Result: NOTE
    Found the following apparent S3 methods exported but not registered:
     print.ci.summary summary.ci summary.km summary.table.MH
     summary.table.twoway
    See section ‘Registering S3 methods’ in the ‘Writing R Extensions’
    manual.
Flavors: r-devel-linux-x86_64-debian-clang, r-devel-linux-x86_64-debian-gcc, r-devel-linux-x86_64-fedora-clang, r-devel-linux-x86_64-fedora-gcc, r-devel-osx-x86_64-clang, r-prerel-linux-x86_64

Version: 1.27
Check: dependencies in R code
Result: NOTE
    'library' or 'require' calls in package code:
     'RODBC' 'car' 'meta'
     Please use :: or requireNamespace() instead.
     See section 'Suggested packages' in the 'Writing R Extensions' manual.
Flavors: r-prerel-windows-ix86+x86_64, r-release-windows-ix86+x86_64

Version: 1.27
Check: package dependencies
Result: NOTE
    Package suggested but not available for checking: ‘RODBC’
Flavor: r-release-osx-x86_64-mavericks