CRAN Package Check Results for Package RcmdrPlugin.EZR

Last updated on 2014-09-03 05:47:51.

Flavor Version Tinstall Tcheck Ttotal Status Flags
r-devel-linux-x86_64-debian-clang 1.25 2.63 66.97 69.60 OK
r-devel-linux-x86_64-debian-gcc 1.25 2.63 66.26 68.89 OK
r-devel-linux-x86_64-fedora-clang 1.25 123.09 OK
r-devel-linux-x86_64-fedora-gcc 1.25 115.53 OK
r-devel-osx-x86_64-clang 1.25 117.54 OK
r-devel-windows-ix86+x86_64 1.25 27.00 105.00 132.00 OK
r-patched-linux-x86_64 1.25 2.72 72.25 74.97 OK
r-patched-solaris-sparc 1.25 499.20 OK
r-patched-solaris-x86 1.25 185.00 OK
r-release-linux-ix86 1.25 3.63 88.53 92.16 OK
r-release-linux-x86_64 1.25 2.86 72.19 75.05 OK
r-release-osx-x86_64-mavericks 1.25 NOTE
r-release-osx-x86_64-snowleopard 1.25 OK
r-release-windows-ix86+x86_64 1.25 37.00 120.00 157.00 OK
r-oldrel-windows-ix86+x86_64 1.25 37.00 120.00 157.00 OK

Check Details

Version: 1.25
Check: package dependencies
Result: NOTE
    Package suggested but not available for checking: ‘RODBC’
Flavor: r-release-osx-x86_64-mavericks