CRAN Package Check Results for Package RcmdrPlugin.EZR

Last updated on 2014-11-01 11:49:10.

Flavor Version Tinstall Tcheck Ttotal Status Flags
r-devel-linux-x86_64-debian-clang 1.26 2.46 68.44 70.90 OK
r-devel-linux-x86_64-debian-gcc 1.26 2.43 65.81 68.24 OK
r-devel-linux-x86_64-fedora-clang 1.26 119.78 OK
r-devel-linux-x86_64-fedora-gcc 1.26 112.65 OK
r-devel-osx-x86_64-clang 1.26 125.92 OK
r-devel-windows-ix86+x86_64 1.26 30.00 105.00 135.00 OK
r-patched-linux-x86_64 1.26 2.55 67.95 70.50 OK
r-patched-solaris-sparc 1.26 730.00 OK
r-patched-solaris-x86 1.26 186.90 OK
r-release-linux-ix86 1.26 0.50 1.75 2.25 ERROR
r-release-linux-x86_64 1.26 2.82 77.38 80.20 OK
r-release-osx-x86_64-mavericks 1.26 NOTE
r-release-osx-x86_64-snowleopard 1.26 OK
r-release-windows-ix86+x86_64 1.26 25.00 118.00 143.00 OK
r-oldrel-windows-ix86+x86_64 1.26 22.00 113.00 135.00 OK

Check Details

Version: 1.26
Check: package dependencies
Result: ERROR
    Package required but not available: ‘Rcmdr’
    
    See the information on DESCRIPTION files in the chapter ‘Creating R
    packages’ of the ‘Writing R Extensions’ manual.
Flavor: r-release-linux-ix86

Version: 1.26
Check: package dependencies
Result: NOTE
    Package suggested but not available for checking: ‘RODBC’
Flavor: r-release-osx-x86_64-mavericks