CRAN Package Check Results for Package RcmdrPlugin.EZR

Last updated on 2016-12-02 22:50:32.

Flavor Version Tinstall Tcheck Ttotal Status Flags
r-devel-linux-x86_64-debian-clang 1.33 6.24 102.41 108.64 OK
r-devel-linux-x86_64-debian-gcc 1.33 5.94 101.13 107.07 OK
r-devel-linux-x86_64-fedora-clang 1.33 205.37 OK
r-devel-linux-x86_64-fedora-gcc 1.33 203.56 OK --no-stop-on-test-error
r-devel-macos-x86_64-clang 1.33 164.72 NOTE
r-devel-windows-ix86+x86_64 1.33 24.00 129.00 153.00 OK
r-patched-linux-x86_64 1.33 5.64 100.41 106.04 OK
r-patched-solaris-sparc 1.33 1109.40 OK
r-patched-solaris-x86 1.33 254.50 OK
r-release-linux-x86_64 1.33 5.81 96.80 102.61 OK
r-release-osx-x86_64-mavericks 1.33 OK
r-release-windows-ix86+x86_64 1.33 33.00 253.00 286.00 OK
r-oldrel-windows-ix86+x86_64 1.33 38.00 192.00 230.00 OK

Check Details

Version: 1.33
Check: R code for possible problems
Result: NOTE
    
    This data.table install has not detected OpenMP support. It will work but slower in single threaded mode.
Flavor: r-devel-macos-x86_64-clang