CRAN Package Check Results for Package RcmdrPlugin.EZR

Last updated on 2014-07-25 14:47:41.

Flavor Version Tinstall Tcheck Ttotal Status Flags
r-devel-linux-x86_64-debian-clang 1.24 1.42 51.28 52.70 OK
r-devel-linux-x86_64-debian-gcc 1.24 1.38 51.34 52.72 OK
r-devel-linux-x86_64-fedora-clang 1.24 101.21 OK
r-devel-linux-x86_64-fedora-gcc 1.24 96.04 OK
r-devel-osx-x86_64-clang 1.24 96.51 OK
r-devel-windows-ix86+x86_64 1.24 14.00 70.00 84.00 OK
r-patched-linux-x86_64 1.24 1.50 51.01 52.51 OK
r-patched-solaris-sparc 1.24 505.50 OK
r-patched-solaris-x86 1.24 133.40 OK
r-release-linux-ix86 1.24 2.08 67.34 69.42 OK
r-release-linux-x86_64 1.24 1.50 50.92 52.42 OK
r-release-osx-x86_64-mavericks 1.24 NOTE
r-release-osx-x86_64-snowleopard 1.24 OK
r-release-windows-ix86+x86_64 1.24 14.00 75.00 89.00 OK
r-oldrel-windows-ix86+x86_64 1.24 10.00 75.00 85.00 OK

Check Details

Version: 1.24
Check: package dependencies
Result: NOTE
    Package suggested but not available for checking: ‘RODBC’
Flavor: r-release-osx-x86_64-mavericks