CRAN Package Check Results for Package RcmdrPlugin.EZR

Last updated on 2014-04-21 12:31:39.

Flavor Version Tinstall Tcheck Ttotal Status Flags
r-devel-linux-x86_64-debian-clang 1.23 1.63 53.66 55.30 OK
r-devel-linux-x86_64-debian-gcc 1.23 1.85 54.80 56.64 OK
r-devel-linux-x86_64-fedora-clang 1.23 101.40 OK
r-devel-linux-x86_64-fedora-gcc 1.23 95.25 OK
r-devel-osx-x86_64-clang 1.23 97.91 OK
r-devel-osx-x86_64-gcc 1.23 ERROR
r-devel-windows-ix86+x86_64 1.23 11.00 82.00 93.00 OK
r-patched-linux-x86_64 1.23 1.54 54.16 55.70 OK
r-patched-solaris-sparc 1.23 568.90 OK
r-patched-solaris-x86 1.23 142.80 OK
r-release-linux-x86_64 1.23 1.41 53.88 55.29 OK
r-release-osx-x86_64-mavericks 1.23 WARN
r-release-osx-x86_64-snowleopard 1.23 NOTE
r-release-windows-ix86+x86_64 1.23 10.00 79.00 89.00 OK
r-oldrel-windows-ix86+x86_64 1.23 11.00 72.00 83.00 OK

Check Details

Version: 1.23
Check: package dependencies
Result: ERROR
    Package required but not available: ‘Rcmdr’
    
    Packages suggested but not available for checking:
     ‘car’ ‘multcomp’ ‘XLConnect’
    
    See the information on DESCRIPTION files in the chapter ‘Creating R
    packages’ of the ‘Writing R Extensions’ manual.
Flavor: r-devel-osx-x86_64-gcc

Version: 1.23
Check: package dependencies
Result: NOTE
    Packages suggested but not available for checking: ‘multcomp’ ‘RODBC’
Flavor: r-release-osx-x86_64-mavericks

Version: 1.23
Check: PDF version of manual
Result: WARNING
    LaTeX errors when creating PDF version.
    This typically indicates Rd problems.
    LaTeX errors found:
    ! LaTeX Error: File `upquote.sty' not found.
    
    Type X to quit or <RETURN> to proceed,
    or enter new name. (Default extension: sty)
    
    c5057be/Rd2.tex:8: ==> Fatal error occurred, no output PDF file produced!
Flavor: r-release-osx-x86_64-mavericks

Version: 1.23
Check: package dependencies
Result: NOTE
    Package suggested but not available for checking: ‘multcomp’
Flavor: r-release-osx-x86_64-snowleopard