CRAN Package Check Results for Package RcmdrPlugin.EZR

Last updated on 2015-05-04 10:47:40.

Flavor Version Tinstall Tcheck Ttotal Status Flags
r-devel-linux-x86_64-debian-clang 1.27 5.31 84.96 90.27 NOTE
r-devel-linux-x86_64-debian-gcc 1.27 5.13 83.09 88.22 NOTE
r-devel-linux-x86_64-fedora-clang 1.27 174.94 NOTE
r-devel-linux-x86_64-fedora-gcc 1.27 162.22 NOTE
r-devel-osx-x86_64-clang 1.27 156.44 NOTE
r-devel-windows-ix86+x86_64 1.27 41.00 111.00 152.00 NOTE
r-patched-linux-x86_64 1.27 5.15 86.10 91.26 NOTE
r-patched-solaris-sparc 1.27 1014.90 NOTE
r-patched-solaris-x86 1.27 245.10 NOTE
r-release-linux-x86_64 1.27 5.10 85.06 90.16 NOTE
r-release-osx-x86_64-mavericks 1.27 NOTE
r-release-osx-x86_64-snowleopard 1.27 ERROR
r-release-windows-ix86+x86_64 1.27 39.00 106.00 145.00 NOTE
r-oldrel-windows-ix86+x86_64 1.27 60.00 189.00 249.00 NOTE

Check Details

Version: 1.27
Check: dependencies in R code
Result: NOTE
    'library' or 'require' calls in package code:
     ‘car’ ‘meta’
     Please use :: or requireNamespace() instead.
     See section 'Suggested packages' in the 'Writing R Extensions' manual.
Flavors: r-devel-linux-x86_64-debian-clang, r-devel-linux-x86_64-debian-gcc, r-devel-linux-x86_64-fedora-clang, r-devel-linux-x86_64-fedora-gcc, r-devel-osx-x86_64-clang, r-patched-linux-x86_64, r-patched-solaris-sparc, r-patched-solaris-x86, r-release-linux-x86_64, r-release-osx-x86_64-mavericks

Version: 1.27
Check: S3 generic/method consistency
Result: NOTE
    Found the following apparent S3 methods exported but not registered:
     print.ci.summary summary.ci summary.km summary.table.MH
     summary.table.twoway
    See section ‘Registering S3 methods’ in the ‘Writing R Extensions’
    manual.
Flavors: r-devel-linux-x86_64-debian-clang, r-devel-linux-x86_64-debian-gcc, r-devel-linux-x86_64-fedora-clang, r-devel-linux-x86_64-fedora-gcc, r-devel-osx-x86_64-clang, r-patched-linux-x86_64, r-patched-solaris-x86, r-release-linux-x86_64

Version: 1.27
Check: dependencies in R code
Result: NOTE
    'library' or 'require' calls in package code:
     'RODBC' 'car' 'meta'
     Please use :: or requireNamespace() instead.
     See section 'Suggested packages' in the 'Writing R Extensions' manual.
Flavors: r-devel-windows-ix86+x86_64, r-release-windows-ix86+x86_64, r-oldrel-windows-ix86+x86_64

Version: 1.27
Check: package dependencies
Result: NOTE
    Packages suggested but not available for checking: ‘multcomp’ ‘RODBC’
Flavor: r-release-osx-x86_64-mavericks

Version: 1.27
Check: package dependencies
Result: ERROR
    Package required but not available: ‘Rcmdr’
    
    Packages suggested but not available for checking:
     ‘car’ ‘multcomp’ ‘XLConnect’
    
    See section ‘The DESCRIPTION file’ in the ‘Writing R Extensions’
    manual.
Flavor: r-release-osx-x86_64-snowleopard