CRAN Package Check Results for Package RcmdrPlugin.EZR

Last updated on 2015-02-01 11:47:21.

Flavor Version Tinstall Tcheck Ttotal Status Flags
r-devel-linux-x86_64-debian-clang 1.27 1.96 52.95 54.91 NOTE
r-devel-linux-x86_64-debian-gcc 1.27 2.14 51.28 53.43 NOTE
r-devel-linux-x86_64-fedora-clang 1.27 104.10 NOTE
r-devel-linux-x86_64-fedora-gcc 1.27 90.75 NOTE
r-devel-osx-x86_64-clang 1.27 108.41 NOTE
r-devel-windows-ix86+x86_64 1.27 32.00 81.00 113.00 NOTE
r-patched-linux-x86_64 1.27 2.57 60.71 63.28 OK
r-patched-solaris-sparc 1.27 728.00 OK
r-patched-solaris-x86 1.27 171.50 OK
r-release-linux-ix86 1.27 3.49 85.36 88.84 OK
r-release-linux-x86_64 1.27 2.68 59.26 61.95 OK
r-release-osx-x86_64-mavericks 1.27 NOTE
r-release-osx-x86_64-snowleopard 1.27 OK
r-release-windows-ix86+x86_64 1.27 30.00 120.00 150.00 OK
r-oldrel-windows-ix86+x86_64 1.27 36.00 126.00 162.00 OK

Check Details

Version: 1.27
Check: dependencies in R code
Result: NOTE
    'library' or 'require' calls in package code:
     ‘car’ ‘meta’
     Please use :: or requireNamespace() instead.
     See section 'Suggested packages' in the 'Writing R Extensions' manual.
Flavors: r-devel-linux-x86_64-debian-clang, r-devel-linux-x86_64-debian-gcc, r-devel-linux-x86_64-fedora-clang, r-devel-linux-x86_64-fedora-gcc, r-devel-osx-x86_64-clang

Version: 1.27
Check: S3 generic/method consistency
Result: NOTE
    Found the following apparent S3 methods exported but not registered:
     print.ci.summary summary.ci summary.km summary.table.MH
     summary.table.twoway
    See section ‘Registering S3 methods’ in the ‘Writing R Extensions’
    manual.
Flavors: r-devel-linux-x86_64-debian-clang, r-devel-linux-x86_64-debian-gcc, r-devel-linux-x86_64-fedora-clang, r-devel-linux-x86_64-fedora-gcc, r-devel-osx-x86_64-clang

Version: 1.27
Check: dependencies in R code
Result: NOTE
    'library' or 'require' calls in package code:
     'RODBC' 'car' 'meta'
     Please use :: or requireNamespace() instead.
     See section 'Suggested packages' in the 'Writing R Extensions' manual.
Flavor: r-devel-windows-ix86+x86_64

Version: 1.27
Check: package dependencies
Result: NOTE
    Package suggested but not available for checking: ‘RODBC’
Flavor: r-release-osx-x86_64-mavericks