CRAN Package Check Results for Package RcmdrPlugin.EZR

Last updated on 2015-08-31 21:47:00.

Flavor Version Tinstall Tcheck Ttotal Status Flags
r-devel-linux-x86_64-debian-clang 1.30 5.46 87.43 92.89 OK
r-devel-linux-x86_64-debian-gcc 1.30 5.04 86.72 91.76 OK
r-devel-linux-x86_64-fedora-clang 1.30 175.06 OK
r-devel-linux-x86_64-fedora-gcc 1.30 166.74 OK
r-devel-osx-x86_64-clang 1.30 161.92 OK
r-devel-windows-ix86+x86_64 1.30 50.00 124.00 174.00 OK
r-patched-linux-x86_64 1.30 5.81 92.37 98.18 OK
r-patched-solaris-sparc 1.30 1067.20 OK
r-patched-solaris-x86 1.30 204.90 OK
r-release-linux-x86_64 1.30 5.78 88.34 94.12 OK
r-release-osx-x86_64-mavericks 1.30 NOTE
r-release-windows-ix86+x86_64 1.30 49.00 137.00 186.00 OK
r-oldrel-windows-ix86+x86_64 1.30 3.00 1.00 4.00 ERROR

Check Details

Version: 1.30
Check: package dependencies
Result: NOTE
    Package suggested but not available for checking: ‘RODBC’
Flavor: r-release-osx-x86_64-mavericks

Version: 1.30
Check: package dependencies
Result: ERROR
    Package required and available but unsuitable version: 'Rcmdr'
    
    See section 'The DESCRIPTION file' in the 'Writing R Extensions'
    manual.
Flavor: r-oldrel-windows-ix86+x86_64