CRAN Package Check Results for Package RcmdrPlugin.EZR

Last updated on 2016-06-28 12:46:58.

Flavor Version Tinstall Tcheck Ttotal Status Flags
r-devel-linux-x86_64-debian-gcc 1.32 5.60 96.18 101.79 OK
r-devel-linux-x86_64-fedora-clang 1.32 174.87 OK
r-devel-linux-x86_64-fedora-gcc 1.32 168.42 OK
r-devel-osx-x86_64-clang 1.32 149.38 OK
r-devel-windows-ix86+x86_64 1.32 49.00 122.00 171.00 OK
r-patched-linux-x86_64 1.32 6.00 103.01 109.01 OK
r-patched-solaris-sparc 1.32 1050.80 OK
r-patched-solaris-x86 1.32 250.10 OK
r-release-linux-x86_64 1.32 5.92 101.00 106.92 OK
r-release-osx-x86_64-mavericks 1.32 WARN
r-release-windows-ix86+x86_64 1.32 48.00 181.00 229.00 OK
r-oldrel-windows-ix86+x86_64 1.32 45.00 125.00 170.00 OK

Check Details

Version: 1.32
Check: dependencies in R code
Result: NOTE
    Invalid MIT-MAGIC-COOKIE-1 key
Flavor: r-release-osx-x86_64-mavericks

Version: 1.32
Check: S3 generic/method consistency
Result: WARN
    Invalid MIT-MAGIC-COOKIE-1 key
    See section ‘Generic functions and methods’ in the ‘Writing R
    Extensions’ manual.
Flavor: r-release-osx-x86_64-mavericks

Version: 1.32
Check: replacement functions
Result: WARN
    Invalid MIT-MAGIC-COOKIE-1 key
    The argument of a replacement function which corresponds to the right
    hand side must be named ‘value’.
Flavor: r-release-osx-x86_64-mavericks

Version: 1.32
Check: foreign function calls
Result: NOTE
    Invalid MIT-MAGIC-COOKIE-1 key
    See chapter ‘System and foreign language interfaces’ in the ‘Writing R
    Extensions’ manual.
Flavor: r-release-osx-x86_64-mavericks

Version: 1.32
Check: R code for possible problems
Result: NOTE
    Invalid MIT-MAGIC-COOKIE-1 key
Flavor: r-release-osx-x86_64-mavericks

Version: 1.32
Check: for missing documentation entries
Result: WARN
    Invalid MIT-MAGIC-COOKIE-1 key
    All user-level objects in a package should have documentation entries.
    See chapter ‘Writing R documentation files’ in the ‘Writing R
    Extensions’ manual.
Flavor: r-release-osx-x86_64-mavericks

Version: 1.32
Check: for code/documentation mismatches
Result: WARN
    Invalid MIT-MAGIC-COOKIE-1 key
    Invalid MIT-MAGIC-COOKIE-1 key
    Invalid MIT-MAGIC-COOKIE-1 key
Flavor: r-release-osx-x86_64-mavericks

Version: 1.32
Check: Rd \usage sections
Result: NOTE
    Invalid MIT-MAGIC-COOKIE-1 key
    The \usage entries for S3 methods should use the \method markup and not
    their full name.
    See chapter ‘Writing R documentation files’ in the ‘Writing R
    Extensions’ manual.
Flavor: r-release-osx-x86_64-mavericks