CRAN Package Check Results for Package RcmdrPlugin.EZR

Last updated on 2014-08-28 11:49:12.

Flavor Version Tinstall Tcheck Ttotal Status Flags
r-devel-linux-x86_64-debian-clang 1.25 2.68 67.40 70.08 OK
r-devel-linux-x86_64-debian-gcc 1.25 2.60 65.42 68.02 OK
r-devel-linux-x86_64-fedora-clang 1.25 137.46 OK
r-devel-linux-x86_64-fedora-gcc 1.25 117.06 OK
r-devel-osx-x86_64-clang 1.25 117.55 OK
r-devel-windows-ix86+x86_64 1.25 29.00 96.00 125.00 OK
r-patched-linux-x86_64 1.25 2.76 72.54 75.30 OK
r-patched-solaris-sparc 1.25 499.20 OK
r-patched-solaris-x86 1.25 200.30 OK
r-release-linux-ix86 1.25 3.66 89.04 92.70 OK
r-release-linux-x86_64 1.25 2.76 72.73 75.49 OK
r-release-osx-x86_64-mavericks 1.25 NOTE
r-release-osx-x86_64-snowleopard 1.24 OK
r-release-windows-ix86+x86_64 1.25 19.00 115.00 134.00 OK
r-oldrel-windows-ix86+x86_64 1.25 22.00 115.00 137.00 OK

Check Details

Version: 1.25
Check: package dependencies
Result: NOTE
    Package suggested but not available for checking: ‘RODBC’
Flavor: r-release-osx-x86_64-mavericks