CRAN Package Check Results for Package RcmdrPlugin.EZR

Last updated on 2015-07-03 16:47:33.

Flavor Version Tinstall Tcheck Ttotal Status Flags
r-devel-linux-x86_64-debian-clang 1.28 5.08 86.32 91.40 NOTE
r-devel-linux-x86_64-debian-gcc 1.28 5.24 83.58 88.82 NOTE
r-devel-linux-x86_64-fedora-clang 1.28 173.32 NOTE
r-devel-linux-x86_64-fedora-gcc 1.28 169.89 NOTE
r-devel-osx-x86_64-clang 1.28 172.52 OK
r-devel-windows-ix86+x86_64 1.28 41.00 113.00 154.00 NOTE
r-patched-linux-x86_64 1.28 5.06 82.82 87.88 OK
r-patched-solaris-sparc 1.28 1038.50 OK
r-patched-solaris-x86 1.28 252.70 OK
r-release-linux-x86_64 1.28 5.43 87.53 92.96 OK
r-release-osx-x86_64-mavericks 1.28 NOTE
r-release-windows-ix86+x86_64 1.28 52.00 104.00 156.00 OK
r-oldrel-windows-ix86+x86_64 1.28 62.00 211.00 273.00 OK

Check Details

Version: 1.28
Check: R code for possible problems
Result: NOTE
    BarplotFor3Factors: no visible global function definition for ‘gray’
    BarplotFor3Factors: no visible global function definition for ‘par’
    BarplotFor3Factors: no visible global function definition for ‘barplot’
    BarplotFor3Factors: no visible global function definition for ‘axis’
    HistEZR: no visible global function definition for ‘axis’
    HistEZR: no visible global function definition for ‘par’
    HistEZR: no visible global function definition for ‘box’
    HistEZR: no visible global function definition for ‘abline’
    Mantel.Byar: no visible global function definition for ‘dev.new’
    Mantel.Byar: no visible global function definition for ‘par’
    Mantel.Byar: no visible global function definition for ‘axTicks’
    Mantel.Byar: no visible global function definition for ‘axis’
    Mantel.Byar: no visible global function definition for ‘mtext’
    Mantel.Byar: no visible global function definition for ‘title’
    OrderedPlot: no visible global function definition for ‘plot’
    OrderedPlot: no visible global function definition for ‘barplot’
    OrderedPlot: no visible global function definition for ‘par’
    OrderedPlot: no visible global function definition for ‘legend’
    PowerHazard: no visible global function definition for ‘plot’
    PowerHazard: no visible global function definition for ‘abline’
    PowerMean: no visible global function definition for ‘plot’
    PowerMean: no visible global function definition for ‘abline’
    PowerMeanPaired: no visible global function definition for ‘plot’
    PowerMeanPaired: no visible global function definition for ‘abline’
    PowerProportion: no visible global function definition for ‘plot’
    PowerProportion: no visible global function definition for ‘abline’
    PowerProportionSingleArm: no visible global function definition for
     ‘plot’
    PowerProportionSingleArm: no visible global function definition for
     ‘abline’
    SampleHazard: no visible global function definition for ‘plot’
    SampleHazard: no visible global function definition for ‘abline’
    SampleMean: no visible global function definition for ‘plot’
    SampleMean: no visible global function definition for ‘abline’
    SampleMeanCI: no visible global function definition for ‘plot’
    SampleMeanCI: no visible global function definition for ‘abline’
    SampleMeanPaired: no visible global function definition for ‘plot’
    SampleMeanPaired: no visible global function definition for ‘abline’
    SampleProportion: no visible global function definition for ‘plot’
    SampleProportion: no visible global function definition for ‘abline’
    SampleProportionCI: no visible global function definition for ‘plot’
    SampleProportionCI: no visible global function definition for ‘abline’
    SampleProportionNonInf: no visible global function definition for
     ‘plot’
    SampleProportionNonInf: no visible global function definition for
     ‘abline’
    SampleProportionSingleArm: no visible global function definition for
     ‘plot’
    SampleProportionSingleArm: no visible global function definition for
     ‘abline’
    StatMedLinePlot : onOK: no visible binding for global variable ‘legend’
    StatMedSetPalette : convert: no visible global function definition for
     ‘col2rgb’
    StatMedSetPalette: no visible global function definition for ‘palette’
    StatMedSetPalette: no visible global function definition for
     ‘colorConverter’
    StatMedSetPalette : <anonymous>: no visible global function definition
     for ‘col2rgb’
    StatMedSetPalette : <anonymous>: no visible binding for global variable
     ‘colorspaces’
    StatMedSetPalette: no visible global function definition for ‘col2rgb’
    StatMedSetPalette: no visible global function definition for
     ‘convertColor’
    StatMedSetPalette : onOK: no visible global function definition for
     ‘palette’
    StatMedplotMeans: no visible global function definition for ‘palette’
    StatMedplotMeans: no visible global function definition for ‘plot’
    StatMedplotMeans: no visible global function definition for ‘points’
    StatMedplotMeans: no visible global function definition for ‘box’
    StatMedplotMeans: no visible global function definition for ‘axis’
    StatMedplotMeans: no visible global function definition for ‘arrows’
    StatMedplotMeans: no visible global function definition for ‘par’
    StatMedplotMeans: no visible global function definition for ‘legend’
    Steel.Dwass: no visible global function definition for ‘combn’
    dot.plot: no visible global function definition for ‘plot’
    dot.plot: no visible global function definition for ‘points’
    dot.plot: no visible global function definition for ‘axis’
    error.bar: no visible global function definition for ‘arrows’
    hist2: no visible global function definition for ‘hist’
    pairwise.pairedt.test: no visible global function definition for
     ‘capture.output’
    stackcuminc: no visible global function definition for ‘plot’
    stackcuminc: no visible global function definition for ‘axTicks’
    stackcuminc: no visible global function definition for ‘axis’
    stackcuminc: no visible global function definition for ‘title’
    stackcuminc: no visible global function definition for ‘polygon’
    stackcuminc: no visible global function definition for ‘gray’
    stackcuminc: no visible global function definition for ‘legend’
    w.ci: no visible global function definition for ‘write.table’
    w.ci: no visible global function definition for ‘write.csv’
    w.multi: no visible global function definition for ‘write.table’
    w.multi: no visible global function definition for ‘write.csv’
    w.multireg: no visible global function definition for ‘write.table’
    w.multireg: no visible global function definition for ‘write.csv’
    w.survival: no visible global function definition for ‘write.table’
    w.survival: no visible global function definition for ‘write.csv’
    w.ttest: no visible global function definition for ‘write.table’
    w.ttest: no visible global function definition for ‘write.csv’
    w.twoway: no visible global function definition for ‘write.table’
    Undefined global functions or variables:
     abline arrows axTicks axis barplot box capture.output col2rgb
     colorConverter colorspaces combn convertColor dev.new gray hist
     legend mtext palette par plot points polygon title write.csv
     write.table
Flavors: r-devel-linux-x86_64-debian-clang, r-devel-linux-x86_64-debian-gcc, r-devel-linux-x86_64-fedora-clang, r-devel-linux-x86_64-fedora-gcc, r-devel-windows-ix86+x86_64

Version: 1.28
Check: package dependencies
Result: NOTE
    Package suggested but not available for checking: ‘RODBC’
Flavor: r-release-osx-x86_64-mavericks