CRAN Package Check Results for Package RcmdrPlugin.EZR

Last updated on 2014-12-23 01:49:10.

Flavor Version Tinstall Tcheck Ttotal Status Flags
r-devel-linux-x86_64-debian-clang 1.27 2.49 70.06 72.55 OK
r-devel-linux-x86_64-debian-gcc 1.27 2.45 67.44 69.89 OK
r-devel-linux-x86_64-fedora-clang 1.27 118.54 OK
r-devel-linux-x86_64-fedora-gcc 1.27 111.28 OK
r-devel-osx-x86_64-clang 1.27 122.82 OK
r-devel-windows-ix86+x86_64 1.27 35.00 109.00 144.00 OK
r-patched-linux-x86_64 1.27 2.79 69.20 71.99 OK
r-patched-solaris-sparc 1.27 726.90 OK
r-patched-solaris-x86 1.27 177.60 OK
r-release-linux-ix86 1.27 3.49 82.41 85.90 OK
r-release-linux-x86_64 1.27 2.57 70.71 73.28 OK
r-release-osx-x86_64-mavericks 1.27 NOTE
r-release-osx-x86_64-snowleopard 1.27 OK
r-release-windows-ix86+x86_64 1.27 29.00 123.00 152.00 OK
r-oldrel-windows-ix86+x86_64 1.27 32.00 119.00 151.00 OK

Check Details

Version: 1.27
Check: package dependencies
Result: NOTE
    Package suggested but not available for checking: ‘RODBC’
Flavor: r-release-osx-x86_64-mavericks