CRAN Package Check Results for Package RcmdrPlugin.Export

Last updated on 2017-05-26 03:48:40.

Flavor Version Tinstall Tcheck Ttotal Status Flags
r-devel-linux-x86_64-debian-clang 0.3-1 5.47 57.50 62.97 OK
r-devel-linux-x86_64-debian-gcc 0.3-1 4.88 59.54 64.42 OK
r-devel-linux-x86_64-fedora-clang 0.3-1 139.23 OK --no-stop-on-test-error
r-devel-linux-x86_64-fedora-gcc 0.3-1 136.07 OK --no-stop-on-test-error
r-devel-windows-ix86+x86_64 0.3-1 42.00 106.00 148.00 OK
r-patched-linux-x86_64 0.3-1 4.93 61.80 66.73 OK
r-patched-solaris-sparc 0.3-1 767.70 OK
r-patched-solaris-x86 0.3-1 197.40 OK
r-release-linux-x86_64 0.3-1 5.06 59.42 64.48 OK
r-release-windows-ix86+x86_64 0.3-1 32.00 174.00 206.00 OK
r-release-osx-x86_64 0.3-1 OK
r-oldrel-windows-ix86+x86_64 0.3-1 46.00 97.00 143.00 OK
r-oldrel-osx-x86_64 0.3-1 WARN

Check Details

Version: 0.3-1
Check: dependencies in R code
Result: NOTE
    Invalid MIT-MAGIC-COOKIE-1 key
Flavor: r-oldrel-osx-x86_64

Version: 0.3-1
Check: S3 generic/method consistency
Result: WARN
    Invalid MIT-MAGIC-COOKIE-1 key
    See section ‘Generic functions and methods’ in the ‘Writing R
    Extensions’ manual.
Flavor: r-oldrel-osx-x86_64

Version: 0.3-1
Check: replacement functions
Result: WARN
    Invalid MIT-MAGIC-COOKIE-1 key
    The argument of a replacement function which corresponds to the right
    hand side must be named ‘value’.
Flavor: r-oldrel-osx-x86_64

Version: 0.3-1
Check: foreign function calls
Result: NOTE
    Invalid MIT-MAGIC-COOKIE-1 key
    See chapter ‘System and foreign language interfaces’ in the ‘Writing R
    Extensions’ manual.
Flavor: r-oldrel-osx-x86_64

Version: 0.3-1
Check: R code for possible problems
Result: NOTE
    Invalid MIT-MAGIC-COOKIE-1 key
Flavor: r-oldrel-osx-x86_64

Version: 0.3-1
Check: for missing documentation entries
Result: WARN
    Invalid MIT-MAGIC-COOKIE-1 key
    All user-level objects in a package should have documentation entries.
    See chapter ‘Writing R documentation files’ in the ‘Writing R
    Extensions’ manual.
Flavor: r-oldrel-osx-x86_64

Version: 0.3-1
Check: for code/documentation mismatches
Result: WARN
    Invalid MIT-MAGIC-COOKIE-1 key
    Invalid MIT-MAGIC-COOKIE-1 key
    Invalid MIT-MAGIC-COOKIE-1 key
Flavor: r-oldrel-osx-x86_64

Version: 0.3-1
Check: Rd \usage sections
Result: NOTE
    Invalid MIT-MAGIC-COOKIE-1 key
    The \usage entries for S3 methods should use the \method markup and not
    their full name.
    See chapter ‘Writing R documentation files’ in the ‘Writing R
    Extensions’ manual.
Flavor: r-oldrel-osx-x86_64