CRAN Package Check Results for Package RcmdrPlugin.Export

Last updated on 2016-12-03 03:47:28.

Flavor Version Tinstall Tcheck Ttotal Status Flags
r-devel-linux-x86_64-debian-clang 0.3-1 5.08 56.06 61.14 OK
r-devel-linux-x86_64-debian-gcc 0.3-1 5.20 56.37 61.57 OK
r-devel-linux-x86_64-fedora-clang 0.3-1 140.50 OK
r-devel-linux-x86_64-fedora-gcc 0.3-1 137.66 OK --no-stop-on-test-error
r-devel-macos-x86_64-clang 0.3-1 107.10 NOTE
r-devel-windows-ix86+x86_64 0.3-1 37.00 103.00 140.00 OK
r-patched-linux-x86_64 0.3-1 4.91 50.46 55.37 OK
r-patched-solaris-sparc 0.3-1 675.80 OK
r-patched-solaris-x86 0.3-1 164.40 OK
r-release-linux-x86_64 0.3-1 4.94 50.44 55.38 OK
r-release-osx-x86_64-mavericks 0.3-1 WARN
r-release-windows-ix86+x86_64 0.3-1 32.00 223.00 255.00 OK
r-oldrel-windows-ix86+x86_64 0.3-1 33.00 298.00 331.00 OK

Check Details

Version: 0.3-1
Check: R code for possible problems
Result: NOTE
    
    This data.table install has not detected OpenMP support. It will work but slower in single threaded mode.
Flavor: r-devel-macos-x86_64-clang

Version: 0.3-1
Check: dependencies in R code
Result: NOTE
    Invalid MIT-MAGIC-COOKIE-1 key
Flavor: r-release-osx-x86_64-mavericks

Version: 0.3-1
Check: S3 generic/method consistency
Result: WARN
    Invalid MIT-MAGIC-COOKIE-1 key
    See section ‘Generic functions and methods’ in the ‘Writing R
    Extensions’ manual.
Flavor: r-release-osx-x86_64-mavericks

Version: 0.3-1
Check: replacement functions
Result: WARN
    Invalid MIT-MAGIC-COOKIE-1 key
    The argument of a replacement function which corresponds to the right
    hand side must be named ‘value’.
Flavor: r-release-osx-x86_64-mavericks

Version: 0.3-1
Check: foreign function calls
Result: NOTE
    Invalid MIT-MAGIC-COOKIE-1 key
    See chapter ‘System and foreign language interfaces’ in the ‘Writing R
    Extensions’ manual.
Flavor: r-release-osx-x86_64-mavericks

Version: 0.3-1
Check: R code for possible problems
Result: NOTE
    Invalid MIT-MAGIC-COOKIE-1 key
Flavor: r-release-osx-x86_64-mavericks

Version: 0.3-1
Check: for missing documentation entries
Result: WARN
    Invalid MIT-MAGIC-COOKIE-1 key
    All user-level objects in a package should have documentation entries.
    See chapter ‘Writing R documentation files’ in the ‘Writing R
    Extensions’ manual.
Flavor: r-release-osx-x86_64-mavericks

Version: 0.3-1
Check: for code/documentation mismatches
Result: WARN
    Invalid MIT-MAGIC-COOKIE-1 key
    Invalid MIT-MAGIC-COOKIE-1 key
    Invalid MIT-MAGIC-COOKIE-1 key
Flavor: r-release-osx-x86_64-mavericks

Version: 0.3-1
Check: Rd \usage sections
Result: NOTE
    Invalid MIT-MAGIC-COOKIE-1 key
    The \usage entries for S3 methods should use the \method markup and not
    their full name.
    See chapter ‘Writing R documentation files’ in the ‘Writing R
    Extensions’ manual.
Flavor: r-release-osx-x86_64-mavericks