CRAN Package Check Results for Package RcmdrPlugin.Export

Last updated on 2016-08-27 12:47:41.

Flavor Version Tinstall Tcheck Ttotal Status Flags
r-devel-linux-x86_64-debian-clang 0.3-1 4.67 53.51 58.18 OK
r-devel-linux-x86_64-debian-gcc 0.3-1 6.79 67.47 74.26 OK
r-devel-linux-x86_64-fedora-clang 0.3-1 116.30 OK
r-devel-linux-x86_64-fedora-gcc 0.3-1 114.50 OK
r-devel-osx-x86_64-clang 0.3-1 93.88 OK
r-devel-windows-ix86+x86_64 0.3-1 39.00 129.00 168.00 OK
r-patched-linux-x86_64 0.3-1 4.50 50.88 55.38 OK
r-patched-solaris-sparc 0.3-1 635.80 OK
r-patched-solaris-x86 0.3-1 156.20 OK
r-release-linux-x86_64 0.3-1 5.03 53.05 58.08 OK
r-release-osx-x86_64-mavericks 0.3-1 WARN
r-release-windows-ix86+x86_64 0.3-1 43.00 125.00 168.00 OK
r-oldrel-windows-ix86+x86_64 0.3-1 40.00 103.00 143.00 OK

Check Details

Version: 0.3-1
Check: dependencies in R code
Result: NOTE
    Invalid MIT-MAGIC-COOKIE-1 key
Flavor: r-release-osx-x86_64-mavericks

Version: 0.3-1
Check: S3 generic/method consistency
Result: WARN
    Invalid MIT-MAGIC-COOKIE-1 key
    See section ‘Generic functions and methods’ in the ‘Writing R
    Extensions’ manual.
Flavor: r-release-osx-x86_64-mavericks

Version: 0.3-1
Check: replacement functions
Result: WARN
    Invalid MIT-MAGIC-COOKIE-1 key
    The argument of a replacement function which corresponds to the right
    hand side must be named ‘value’.
Flavor: r-release-osx-x86_64-mavericks

Version: 0.3-1
Check: foreign function calls
Result: NOTE
    Invalid MIT-MAGIC-COOKIE-1 key
    See chapter ‘System and foreign language interfaces’ in the ‘Writing R
    Extensions’ manual.
Flavor: r-release-osx-x86_64-mavericks

Version: 0.3-1
Check: R code for possible problems
Result: NOTE
    Invalid MIT-MAGIC-COOKIE-1 key
Flavor: r-release-osx-x86_64-mavericks

Version: 0.3-1
Check: for missing documentation entries
Result: WARN
    Invalid MIT-MAGIC-COOKIE-1 key
    All user-level objects in a package should have documentation entries.
    See chapter ‘Writing R documentation files’ in the ‘Writing R
    Extensions’ manual.
Flavor: r-release-osx-x86_64-mavericks

Version: 0.3-1
Check: for code/documentation mismatches
Result: WARN
    Invalid MIT-MAGIC-COOKIE-1 key
    Invalid MIT-MAGIC-COOKIE-1 key
    Invalid MIT-MAGIC-COOKIE-1 key
Flavor: r-release-osx-x86_64-mavericks

Version: 0.3-1
Check: Rd \usage sections
Result: NOTE
    Invalid MIT-MAGIC-COOKIE-1 key
    The \usage entries for S3 methods should use the \method markup and not
    their full name.
    See chapter ‘Writing R documentation files’ in the ‘Writing R
    Extensions’ manual.
Flavor: r-release-osx-x86_64-mavericks