CRAN Package Check Results for Package RcmdrPlugin.Export

Last updated on 2016-02-06 18:50:41.

Flavor Version Tinstall Tcheck Ttotal Status Flags
r-devel-linux-x86_64-debian-gcc 0.3-1 4.68 48.20 52.88 OK
r-devel-linux-x86_64-fedora-clang 0.3-1 107.59 OK
r-devel-linux-x86_64-fedora-gcc 0.3-1 113.75 OK
r-devel-osx-x86_64-clang 0.3-1 120.49 OK
r-devel-windows-ix86+x86_64 0.3-1 43.00 95.00 138.00 OK
r-patched-linux-x86_64 0.3-1 4.90 54.35 59.26 OK
r-patched-solaris-sparc 0.3-1 673.90 OK
r-patched-solaris-x86 0.3-1 168.20 OK
r-release-linux-x86_64 0.3-1 4.94 53.52 58.46 OK
r-release-osx-x86_64-mavericks 0.3-1 OK
r-release-windows-ix86+x86_64 0.3-1 29.00 78.00 107.00 OK
r-oldrel-windows-ix86+x86_64 0.3-1 3.00 2.00 5.00 ERROR

Check Details

Version: 0.3-1
Check: package dependencies
Result: ERROR
    Package required and available but unsuitable version: 'Rcmdr'
    
    See section 'The DESCRIPTION file' in the 'Writing R Extensions'
    manual.
Flavor: r-oldrel-windows-ix86+x86_64