CRAN Package Check Results for Package RcmdrPlugin.Export

Last updated on 2017-11-25 04:49:32 CET.

Flavor Version Tinstall Tcheck Ttotal Status Flags
r-devel-linux-x86_64-debian-clang 0.3-1 6.75 142.88 149.62 OK
r-devel-linux-x86_64-debian-gcc 0.3-1 5.84 136.60 142.44 OK
r-devel-linux-x86_64-fedora-clang 0.3-1 125.61 OK
r-devel-linux-x86_64-fedora-gcc 0.3-1 122.77 OK
r-devel-windows-ix86+x86_64 0.3-1 41.00 203.00 244.00 OK
r-patched-linux-x86_64 0.3-1 7.33 164.65 171.98 OK
r-patched-solaris-x86 0.3-1 219.60 OK
r-release-linux-x86_64 0.3-1 7.50 164.90 172.40 OK
r-release-windows-ix86+x86_64 0.3-1 47.00 118.00 165.00 OK
r-release-osx-x86_64 0.3-1 OK
r-oldrel-windows-ix86+x86_64 0.3-1 41.00 113.00 154.00 OK
r-oldrel-osx-x86_64 0.3-1 WARN

Check Details

Version: 0.3-1
Check: dependencies in R code
Result: NOTE
    Invalid MIT-MAGIC-COOKIE-1 key
Flavor: r-oldrel-osx-x86_64

Version: 0.3-1
Check: S3 generic/method consistency
Result: WARN
    Invalid MIT-MAGIC-COOKIE-1 key
    See section ‘Generic functions and methods’ in the ‘Writing R
    Extensions’ manual.
Flavor: r-oldrel-osx-x86_64

Version: 0.3-1
Check: replacement functions
Result: WARN
    Invalid MIT-MAGIC-COOKIE-1 key
    The argument of a replacement function which corresponds to the right
    hand side must be named ‘value’.
Flavor: r-oldrel-osx-x86_64

Version: 0.3-1
Check: foreign function calls
Result: NOTE
    Invalid MIT-MAGIC-COOKIE-1 key
    See chapter ‘System and foreign language interfaces’ in the ‘Writing R
    Extensions’ manual.
Flavor: r-oldrel-osx-x86_64

Version: 0.3-1
Check: R code for possible problems
Result: NOTE
    Invalid MIT-MAGIC-COOKIE-1 key
Flavor: r-oldrel-osx-x86_64

Version: 0.3-1
Check: for missing documentation entries
Result: WARN
    Invalid MIT-MAGIC-COOKIE-1 key
    All user-level objects in a package should have documentation entries.
    See chapter ‘Writing R documentation files’ in the ‘Writing R
    Extensions’ manual.
Flavor: r-oldrel-osx-x86_64

Version: 0.3-1
Check: for code/documentation mismatches
Result: WARN
    Invalid MIT-MAGIC-COOKIE-1 key
    Invalid MIT-MAGIC-COOKIE-1 key
    Invalid MIT-MAGIC-COOKIE-1 key
Flavor: r-oldrel-osx-x86_64

Version: 0.3-1
Check: Rd \usage sections
Result: NOTE
    Invalid MIT-MAGIC-COOKIE-1 key
    The \usage entries for S3 methods should use the \method markup and not
    their full name.
    See chapter ‘Writing R documentation files’ in the ‘Writing R
    Extensions’ manual.
Flavor: r-oldrel-osx-x86_64