CRAN Package Check Results for Package RcmdrPlugin.Export

Last updated on 2016-06-29 05:48:46.

Flavor Version Tinstall Tcheck Ttotal Status Flags
r-devel-linux-x86_64-debian-gcc 0.3-1 5.16 53.64 58.80 OK
r-devel-linux-x86_64-fedora-clang 0.3-1 120.22 OK
r-devel-linux-x86_64-fedora-gcc 0.3-1 107.20 OK
r-devel-osx-x86_64-clang 0.3-1 89.73 OK
r-devel-windows-ix86+x86_64 0.3-1 40.00 87.00 127.00 OK
r-patched-linux-x86_64 0.3-1 4.69 52.78 57.47 OK
r-patched-solaris-sparc 0.3-1 635.80 OK
r-patched-solaris-x86 0.3-1 160.80 OK
r-release-linux-x86_64 0.3-1 4.66 52.76 57.43 OK
r-release-osx-x86_64-mavericks 0.3-1 WARN
r-release-windows-ix86+x86_64 0.3-1 48.00 137.00 185.00 OK
r-oldrel-windows-ix86+x86_64 0.3-1 47.00 97.00 144.00 OK

Check Details

Version: 0.3-1
Check: dependencies in R code
Result: NOTE
    Invalid MIT-MAGIC-COOKIE-1 key
Flavor: r-release-osx-x86_64-mavericks

Version: 0.3-1
Check: S3 generic/method consistency
Result: WARN
    Invalid MIT-MAGIC-COOKIE-1 key
    See section ‘Generic functions and methods’ in the ‘Writing R
    Extensions’ manual.
Flavor: r-release-osx-x86_64-mavericks

Version: 0.3-1
Check: replacement functions
Result: WARN
    Invalid MIT-MAGIC-COOKIE-1 key
    The argument of a replacement function which corresponds to the right
    hand side must be named ‘value’.
Flavor: r-release-osx-x86_64-mavericks

Version: 0.3-1
Check: foreign function calls
Result: NOTE
    Invalid MIT-MAGIC-COOKIE-1 key
    See chapter ‘System and foreign language interfaces’ in the ‘Writing R
    Extensions’ manual.
Flavor: r-release-osx-x86_64-mavericks

Version: 0.3-1
Check: R code for possible problems
Result: NOTE
    Invalid MIT-MAGIC-COOKIE-1 key
Flavor: r-release-osx-x86_64-mavericks

Version: 0.3-1
Check: for missing documentation entries
Result: WARN
    Invalid MIT-MAGIC-COOKIE-1 key
    All user-level objects in a package should have documentation entries.
    See chapter ‘Writing R documentation files’ in the ‘Writing R
    Extensions’ manual.
Flavor: r-release-osx-x86_64-mavericks

Version: 0.3-1
Check: for code/documentation mismatches
Result: WARN
    Invalid MIT-MAGIC-COOKIE-1 key
    Invalid MIT-MAGIC-COOKIE-1 key
    Invalid MIT-MAGIC-COOKIE-1 key
Flavor: r-release-osx-x86_64-mavericks

Version: 0.3-1
Check: Rd \usage sections
Result: NOTE
    Invalid MIT-MAGIC-COOKIE-1 key
    The \usage entries for S3 methods should use the \method markup and not
    their full name.
    See chapter ‘Writing R documentation files’ in the ‘Writing R
    Extensions’ manual.
Flavor: r-release-osx-x86_64-mavericks