CRAN Package Check Results for Package RcmdrPlugin.Export

Last updated on 2017-07-27 19:49:31.

Flavor Version Tinstall Tcheck Ttotal Status Flags
r-devel-linux-x86_64-debian-clang 0.3-1 4.82 64.61 69.43 OK
r-devel-linux-x86_64-debian-gcc 0.3-1 4.81 63.77 68.58 OK
r-devel-linux-x86_64-fedora-clang 0.3-1 137.24 OK
r-devel-linux-x86_64-fedora-gcc 0.3-1 146.77 OK
r-devel-windows-ix86+x86_64 0.3-1 36.00 91.00 127.00 OK
r-patched-linux-x86_64 0.3-1 4.88 63.21 68.09 OK
r-patched-solaris-x86 0.3-1 202.40 OK
r-release-linux-x86_64 0.3-1 4.92 68.39 73.31 OK
r-release-windows-ix86+x86_64 0.3-1 43.00 144.00 187.00 OK
r-release-osx-x86_64 0.3-1 OK
r-oldrel-windows-ix86+x86_64 0.3-1 32.00 99.00 131.00 OK
r-oldrel-osx-x86_64 0.3-1 WARN

Check Details

Version: 0.3-1
Check: dependencies in R code
Result: NOTE
    Invalid MIT-MAGIC-COOKIE-1 key
Flavor: r-oldrel-osx-x86_64

Version: 0.3-1
Check: S3 generic/method consistency
Result: WARN
    Invalid MIT-MAGIC-COOKIE-1 key
    See section ‘Generic functions and methods’ in the ‘Writing R
    Extensions’ manual.
Flavor: r-oldrel-osx-x86_64

Version: 0.3-1
Check: replacement functions
Result: WARN
    Invalid MIT-MAGIC-COOKIE-1 key
    The argument of a replacement function which corresponds to the right
    hand side must be named ‘value’.
Flavor: r-oldrel-osx-x86_64

Version: 0.3-1
Check: foreign function calls
Result: NOTE
    Invalid MIT-MAGIC-COOKIE-1 key
    See chapter ‘System and foreign language interfaces’ in the ‘Writing R
    Extensions’ manual.
Flavor: r-oldrel-osx-x86_64

Version: 0.3-1
Check: R code for possible problems
Result: NOTE
    Invalid MIT-MAGIC-COOKIE-1 key
Flavor: r-oldrel-osx-x86_64

Version: 0.3-1
Check: for missing documentation entries
Result: WARN
    Invalid MIT-MAGIC-COOKIE-1 key
    All user-level objects in a package should have documentation entries.
    See chapter ‘Writing R documentation files’ in the ‘Writing R
    Extensions’ manual.
Flavor: r-oldrel-osx-x86_64

Version: 0.3-1
Check: for code/documentation mismatches
Result: WARN
    Invalid MIT-MAGIC-COOKIE-1 key
    Invalid MIT-MAGIC-COOKIE-1 key
    Invalid MIT-MAGIC-COOKIE-1 key
Flavor: r-oldrel-osx-x86_64

Version: 0.3-1
Check: Rd \usage sections
Result: NOTE
    Invalid MIT-MAGIC-COOKIE-1 key
    The \usage entries for S3 methods should use the \method markup and not
    their full name.
    See chapter ‘Writing R documentation files’ in the ‘Writing R
    Extensions’ manual.
Flavor: r-oldrel-osx-x86_64