CRAN Package Check Results for Package RcmdrPlugin.FactoMineR

Last updated on 2017-05-22 18:52:05.

Flavor Version Tinstall Tcheck Ttotal Status Flags
r-devel-linux-x86_64-debian-clang 1.6-0 6.04 80.79 86.82 OK
r-devel-linux-x86_64-debian-gcc 1.6-0 5.78 77.90 83.68 OK
r-devel-linux-x86_64-fedora-clang 1.6-0 170.02 OK --no-stop-on-test-error
r-devel-linux-x86_64-fedora-gcc 1.6-0 164.03 OK --no-stop-on-test-error
r-devel-windows-ix86+x86_64 1.6-0 56.00 188.00 244.00 OK
r-patched-linux-x86_64 1.6-0 5.95 80.74 86.69 OK
r-patched-solaris-sparc 1.6-0 986.90 OK
r-patched-solaris-x86 1.6-0 245.10 OK
r-release-linux-x86_64 1.6-0 5.58 83.50 89.08 OK
r-release-windows-ix86+x86_64 1.6-0 42.00 196.00 238.00 OK
r-release-osx-x86_64 1.6-0 OK
r-oldrel-windows-ix86+x86_64 1.6-0 44.00 182.00 226.00 OK
r-oldrel-osx-x86_64 1.6-0 WARN

Check Details

Version: 1.6-0
Check: dependencies in R code
Result: NOTE
    Invalid MIT-MAGIC-COOKIE-1 key
Flavor: r-oldrel-osx-x86_64

Version: 1.6-0
Check: S3 generic/method consistency
Result: WARN
    Invalid MIT-MAGIC-COOKIE-1 key
    See section ‘Generic functions and methods’ in the ‘Writing R
    Extensions’ manual.
Flavor: r-oldrel-osx-x86_64

Version: 1.6-0
Check: replacement functions
Result: WARN
    Invalid MIT-MAGIC-COOKIE-1 key
    The argument of a replacement function which corresponds to the right
    hand side must be named ‘value’.
Flavor: r-oldrel-osx-x86_64

Version: 1.6-0
Check: foreign function calls
Result: NOTE
    Invalid MIT-MAGIC-COOKIE-1 key
    See chapter ‘System and foreign language interfaces’ in the ‘Writing R
    Extensions’ manual.
Flavor: r-oldrel-osx-x86_64

Version: 1.6-0
Check: R code for possible problems
Result: NOTE
    Invalid MIT-MAGIC-COOKIE-1 key
Flavor: r-oldrel-osx-x86_64

Version: 1.6-0
Check: for missing documentation entries
Result: WARN
    Invalid MIT-MAGIC-COOKIE-1 key
    All user-level objects in a package should have documentation entries.
    See chapter ‘Writing R documentation files’ in the ‘Writing R
    Extensions’ manual.
Flavor: r-oldrel-osx-x86_64

Version: 1.6-0
Check: for code/documentation mismatches
Result: WARN
    Invalid MIT-MAGIC-COOKIE-1 key
    Invalid MIT-MAGIC-COOKIE-1 key
    Invalid MIT-MAGIC-COOKIE-1 key
Flavor: r-oldrel-osx-x86_64

Version: 1.6-0
Check: Rd \usage sections
Result: NOTE
    Invalid MIT-MAGIC-COOKIE-1 key
    The \usage entries for S3 methods should use the \method markup and not
    their full name.
    See chapter ‘Writing R documentation files’ in the ‘Writing R
    Extensions’ manual.
Flavor: r-oldrel-osx-x86_64