CRAN Package Check Results for Package RcmdrPlugin.FactoMineR

Last updated on 2015-02-28 12:51:23.

Flavor Version Tinstall Tcheck Ttotal Status Flags
r-devel-linux-x86_64-debian-clang 1.5-0 4.70 67.28 71.98 NOTE
r-devel-linux-x86_64-debian-gcc 1.5-0 4.67 64.99 69.66 NOTE
r-devel-linux-x86_64-fedora-clang 1.5-0 140.16 NOTE
r-devel-linux-x86_64-fedora-gcc 1.5-0 134.11 NOTE
r-devel-osx-x86_64-clang 1.5-0 132.91 NOTE
r-devel-windows-ix86+x86_64 1.5-0 38.00 92.00 130.00 NOTE
r-patched-linux-x86_64 1.5-0 13.88 124.18 138.05 OK
r-patched-solaris-sparc 1.5-0 1202.90 OK
r-patched-solaris-x86 1.5-0 320.10 OK
r-release-linux-ix86 1.5-0 8.42 118.60 127.02 OK
r-release-linux-x86_64 1.5-0 11.65 118.65 130.30 OK
r-release-osx-x86_64-mavericks 1.5-0 OK
r-release-osx-x86_64-snowleopard 1.5-0 OK
r-release-windows-ix86+x86_64 1.5-0 59.00 165.00 224.00 OK
r-oldrel-windows-ix86+x86_64 1.5-0 60.00 177.00 237.00 OK

Check Details

Version: 1.5-0
Check: DESCRIPTION meta-information
Result: NOTE
    Malformed Description field: should contain one or more complete sentences.
Flavors: r-devel-linux-x86_64-debian-clang, r-devel-linux-x86_64-debian-gcc, r-devel-linux-x86_64-fedora-clang, r-devel-linux-x86_64-fedora-gcc, r-devel-osx-x86_64-clang, r-devel-windows-ix86+x86_64