CRAN Package Check Results for Package RcmdrPlugin.FactoMineR

Last updated on 2015-08-02 09:47:12.

Flavor Version Tinstall Tcheck Ttotal Status Flags
r-devel-linux-x86_64-debian-clang 1.5-0 5.05 70.50 75.55 NOTE
r-devel-linux-x86_64-debian-gcc 1.5-0 4.67 69.16 73.83 NOTE
r-devel-linux-x86_64-fedora-clang 1.5-0 145.91 NOTE
r-devel-linux-x86_64-fedora-gcc 1.5-0 142.98 NOTE
r-devel-osx-x86_64-clang 1.5-0 129.73 NOTE
r-devel-windows-ix86+x86_64 1.5-0 40.00 107.00 147.00 NOTE
r-patched-linux-x86_64 1.5-0 4.75 70.19 74.94 NOTE
r-patched-solaris-sparc 1.5-0 859.10 NOTE
r-patched-solaris-x86 1.5-0 204.30 NOTE
r-release-linux-x86_64 1.5-0 4.88 69.93 74.81 NOTE
r-release-osx-x86_64-mavericks 1.5-0 NOTE
r-release-windows-ix86+x86_64 1.5-0 44.00 111.00 155.00 NOTE
r-oldrel-windows-ix86+x86_64 1.5-0 72.00 225.00 297.00 OK

Check Details

Version: 1.5-0
Check: DESCRIPTION meta-information
Result: NOTE
    Malformed Description field: should contain one or more complete sentences.
Flavors: r-devel-linux-x86_64-debian-clang, r-devel-linux-x86_64-debian-gcc, r-devel-linux-x86_64-fedora-clang, r-devel-linux-x86_64-fedora-gcc, r-devel-osx-x86_64-clang, r-devel-windows-ix86+x86_64, r-patched-linux-x86_64, r-patched-solaris-sparc, r-patched-solaris-x86, r-release-linux-x86_64, r-release-osx-x86_64-mavericks, r-release-windows-ix86+x86_64