CRAN Package Check Results for Package RcmdrPlugin.FactoMineR

Last updated on 2017-10-23 02:48:47.

Flavor Version Tinstall Tcheck Ttotal Status Flags
r-devel-linux-x86_64-debian-clang 1.6-0 6.06 81.58 87.64 OK
r-devel-linux-x86_64-debian-gcc 1.6-0 5.70 84.74 90.44 OK
r-devel-linux-x86_64-fedora-clang 1.6-0 174.56 OK
r-devel-linux-x86_64-fedora-gcc 1.6-0 167.83 OK
r-devel-windows-ix86+x86_64 1.6-0 45.00 119.00 164.00 OK
r-patched-linux-x86_64 1.6-0 5.82 84.12 89.94 OK
r-patched-solaris-x86 1.6-0 265.80 OK
r-release-linux-x86_64 1.6-0 6.42 81.03 87.45 OK
r-release-windows-ix86+x86_64 1.6-0 43.00 225.00 268.00 OK
r-release-osx-x86_64 1.6-0 OK
r-oldrel-windows-ix86+x86_64 1.6-0 55.00 162.00 217.00 OK
r-oldrel-osx-x86_64 1.6-0 WARN

Check Details

Version: 1.6-0
Check: dependencies in R code
Result: NOTE
    Invalid MIT-MAGIC-COOKIE-1 key
Flavor: r-oldrel-osx-x86_64

Version: 1.6-0
Check: S3 generic/method consistency
Result: WARN
    Invalid MIT-MAGIC-COOKIE-1 key
    See section ‘Generic functions and methods’ in the ‘Writing R
    Extensions’ manual.
Flavor: r-oldrel-osx-x86_64

Version: 1.6-0
Check: replacement functions
Result: WARN
    Invalid MIT-MAGIC-COOKIE-1 key
    The argument of a replacement function which corresponds to the right
    hand side must be named ‘value’.
Flavor: r-oldrel-osx-x86_64

Version: 1.6-0
Check: foreign function calls
Result: NOTE
    Invalid MIT-MAGIC-COOKIE-1 key
    See chapter ‘System and foreign language interfaces’ in the ‘Writing R
    Extensions’ manual.
Flavor: r-oldrel-osx-x86_64

Version: 1.6-0
Check: R code for possible problems
Result: NOTE
    Invalid MIT-MAGIC-COOKIE-1 key
Flavor: r-oldrel-osx-x86_64

Version: 1.6-0
Check: for missing documentation entries
Result: WARN
    Invalid MIT-MAGIC-COOKIE-1 key
    All user-level objects in a package should have documentation entries.
    See chapter ‘Writing R documentation files’ in the ‘Writing R
    Extensions’ manual.
Flavor: r-oldrel-osx-x86_64

Version: 1.6-0
Check: for code/documentation mismatches
Result: WARN
    Invalid MIT-MAGIC-COOKIE-1 key
    Invalid MIT-MAGIC-COOKIE-1 key
    Invalid MIT-MAGIC-COOKIE-1 key
Flavor: r-oldrel-osx-x86_64

Version: 1.6-0
Check: Rd \usage sections
Result: NOTE
    Invalid MIT-MAGIC-COOKIE-1 key
    The \usage entries for S3 methods should use the \method markup and not
    their full name.
    See chapter ‘Writing R documentation files’ in the ‘Writing R
    Extensions’ manual.
Flavor: r-oldrel-osx-x86_64