CRAN Package Check Results for Package RcmdrPlugin.FactoMineR

Last updated on 2016-12-05 02:47:12.

Flavor Version Tinstall Tcheck Ttotal Status Flags
r-devel-linux-x86_64-debian-clang 1.6-0 5.65 79.36 85.01 OK
r-devel-linux-x86_64-debian-gcc 1.6-0 5.72 77.17 82.89 OK
r-devel-linux-x86_64-fedora-clang 1.6-0 181.64 OK --no-stop-on-test-error
r-devel-linux-x86_64-fedora-gcc 1.6-0 173.85 OK --no-stop-on-test-error
r-devel-macos-x86_64-clang 1.6-0 135.49 OK --no-stop-on-test-error
r-devel-windows-ix86+x86_64 1.6-0 34.00 122.00 156.00 OK
r-patched-linux-x86_64 1.6-0 5.55 76.33 81.88 OK
r-patched-solaris-sparc 1.6-0 962.20 OK
r-patched-solaris-x86 1.6-0 220.70 OK
r-release-linux-x86_64 1.6-0 5.38 73.70 79.08 OK
r-release-osx-x86_64-mavericks 1.6-0 WARN
r-release-windows-ix86+x86_64 1.6-0 32.00 166.00 198.00 OK
r-oldrel-windows-ix86+x86_64 1.6-0 44.00 127.00 171.00 OK

Check Details

Version: 1.6-0
Check: dependencies in R code
Result: NOTE
    Invalid MIT-MAGIC-COOKIE-1 key
Flavor: r-release-osx-x86_64-mavericks

Version: 1.6-0
Check: S3 generic/method consistency
Result: WARN
    Invalid MIT-MAGIC-COOKIE-1 key
    See section ‘Generic functions and methods’ in the ‘Writing R
    Extensions’ manual.
Flavor: r-release-osx-x86_64-mavericks

Version: 1.6-0
Check: replacement functions
Result: WARN
    Invalid MIT-MAGIC-COOKIE-1 key
    The argument of a replacement function which corresponds to the right
    hand side must be named ‘value’.
Flavor: r-release-osx-x86_64-mavericks

Version: 1.6-0
Check: foreign function calls
Result: NOTE
    Invalid MIT-MAGIC-COOKIE-1 key
    See chapter ‘System and foreign language interfaces’ in the ‘Writing R
    Extensions’ manual.
Flavor: r-release-osx-x86_64-mavericks

Version: 1.6-0
Check: R code for possible problems
Result: NOTE
    Invalid MIT-MAGIC-COOKIE-1 key
Flavor: r-release-osx-x86_64-mavericks

Version: 1.6-0
Check: for missing documentation entries
Result: WARN
    Invalid MIT-MAGIC-COOKIE-1 key
    All user-level objects in a package should have documentation entries.
    See chapter ‘Writing R documentation files’ in the ‘Writing R
    Extensions’ manual.
Flavor: r-release-osx-x86_64-mavericks

Version: 1.6-0
Check: for code/documentation mismatches
Result: WARN
    Invalid MIT-MAGIC-COOKIE-1 key
    Invalid MIT-MAGIC-COOKIE-1 key
    Invalid MIT-MAGIC-COOKIE-1 key
Flavor: r-release-osx-x86_64-mavericks

Version: 1.6-0
Check: Rd \usage sections
Result: NOTE
    Invalid MIT-MAGIC-COOKIE-1 key
    The \usage entries for S3 methods should use the \method markup and not
    their full name.
    See chapter ‘Writing R documentation files’ in the ‘Writing R
    Extensions’ manual.
Flavor: r-release-osx-x86_64-mavericks