CRAN Package Check Results for Package RcmdrPlugin.FactoMineR

Last updated on 2015-03-27 08:49:09.

Flavor Version Tinstall Tcheck Ttotal Status Flags
r-devel-linux-x86_64-debian-clang 1.5-0 4.90 65.91 70.80 NOTE
r-devel-linux-x86_64-debian-gcc 1.5-0 4.60 63.89 68.49 NOTE
r-devel-linux-x86_64-fedora-clang 1.5-0 141.69 NOTE
r-devel-linux-x86_64-fedora-gcc 1.5-0 133.45 NOTE
r-devel-osx-x86_64-clang 1.5-0 135.51 NOTE
r-prerel-windows-ix86+x86_64 1.5-0 41.00 100.00 141.00 NOTE
r-prerel-linux-x86_64 1.5-0 5.62 64.72 70.34 NOTE
r-prerel-solaris-sparc 1.5-0 821.70 NOTE
r-prerel-solaris-x86 1.5-0 179.80 NOTE
r-release-linux-x86_64 1.5-0 11.38 116.16 127.55 OK
r-release-osx-x86_64-mavericks 1.5-0 OK
r-release-osx-x86_64-snowleopard 1.5-0 OK
r-release-windows-ix86+x86_64 1.5-0 57.00 182.00 239.00 OK
r-oldrel-windows-ix86+x86_64 1.5-0 59.00 178.00 237.00 OK

Check Details

Version: 1.5-0
Check: DESCRIPTION meta-information
Result: NOTE
    Malformed Description field: should contain one or more complete sentences.
Flavors: r-devel-linux-x86_64-debian-clang, r-devel-linux-x86_64-debian-gcc, r-devel-linux-x86_64-fedora-clang, r-devel-linux-x86_64-fedora-gcc, r-devel-osx-x86_64-clang, r-prerel-windows-ix86+x86_64, r-prerel-linux-x86_64, r-prerel-solaris-sparc, r-prerel-solaris-x86