CRAN Package Check Results for Package RcmdrPlugin.FactoMineR

Last updated on 2016-08-23 22:47:48.

Flavor Version Tinstall Tcheck Ttotal Status Flags
r-devel-linux-x86_64-debian-clang 1.6-0 6.12 81.73 87.84 OK
r-devel-linux-x86_64-debian-gcc 1.6-0 6.76 79.98 86.74 OK
r-devel-linux-x86_64-fedora-clang 1.6-0 157.92 OK
r-devel-linux-x86_64-fedora-gcc 1.6-0 152.99 OK
r-devel-osx-x86_64-clang 1.6-0 132.86 OK
r-devel-windows-ix86+x86_64 1.6-0 48.00 115.00 163.00 OK
r-patched-linux-x86_64 1.6-0 5.84 77.88 83.72 OK
r-patched-solaris-sparc 1.6-0 914.40 OK
r-patched-solaris-x86 1.6-0 219.00 OK
r-release-linux-x86_64 1.6-0 5.59 80.03 85.63 OK
r-release-osx-x86_64-mavericks 1.6-0 WARN
r-release-windows-ix86+x86_64 1.6-0 39.00 128.00 167.00 OK
r-oldrel-windows-ix86+x86_64 1.6-0 42.00 178.00 220.00 OK

Check Details

Version: 1.6-0
Check: dependencies in R code
Result: NOTE
    Invalid MIT-MAGIC-COOKIE-1 key
Flavor: r-release-osx-x86_64-mavericks

Version: 1.6-0
Check: S3 generic/method consistency
Result: WARN
    Invalid MIT-MAGIC-COOKIE-1 key
    See section ‘Generic functions and methods’ in the ‘Writing R
    Extensions’ manual.
Flavor: r-release-osx-x86_64-mavericks

Version: 1.6-0
Check: replacement functions
Result: WARN
    Invalid MIT-MAGIC-COOKIE-1 key
    The argument of a replacement function which corresponds to the right
    hand side must be named ‘value’.
Flavor: r-release-osx-x86_64-mavericks

Version: 1.6-0
Check: foreign function calls
Result: NOTE
    Invalid MIT-MAGIC-COOKIE-1 key
    See chapter ‘System and foreign language interfaces’ in the ‘Writing R
    Extensions’ manual.
Flavor: r-release-osx-x86_64-mavericks

Version: 1.6-0
Check: R code for possible problems
Result: NOTE
    Invalid MIT-MAGIC-COOKIE-1 key
Flavor: r-release-osx-x86_64-mavericks

Version: 1.6-0
Check: for missing documentation entries
Result: WARN
    Invalid MIT-MAGIC-COOKIE-1 key
    All user-level objects in a package should have documentation entries.
    See chapter ‘Writing R documentation files’ in the ‘Writing R
    Extensions’ manual.
Flavor: r-release-osx-x86_64-mavericks

Version: 1.6-0
Check: for code/documentation mismatches
Result: WARN
    Invalid MIT-MAGIC-COOKIE-1 key
    Invalid MIT-MAGIC-COOKIE-1 key
    Invalid MIT-MAGIC-COOKIE-1 key
Flavor: r-release-osx-x86_64-mavericks

Version: 1.6-0
Check: Rd \usage sections
Result: NOTE
    Invalid MIT-MAGIC-COOKIE-1 key
    The \usage entries for S3 methods should use the \method markup and not
    their full name.
    See chapter ‘Writing R documentation files’ in the ‘Writing R
    Extensions’ manual.
Flavor: r-release-osx-x86_64-mavericks