CRAN Package Check Results for Package RcmdrPlugin.FactoMineR

Last updated on 2014-10-21 21:46:58.

Flavor Version Tinstall Tcheck Ttotal Status Flags
r-devel-linux-x86_64-debian-clang 1.5-0 2.99 55.00 57.99 OK
r-devel-linux-x86_64-debian-gcc 1.5-0 2.54 55.14 57.67 OK
r-devel-linux-x86_64-fedora-clang 1.5-0 97.76 OK
r-devel-linux-x86_64-fedora-gcc 1.5-0 92.50 OK
r-devel-osx-x86_64-clang 1.5-0 103.24 OK
r-devel-windows-ix86+x86_64 1.5-0 28.00 84.00 112.00 OK
r-patched-linux-x86_64 1.5-0 2.51 57.04 59.56 OK
r-patched-solaris-sparc 1.5-0 566.80 OK
r-patched-solaris-x86 1.5-0 147.00 OK
r-release-linux-ix86 1.5-0 0.48 1.78 2.27 ERROR
r-release-linux-x86_64 1.5-0 2.57 56.03 58.60 OK
r-release-osx-x86_64-mavericks 1.5-0 OK
r-release-osx-x86_64-snowleopard 1.5-0 OK
r-release-windows-ix86+x86_64 1.5-0 37.00 100.00 137.00 OK
r-oldrel-windows-ix86+x86_64 1.5-0 30.00 97.00 127.00 OK

Check Details

Version: 1.5-0
Check: package dependencies
Result: ERROR
    Package required but not available: ‘Rcmdr’
    
    See the information on DESCRIPTION files in the chapter ‘Creating R
    packages’ of the ‘Writing R Extensions’ manual.
Flavor: r-release-linux-ix86