CRAN Package Check Results for Package RcmdrPlugin.FactoMineR

Last updated on 2020-09-28 03:47:51 CEST.

Flavor Version Tinstall Tcheck Ttotal Status Flags
r-devel-linux-x86_64-debian-clang 1.7 34.95 168.59 203.54 OK
r-devel-linux-x86_64-debian-gcc 1.7 25.54 126.65 152.19 OK
r-devel-linux-x86_64-fedora-clang 1.7 259.42 OK
r-devel-linux-x86_64-fedora-gcc 1.7 273.67 OK
r-devel-windows-ix86+x86_64 1.7 52.00 182.00 234.00 OK
r-patched-linux-x86_64 1.7 21.38 155.17 176.55 OK
r-patched-solaris-x86 1.7 384.70 OK
r-release-linux-x86_64 1.7 29.47 154.94 184.41 OK
r-release-macos-x86_64 1.7 OK
r-release-windows-ix86+x86_64 1.7 56.00 174.00 230.00 OK
r-oldrel-macos-x86_64 1.7 WARN
r-oldrel-windows-ix86+x86_64 1.7 48.00 158.00 206.00 OK

Check Details

Version: 1.7
Check: dependencies in R code
Result: NOTE
    No protocol specified
    No protocol specified
Flavor: r-oldrel-macos-x86_64

Version: 1.7
Check: S3 generic/method consistency
Result: WARN
    No protocol specified
    No protocol specified
    See section ‘Generic functions and methods’ in the ‘Writing R
    Extensions’ manual.
Flavor: r-oldrel-macos-x86_64

Version: 1.7
Check: replacement functions
Result: WARN
    No protocol specified
    No protocol specified
    The argument of a replacement function which corresponds to the right
    hand side must be named ‘value’.
Flavor: r-oldrel-macos-x86_64

Version: 1.7
Check: foreign function calls
Result: NOTE
    No protocol specified
    No protocol specified
    See chapter ‘System and foreign language interfaces’ in the ‘Writing R
    Extensions’ manual.
Flavor: r-oldrel-macos-x86_64

Version: 1.7
Check: R code for possible problems
Result: NOTE
    No protocol specified
    No protocol specified
Flavor: r-oldrel-macos-x86_64

Version: 1.7
Check: for missing documentation entries
Result: WARN
    No protocol specified
    No protocol specified
    All user-level objects in a package should have documentation entries.
    See chapter ‘Writing R documentation files’ in the ‘Writing R
    Extensions’ manual.
Flavor: r-oldrel-macos-x86_64

Version: 1.7
Check: for code/documentation mismatches
Result: WARN
    No protocol specified
    No protocol specified
    No protocol specified
    No protocol specified
    No protocol specified
    No protocol specified
Flavor: r-oldrel-macos-x86_64

Version: 1.7
Check: Rd \usage sections
Result: NOTE
    No protocol specified
    No protocol specified
    The \usage entries for S3 methods should use the \method markup and not
    their full name.
    See chapter ‘Writing R documentation files’ in the ‘Writing R
    Extensions’ manual.
Flavor: r-oldrel-macos-x86_64