CRAN Package Check Results for Package RcmdrPlugin.FactoMineR

Last updated on 2015-05-24 17:47:35.

Flavor Version Tinstall Tcheck Ttotal Status Flags
r-devel-linux-x86_64-debian-clang 1.5-0 4.88 66.63 71.51 NOTE
r-devel-linux-x86_64-debian-gcc 1.5-0 4.58 68.50 73.08 NOTE
r-devel-linux-x86_64-fedora-clang 1.5-0 145.43 NOTE
r-devel-linux-x86_64-fedora-gcc 1.5-0 144.75 NOTE
r-devel-osx-x86_64-clang 1.5-0 130.33 NOTE
r-devel-windows-ix86+x86_64 1.5-0 38.00 102.00 140.00 NOTE
r-patched-linux-x86_64 1.5-0 4.72 67.08 71.80 NOTE
r-patched-solaris-sparc 1.5-0 849.50 NOTE
r-patched-solaris-x86 1.5-0 205.00 NOTE
r-release-linux-x86_64 1.5-0 4.93 68.24 73.17 NOTE
r-release-osx-x86_64-mavericks 1.5-0 NOTE
r-release-osx-x86_64-snowleopard 1.5-0 ERROR
r-release-windows-ix86+x86_64 1.5-0 40.00 102.00 142.00 NOTE
r-oldrel-windows-ix86+x86_64 1.5-0 65.00 192.00 257.00 OK

Check Details

Version: 1.5-0
Check: DESCRIPTION meta-information
Result: NOTE
    Malformed Description field: should contain one or more complete sentences.
Flavors: r-devel-linux-x86_64-debian-clang, r-devel-linux-x86_64-debian-gcc, r-devel-linux-x86_64-fedora-clang, r-devel-linux-x86_64-fedora-gcc, r-devel-osx-x86_64-clang, r-devel-windows-ix86+x86_64, r-patched-linux-x86_64, r-patched-solaris-sparc, r-patched-solaris-x86, r-release-linux-x86_64, r-release-osx-x86_64-mavericks, r-release-windows-ix86+x86_64

Version: 1.5-0
Check: package dependencies
Result: ERROR
    Packages required but not available: ‘FactoMineR’ ‘Rcmdr’
    
    See section ‘The DESCRIPTION file’ in the ‘Writing R Extensions’
    manual.
Flavor: r-release-osx-x86_64-snowleopard