CRAN Package Check Results for Package RcmdrPlugin.FactoMineR

Last updated on 2016-05-31 03:49:57.

Flavor Version Tinstall Tcheck Ttotal Status Flags
r-devel-linux-x86_64-debian-gcc 1.6-0 6.18 80.62 86.80 OK
r-devel-linux-x86_64-fedora-clang 1.6-0 159.41 OK
r-devel-linux-x86_64-fedora-gcc 1.6-0 151.99 OK
r-devel-osx-x86_64-clang 1.6-0 173.32 OK
r-devel-windows-ix86+x86_64 1.6-0 52.00 121.00 173.00 OK
r-patched-linux-x86_64 1.6-0 5.64 78.57 84.21 OK
r-patched-solaris-sparc 1.6-0 918.50 OK
r-patched-solaris-x86 1.6-0 222.90 OK
r-release-linux-x86_64 1.6-0 5.52 80.28 85.80 OK
r-release-osx-x86_64-mavericks 1.6-0 WARN
r-release-windows-ix86+x86_64 1.6-0 43.00 127.00 170.00 OK
r-oldrel-windows-ix86+x86_64 1.6-0 44.00 129.00 173.00 OK

Check Details

Version: 1.6-0
Check: dependencies in R code
Result: NOTE
    Invalid MIT-MAGIC-COOKIE-1 key
Flavor: r-release-osx-x86_64-mavericks

Version: 1.6-0
Check: S3 generic/method consistency
Result: WARN
    Invalid MIT-MAGIC-COOKIE-1 key
    See section ‘Generic functions and methods’ in the ‘Writing R
    Extensions’ manual.
Flavor: r-release-osx-x86_64-mavericks

Version: 1.6-0
Check: replacement functions
Result: WARN
    Invalid MIT-MAGIC-COOKIE-1 key
    The argument of a replacement function which corresponds to the right
    hand side must be named ‘value’.
Flavor: r-release-osx-x86_64-mavericks

Version: 1.6-0
Check: foreign function calls
Result: NOTE
    Invalid MIT-MAGIC-COOKIE-1 key
    See chapter ‘System and foreign language interfaces’ in the ‘Writing R
    Extensions’ manual.
Flavor: r-release-osx-x86_64-mavericks

Version: 1.6-0
Check: R code for possible problems
Result: NOTE
    Invalid MIT-MAGIC-COOKIE-1 key
Flavor: r-release-osx-x86_64-mavericks

Version: 1.6-0
Check: for missing documentation entries
Result: WARN
    Invalid MIT-MAGIC-COOKIE-1 key
    All user-level objects in a package should have documentation entries.
    See chapter ‘Writing R documentation files’ in the ‘Writing R
    Extensions’ manual.
Flavor: r-release-osx-x86_64-mavericks

Version: 1.6-0
Check: for code/documentation mismatches
Result: WARN
    Invalid MIT-MAGIC-COOKIE-1 key
    Invalid MIT-MAGIC-COOKIE-1 key
    Invalid MIT-MAGIC-COOKIE-1 key
Flavor: r-release-osx-x86_64-mavericks

Version: 1.6-0
Check: Rd \usage sections
Result: NOTE
    Invalid MIT-MAGIC-COOKIE-1 key
    The \usage entries for S3 methods should use the \method markup and not
    their full name.
    See chapter ‘Writing R documentation files’ in the ‘Writing R
    Extensions’ manual.
Flavor: r-release-osx-x86_64-mavericks