CRAN Package Check Results for Package RcmdrPlugin.FactoMineR

Last updated on 2018-01-16 23:49:05 CET.

Flavor Version Tinstall Tcheck Ttotal Status Flags
r-devel-linux-x86_64-debian-clang 1.6-0 8.30 116.01 124.31 OK
r-devel-linux-x86_64-debian-gcc 1.6-0 6.24 88.68 94.92 OK
r-devel-linux-x86_64-fedora-clang 1.6-0 137.53 OK
r-devel-linux-x86_64-fedora-gcc 1.6-0 148.22 OK
r-devel-windows-ix86+x86_64 1.6-0 41.00 120.00 161.00 OK
r-patched-linux-x86_64 1.6-0 7.88 125.23 133.11 OK
r-patched-solaris-x86 1.6-0 275.50 OK
r-release-linux-x86_64 1.6-0 7.87 124.91 132.78 OK
r-release-windows-ix86+x86_64 1.6-0 48.00 115.00 163.00 OK
r-release-osx-x86_64 1.6-0 OK
r-oldrel-windows-ix86+x86_64 1.6-0 45.00 114.00 159.00 OK
r-oldrel-osx-x86_64 1.6-0 WARN

Check Details

Version: 1.6-0
Check: dependencies in R code
Result: NOTE
    Invalid MIT-MAGIC-COOKIE-1 key
Flavor: r-oldrel-osx-x86_64

Version: 1.6-0
Check: S3 generic/method consistency
Result: WARN
    Invalid MIT-MAGIC-COOKIE-1 key
    See section ‘Generic functions and methods’ in the ‘Writing R
    Extensions’ manual.
Flavor: r-oldrel-osx-x86_64

Version: 1.6-0
Check: replacement functions
Result: WARN
    Invalid MIT-MAGIC-COOKIE-1 key
    The argument of a replacement function which corresponds to the right
    hand side must be named ‘value’.
Flavor: r-oldrel-osx-x86_64

Version: 1.6-0
Check: foreign function calls
Result: NOTE
    Invalid MIT-MAGIC-COOKIE-1 key
    See chapter ‘System and foreign language interfaces’ in the ‘Writing R
    Extensions’ manual.
Flavor: r-oldrel-osx-x86_64

Version: 1.6-0
Check: R code for possible problems
Result: NOTE
    Invalid MIT-MAGIC-COOKIE-1 key
Flavor: r-oldrel-osx-x86_64

Version: 1.6-0
Check: for missing documentation entries
Result: WARN
    Invalid MIT-MAGIC-COOKIE-1 key
    All user-level objects in a package should have documentation entries.
    See chapter ‘Writing R documentation files’ in the ‘Writing R
    Extensions’ manual.
Flavor: r-oldrel-osx-x86_64

Version: 1.6-0
Check: for code/documentation mismatches
Result: WARN
    Invalid MIT-MAGIC-COOKIE-1 key
    Invalid MIT-MAGIC-COOKIE-1 key
    Invalid MIT-MAGIC-COOKIE-1 key
Flavor: r-oldrel-osx-x86_64

Version: 1.6-0
Check: Rd \usage sections
Result: NOTE
    Invalid MIT-MAGIC-COOKIE-1 key
    The \usage entries for S3 methods should use the \method markup and not
    their full name.
    See chapter ‘Writing R documentation files’ in the ‘Writing R
    Extensions’ manual.
Flavor: r-oldrel-osx-x86_64