CRAN Package Check Results for Package RcmdrPlugin.FactoMineR

Last updated on 2015-04-18 03:50:24.

Flavor Version Tinstall Tcheck Ttotal Status Flags
r-devel-linux-x86_64-debian-clang 1.5-0 4.77 65.64 70.41 NOTE
r-devel-linux-x86_64-debian-gcc 1.5-0 4.71 67.65 72.36 NOTE
r-devel-linux-x86_64-fedora-clang 1.5-0 142.79 NOTE
r-devel-linux-x86_64-fedora-gcc 1.5-0 135.96 NOTE
r-devel-osx-x86_64-clang 1.5-0 132.75 NOTE
r-prerel-windows-ix86+x86_64 1.5-0 44.00 95.00 139.00 NOTE
r-prerel-linux-x86_64 1.5-0 4.50 65.84 70.35 NOTE
r-prerel-solaris-sparc 1.5-0 821.70 NOTE
r-prerel-solaris-x86 1.5-0 193.00 NOTE
r-release-linux-x86_64 1.5-0 10.87 115.83 126.70 OK
r-release-osx-x86_64-mavericks 1.5-0 OK
r-release-osx-x86_64-snowleopard 1.5-0 OK
r-release-windows-ix86+x86_64 1.5-0 64.00 261.00 325.00 OK
r-oldrel-windows-ix86+x86_64 1.5-0 74.00 257.00 331.00 OK

Check Details

Version: 1.5-0
Check: DESCRIPTION meta-information
Result: NOTE
    Malformed Description field: should contain one or more complete sentences.
Flavors: r-devel-linux-x86_64-debian-clang, r-devel-linux-x86_64-debian-gcc, r-devel-linux-x86_64-fedora-clang, r-devel-linux-x86_64-fedora-gcc, r-devel-osx-x86_64-clang, r-prerel-windows-ix86+x86_64, r-prerel-linux-x86_64, r-prerel-solaris-sparc, r-prerel-solaris-x86