CRAN Package Check Results for Package RcmdrPlugin.FuzzyClust

Last updated on 2020-09-30 00:47:39 CEST.

Flavor Version Tinstall Tcheck Ttotal Status Flags
r-devel-linux-x86_64-debian-clang 1.1 19.69 159.08 178.77 NOTE
r-devel-linux-x86_64-debian-gcc 1.1 14.33 117.71 132.04 NOTE
r-devel-linux-x86_64-fedora-clang 1.1 221.15 NOTE
r-devel-linux-x86_64-fedora-gcc 1.1 212.06 NOTE
r-devel-windows-ix86+x86_64 1.1 36.00 197.00 233.00 NOTE
r-patched-linux-x86_64 1.1 17.00 145.90 162.90 NOTE
r-patched-solaris-x86 1.1 380.80 WARN
r-release-linux-x86_64 1.1 15.46 144.97 160.43 NOTE
r-release-macos-x86_64 1.1 WARN
r-release-windows-ix86+x86_64 1.1 44.00 192.00 236.00 NOTE
r-oldrel-macos-x86_64 1.1 FAIL
r-oldrel-windows-ix86+x86_64 1.1 32.00 188.00 220.00 NOTE

Check Details

Version: 1.1
Check: R code for possible problems
Result: NOTE
    managedata: no visible binding for global variable 'data'
    Undefined global functions or variables:
     data
    Consider adding
     importFrom("utils", "data")
    to your NAMESPACE file.
Flavors: r-devel-linux-x86_64-debian-clang, r-devel-linux-x86_64-debian-gcc, r-devel-linux-x86_64-fedora-clang, r-devel-linux-x86_64-fedora-gcc, r-devel-windows-ix86+x86_64, r-patched-linux-x86_64, r-patched-solaris-x86, r-release-linux-x86_64, r-release-macos-x86_64, r-release-windows-ix86+x86_64, r-oldrel-windows-ix86+x86_64

Version: 1.1
Check: re-building of vignette outputs
Result: WARN
    Error(s) in re-building vignettes:
     ...
    --- re-building ‘fuzzyrcmdrplugin.Rmd’ using rmarkdown
    Warning in engine$weave(file, quiet = quiet, encoding = enc) :
     Pandoc (>= 1.12.3) and/or pandoc-citeproc not available. Falling back to R Markdown v1.
    Quitting from lines 47-48 (fuzzyrcmdrplugin.Rmd)
    Error: processing vignette 'fuzzyrcmdrplugin.Rmd' failed with diagnostics:
    Cluster setup failed. 1 worker of 1 failed to connect.
    --- failed re-building ‘fuzzyrcmdrplugin.Rmd’
    
    SUMMARY: processing the following file failed:
     ‘fuzzyrcmdrplugin.Rmd’
    
    Error: Vignette re-building failed.
    Execution halted
Flavors: r-patched-solaris-x86, r-release-macos-x86_64

Version: 1.1
Check: whether package can be installed
Result: FAIL
Flavor: r-oldrel-macos-x86_64