CRAN Package Check Results for Package RcmdrPlugin.HH

Last updated on 2015-05-29 17:47:47.

Flavor Version Tinstall Tcheck Ttotal Status Flags
r-devel-linux-x86_64-debian-clang 1.1-42 5.36 61.62 66.99 OK
r-devel-linux-x86_64-debian-gcc 1.1-42 5.33 60.36 65.69 OK
r-devel-linux-x86_64-fedora-clang 1.1-42 144.12 OK
r-devel-linux-x86_64-fedora-gcc 1.1-42 131.05 OK
r-devel-osx-x86_64-clang 1.1-42 130.03 OK
r-devel-windows-ix86+x86_64 1.1-42 32.00 96.00 128.00 OK
r-patched-linux-x86_64 1.1-42 5.07 61.14 66.20 OK
r-patched-solaris-sparc 1.1-42 831.40 OK
r-patched-solaris-x86 1.1-42 216.20 OK
r-release-linux-x86_64 1.1-42 5.11 60.26 65.38 OK
r-release-osx-x86_64-mavericks 1.1-42 OK
r-release-osx-x86_64-snowleopard 1.1-42 ERROR
r-release-windows-ix86+x86_64 1.1-42 36.00 106.00 142.00 OK
r-oldrel-windows-ix86+x86_64 1.1-42 58.00 202.00 260.00 OK

Check Details

Version: 1.1-42
Check: package dependencies
Result: ERROR
    Packages required but not available: ‘HH’ ‘latticeExtra’ ‘Rcmdr’
    
    Package suggested but not available for checking: ‘car’
    
    See section ‘The DESCRIPTION file’ in the ‘Writing R Extensions’
    manual.
Flavor: r-release-osx-x86_64-snowleopard