CRAN Package Check Results for Package RcmdrPlugin.HH

Last updated on 2014-11-23 03:48:07.

Flavor Version Tinstall Tcheck Ttotal Status Flags
r-devel-linux-x86_64-debian-clang 1.1-40 2.81 50.48 53.28 WARN
r-devel-linux-x86_64-debian-gcc 1.1-40 3.32 48.59 51.91 WARN
r-devel-linux-x86_64-fedora-clang 1.1-40 105.56 WARN
r-devel-linux-x86_64-fedora-gcc 1.1-40 98.39 WARN
r-devel-osx-x86_64-clang 1.1-40 98.80 WARN
r-devel-windows-ix86+x86_64 1.1-40 39.00 85.00 124.00 WARN
r-patched-linux-x86_64 1.1-40 2.85 50.30 53.16 WARN
r-patched-solaris-sparc 1.1-40 560.80 WARN
r-patched-solaris-x86 1.1-40 147.80 WARN
r-release-linux-ix86 1.1-40 3.72 59.87 63.58 WARN
r-release-linux-x86_64 1.1-40 2.92 51.32 54.24 WARN
r-release-osx-x86_64-mavericks 1.1-40 OK
r-release-osx-x86_64-snowleopard 1.1-40 OK
r-release-windows-ix86+x86_64 1.1-40 31.00 111.00 142.00 WARN
r-oldrel-windows-ix86+x86_64 1.1-40 40.00 107.00 147.00 WARN

Check Details

Version: 1.1-40
Check: package namespace information
Result: NOTE
     Namespaces with empty importFrom:
     ‘leaps’ ‘multcomp’
Flavors: r-devel-linux-x86_64-debian-clang, r-devel-linux-x86_64-debian-gcc, r-devel-linux-x86_64-fedora-clang, r-devel-linux-x86_64-fedora-gcc, r-devel-osx-x86_64-clang, r-devel-windows-ix86+x86_64, r-patched-linux-x86_64, r-patched-solaris-sparc, r-patched-solaris-x86, r-release-linux-ix86, r-release-linux-x86_64, r-release-windows-ix86+x86_64

Version: 1.1-40
Check: dependencies in R code
Result: NOTE
    Package in Depends field not imported from: ‘grid’
     These packages need to be imported from (in the NAMESPACE file)
     for when this namespace is loaded but not attached.
    See the information on DESCRIPTION files in the chapter ‘Creating R
    packages’ of the ‘Writing R Extensions’ manual.
Flavors: r-devel-linux-x86_64-debian-clang, r-devel-linux-x86_64-debian-gcc, r-devel-linux-x86_64-fedora-clang, r-devel-linux-x86_64-fedora-gcc, r-devel-osx-x86_64-clang, r-devel-windows-ix86+x86_64, r-patched-linux-x86_64, r-patched-solaris-sparc, r-patched-solaris-x86, r-release-linux-ix86, r-release-linux-x86_64, r-release-windows-ix86+x86_64

Version: 1.1-40
Check: R code for possible problems
Result: NOTE
    scatter3dHH: no visible global function definition for ‘gam’
Flavors: r-devel-linux-x86_64-debian-clang, r-devel-linux-x86_64-debian-gcc, r-devel-linux-x86_64-fedora-clang, r-devel-linux-x86_64-fedora-gcc, r-devel-osx-x86_64-clang, r-devel-windows-ix86+x86_64, r-patched-linux-x86_64, r-patched-solaris-sparc, r-patched-solaris-x86, r-release-linux-ix86, r-release-linux-x86_64, r-release-windows-ix86+x86_64

Version: 1.1-40
Check: Rd cross-references
Result: WARN
    Missing link or links in documentation object 'Scatter3DDialog.HH.Rd':
     ‘[car]{identify3d}’
    
    See the information in section 'Cross-references' of the 'Writing R
    Extensions' manual.
Flavors: r-devel-linux-x86_64-debian-clang, r-devel-linux-x86_64-debian-gcc, r-devel-linux-x86_64-fedora-clang, r-devel-linux-x86_64-fedora-gcc, r-devel-osx-x86_64-clang, r-devel-windows-ix86+x86_64, r-patched-linux-x86_64, r-patched-solaris-sparc, r-patched-solaris-x86, r-release-linux-ix86, r-release-linux-x86_64, r-release-windows-ix86+x86_64

Version: 1.1-40
Check: Rd cross-references
Result: WARN
    Missing link or links in documentation object 'D:/temp/RtmpcfhlfT/R.INSTALL2bac2c066888/RcmdrPlugin.HH/man/Scatter3DDialog.HH.Rd':
     '[car]{identify3d}'
    
    See the information in section 'Cross-references' of the 'Writing R
    Extensions' manual.
Flavor: r-oldrel-windows-ix86+x86_64