CRAN Package Check Results for Package RcmdrPlugin.HH

Last updated on 2017-03-27 17:47:45.

Flavor Version Tinstall Tcheck Ttotal Status Flags
r-devel-linux-x86_64-debian-clang 1.1-46 6.56 73.98 80.53 OK
r-devel-linux-x86_64-debian-gcc 1.1-46 6.27 75.52 81.79 OK
r-devel-linux-x86_64-fedora-clang 1.1-46 170.41 OK --no-stop-on-test-error
r-devel-linux-x86_64-fedora-gcc 1.1-46 170.92 OK --no-stop-on-test-error
r-devel-macos-x86_64-clang 1.1-46 131.68 OK --no-stop-on-test-error
r-devel-windows-ix86+x86_64 1.1-46 46.00 135.00 181.00 OK
r-patched-linux-x86_64 1.1-46 6.22 73.27 79.48 OK
r-patched-solaris-sparc 1.1-46 966.50 OK
r-patched-solaris-x86 1.1-46 239.30 OK
r-release-linux-x86_64 1.1-46 6.13 69.81 75.94 OK
r-release-osx-x86_64-mavericks 1.1-46 WARN
r-release-windows-ix86+x86_64 1.1-46 54.00 127.00 181.00 OK
r-oldrel-windows-ix86+x86_64 1.1-46 39.00 119.00 158.00 OK

Check Details

Version: 1.1-46
Check: dependencies in R code
Result: NOTE
    Invalid MIT-MAGIC-COOKIE-1 key
Flavor: r-release-osx-x86_64-mavericks

Version: 1.1-46
Check: S3 generic/method consistency
Result: WARN
    Invalid MIT-MAGIC-COOKIE-1 key
    See section ‘Generic functions and methods’ in the ‘Writing R
    Extensions’ manual.
Flavor: r-release-osx-x86_64-mavericks

Version: 1.1-46
Check: replacement functions
Result: WARN
    Invalid MIT-MAGIC-COOKIE-1 key
    The argument of a replacement function which corresponds to the right
    hand side must be named ‘value’.
Flavor: r-release-osx-x86_64-mavericks

Version: 1.1-46
Check: foreign function calls
Result: NOTE
    Invalid MIT-MAGIC-COOKIE-1 key
    See chapter ‘System and foreign language interfaces’ in the ‘Writing R
    Extensions’ manual.
Flavor: r-release-osx-x86_64-mavericks

Version: 1.1-46
Check: R code for possible problems
Result: NOTE
    Invalid MIT-MAGIC-COOKIE-1 key
Flavor: r-release-osx-x86_64-mavericks

Version: 1.1-46
Check: for missing documentation entries
Result: WARN
    Invalid MIT-MAGIC-COOKIE-1 key
    All user-level objects in a package should have documentation entries.
    See chapter ‘Writing R documentation files’ in the ‘Writing R
    Extensions’ manual.
Flavor: r-release-osx-x86_64-mavericks

Version: 1.1-46
Check: for code/documentation mismatches
Result: WARN
    Invalid MIT-MAGIC-COOKIE-1 key
    Invalid MIT-MAGIC-COOKIE-1 key
    Invalid MIT-MAGIC-COOKIE-1 key
Flavor: r-release-osx-x86_64-mavericks

Version: 1.1-46
Check: Rd \usage sections
Result: NOTE
    Invalid MIT-MAGIC-COOKIE-1 key
    The \usage entries for S3 methods should use the \method markup and not
    their full name.
    See chapter ‘Writing R documentation files’ in the ‘Writing R
    Extensions’ manual.
Flavor: r-release-osx-x86_64-mavericks