CRAN Package Check Results for Package RcmdrPlugin.HH

Last updated on 2014-04-20 11:47:00.

Flavor Version Tinstall Tcheck Ttotal Status Flags
r-devel-linux-x86_64-debian-clang 1.1-40 2.64 43.96 46.60 OK
r-devel-linux-x86_64-debian-gcc 1.1-40 2.72 43.61 46.34 OK
r-devel-linux-x86_64-fedora-clang 1.1-40 91.61 OK
r-devel-linux-x86_64-fedora-gcc 1.1-40 85.47 OK
r-devel-macosx-x86_64-clang 1.1-40 95.57 OK
r-devel-macosx-x86_64-gcc 1.1-40 ERROR
r-devel-windows-ix86+x86_64 1.1-40 19.00 67.00 86.00 OK
r-patched-linux-x86_64 1.1-40 2.59 44.48 47.07 OK
r-patched-solaris-sparc 1.1-40 507.20 OK
r-patched-solaris-x86 1.1-40 136.10 OK
r-release-linux-ix86 OK
r-release-linux-x86_64 1.1-40 2.58 43.28 45.86 OK
r-release-macosx-x86_64 1.1-40 ERROR
r-release-windows-ix86+x86_64 1.1-40 25.00 81.00 106.00 OK
r-oldrel-windows-ix86+x86_64 1.1-40 23.00 81.00 104.00 OK

Check Details

Version: 1.1-40
Check: package dependencies
Result: ERROR
    Packages required but not available: ‘HH’ ‘latticeExtra’ ‘Rcmdr’ ‘multcomp’
    
    Package suggested but not available for checking: ‘car’
    
    See the information on DESCRIPTION files in the chapter ‘Creating R
    packages’ of the ‘Writing R Extensions’ manual.
Flavor: r-devel-macosx-x86_64-gcc

Version: 1.1-40
Check: package dependencies
Result: ERROR
    Packages required but not available: ‘HH’ ‘multcomp’
    
    See the information on DESCRIPTION files in the chapter ‘Creating R
    packages’ of the ‘Writing R Extensions’ manual.
Flavor: r-release-macosx-x86_64