CRAN Package Check Results for Package RcmdrPlugin.HH

Last updated on 2015-07-06 06:46:55.

Flavor Version Tinstall Tcheck Ttotal Status Flags
r-devel-linux-x86_64-debian-clang 1.1-43 6.05 66.49 72.54 ERROR
r-devel-linux-x86_64-debian-gcc 1.1-43 6.10 65.58 71.68 ERROR
r-devel-linux-x86_64-fedora-clang 1.1-43 150.20 ERROR
r-devel-linux-x86_64-fedora-gcc 1.1-43 152.46 ERROR
r-devel-osx-x86_64-clang 1.1-43 143.15 ERROR
r-devel-windows-ix86+x86_64 1.1-43 41.00 105.00 146.00 ERROR
r-patched-linux-x86_64 1.1-43 6.07 66.79 72.86 ERROR
r-patched-solaris-sparc 1.1-43 815.60 ERROR
r-patched-solaris-x86 1.1-43 230.70 ERROR
r-release-linux-x86_64 1.1-43 5.97 69.70 75.66 ERROR
r-release-osx-x86_64-mavericks 1.1-43 OK
r-release-windows-ix86+x86_64 1.1-43 50.00 101.00 151.00 ERROR
r-oldrel-windows-ix86+x86_64 1.1-43 90.00 161.00 251.00 ERROR

Check Details

Version: 1.1-43
Check: dependencies in R code
Result: NOTE
    Error in validObject(.Object) :
     invalid class “ObjectsWithPackage” object: superclass "atomicVector" not defined in the environment of the object's class
    Execution halted
Flavors: r-devel-linux-x86_64-debian-clang, r-devel-linux-x86_64-debian-gcc, r-devel-linux-x86_64-fedora-clang, r-devel-linux-x86_64-fedora-gcc, r-devel-osx-x86_64-clang, r-devel-windows-ix86+x86_64, r-patched-linux-x86_64, r-patched-solaris-sparc, r-patched-solaris-x86, r-release-linux-x86_64, r-release-windows-ix86+x86_64, r-oldrel-windows-ix86+x86_64

Version: 1.1-43
Check: replacement functions
Result: WARN
    Error in validObject(.Object) :
     invalid class “ObjectsWithPackage” object: superclass "atomicVector" not defined in the environment of the object's class
    Calls: <Anonymous> ... metaNameUndo -> new -> initialize -> initialize -> validObject
    Execution halted
    The argument of a replacement function which corresponds to the right
    hand side must be named ‘value’.
Flavors: r-devel-linux-x86_64-debian-clang, r-devel-linux-x86_64-debian-gcc, r-devel-linux-x86_64-fedora-clang, r-devel-linux-x86_64-fedora-gcc, r-devel-osx-x86_64-clang, r-devel-windows-ix86+x86_64, r-patched-linux-x86_64, r-patched-solaris-sparc, r-patched-solaris-x86, r-release-linux-x86_64, r-release-windows-ix86+x86_64, r-oldrel-windows-ix86+x86_64

Version: 1.1-43
Check: foreign function calls
Result: NOTE
    Error in validObject(.Object) :
     invalid class “ObjectsWithPackage” object: superclass "atomicVector" not defined in the environment of the object's class
    Calls: <Anonymous> ... metaNameUndo -> new -> initialize -> initialize -> validObject
    Execution halted
    See chapter ‘System and foreign language interfaces’ in the ‘Writing R
    Extensions’ manual.
Flavors: r-devel-linux-x86_64-debian-clang, r-devel-linux-x86_64-debian-gcc, r-devel-linux-x86_64-fedora-clang, r-devel-linux-x86_64-fedora-gcc, r-devel-osx-x86_64-clang, r-devel-windows-ix86+x86_64, r-patched-linux-x86_64, r-patched-solaris-sparc, r-patched-solaris-x86, r-release-linux-x86_64, r-release-windows-ix86+x86_64, r-oldrel-windows-ix86+x86_64

Version: 1.1-43
Check: R code for possible problems
Result: NOTE
    Error in validObject(.Object) :
     invalid class “ObjectsWithPackage” object: superclass "atomicVector" not defined in the environment of the object's class
    Calls: <Anonymous> ... metaNameUndo -> new -> initialize -> initialize -> validObject
    Execution halted
    Error in validObject(.Object) :
     invalid class “ObjectsWithPackage” object: superclass "atomicVector" not defined in the environment of the object's class
    Calls: <Anonymous> ... metaNameUndo -> new -> initialize -> initialize -> validObject
    Execution halted
Flavors: r-devel-linux-x86_64-debian-clang, r-devel-linux-x86_64-debian-gcc, r-devel-linux-x86_64-fedora-clang, r-devel-linux-x86_64-fedora-gcc, r-devel-osx-x86_64-clang, r-patched-linux-x86_64, r-patched-solaris-sparc, r-patched-solaris-x86, r-release-linux-x86_64

Version: 1.1-43
Check: for missing documentation entries
Result: ERROR
    Error in validObject(.Object) :
     invalid class “ObjectsWithPackage” object: superclass "atomicVector" not defined in the environment of the object's class
    Calls: <Anonymous> ... metaNameUndo -> new -> initialize -> initialize -> validObject
    Execution halted
Flavors: r-devel-linux-x86_64-debian-clang, r-devel-linux-x86_64-debian-gcc, r-devel-linux-x86_64-fedora-clang, r-devel-linux-x86_64-fedora-gcc, r-devel-osx-x86_64-clang, r-devel-windows-ix86+x86_64, r-patched-linux-x86_64, r-patched-solaris-sparc, r-patched-solaris-x86, r-release-linux-x86_64, r-release-windows-ix86+x86_64, r-oldrel-windows-ix86+x86_64

Version: 1.1-43
Check: for code/documentation mismatches
Result: WARN
    Error in validObject(.Object) :
     invalid class “ObjectsWithPackage” object: superclass "atomicVector" not defined in the environment of the object's class
    Calls: <Anonymous> ... metaNameUndo -> new -> initialize -> initialize -> validObject
    Execution halted
Flavors: r-devel-linux-x86_64-debian-clang, r-devel-linux-x86_64-debian-gcc, r-devel-linux-x86_64-fedora-clang, r-devel-linux-x86_64-fedora-gcc, r-devel-osx-x86_64-clang, r-devel-windows-ix86+x86_64, r-patched-linux-x86_64, r-patched-solaris-sparc, r-patched-solaris-x86, r-release-linux-x86_64, r-release-windows-ix86+x86_64

Version: 1.1-43
Check: R code for possible problems
Result: NOTE
    Error in validObject(.Object) :
     invalid class "ObjectsWithPackage" object: superclass "atomicVector" not defined in the environment of the object's class
    Calls: <Anonymous> ... metaNameUndo -> new -> initialize -> initialize -> validObject
    Execution halted
Flavors: r-devel-windows-ix86+x86_64, r-release-windows-ix86+x86_64, r-oldrel-windows-ix86+x86_64