CRAN Package Check Results for Package RcmdrPlugin.HH

Last updated on 2022-06-27 22:54:33 CEST.

Flavor Version Tinstall Tcheck Ttotal Status Flags
r-devel-linux-x86_64-debian-clang 1.1-47 23.49 179.96 203.45 OK
r-devel-linux-x86_64-debian-gcc 1.1-47 21.54 133.97 155.51 OK
r-devel-linux-x86_64-fedora-clang 1.1-47 255.19 NOTE
r-devel-linux-x86_64-fedora-gcc 1.1-47 255.98 OK
r-devel-windows-x86_64 1.1-47 53.00 210.00 263.00 OK
r-patched-linux-x86_64 1.1-47 27.74 181.66 209.40 OK
r-release-linux-x86_64 1.1-47 27.17 180.59 207.76 OK
r-release-macos-arm64 1.1-47 84.00 OK
r-release-macos-x86_64 1.1-47 188.00 OK
r-release-windows-x86_64 1.1-47 57.00 184.00 241.00 OK
r-oldrel-macos-arm64 1.1-47 83.00 OK
r-oldrel-macos-x86_64 1.1-47 169.00 OK
r-oldrel-windows-ix86+x86_64 1.1-47 55.00 199.00 254.00 OK

Check Details

Version: 1.1-47
Check: Rd cross-references
Result: NOTE
    Undeclared packages ‘car’, ‘leaps’, ‘latticeExtra’, ‘rgl’ in Rd xrefs
Flavor: r-devel-linux-x86_64-fedora-clang