CRAN Package Check Results for Package RcmdrPlugin.HH

Last updated on 2018-02-18 07:50:29 CET.

Flavor Version Tinstall Tcheck Ttotal Status Flags
r-devel-linux-x86_64-debian-clang 1.1-46 13.52 114.21 127.73 OK
r-devel-linux-x86_64-debian-gcc 1.1-46 11.69 89.37 101.06 OK
r-devel-linux-x86_64-fedora-clang 1.1-46 158.20 OK
r-devel-linux-x86_64-fedora-gcc 1.1-46 153.49 OK
r-devel-windows-ix86+x86_64 1.1-46 39.00 149.00 188.00 OK
r-patched-linux-x86_64 1.1-46 9.91 119.79 129.70 OK
r-patched-solaris-x86 1.1-46 246.50 OK
r-release-linux-x86_64 1.1-46 9.74 118.83 128.57 OK
r-release-windows-ix86+x86_64 1.1-46 50.00 146.00 196.00 OK
r-release-osx-x86_64 1.1-46 OK
r-oldrel-windows-ix86+x86_64 1.1-46 32.00 178.00 210.00 OK
r-oldrel-osx-x86_64 1.1-46 WARN

Check Details

Version: 1.1-46
Check: dependencies in R code
Result: NOTE
    Invalid MIT-MAGIC-COOKIE-1 key
Flavor: r-oldrel-osx-x86_64

Version: 1.1-46
Check: S3 generic/method consistency
Result: WARN
    Invalid MIT-MAGIC-COOKIE-1 key
    See section ‘Generic functions and methods’ in the ‘Writing R
    Extensions’ manual.
Flavor: r-oldrel-osx-x86_64

Version: 1.1-46
Check: replacement functions
Result: WARN
    Invalid MIT-MAGIC-COOKIE-1 key
    The argument of a replacement function which corresponds to the right
    hand side must be named ‘value’.
Flavor: r-oldrel-osx-x86_64

Version: 1.1-46
Check: foreign function calls
Result: NOTE
    Invalid MIT-MAGIC-COOKIE-1 key
    See chapter ‘System and foreign language interfaces’ in the ‘Writing R
    Extensions’ manual.
Flavor: r-oldrel-osx-x86_64

Version: 1.1-46
Check: R code for possible problems
Result: NOTE
    Invalid MIT-MAGIC-COOKIE-1 key
Flavor: r-oldrel-osx-x86_64

Version: 1.1-46
Check: for missing documentation entries
Result: WARN
    Invalid MIT-MAGIC-COOKIE-1 key
    All user-level objects in a package should have documentation entries.
    See chapter ‘Writing R documentation files’ in the ‘Writing R
    Extensions’ manual.
Flavor: r-oldrel-osx-x86_64

Version: 1.1-46
Check: for code/documentation mismatches
Result: WARN
    Invalid MIT-MAGIC-COOKIE-1 key
    Invalid MIT-MAGIC-COOKIE-1 key
    Invalid MIT-MAGIC-COOKIE-1 key
Flavor: r-oldrel-osx-x86_64

Version: 1.1-46
Check: Rd \usage sections
Result: NOTE
    Invalid MIT-MAGIC-COOKIE-1 key
    The \usage entries for S3 methods should use the \method markup and not
    their full name.
    See chapter ‘Writing R documentation files’ in the ‘Writing R
    Extensions’ manual.
Flavor: r-oldrel-osx-x86_64