CRAN Package Check Results for Package RcmdrPlugin.HH

Last updated on 2016-08-29 10:47:25.

Flavor Version Tinstall Tcheck Ttotal Status Flags
r-devel-linux-x86_64-debian-clang 1.1-46 5.98 70.66 76.64 OK
r-devel-linux-x86_64-debian-gcc 1.1-46 6.00 70.52 76.51 OK
r-devel-linux-x86_64-fedora-clang 1.1-46 153.51 OK
r-devel-linux-x86_64-fedora-gcc 1.1-46 146.85 OK
r-devel-osx-x86_64-clang 1.1-46 124.97 OK
r-devel-windows-ix86+x86_64 1.1-46 49.00 144.00 193.00 OK
r-patched-linux-x86_64 1.1-46 5.97 67.96 73.93 OK
r-patched-solaris-sparc 1.1-46 865.80 OK
r-patched-solaris-x86 1.1-46 206.70 OK
r-release-linux-x86_64 1.1-46 6.24 70.53 76.77 OK
r-release-osx-x86_64-mavericks 1.1-46 WARN
r-release-windows-ix86+x86_64 1.1-46 50.00 203.00 253.00 OK
r-oldrel-windows-ix86+x86_64 1.1-46 44.00 327.00 371.00 OK

Check Details

Version: 1.1-46
Check: dependencies in R code
Result: NOTE
    Invalid MIT-MAGIC-COOKIE-1 key
Flavor: r-release-osx-x86_64-mavericks

Version: 1.1-46
Check: S3 generic/method consistency
Result: WARN
    Invalid MIT-MAGIC-COOKIE-1 key
    See section ‘Generic functions and methods’ in the ‘Writing R
    Extensions’ manual.
Flavor: r-release-osx-x86_64-mavericks

Version: 1.1-46
Check: replacement functions
Result: WARN
    Invalid MIT-MAGIC-COOKIE-1 key
    The argument of a replacement function which corresponds to the right
    hand side must be named ‘value’.
Flavor: r-release-osx-x86_64-mavericks

Version: 1.1-46
Check: foreign function calls
Result: NOTE
    Invalid MIT-MAGIC-COOKIE-1 key
    See chapter ‘System and foreign language interfaces’ in the ‘Writing R
    Extensions’ manual.
Flavor: r-release-osx-x86_64-mavericks

Version: 1.1-46
Check: R code for possible problems
Result: NOTE
    Invalid MIT-MAGIC-COOKIE-1 key
Flavor: r-release-osx-x86_64-mavericks

Version: 1.1-46
Check: for missing documentation entries
Result: WARN
    Invalid MIT-MAGIC-COOKIE-1 key
    All user-level objects in a package should have documentation entries.
    See chapter ‘Writing R documentation files’ in the ‘Writing R
    Extensions’ manual.
Flavor: r-release-osx-x86_64-mavericks

Version: 1.1-46
Check: for code/documentation mismatches
Result: WARN
    Invalid MIT-MAGIC-COOKIE-1 key
    Invalid MIT-MAGIC-COOKIE-1 key
    Invalid MIT-MAGIC-COOKIE-1 key
Flavor: r-release-osx-x86_64-mavericks

Version: 1.1-46
Check: Rd \usage sections
Result: NOTE
    Invalid MIT-MAGIC-COOKIE-1 key
    The \usage entries for S3 methods should use the \method markup and not
    their full name.
    See chapter ‘Writing R documentation files’ in the ‘Writing R
    Extensions’ manual.
Flavor: r-release-osx-x86_64-mavericks