CRAN Package Check Results for Package RcmdrPlugin.HH

Last updated on 2014-12-22 09:54:24.

Flavor Version Tinstall Tcheck Ttotal Status Flags
r-devel-linux-x86_64-debian-clang 1.1-40 2.74 53.18 55.92 WARN
r-devel-linux-x86_64-debian-gcc 1.1-40 2.64 51.95 54.59 WARN
r-devel-linux-x86_64-fedora-clang 1.1-40 108.44 WARN
r-devel-linux-x86_64-fedora-gcc 1.1-40 104.01 WARN
r-devel-osx-x86_64-clang 1.1-40 101.30 WARN
r-devel-windows-ix86+x86_64 1.1-40 25.00 99.00 124.00 WARN
r-patched-linux-x86_64 1.1-40 3.13 52.05 55.18 WARN
r-patched-solaris-sparc 1.1-40 575.20 WARN
r-patched-solaris-x86 1.1-40 153.00 WARN
r-release-linux-ix86 1.1-40 3.65 60.30 63.96 WARN
r-release-linux-x86_64 1.1-40 2.85 53.08 55.94 WARN
r-release-osx-x86_64-mavericks 1.1-40 OK
r-release-osx-x86_64-snowleopard 1.1-40 OK
r-release-windows-ix86+x86_64 1.1-40 25.00 107.00 132.00 WARN
r-oldrel-windows-ix86+x86_64 1.1-40 25.00 112.00 137.00 WARN

Check Details

Version: 1.1-40
Check: package namespace information
Result: NOTE
     Namespaces with empty importFrom:
     ‘leaps’ ‘multcomp’
Flavors: r-devel-linux-x86_64-debian-clang, r-devel-linux-x86_64-debian-gcc, r-devel-linux-x86_64-fedora-clang, r-devel-linux-x86_64-fedora-gcc, r-devel-osx-x86_64-clang, r-devel-windows-ix86+x86_64, r-patched-linux-x86_64, r-patched-solaris-sparc, r-patched-solaris-x86, r-release-linux-ix86, r-release-linux-x86_64, r-release-windows-ix86+x86_64

Version: 1.1-40
Check: dependencies in R code
Result: NOTE
    Package in Depends field not imported from: ‘grid’
     These packages need to be imported from (in the NAMESPACE file)
     for when this namespace is loaded but not attached.
    See the information on DESCRIPTION files in the chapter ‘Creating R
    packages’ of the ‘Writing R Extensions’ manual.
Flavors: r-devel-linux-x86_64-debian-clang, r-devel-linux-x86_64-debian-gcc, r-devel-linux-x86_64-fedora-clang, r-devel-linux-x86_64-fedora-gcc, r-devel-osx-x86_64-clang, r-devel-windows-ix86+x86_64, r-patched-linux-x86_64, r-patched-solaris-sparc, r-patched-solaris-x86, r-release-linux-ix86, r-release-linux-x86_64, r-release-windows-ix86+x86_64

Version: 1.1-40
Check: R code for possible problems
Result: NOTE
    scatter3dHH: no visible global function definition for ‘gam’
Flavors: r-devel-linux-x86_64-debian-clang, r-devel-linux-x86_64-debian-gcc, r-devel-linux-x86_64-fedora-clang, r-devel-linux-x86_64-fedora-gcc, r-devel-osx-x86_64-clang, r-devel-windows-ix86+x86_64, r-patched-linux-x86_64, r-patched-solaris-sparc, r-patched-solaris-x86, r-release-linux-ix86, r-release-linux-x86_64, r-release-windows-ix86+x86_64

Version: 1.1-40
Check: Rd cross-references
Result: WARN
    Missing link or links in documentation object 'Scatter3DDialog.HH.Rd':
     ‘[car]{identify3d}’
    
    See the information in section 'Cross-references' of the 'Writing R
    Extensions' manual.
Flavors: r-devel-linux-x86_64-debian-clang, r-devel-linux-x86_64-debian-gcc, r-devel-linux-x86_64-fedora-clang, r-devel-linux-x86_64-fedora-gcc, r-devel-osx-x86_64-clang, r-devel-windows-ix86+x86_64, r-patched-linux-x86_64, r-patched-solaris-sparc, r-patched-solaris-x86, r-release-linux-ix86, r-release-linux-x86_64, r-release-windows-ix86+x86_64

Version: 1.1-40
Check: Rd cross-references
Result: WARN
    Missing link or links in documentation object 'D:/temp/RtmpqICXOd/R.INSTALL23942a0a3f2a/RcmdrPlugin.HH/man/Scatter3DDialog.HH.Rd':
     '[car]{identify3d}'
    
    See the information in section 'Cross-references' of the 'Writing R
    Extensions' manual.
Flavor: r-oldrel-windows-ix86+x86_64