CRAN Package Check Results for Package RcmdrPlugin.HH

Last updated on 2014-09-23 07:50:16.

Flavor Version Tinstall Tcheck Ttotal Status Flags
r-devel-linux-x86_64-debian-clang 1.1-40 3.04 51.56 54.60 WARN
r-devel-linux-x86_64-debian-gcc 1.1-40 2.91 51.28 54.19 WARN
r-devel-linux-x86_64-fedora-clang 1.1-40 113.13 WARN
r-devel-linux-x86_64-fedora-gcc 1.1-40 104.48 WARN
r-devel-osx-x86_64-clang 1.1-40 103.36 WARN
r-devel-windows-ix86+x86_64 1.1-40 33.00 100.00 133.00 WARN
r-patched-linux-x86_64 1.1-40 3.08 58.83 61.90 WARN
r-patched-solaris-sparc 1.1-40 452.20 WARN
r-patched-solaris-x86 1.1-40 162.80 WARN
r-release-linux-ix86 1.1-40 4.05 69.34 73.39 WARN
r-release-linux-x86_64 1.1-40 3.10 59.47 62.58 WARN
r-release-osx-x86_64-mavericks 1.1-40 OK
r-release-osx-x86_64-snowleopard 1.1-40 OK
r-release-windows-ix86+x86_64 1.1-40 27.00 108.00 135.00 WARN
r-oldrel-windows-ix86+x86_64 1.1-40 33.00 120.00 153.00 WARN

Check Details

Version: 1.1-40
Check: package namespace information
Result: NOTE
     Namespaces with empty importFrom:
     ‘leaps’ ‘multcomp’
Flavors: r-devel-linux-x86_64-debian-clang, r-devel-linux-x86_64-debian-gcc, r-devel-linux-x86_64-fedora-clang, r-devel-linux-x86_64-fedora-gcc, r-devel-osx-x86_64-clang, r-devel-windows-ix86+x86_64

Version: 1.1-40
Check: dependencies in R code
Result: NOTE
    Package in Depends field not imported from: ‘grid’
     These packages need to be imported from (in the NAMESPACE file)
     for when this namespace is loaded but not attached.
    See the information on DESCRIPTION files in the chapter ‘Creating R
    packages’ of the ‘Writing R Extensions’ manual.
Flavors: r-devel-linux-x86_64-debian-clang, r-devel-linux-x86_64-debian-gcc, r-devel-linux-x86_64-fedora-clang, r-devel-linux-x86_64-fedora-gcc, r-devel-osx-x86_64-clang, r-devel-windows-ix86+x86_64, r-patched-linux-x86_64, r-patched-solaris-sparc, r-patched-solaris-x86

Version: 1.1-40
Check: R code for possible problems
Result: NOTE
    scatter3dHH: no visible global function definition for ‘gam’
Flavors: r-devel-linux-x86_64-debian-clang, r-devel-linux-x86_64-debian-gcc, r-devel-linux-x86_64-fedora-clang, r-devel-linux-x86_64-fedora-gcc, r-devel-osx-x86_64-clang, r-devel-windows-ix86+x86_64

Version: 1.1-40
Check: Rd cross-references
Result: WARN
    Missing link or links in documentation object 'Scatter3DDialog.HH.Rd':
     ‘[car]{identify3d}’
    
    See the information in section 'Cross-references' of the 'Writing R
    Extensions' manual.
Flavors: r-devel-linux-x86_64-debian-clang, r-devel-linux-x86_64-debian-gcc, r-devel-linux-x86_64-fedora-clang, r-devel-linux-x86_64-fedora-gcc, r-devel-osx-x86_64-clang, r-devel-windows-ix86+x86_64, r-patched-linux-x86_64, r-patched-solaris-sparc, r-patched-solaris-x86, r-release-linux-ix86, r-release-linux-x86_64, r-release-windows-ix86+x86_64

Version: 1.1-40
Check: Rd cross-references
Result: WARN
    Missing link or links in documentation object 'D:/temp/Rtmp6BTpcS/R.INSTALL22206c0e44e3/RcmdrPlugin.HH/man/Scatter3DDialog.HH.Rd':
     '[car]{identify3d}'
    
    See the information in section 'Cross-references' of the 'Writing R
    Extensions' manual.
Flavor: r-oldrel-windows-ix86+x86_64