CRAN Package Check Results for Package RcmdrPlugin.HH

Last updated on 2014-08-23 16:46:34.

Flavor Version Tinstall Tcheck Ttotal Status Flags
r-devel-linux-x86_64-debian-clang 1.1-40 2.40 38.04 40.44 WARN
r-devel-linux-x86_64-debian-gcc 1.1-40 2.32 37.92 40.24 WARN
r-devel-linux-x86_64-fedora-clang 1.1-40 83.59 WARN
r-devel-linux-x86_64-fedora-gcc 1.1-40 78.72 WARN
r-devel-osx-x86_64-clang 1.1-40 80.51 WARN
r-devel-windows-ix86+x86_64 1.1-40 16.00 75.00 91.00 WARN
r-patched-linux-x86_64 1.1-40 2.74 41.04 43.78 WARN
r-patched-solaris-sparc 1.1-40 452.20 WARN
r-patched-solaris-x86 1.1-40 123.70 WARN
r-release-linux-ix86 1.1-40 3.32 54.15 57.48 WARN
r-release-linux-x86_64 1.1-40 2.72 42.08 44.80 WARN
r-release-osx-x86_64-mavericks 1.1-40 OK
r-release-osx-x86_64-snowleopard 1.1-40 OK
r-release-windows-ix86+x86_64 1.1-40 15.00 81.00 96.00 WARN
r-oldrel-windows-ix86+x86_64 1.1-40 16.00 85.00 101.00 WARN

Check Details

Version: 1.1-40
Check: package namespace information
Result: NOTE
     Namespaces with empty importFrom:
     ‘leaps’ ‘multcomp’
Flavors: r-devel-linux-x86_64-debian-clang, r-devel-linux-x86_64-debian-gcc, r-devel-linux-x86_64-fedora-clang, r-devel-linux-x86_64-fedora-gcc, r-devel-osx-x86_64-clang, r-devel-windows-ix86+x86_64

Version: 1.1-40
Check: dependencies in R code
Result: NOTE
    Package in Depends field not imported from: ‘grid’
     These packages need to be imported from (in the NAMESPACE file)
     for when this namespace is loaded but not attached.
    See the information on DESCRIPTION files in the chapter ‘Creating R
    packages’ of the ‘Writing R Extensions’ manual.
Flavors: r-devel-linux-x86_64-debian-clang, r-devel-linux-x86_64-debian-gcc, r-devel-linux-x86_64-fedora-clang, r-devel-linux-x86_64-fedora-gcc, r-devel-osx-x86_64-clang, r-devel-windows-ix86+x86_64, r-patched-linux-x86_64, r-patched-solaris-sparc, r-patched-solaris-x86

Version: 1.1-40
Check: R code for possible problems
Result: NOTE
    scatter3dHH: no visible global function definition for ‘gam’
Flavors: r-devel-linux-x86_64-debian-clang, r-devel-linux-x86_64-debian-gcc, r-devel-linux-x86_64-fedora-clang, r-devel-linux-x86_64-fedora-gcc, r-devel-osx-x86_64-clang

Version: 1.1-40
Check: Rd cross-references
Result: WARN
    Missing link or links in documentation object 'Scatter3DDialog.HH.Rd':
     ‘[car]{identify3d}’
    
    See the information in section 'Cross-references' of the 'Writing R
    Extensions' manual.
Flavors: r-devel-linux-x86_64-debian-clang, r-devel-linux-x86_64-debian-gcc, r-devel-linux-x86_64-fedora-clang, r-devel-linux-x86_64-fedora-gcc, r-devel-osx-x86_64-clang, r-devel-windows-ix86+x86_64, r-patched-linux-x86_64, r-patched-solaris-sparc, r-patched-solaris-x86, r-release-linux-ix86, r-release-linux-x86_64, r-release-windows-ix86+x86_64

Version: 1.1-40
Check: Rd cross-references
Result: WARN
    Missing link or links in documentation object 'D:/temp/RtmpozEHdo/R.INSTALL33bcea82b4a/RcmdrPlugin.HH/man/Scatter3DDialog.HH.Rd':
     '[car]{identify3d}'
    
    See the information in section 'Cross-references' of the 'Writing R
    Extensions' manual.
Flavor: r-oldrel-windows-ix86+x86_64