CRAN Package Check Results for Package RcmdrPlugin.HH

Last updated on 2016-12-07 22:50:12.

Flavor Version Tinstall Tcheck Ttotal Status Flags
r-devel-linux-x86_64-debian-clang 1.1-46 6.05 72.07 78.12 OK
r-devel-linux-x86_64-debian-gcc 1.1-46 5.95 70.84 76.79 OK
r-devel-linux-x86_64-fedora-clang 1.1-46 182.41 OK --no-stop-on-test-error
r-devel-linux-x86_64-fedora-gcc 1.1-46 176.80 OK --no-stop-on-test-error
r-devel-macos-x86_64-clang 1.1-46 133.17 OK --no-stop-on-test-error
r-devel-windows-ix86+x86_64 1.1-46 42.00 217.00 259.00 OK
r-patched-linux-x86_64 1.1-46 6.13 66.56 72.69 OK
r-patched-solaris-sparc 1.1-46 893.00 OK
r-patched-solaris-x86 1.1-46 211.90 OK
r-release-linux-x86_64 1.1-46 6.22 66.85 73.07 OK
r-release-osx-x86_64-mavericks 1.1-46 WARN
r-release-windows-ix86+x86_64 1.1-46 43.00 114.00 157.00 OK
r-oldrel-windows-ix86+x86_64 1.1-46 49.00 125.00 174.00 OK

Check Details

Version: 1.1-46
Check: dependencies in R code
Result: NOTE
    Invalid MIT-MAGIC-COOKIE-1 key
Flavor: r-release-osx-x86_64-mavericks

Version: 1.1-46
Check: S3 generic/method consistency
Result: WARN
    Invalid MIT-MAGIC-COOKIE-1 key
    See section ‘Generic functions and methods’ in the ‘Writing R
    Extensions’ manual.
Flavor: r-release-osx-x86_64-mavericks

Version: 1.1-46
Check: replacement functions
Result: WARN
    Invalid MIT-MAGIC-COOKIE-1 key
    The argument of a replacement function which corresponds to the right
    hand side must be named ‘value’.
Flavor: r-release-osx-x86_64-mavericks

Version: 1.1-46
Check: foreign function calls
Result: NOTE
    Invalid MIT-MAGIC-COOKIE-1 key
    See chapter ‘System and foreign language interfaces’ in the ‘Writing R
    Extensions’ manual.
Flavor: r-release-osx-x86_64-mavericks

Version: 1.1-46
Check: R code for possible problems
Result: NOTE
    Invalid MIT-MAGIC-COOKIE-1 key
Flavor: r-release-osx-x86_64-mavericks

Version: 1.1-46
Check: for missing documentation entries
Result: WARN
    Invalid MIT-MAGIC-COOKIE-1 key
    All user-level objects in a package should have documentation entries.
    See chapter ‘Writing R documentation files’ in the ‘Writing R
    Extensions’ manual.
Flavor: r-release-osx-x86_64-mavericks

Version: 1.1-46
Check: for code/documentation mismatches
Result: WARN
    Invalid MIT-MAGIC-COOKIE-1 key
    Invalid MIT-MAGIC-COOKIE-1 key
    Invalid MIT-MAGIC-COOKIE-1 key
Flavor: r-release-osx-x86_64-mavericks

Version: 1.1-46
Check: Rd \usage sections
Result: NOTE
    Invalid MIT-MAGIC-COOKIE-1 key
    The \usage entries for S3 methods should use the \method markup and not
    their full name.
    See chapter ‘Writing R documentation files’ in the ‘Writing R
    Extensions’ manual.
Flavor: r-release-osx-x86_64-mavericks