CRAN Package Check Results for Package RcmdrPlugin.HH

Last updated on 2016-06-29 23:51:38.

Flavor Version Tinstall Tcheck Ttotal Status Flags
r-devel-linux-x86_64-debian-gcc 1.1-46 6.07 70.33 76.40 OK
r-devel-linux-x86_64-fedora-clang 1.1-46 155.30 OK
r-devel-linux-x86_64-fedora-gcc 1.1-46 142.37 OK
r-devel-osx-x86_64-clang 1.1-46 119.45 OK
r-devel-windows-ix86+x86_64 1.1-46 44.00 124.00 168.00 OK
r-patched-linux-x86_64 1.1-46 5.85 70.81 76.66 OK
r-patched-solaris-sparc 1.1-46 865.80 OK
r-patched-solaris-x86 1.1-46 214.30 OK
r-release-linux-x86_64 1.1-46 6.12 68.79 74.91 OK
r-release-osx-x86_64-mavericks 1.1-46 WARN
r-release-windows-ix86+x86_64 1.1-46 48.00 172.00 220.00 OK
r-oldrel-windows-ix86+x86_64 1.1-46 45.00 132.00 177.00 OK

Check Details

Version: 1.1-46
Check: dependencies in R code
Result: NOTE
    Invalid MIT-MAGIC-COOKIE-1 key
Flavor: r-release-osx-x86_64-mavericks

Version: 1.1-46
Check: S3 generic/method consistency
Result: WARN
    Invalid MIT-MAGIC-COOKIE-1 key
    See section ‘Generic functions and methods’ in the ‘Writing R
    Extensions’ manual.
Flavor: r-release-osx-x86_64-mavericks

Version: 1.1-46
Check: replacement functions
Result: WARN
    Invalid MIT-MAGIC-COOKIE-1 key
    The argument of a replacement function which corresponds to the right
    hand side must be named ‘value’.
Flavor: r-release-osx-x86_64-mavericks

Version: 1.1-46
Check: foreign function calls
Result: NOTE
    Invalid MIT-MAGIC-COOKIE-1 key
    See chapter ‘System and foreign language interfaces’ in the ‘Writing R
    Extensions’ manual.
Flavor: r-release-osx-x86_64-mavericks

Version: 1.1-46
Check: R code for possible problems
Result: NOTE
    Invalid MIT-MAGIC-COOKIE-1 key
Flavor: r-release-osx-x86_64-mavericks

Version: 1.1-46
Check: for missing documentation entries
Result: WARN
    Invalid MIT-MAGIC-COOKIE-1 key
    All user-level objects in a package should have documentation entries.
    See chapter ‘Writing R documentation files’ in the ‘Writing R
    Extensions’ manual.
Flavor: r-release-osx-x86_64-mavericks

Version: 1.1-46
Check: for code/documentation mismatches
Result: WARN
    Invalid MIT-MAGIC-COOKIE-1 key
    Invalid MIT-MAGIC-COOKIE-1 key
    Invalid MIT-MAGIC-COOKIE-1 key
Flavor: r-release-osx-x86_64-mavericks

Version: 1.1-46
Check: Rd \usage sections
Result: NOTE
    Invalid MIT-MAGIC-COOKIE-1 key
    The \usage entries for S3 methods should use the \method markup and not
    their full name.
    See chapter ‘Writing R documentation files’ in the ‘Writing R
    Extensions’ manual.
Flavor: r-release-osx-x86_64-mavericks