CRAN Package Check Results for Package RcmdrPlugin.HH

Last updated on 2014-10-25 03:49:35.

Flavor Version Tinstall Tcheck Ttotal Status Flags
r-devel-linux-x86_64-debian-clang 1.1-40 2.90 53.00 55.90 WARN
r-devel-linux-x86_64-debian-gcc 1.1-40 2.88 56.50 59.38 WARN
r-devel-linux-x86_64-fedora-clang 1.1-40 108.88 WARN
r-devel-linux-x86_64-fedora-gcc 1.1-40 103.35 WARN
r-devel-osx-x86_64-clang 1.1-40 101.26 WARN
r-devel-windows-ix86+x86_64 1.1-40 23.00 94.00 117.00 WARN
r-patched-linux-x86_64 1.1-40 2.90 53.53 56.44 WARN
r-patched-solaris-sparc 1.1-40 560.80 WARN
r-patched-solaris-x86 1.1-40 155.20 WARN
r-release-linux-ix86 1.1-40 0.51 1.83 2.34 ERROR
r-release-linux-x86_64 1.1-40 3.78 58.79 62.57 WARN
r-release-osx-x86_64-mavericks 1.1-40 OK
r-release-osx-x86_64-snowleopard 1.1-40 OK
r-release-windows-ix86+x86_64 1.1-40 18.00 101.00 119.00 WARN
r-oldrel-windows-ix86+x86_64 1.1-40 40.00 113.00 153.00 WARN

Check Details

Version: 1.1-40
Check: package namespace information
Result: NOTE
     Namespaces with empty importFrom:
     ‘leaps’ ‘multcomp’
Flavors: r-devel-linux-x86_64-debian-clang, r-devel-linux-x86_64-debian-gcc, r-devel-linux-x86_64-fedora-clang, r-devel-linux-x86_64-fedora-gcc, r-devel-osx-x86_64-clang, r-devel-windows-ix86+x86_64, r-patched-linux-x86_64, r-patched-solaris-sparc, r-patched-solaris-x86

Version: 1.1-40
Check: dependencies in R code
Result: NOTE
    Package in Depends field not imported from: ‘grid’
     These packages need to be imported from (in the NAMESPACE file)
     for when this namespace is loaded but not attached.
    See the information on DESCRIPTION files in the chapter ‘Creating R
    packages’ of the ‘Writing R Extensions’ manual.
Flavors: r-devel-linux-x86_64-debian-clang, r-devel-linux-x86_64-debian-gcc, r-devel-linux-x86_64-fedora-clang, r-devel-linux-x86_64-fedora-gcc, r-devel-osx-x86_64-clang, r-devel-windows-ix86+x86_64, r-patched-linux-x86_64, r-patched-solaris-sparc, r-patched-solaris-x86

Version: 1.1-40
Check: R code for possible problems
Result: NOTE
    scatter3dHH: no visible global function definition for ‘gam’
Flavors: r-devel-linux-x86_64-debian-clang, r-devel-linux-x86_64-debian-gcc, r-devel-linux-x86_64-fedora-clang, r-devel-linux-x86_64-fedora-gcc, r-devel-osx-x86_64-clang, r-devel-windows-ix86+x86_64, r-patched-linux-x86_64, r-patched-solaris-sparc, r-patched-solaris-x86

Version: 1.1-40
Check: Rd cross-references
Result: WARN
    Missing link or links in documentation object 'Scatter3DDialog.HH.Rd':
     ‘[car]{identify3d}’
    
    See the information in section 'Cross-references' of the 'Writing R
    Extensions' manual.
Flavors: r-devel-linux-x86_64-debian-clang, r-devel-linux-x86_64-debian-gcc, r-devel-linux-x86_64-fedora-clang, r-devel-linux-x86_64-fedora-gcc, r-devel-osx-x86_64-clang, r-devel-windows-ix86+x86_64, r-patched-linux-x86_64, r-patched-solaris-sparc, r-patched-solaris-x86, r-release-linux-x86_64, r-release-windows-ix86+x86_64

Version: 1.1-40
Check: package dependencies
Result: ERROR
    Packages required but not available: ‘HH’ ‘Rcmdr’
    
    See the information on DESCRIPTION files in the chapter ‘Creating R
    packages’ of the ‘Writing R Extensions’ manual.
Flavor: r-release-linux-ix86

Version: 1.1-40
Check: Rd cross-references
Result: WARN
    Missing link or links in documentation object 'D:/temp/RtmpYpfbrb/R.INSTALL2050754b1493/RcmdrPlugin.HH/man/Scatter3DDialog.HH.Rd':
     '[car]{identify3d}'
    
    See the information in section 'Cross-references' of the 'Writing R
    Extensions' manual.
Flavor: r-oldrel-windows-ix86+x86_64