CRAN Package Check Results for Package RcmdrPlugin.HH

Last updated on 2015-08-03 11:49:25.

Flavor Version Tinstall Tcheck Ttotal Status Flags
r-devel-linux-x86_64-debian-clang 1.1-43 6.19 68.59 74.78 ERROR
r-devel-linux-x86_64-debian-gcc 1.1-43 5.78 68.96 74.74 ERROR
r-devel-linux-x86_64-fedora-clang 1.1-43 107.87 WARN
r-devel-linux-x86_64-fedora-gcc 1.1-43 121.89 WARN
r-devel-osx-x86_64-clang 1.1-43 77.86 WARN
r-devel-windows-ix86+x86_64 1.1-43 44.00 108.00 152.00 ERROR
r-patched-linux-x86_64 1.1-43 6.15 69.53 75.68 ERROR
r-patched-solaris-sparc 1.1-43 931.80 ERROR
r-patched-solaris-x86 1.1-43 228.30 ERROR
r-release-linux-x86_64 1.1-43 6.26 69.82 76.08 ERROR
r-release-osx-x86_64-mavericks 1.1-43 OK
r-release-windows-ix86+x86_64 1.1-43 50.00 112.00 162.00 ERROR
r-oldrel-windows-ix86+x86_64 1.1-43 77.00 190.00 267.00 ERROR

Check Details

Version: 1.1-43
Check: dependencies in R code
Result: NOTE
    Error in validObject(.Object) :
     invalid class “ObjectsWithPackage” object: superclass "atomicVector" not defined in the environment of the object's class
    Execution halted
Flavors: r-devel-linux-x86_64-debian-clang, r-devel-linux-x86_64-debian-gcc, r-devel-windows-ix86+x86_64, r-patched-linux-x86_64, r-patched-solaris-sparc, r-patched-solaris-x86, r-release-linux-x86_64, r-release-windows-ix86+x86_64, r-oldrel-windows-ix86+x86_64

Version: 1.1-43
Check: replacement functions
Result: WARN
    Error in validObject(.Object) :
     invalid class “ObjectsWithPackage” object: superclass "atomicVector" not defined in the environment of the object's class
    Calls: <Anonymous> ... metaNameUndo -> new -> initialize -> initialize -> validObject
    Execution halted
    The argument of a replacement function which corresponds to the right
    hand side must be named ‘value’.
Flavors: r-devel-linux-x86_64-debian-clang, r-devel-linux-x86_64-debian-gcc, r-devel-windows-ix86+x86_64, r-patched-linux-x86_64, r-patched-solaris-sparc, r-patched-solaris-x86, r-release-linux-x86_64, r-release-windows-ix86+x86_64, r-oldrel-windows-ix86+x86_64

Version: 1.1-43
Check: foreign function calls
Result: NOTE
    Error in validObject(.Object) :
     invalid class “ObjectsWithPackage” object: superclass "atomicVector" not defined in the environment of the object's class
    Calls: <Anonymous> ... metaNameUndo -> new -> initialize -> initialize -> validObject
    Execution halted
    See chapter ‘System and foreign language interfaces’ in the ‘Writing R
    Extensions’ manual.
Flavors: r-devel-linux-x86_64-debian-clang, r-devel-linux-x86_64-debian-gcc, r-devel-windows-ix86+x86_64, r-patched-linux-x86_64, r-patched-solaris-sparc, r-patched-solaris-x86, r-release-linux-x86_64, r-release-windows-ix86+x86_64, r-oldrel-windows-ix86+x86_64

Version: 1.1-43
Check: R code for possible problems
Result: NOTE
    Error in validObject(.Object) :
     invalid class “ObjectsWithPackage” object: superclass "atomicVector" not defined in the environment of the object's class
    Calls: <Anonymous> ... metaNameUndo -> new -> initialize -> initialize -> validObject
    Execution halted
    Error in validObject(.Object) :
     invalid class “ObjectsWithPackage” object: superclass "atomicVector" not defined in the environment of the object's class
    Calls: <Anonymous> ... metaNameUndo -> new -> initialize -> initialize -> validObject
    Execution halted
Flavors: r-devel-linux-x86_64-debian-clang, r-devel-linux-x86_64-debian-gcc, r-patched-linux-x86_64, r-patched-solaris-sparc, r-patched-solaris-x86, r-release-linux-x86_64

Version: 1.1-43
Check: for missing documentation entries
Result: ERROR
    Error in validObject(.Object) :
     invalid class “ObjectsWithPackage” object: superclass "atomicVector" not defined in the environment of the object's class
    Calls: <Anonymous> ... metaNameUndo -> new -> initialize -> initialize -> validObject
    Execution halted
Flavors: r-devel-linux-x86_64-debian-clang, r-devel-linux-x86_64-debian-gcc, r-devel-windows-ix86+x86_64, r-patched-linux-x86_64, r-patched-solaris-sparc, r-patched-solaris-x86, r-release-linux-x86_64, r-release-windows-ix86+x86_64, r-oldrel-windows-ix86+x86_64

Version: 1.1-43
Check: for code/documentation mismatches
Result: WARN
    Error in validObject(.Object) :
     invalid class “ObjectsWithPackage” object: superclass "atomicVector" not defined in the environment of the object's class
    Calls: <Anonymous> ... metaNameUndo -> new -> initialize -> initialize -> validObject
    Execution halted
Flavors: r-devel-linux-x86_64-debian-clang, r-devel-linux-x86_64-debian-gcc, r-devel-windows-ix86+x86_64, r-patched-linux-x86_64, r-patched-solaris-sparc, r-patched-solaris-x86, r-release-linux-x86_64, r-release-windows-ix86+x86_64

Version: 1.1-43
Check: dependencies in R code
Result: NOTE
    Found more than one class "atomicVector" in cache; using the first, from namespace 'Matrix'
Flavors: r-devel-linux-x86_64-fedora-clang, r-devel-linux-x86_64-fedora-gcc, r-devel-osx-x86_64-clang

Version: 1.1-43
Check: replacement functions
Result: WARN
    Found more than one class "atomicVector" in cache; using the first, from namespace 'Matrix'
    The argument of a replacement function which corresponds to the right
    hand side must be named ‘value’.
Flavors: r-devel-linux-x86_64-fedora-clang, r-devel-linux-x86_64-fedora-gcc, r-devel-osx-x86_64-clang

Version: 1.1-43
Check: foreign function calls
Result: NOTE
    Found more than one class "atomicVector" in cache; using the first, from namespace 'Matrix'
    See chapter ‘System and foreign language interfaces’ in the ‘Writing R
    Extensions’ manual.
Flavors: r-devel-linux-x86_64-fedora-clang, r-devel-linux-x86_64-fedora-gcc, r-devel-osx-x86_64-clang

Version: 1.1-43
Check: R code for possible problems
Result: NOTE
    Found more than one class "atomicVector" in cache; using the first, from namespace 'Matrix'
    H600: no visible global function definition for ‘par’
    PredictModel : onOK: no visible global function definition for
     ‘na.omit’
    Projector: no visible global function definition for ‘par’
    Regr1Plot : onOK: no visible global function definition for ‘lm’
    Regr1Plot : onOK: no visible global function definition for ‘predict’
    Regr1Plot : onOK: no visible global function definition for ‘resid’
    Regr1Plot : onOK: no visible global function definition for
     ‘as.formula’
    enterTable.HH : onOK: no visible global function definition for
     ‘na.omit’
    scatter3dHH: no visible global function definition for ‘complete.cases’
    scatter3dHH: no visible global function definition for ‘lm’
    scatter3dHH: no visible global function definition for ‘predict’
    Undefined global functions or variables:
     as.formula complete.cases lm na.omit par predict resid
    Consider adding
     importFrom("graphics", "par")
     importFrom("stats", "as.formula", "complete.cases", "lm", "na.omit",
     "predict", "resid")
    to your NAMESPACE.
Flavors: r-devel-linux-x86_64-fedora-clang, r-devel-linux-x86_64-fedora-gcc

Version: 1.1-43
Check: for missing documentation entries
Result: WARN
    Found more than one class "atomicVector" in cache; using the first, from namespace 'Matrix'
    All user-level objects in a package should have documentation entries.
    See chapter ‘Writing R documentation files’ in the ‘Writing R
    Extensions’ manual.
Flavors: r-devel-linux-x86_64-fedora-clang, r-devel-linux-x86_64-fedora-gcc, r-devel-osx-x86_64-clang

Version: 1.1-43
Check: for code/documentation mismatches
Result: WARN
    Found more than one class "atomicVector" in cache; using the first, from namespace 'Matrix'
    Found more than one class "atomicVector" in cache; using the first, from namespace 'Matrix'
Flavors: r-devel-linux-x86_64-fedora-clang, r-devel-linux-x86_64-fedora-gcc, r-devel-osx-x86_64-clang

Version: 1.1-43
Check: R code for possible problems
Result: NOTE
    Found more than one class "atomicVector" in cache; using the first, from namespace 'Matrix'
Flavor: r-devel-osx-x86_64-clang

Version: 1.1-43
Check: R code for possible problems
Result: NOTE
    Error in validObject(.Object) :
     invalid class "ObjectsWithPackage" object: superclass "atomicVector" not defined in the environment of the object's class
    Calls: <Anonymous> ... metaNameUndo -> new -> initialize -> initialize -> validObject
    Execution halted
Flavors: r-devel-windows-ix86+x86_64, r-release-windows-ix86+x86_64, r-oldrel-windows-ix86+x86_64