CRAN Package Check Results for Package RcmdrPlugin.HH

Last updated on 2017-01-22 23:48:39.

Flavor Version Tinstall Tcheck Ttotal Status Flags
r-devel-linux-x86_64-debian-clang 1.1-46 6.06 71.31 77.36 OK
r-devel-linux-x86_64-debian-gcc 1.1-46 6.07 74.41 80.47 OK
r-devel-linux-x86_64-fedora-clang 1.1-46 171.81 OK --no-stop-on-test-error
r-devel-linux-x86_64-fedora-gcc 1.1-46 152.92 OK --no-stop-on-test-error
r-devel-macos-x86_64-clang 1.1-46 130.01 OK --no-stop-on-test-error
r-devel-windows-ix86+x86_64 1.1-46 54.00 139.00 193.00 OK
r-patched-linux-x86_64 1.1-46 6.42 68.44 74.86 OK
r-patched-solaris-sparc 1.1-46 900.30 OK
r-patched-solaris-x86 1.1-46 211.40 OK
r-release-linux-x86_64 1.1-46 6.00 69.48 75.49 OK
r-release-osx-x86_64-mavericks 1.1-46 WARN
r-release-windows-ix86+x86_64 1.1-46 76.00 181.00 257.00 OK
r-oldrel-windows-ix86+x86_64 1.1-46 56.00 211.00 267.00 OK

Check Details

Version: 1.1-46
Check: dependencies in R code
Result: NOTE
    Invalid MIT-MAGIC-COOKIE-1 key
Flavor: r-release-osx-x86_64-mavericks

Version: 1.1-46
Check: S3 generic/method consistency
Result: WARN
    Invalid MIT-MAGIC-COOKIE-1 key
    See section ‘Generic functions and methods’ in the ‘Writing R
    Extensions’ manual.
Flavor: r-release-osx-x86_64-mavericks

Version: 1.1-46
Check: replacement functions
Result: WARN
    Invalid MIT-MAGIC-COOKIE-1 key
    The argument of a replacement function which corresponds to the right
    hand side must be named ‘value’.
Flavor: r-release-osx-x86_64-mavericks

Version: 1.1-46
Check: foreign function calls
Result: NOTE
    Invalid MIT-MAGIC-COOKIE-1 key
    See chapter ‘System and foreign language interfaces’ in the ‘Writing R
    Extensions’ manual.
Flavor: r-release-osx-x86_64-mavericks

Version: 1.1-46
Check: R code for possible problems
Result: NOTE
    Invalid MIT-MAGIC-COOKIE-1 key
Flavor: r-release-osx-x86_64-mavericks

Version: 1.1-46
Check: for missing documentation entries
Result: WARN
    Invalid MIT-MAGIC-COOKIE-1 key
    All user-level objects in a package should have documentation entries.
    See chapter ‘Writing R documentation files’ in the ‘Writing R
    Extensions’ manual.
Flavor: r-release-osx-x86_64-mavericks

Version: 1.1-46
Check: for code/documentation mismatches
Result: WARN
    Invalid MIT-MAGIC-COOKIE-1 key
    Invalid MIT-MAGIC-COOKIE-1 key
    Invalid MIT-MAGIC-COOKIE-1 key
Flavor: r-release-osx-x86_64-mavericks

Version: 1.1-46
Check: Rd \usage sections
Result: NOTE
    Invalid MIT-MAGIC-COOKIE-1 key
    The \usage entries for S3 methods should use the \method markup and not
    their full name.
    See chapter ‘Writing R documentation files’ in the ‘Writing R
    Extensions’ manual.
Flavor: r-release-osx-x86_64-mavericks