CRAN Package Check Results for Package RcmdrPlugin.HH

Last updated on 2016-05-04 11:39:04.

Flavor Version Tinstall Tcheck Ttotal Status Flags
r-devel-linux-x86_64-debian-gcc 1.1-45 6.34 69.67 76.00 OK
r-devel-linux-x86_64-fedora-clang 1.1-45 145.87 OK
r-devel-linux-x86_64-fedora-gcc 1.1-45 139.26 OK
r-devel-osx-x86_64-clang 1.1-45 162.07 OK
r-devel-windows-ix86+x86_64 1.1-45 43.00 126.00 169.00 OK
r-patched-linux-x86_64 1.1-45 6.01 67.58 73.59 OK
r-patched-solaris-sparc 1.1-45 816.70 OK
r-patched-solaris-x86 1.1-45 208.30 OK
r-release-linux-x86_64 1.1-45 5.73 68.77 74.50 OK
r-release-osx-x86_64-mavericks 1.1-45 WARN
r-release-windows-ix86+x86_64 1.1-45 39.00 134.00 173.00 OK
r-oldrel-windows-ix86+x86_64 1.1-45 54.00 177.00 231.00 ERROR

Check Details

Version: 1.1-45
Check: dependencies in R code
Result: NOTE
    Invalid MIT-MAGIC-COOKIE-1 key
Flavor: r-release-osx-x86_64-mavericks

Version: 1.1-45
Check: S3 generic/method consistency
Result: WARN
    Invalid MIT-MAGIC-COOKIE-1 key
    See section ‘Generic functions and methods’ in the ‘Writing R
    Extensions’ manual.
Flavor: r-release-osx-x86_64-mavericks

Version: 1.1-45
Check: replacement functions
Result: WARN
    Invalid MIT-MAGIC-COOKIE-1 key
    The argument of a replacement function which corresponds to the right
    hand side must be named ‘value’.
Flavor: r-release-osx-x86_64-mavericks

Version: 1.1-45
Check: foreign function calls
Result: NOTE
    Invalid MIT-MAGIC-COOKIE-1 key
    See chapter ‘System and foreign language interfaces’ in the ‘Writing R
    Extensions’ manual.
Flavor: r-release-osx-x86_64-mavericks

Version: 1.1-45
Check: R code for possible problems
Result: NOTE
    Invalid MIT-MAGIC-COOKIE-1 key
Flavor: r-release-osx-x86_64-mavericks

Version: 1.1-45
Check: for missing documentation entries
Result: WARN
    Invalid MIT-MAGIC-COOKIE-1 key
    All user-level objects in a package should have documentation entries.
    See chapter ‘Writing R documentation files’ in the ‘Writing R
    Extensions’ manual.
Flavor: r-release-osx-x86_64-mavericks

Version: 1.1-45
Check: for code/documentation mismatches
Result: WARN
    Invalid MIT-MAGIC-COOKIE-1 key
    Invalid MIT-MAGIC-COOKIE-1 key
    Invalid MIT-MAGIC-COOKIE-1 key
Flavor: r-release-osx-x86_64-mavericks

Version: 1.1-45
Check: Rd \usage sections
Result: NOTE
    Invalid MIT-MAGIC-COOKIE-1 key
    The \usage entries for S3 methods should use the \method markup and not
    their full name.
    See chapter ‘Writing R documentation files’ in the ‘Writing R
    Extensions’ manual.
Flavor: r-release-osx-x86_64-mavericks

Version: 1.1-45
Check: dependencies in R code
Result: NOTE
    Error in validObject(.Object) :
     invalid class "ObjectsWithPackage" object: superclass "atomicVector" not defined in the environment of the object's class
    Execution halted
Flavor: r-oldrel-windows-ix86+x86_64

Version: 1.1-45
Check: replacement functions
Result: WARN
    Error in validObject(.Object) :
     invalid class "ObjectsWithPackage" object: superclass "atomicVector" not defined in the environment of the object's class
    Calls: <Anonymous> ... metaNameUndo -> new -> initialize -> initialize -> validObject
    Execution halted
    The argument of a replacement function which corresponds to the right
    hand side must be named 'value'.
Flavor: r-oldrel-windows-ix86+x86_64

Version: 1.1-45
Check: foreign function calls
Result: NOTE
    Error in validObject(.Object) :
     invalid class "ObjectsWithPackage" object: superclass "atomicVector" not defined in the environment of the object's class
    Calls: <Anonymous> ... metaNameUndo -> new -> initialize -> initialize -> validObject
    Execution halted
    See chapter 'System and foreign language interfaces' in the 'Writing R
    Extensions' manual.
Flavor: r-oldrel-windows-ix86+x86_64

Version: 1.1-45
Check: R code for possible problems
Result: NOTE
    Error in validObject(.Object) :
     invalid class "ObjectsWithPackage" object: superclass "atomicVector" not defined in the environment of the object's class
    Calls: <Anonymous> ... metaNameUndo -> new -> initialize -> initialize -> validObject
    Execution halted
Flavor: r-oldrel-windows-ix86+x86_64

Version: 1.1-45
Check: for missing documentation entries
Result: ERROR
    Error in validObject(.Object) :
     invalid class "ObjectsWithPackage" object: superclass "atomicVector" not defined in the environment of the object's class
    Calls: <Anonymous> ... metaNameUndo -> new -> initialize -> initialize -> validObject
    Execution halted
Flavor: r-oldrel-windows-ix86+x86_64