CRAN Package Check Results for Package RcmdrPlugin.IPSUR

Last updated on 2020-06-04 00:49:56 CEST.

Flavor Version Tinstall Tcheck Ttotal Status Flags
r-devel-linux-x86_64-debian-clang 0.2-1.1 32.37 144.97 177.34 NOTE
r-devel-linux-x86_64-debian-gcc 0.2-1.1 24.52 110.99 135.51 NOTE
r-devel-linux-x86_64-fedora-clang 0.2-1.1 223.90 NOTE
r-devel-linux-x86_64-fedora-gcc 0.2-1.1 224.69 NOTE
r-devel-windows-ix86+x86_64 0.2-1.1 86.00 152.00 238.00 NOTE
r-patched-linux-x86_64 0.2-1.1 29.35 144.64 173.99 NOTE
r-patched-solaris-x86 0.2-1.1 353.00 NOTE
r-release-linux-x86_64 0.2-1.1 27.76 144.63 172.39 NOTE
r-release-osx-x86_64 0.2-1.1 NOTE
r-release-windows-ix86+x86_64 0.2-1.1 54.00 249.00 303.00 NOTE
r-oldrel-osx-x86_64 0.2-1.1 NOTE
r-oldrel-windows-ix86+x86_64 0.2-1.1 70.00 147.00 217.00 NOTE

Check Details

Version: 0.2-1.1
Check: dependencies in R code
Result: NOTE
    'library' or 'require' calls in package code:
     'abind' 'e1071' 'qcc'
     Please use :: or requireNamespace() instead.
     See section 'Suggested packages' in the 'Writing R Extensions' manual.
Flavors: r-devel-linux-x86_64-debian-clang, r-devel-linux-x86_64-debian-gcc, r-devel-linux-x86_64-fedora-clang, r-devel-linux-x86_64-fedora-gcc, r-devel-windows-ix86+x86_64, r-patched-linux-x86_64, r-patched-solaris-x86, r-release-linux-x86_64, r-release-osx-x86_64, r-release-windows-ix86+x86_64, r-oldrel-osx-x86_64, r-oldrel-windows-ix86+x86_64

Version: 0.2-1.1
Check: package dependencies
Result: NOTE
    Package suggested but not available for checking: ‘RODBC’
Flavor: r-release-osx-x86_64