CRAN Package Check Results for Package RcmdrPlugin.IPSUR

Last updated on 2015-03-30 21:49:22.

Flavor Version Tinstall Tcheck Ttotal Status Flags
r-devel-linux-x86_64-debian-clang 0.2-1 4.75 64.97 69.72 NOTE
r-devel-linux-x86_64-debian-gcc 0.2-1 4.68 63.60 68.29 NOTE
r-devel-linux-x86_64-fedora-clang 0.2-1 143.01 NOTE
r-devel-linux-x86_64-fedora-gcc 0.2-1 136.15 NOTE
r-devel-osx-x86_64-clang 0.2-1 137.58 NOTE
r-prerel-windows-ix86+x86_64 0.2-1 37.00 91.00 128.00 NOTE
r-prerel-linux-x86_64 0.2-1 4.57 62.39 66.96 NOTE
r-prerel-solaris-sparc 0.2-1 903.20 NOTE
r-prerel-solaris-x86 0.2-1 189.70 NOTE
r-release-linux-x86_64 0.2-1 11.45 117.50 128.95 NOTE
r-release-osx-x86_64-mavericks 0.2-1 NOTE
r-release-osx-x86_64-snowleopard 0.2-1 OK
r-release-windows-ix86+x86_64 0.2-1 60.00 180.00 240.00 NOTE
r-oldrel-windows-ix86+x86_64 0.2-1 65.00 174.00 239.00 OK

Check Details

Version: 0.2-1
Check: dependencies in R code
Result: NOTE
    'library' or 'require' calls in package code:
     ‘abind’ ‘e1071’ ‘qcc’
     Please use :: or requireNamespace() instead.
     See section 'Suggested packages' in the 'Writing R Extensions' manual.
Flavors: r-devel-linux-x86_64-debian-clang, r-devel-linux-x86_64-debian-gcc, r-devel-linux-x86_64-fedora-clang, r-devel-linux-x86_64-fedora-gcc, r-devel-osx-x86_64-clang, r-prerel-windows-ix86+x86_64, r-prerel-linux-x86_64, r-prerel-solaris-sparc, r-prerel-solaris-x86, r-release-linux-x86_64, r-release-windows-ix86+x86_64

Version: 0.2-1
Check: S3 generic/method consistency
Result: NOTE
    Found the following apparent S3 methods exported but not registered:
     print.numSummaryIPSUR
    See section ‘Registering S3 methods’ in the ‘Writing R Extensions’
    manual.
Flavors: r-devel-linux-x86_64-debian-clang, r-devel-linux-x86_64-debian-gcc, r-devel-linux-x86_64-fedora-clang, r-devel-linux-x86_64-fedora-gcc, r-devel-osx-x86_64-clang, r-prerel-linux-x86_64

Version: 0.2-1
Check: package dependencies
Result: NOTE
    Package suggested but not available for checking: ‘RODBC’
Flavor: r-release-osx-x86_64-mavericks