CRAN Package Check Results for Package RcmdrPlugin.IPSUR

Last updated on 2014-09-01 11:49:03.

Flavor Version Tinstall Tcheck Ttotal Status Flags
r-devel-linux-x86_64-debian-clang 0.2-0 2.85 51.18 54.03 OK
r-devel-linux-x86_64-debian-gcc 0.2-0 2.82 50.22 53.05 OK
r-devel-linux-x86_64-fedora-clang 0.2-0 48.13 OK
r-devel-linux-x86_64-fedora-gcc 0.2-0 87.32 OK
r-devel-osx-x86_64-clang 0.2-0 90.58 OK
r-devel-windows-ix86+x86_64 0.2-0 24.00 79.00 103.00 OK
r-patched-linux-x86_64 0.2-0 2.54 57.00 59.54 OK
r-patched-solaris-sparc 0.2-0 615.40 OK
r-patched-solaris-x86 0.2-0 112.60 OK
r-release-linux-ix86 0.1-8 2.94 69.64 72.57 NOTE
r-release-linux-x86_64 0.2-0 2.59 57.46 60.05 OK
r-release-osx-x86_64-mavericks 0.2-0 NOTE
r-release-osx-x86_64-snowleopard 0.2-0 OK
r-release-windows-ix86+x86_64 0.2-0 22.00 100.00 122.00 OK
r-oldrel-windows-ix86+x86_64 0.2-0 34.00 130.00 164.00 OK

Check Details

Version: 0.1-8
Check: dependencies in R code
Result: NOTE
    Package in Depends field not imported from: ‘Rcmdr’
     These packages need to be imported from (in the NAMESPACE file)
     for when this namespace is loaded but not attached.
    See the information on DESCRIPTION files in the chapter ‘Creating R
    packages’ of the ‘Writing R Extensions’ manual.
Flavor: r-release-linux-ix86

Version: 0.1-8
Check: R code for possible problems
Result: NOTE
    CauchyDistributionSamples.ipsur: no visible binding for global variable
     ‘top’
    CauchyDistributionSamples.ipsur : onOK: no visible binding for global
     variable ‘meanVariable’
    CauchyDistributionSamples.ipsur : onOK: no visible binding for global
     variable ‘sumVariable’
    CauchyDistributionSamples.ipsur : onOK: no visible binding for global
     variable ‘sdVariable’
    CauchyDistributionSamples.ipsur : onOK: no visible binding for global
     variable ‘discardVariable’
    CauchyDistributionSamples.ipsur: no visible binding for global variable
     ‘checkBoxFrame’
    CauchyDistributionSamples.ipsur: no visible binding for global variable
     ‘discardcheckBoxFrame’
    CauchyDistributionSamples.ipsur: no visible binding for global variable
     ‘buttonsFrame’
    FDistributionPlot.ipsur: no visible binding for global variable ‘top’
    FDistributionPlot.ipsur : onOK: no visible binding for global variable
     ‘.x’
    FDistributionPlot.ipsur : onOK: no visible binding for global variable
     ‘xmin’
    FDistributionPlot.ipsur : onOK: no visible binding for global variable
     ‘xmax’
    FDistributionPlot.ipsur: no visible binding for global variable
     ‘buttonsFrame’
    FDistributionSamples.ipsur: no visible binding for global variable
     ‘top’
    FDistributionSamples.ipsur : onOK: no visible binding for global
     variable ‘meanVariable’
    FDistributionSamples.ipsur : onOK: no visible binding for global
     variable ‘sumVariable’
    FDistributionSamples.ipsur : onOK: no visible binding for global
     variable ‘sdVariable’
    FDistributionSamples.ipsur : onOK: no visible binding for global
     variable ‘discardVariable’
    FDistributionSamples.ipsur: no visible binding for global variable
     ‘checkBoxFrame’
    FDistributionSamples.ipsur: no visible binding for global variable
     ‘discardcheckBoxFrame’
    FDistributionSamples.ipsur: no visible binding for global variable
     ‘buttonsFrame’
    FProbabilities.ipsur: no visible binding for global variable ‘top’
    FProbabilities.ipsur: no visible binding for global variable
     ‘buttonsFrame’
    FQuantiles.ipsur: no visible binding for global variable ‘top’
    FQuantiles.ipsur: no visible binding for global variable ‘buttonsFrame’
    PoissonDistributionPlot.ipsur: no visible binding for global variable
     ‘top’
    PoissonDistributionPlot.ipsur : onOK: no visible binding for global
     variable ‘.x’
    PoissonDistributionPlot.ipsur : onOK: no visible binding for global
     variable ‘xmin’
    PoissonDistributionPlot.ipsur : onOK: no visible binding for global
     variable ‘xmax’
    PoissonDistributionPlot.ipsur: no visible binding for global variable
     ‘buttonsFrame’
    PoissonDistributionSamples.ipsur: no visible binding for global
     variable ‘top’
    PoissonDistributionSamples.ipsur : onOK: no visible binding for global
     variable ‘PoissonDistributionPlot’
    PoissonDistributionSamples.ipsur : onOK: no visible binding for global
     variable ‘meanVariable’
    PoissonDistributionSamples.ipsur : onOK: no visible binding for global
     variable ‘sumVariable’
    PoissonDistributionSamples.ipsur : onOK: no visible binding for global
     variable ‘sdVariable’
    PoissonDistributionSamples.ipsur : onOK: no visible binding for global
     variable ‘discardVariable’
    PoissonDistributionSamples.ipsur: no visible binding for global
     variable ‘checkBoxFrame’
    PoissonDistributionSamples.ipsur: no visible binding for global
     variable ‘discardcheckBoxFrame’
    PoissonDistributionSamples.ipsur: no visible binding for global
     variable ‘buttonsFrame’
    PoissonMass.ipsur: no visible binding for global variable ‘top’
    PoissonMass.ipsur : onOK: no visible binding for global variable
     ‘.Table’
    PoissonMass.ipsur : onOK: no visible binding for global variable ‘xmin’
    PoissonMass.ipsur : onOK: no visible binding for global variable ‘xmax’
    PoissonMass.ipsur: no visible binding for global variable
     ‘buttonsFrame’
    UpdatebinomsimNumber: no visible binding for global variable
     ‘binomsimNumber’
    UpdatehypersimNumber: no visible binding for global variable
     ‘expsimNumber’
    WeibullDistributionSamples.ipsur: no visible binding for global
     variable ‘top’
    WeibullDistributionSamples.ipsur : onOK: no visible binding for global
     variable ‘meanVariable’
    WeibullDistributionSamples.ipsur : onOK: no visible binding for global
     variable ‘sumVariable’
    WeibullDistributionSamples.ipsur : onOK: no visible binding for global
     variable ‘sdVariable’
    WeibullDistributionSamples.ipsur : onOK: no visible binding for global
     variable ‘discardVariable’
    WeibullDistributionSamples.ipsur: no visible binding for global
     variable ‘checkBoxFrame’
    WeibullDistributionSamples.ipsur: no visible binding for global
     variable ‘discardcheckBoxFrame’
    WeibullDistributionSamples.ipsur: no visible binding for global
     variable ‘buttonsFrame’
    barGraph.ipsur: no visible binding for global variable ‘top’
    barGraph.ipsur : onOK: no visible binding for global variable
     ‘typeVariable’
    barGraph.ipsur: no visible binding for global variable ‘groupsFrame’
    barGraph.ipsur: no visible binding for global variable ‘typeFrame’
    barGraph.ipsur: no visible binding for global variable ‘buttonsFrame’
    barPlotSumTable: no visible binding for global variable ‘top’
    barPlotSumTable : onOK: no visible binding for global variable
     ‘typeVariable’
    barPlotSumTable: no visible binding for global variable ‘typeFrame’
    barPlotSumTable: no visible binding for global variable ‘buttonsFrame’
    betaDistributionPlot.ipsur: no visible binding for global variable
     ‘top’
    betaDistributionPlot.ipsur : onOK: no visible binding for global
     variable ‘.x’
    betaDistributionPlot.ipsur : onOK: no visible binding for global
     variable ‘xmin’
    betaDistributionPlot.ipsur : onOK: no visible binding for global
     variable ‘xmax’
    betaDistributionPlot.ipsur: no visible binding for global variable
     ‘buttonsFrame’
    betaDistributionSamples.ipsur: no visible binding for global variable
     ‘top’
    betaDistributionSamples.ipsur : onOK: no visible binding for global
     variable ‘meanVariable’
    betaDistributionSamples.ipsur : onOK: no visible binding for global
     variable ‘sumVariable’
    betaDistributionSamples.ipsur : onOK: no visible binding for global
     variable ‘sdVariable’
    betaDistributionSamples.ipsur : onOK: no visible binding for global
     variable ‘discardVariable’
    betaDistributionSamples.ipsur: no visible binding for global variable
     ‘checkBoxFrame’
    betaDistributionSamples.ipsur: no visible binding for global variable
     ‘discardcheckBoxFrame’
    betaDistributionSamples.ipsur: no visible binding for global variable
     ‘buttonsFrame’
    betaProbabilities.ipsur: no visible binding for global variable ‘top’
    betaProbabilities.ipsur: no visible binding for global variable
     ‘buttonsFrame’
    betaQuantiles.ipsur: no visible binding for global variable ‘top’
    betaQuantiles.ipsur: no visible binding for global variable
     ‘buttonsFrame’
    betaSimulate.ipsur: no visible binding for global variable ‘top’
    betaSimulate.ipsur : onOK: no visible binding for global variable ‘top’
    betaSimulate.ipsur : onOK: no visible binding for global variable
     ‘buttonsFrame’
    betaSimulate.ipsur : onOK: no visible binding for global variable
     ‘samplesn’
    betaSimulate.ipsur: no visible binding for global variable
     ‘buttonsFrame’
    binomialDistributionPlot.ipsur: no visible binding for global variable
     ‘top’
    binomialDistributionPlot.ipsur : onOK: no visible binding for global
     variable ‘.x’
    binomialDistributionPlot.ipsur : onOK: no visible binding for global
     variable ‘xmin’
    binomialDistributionPlot.ipsur : onOK: no visible binding for global
     variable ‘xmax’
    binomialDistributionPlot.ipsur: no visible binding for global variable
     ‘buttonsFrame’
    binomialDistributionSamples.ipsur: no visible binding for global
     variable ‘top’
    binomialDistributionSamples.ipsur : onOK: no visible binding for global
     variable ‘meanVariable’
    binomialDistributionSamples.ipsur : onOK: no visible binding for global
     variable ‘sumVariable’
    binomialDistributionSamples.ipsur : onOK: no visible binding for global
     variable ‘sdVariable’
    binomialDistributionSamples.ipsur : onOK: no visible binding for global
     variable ‘discardVariable’
    binomialDistributionSamples.ipsur: no visible binding for global
     variable ‘checkBoxFrame’
    binomialDistributionSamples.ipsur: no visible binding for global
     variable ‘discardcheckBoxFrame’
    binomialDistributionSamples.ipsur: no visible binding for global
     variable ‘buttonsFrame’
    binomialMass.ipsur: no visible binding for global variable ‘top’
    binomialMass.ipsur : onOK: no visible binding for global variable
     ‘.Table’
    binomialMass.ipsur : onOK: no visible binding for global variable
     ‘xmin’
    binomialMass.ipsur : onOK: no visible binding for global variable
     ‘xmax’
    binomialMass.ipsur: no visible binding for global variable
     ‘buttonsFrame’
    binomialProbabilities.ipsur: no visible binding for global variable
     ‘top’
    binomialProbabilities.ipsur: no visible binding for global variable
     ‘buttonsFrame’
    binomialQuantiles.ipsur: no visible binding for global variable ‘top’
    binomialQuantiles.ipsur: no visible binding for global variable
     ‘buttonsFrame’
    binomialSimulate.ipsur: no visible binding for global variable ‘top’
    binomialSimulate.ipsur : onOK: no visible binding for global variable
     ‘top’
    binomialSimulate.ipsur : onOK: no visible binding for global variable
     ‘buttonsFrame’
    binomialSimulate.ipsur : onOK: no visible binding for global variable
     ‘samplesn’
    binomialSimulate.ipsur: no visible binding for global variable
     ‘buttonsFrame’
    birthdayProbabilities.ipsur: no visible binding for global variable
     ‘top’
    birthdayProbabilities.ipsur: no visible binding for global variable
     ‘buttonsFrame’
    boxPlot.ipsur: no visible binding for global variable ‘top’
    boxPlot.ipsur : onOK: no visible binding for global variable
     ‘horzOptionVariable’
    boxPlot.ipsur : onOK: no visible binding for global variable
     ‘notchOptionVariable’
    boxPlot.ipsur : onOK: no visible binding for global variable
     ‘varwidthOptionVariable’
    boxPlot.ipsur: no visible binding for global variable ‘groupsFrame’
    boxPlot.ipsur: no visible binding for global variable ‘buttonsFrame’
    cauchyDistributionPlot.ipsur: no visible binding for global variable
     ‘top’
    cauchyDistributionPlot.ipsur : onOK: no visible binding for global
     variable ‘.x’
    cauchyDistributionPlot.ipsur : onOK: no visible binding for global
     variable ‘xmin’
    cauchyDistributionPlot.ipsur : onOK: no visible binding for global
     variable ‘xmax’
    cauchyDistributionPlot.ipsur: no visible binding for global variable
     ‘buttonsFrame’
    cauchyProbabilities.ipsur: no visible binding for global variable ‘top’
    cauchyProbabilities.ipsur: no visible binding for global variable
     ‘buttonsFrame’
    cauchyQuantiles.ipsur: no visible binding for global variable ‘top’
    cauchyQuantiles.ipsur: no visible binding for global variable
     ‘buttonsFrame’
    cauchySimulate.ipsur: no visible binding for global variable ‘top’
    cauchySimulate.ipsur : onOK: no visible binding for global variable
     ‘top’
    cauchySimulate.ipsur : onOK: no visible binding for global variable
     ‘buttonsFrame’
    cauchySimulate.ipsur : onOK: no visible binding for global variable
     ‘samplesn’
    cauchySimulate.ipsur: no visible binding for global variable
     ‘buttonsFrame’
    chisqProbabilities.ipsur: no visible binding for global variable ‘top’
    chisqProbabilities.ipsur: no visible binding for global variable
     ‘OKbutton’
    chisqProbabilities.ipsur: no visible binding for global variable
     ‘cancelButton’
    chisqProbabilities.ipsur: no visible binding for global variable
     ‘buttonsFrame’
    chisqQuantiles.ipsur: no visible binding for global variable ‘top’
    chisqQuantiles.ipsur: no visible binding for global variable
     ‘buttonsFrame’
    chisqSimulate.ipsur: no visible binding for global variable ‘top’
    chisqSimulate.ipsur : onOK: no visible binding for global variable
     ‘top’
    chisqSimulate.ipsur : onOK: no visible binding for global variable
     ‘buttonsFrame’
    chisqSimulate.ipsur : onOK: no visible binding for global variable
     ‘samplesn’
    chisqSimulate.ipsur: no visible binding for global variable
     ‘buttonsFrame’
    chisquareDistributionPlot.ipsur: no visible binding for global variable
     ‘top’
    chisquareDistributionPlot.ipsur : onOK: no visible binding for global
     variable ‘.x’
    chisquareDistributionPlot.ipsur : onOK: no visible binding for global
     variable ‘xmin’
    chisquareDistributionPlot.ipsur : onOK: no visible binding for global
     variable ‘xmax’
    chisquareDistributionPlot.ipsur: no visible binding for global variable
     ‘buttonsFrame’
    chisquareDistributionSamples.ipsur: no visible binding for global
     variable ‘top’
    chisquareDistributionSamples.ipsur : onOK: no visible binding for
     global variable ‘meanVariable’
    chisquareDistributionSamples.ipsur : onOK: no visible binding for
     global variable ‘sumVariable’
    chisquareDistributionSamples.ipsur : onOK: no visible binding for
     global variable ‘sdVariable’
    chisquareDistributionSamples.ipsur : onOK: no visible binding for
     global variable ‘discardVariable’
    chisquareDistributionSamples.ipsur: no visible binding for global
     variable ‘checkBoxFrame’
    chisquareDistributionSamples.ipsur: no visible binding for global
     variable ‘discardcheckBoxFrame’
    chisquareDistributionSamples.ipsur: no visible binding for global
     variable ‘buttonsFrame’
    disunifDistributionSamples.ipsur: no visible binding for global
     variable ‘top’
    disunifDistributionSamples.ipsur : onOK: no visible binding for global
     variable ‘meanVariable’
    disunifDistributionSamples.ipsur : onOK: no visible binding for global
     variable ‘sumVariable’
    disunifDistributionSamples.ipsur : onOK: no visible binding for global
     variable ‘sdVariable’
    disunifDistributionSamples.ipsur : onOK: no visible binding for global
     variable ‘discardVariable’
    disunifDistributionSamples.ipsur: no visible binding for global
     variable ‘checkBoxFrame’
    disunifDistributionSamples.ipsur: no visible binding for global
     variable ‘discardcheckBoxFrame’
    disunifDistributionSamples.ipsur: no visible binding for global
     variable ‘buttonsFrame’
    disunifSimulate.ipsur: no visible binding for global variable ‘top’
    disunifSimulate.ipsur : onOK: no visible binding for global variable
     ‘top’
    disunifSimulate.ipsur : onOK: no visible binding for global variable
     ‘buttonsFrame’
    disunifSimulate.ipsur : onOK: no visible binding for global variable
     ‘samplesn’
    disunifSimulate.ipsur: no visible binding for global variable
     ‘buttonsFrame’
    enterTable.ipsur: no visible binding for global variable ‘top’
    enterTable.ipsur : onOK: no visible binding for global variable
     ‘marginsVariable’
    enterTable.ipsur : onOK: no visible binding for global variable
     ‘percentsVariable’
    enterTable.ipsur : onOK: no visible binding for global variable
     ‘chisqVariable’
    enterTable.ipsur : onOK: no visible binding for global variable
     ‘chisqComponentsVariable’
    enterTable.ipsur : onOK: no visible binding for global variable
     ‘expFreqVariable’
    enterTable.ipsur : onOK: no visible binding for global variable
     ‘fisherVariable’
    enterTable.ipsur : onOK: no visible binding for global variable ‘.Test’
    enterTable.ipsur : onOK: no visible binding for global variable
     ‘.Table’
    enterTable.ipsur: no visible binding for global variable ‘marginsFrame’
    enterTable.ipsur: no visible binding for global variable
     ‘percentsFrame’
    enterTable.ipsur: no visible binding for global variable ‘testsFrame’
    enterTable.ipsur: no visible binding for global variable ‘buttonsFrame’
    enterTableMultiPropTest: no visible binding for global variable ‘top’
    enterTableMultiPropTest : onOK: no visible binding for global variable
     ‘alternativeVariable’
    enterTableMultiPropTest : onOK: no visible binding for global variable
     ‘testVariable’
    enterTableMultiPropTest : onOK: no visible binding for global variable
     ‘.Table’
    enterTableMultiPropTest: no visible binding for global variable
     ‘alternativeFrame’
    enterTableMultiPropTest: no visible binding for global variable
     ‘testFrame’
    enterTableMultiPropTest: no visible binding for global variable
     ‘buttonsFrame’
    enterTableSinglePropTest: no visible binding for global variable ‘top’
    enterTableSinglePropTest : onOK: no visible binding for global variable
     ‘alternativeVariable’
    enterTableSinglePropTest : onOK: no visible binding for global variable
     ‘testVariable’
    enterTableSinglePropTest : onOK: no visible binding for global variable
     ‘.Table’
    enterTableSinglePropTest: no visible binding for global variable
     ‘alternativeFrame’
    enterTableSinglePropTest: no visible binding for global variable
     ‘testFrame’
    enterTableSinglePropTest: no visible binding for global variable
     ‘buttonsFrame’
    expDistributionPlot.ipsur: no visible binding for global variable ‘top’
    expDistributionPlot.ipsur : onOK: no visible binding for global
     variable ‘.x’
    expDistributionPlot.ipsur : onOK: no visible binding for global
     variable ‘xmin’
    expDistributionPlot.ipsur : onOK: no visible binding for global
     variable ‘xmax’
    expDistributionPlot.ipsur: no visible binding for global variable
     ‘buttonsFrame’
    expProbabilities.ipsur: no visible binding for global variable ‘top’
    expProbabilities.ipsur: no visible binding for global variable
     ‘buttonsFrame’
    expQuantiles.ipsur: no visible binding for global variable ‘top’
    expQuantiles.ipsur: no visible binding for global variable
     ‘buttonsFrame’
    expSimulate.ipsur: no visible binding for global variable ‘top’
    expSimulate.ipsur : onOK: no visible binding for global variable ‘top’
    expSimulate.ipsur : onOK: no visible binding for global variable
     ‘buttonsFrame’
    expSimulate.ipsur : onOK: no visible binding for global variable
     ‘samplesn’
    expSimulate.ipsur: no visible binding for global variable
     ‘buttonsFrame’
    exponentialDistributionSamples.ipsur: no visible binding for global
     variable ‘top’
    exponentialDistributionSamples.ipsur : onOK: no visible binding for
     global variable ‘meanVariable’
    exponentialDistributionSamples.ipsur : onOK: no visible binding for
     global variable ‘sumVariable’
    exponentialDistributionSamples.ipsur : onOK: no visible binding for
     global variable ‘sdVariable’
    exponentialDistributionSamples.ipsur : onOK: no visible binding for
     global variable ‘discardVariable’
    exponentialDistributionSamples.ipsur: no visible binding for global
     variable ‘checkBoxFrame’
    exponentialDistributionSamples.ipsur: no visible binding for global
     variable ‘discardcheckBoxFrame’
    exponentialDistributionSamples.ipsur: no visible binding for global
     variable ‘buttonsFrame’
    fSimulate.ipsur: no visible binding for global variable ‘top’
    fSimulate.ipsur : onOK: no visible binding for global variable ‘top’
    fSimulate.ipsur : onOK: no visible binding for global variable
     ‘buttonsFrame’
    fSimulate.ipsur : onOK: no visible binding for global variable
     ‘samplesn’
    fSimulate.ipsur: no visible binding for global variable ‘buttonsFrame’
    frequencyDistribution.ipsur: no visible binding for global variable
     ‘top’
    frequencyDistribution.ipsur : onOK: no visible binding for global
     variable ‘subwin’
    frequencyDistribution.ipsur : onOK : onOKsub: no visible binding for
     global variable ‘subwin’
    frequencyDistribution.ipsur : onOK : onOKsub: no visible binding for
     global variable ‘.Probs’
    frequencyDistribution.ipsur : onOK: no visible binding for global
     variable ‘subButtonsFrame’
    frequencyDistribution.ipsur : onOK: no visible binding for global
     variable ‘.Table’
    frequencyDistribution.ipsur: no visible binding for global variable
     ‘buttonsFrame’
    gammaDistributionPlot.ipsur: no visible binding for global variable
     ‘top’
    gammaDistributionPlot.ipsur : onOK: no visible binding for global
     variable ‘.x’
    gammaDistributionPlot.ipsur : onOK: no visible binding for global
     variable ‘xmin’
    gammaDistributionPlot.ipsur : onOK: no visible binding for global
     variable ‘xmax’
    gammaDistributionPlot.ipsur: no visible binding for global variable
     ‘buttonsFrame’
    gammaDistributionSamples.ipsur: no visible binding for global variable
     ‘top’
    gammaDistributionSamples.ipsur : onOK: no visible binding for global
     variable ‘meanVariable’
    gammaDistributionSamples.ipsur : onOK: no visible binding for global
     variable ‘sumVariable’
    gammaDistributionSamples.ipsur : onOK: no visible binding for global
     variable ‘sdVariable’
    gammaDistributionSamples.ipsur : onOK: no visible binding for global
     variable ‘discardVariable’
    gammaDistributionSamples.ipsur: no visible binding for global variable
     ‘checkBoxFrame’
    gammaDistributionSamples.ipsur: no visible binding for global variable
     ‘discardcheckBoxFrame’
    gammaDistributionSamples.ipsur: no visible binding for global variable
     ‘buttonsFrame’
    gammaProbabilities.ipsur: no visible binding for global variable ‘top’
    gammaProbabilities.ipsur: no visible binding for global variable
     ‘buttonsFrame’
    gammaQuantiles.ipsur: no visible binding for global variable ‘top’
    gammaQuantiles.ipsur: no visible binding for global variable
     ‘buttonsFrame’
    gammaSimulate.ipsur: no visible binding for global variable ‘top’
    gammaSimulate.ipsur : onOK: no visible binding for global variable
     ‘top’
    gammaSimulate.ipsur : onOK: no visible binding for global variable
     ‘buttonsFrame’
    gammaSimulate.ipsur : onOK: no visible binding for global variable
     ‘samplesn’
    gammaSimulate.ipsur: no visible binding for global variable
     ‘buttonsFrame’
    geomDistributionPlot.ipsur: no visible binding for global variable
     ‘top’
    geomDistributionPlot.ipsur : onOK: no visible binding for global
     variable ‘.x’
    geomDistributionPlot.ipsur : onOK: no visible binding for global
     variable ‘xmin’
    geomDistributionPlot.ipsur : onOK: no visible binding for global
     variable ‘xmax’
    geomDistributionPlot.ipsur: no visible binding for global variable
     ‘buttonsFrame’
    geomDistributionSamples.ipsur: no visible binding for global variable
     ‘top’
    geomDistributionSamples.ipsur : onOK: no visible binding for global
     variable ‘meanVariable’
    geomDistributionSamples.ipsur : onOK: no visible binding for global
     variable ‘sumVariable’
    geomDistributionSamples.ipsur : onOK: no visible binding for global
     variable ‘sdVariable’
    geomDistributionSamples.ipsur : onOK: no visible binding for global
     variable ‘discardVariable’
    geomDistributionSamples.ipsur: no visible binding for global variable
     ‘checkBoxFrame’
    geomDistributionSamples.ipsur: no visible binding for global variable
     ‘discardcheckBoxFrame’
    geomDistributionSamples.ipsur: no visible binding for global variable
     ‘buttonsFrame’
    geomMass.ipsur: no visible binding for global variable ‘top’
    geomMass.ipsur : onOK: no visible binding for global variable ‘.Table’
    geomMass.ipsur : onOK: no visible binding for global variable ‘xmin’
    geomMass.ipsur : onOK: no visible binding for global variable ‘xmax’
    geomMass.ipsur: no visible binding for global variable ‘buttonsFrame’
    geomProbabilities.ipsur: no visible binding for global variable ‘top’
    geomProbabilities.ipsur: no visible binding for global variable
     ‘buttonsFrame’
    geomQuantiles.ipsur: no visible binding for global variable ‘top’
    geomQuantiles.ipsur: no visible binding for global variable
     ‘buttonsFrame’
    geomSimulate.ipsur: no visible binding for global variable ‘top’
    geomSimulate.ipsur : onOK: no visible binding for global variable ‘top’
    geomSimulate.ipsur : onOK: no visible binding for global variable
     ‘buttonsFrame’
    geomSimulate.ipsur : onOK: no visible binding for global variable
     ‘samplesn’
    geomSimulate.ipsur: no visible binding for global variable
     ‘buttonsFrame’
    hyperDistributionPlot.ipsur: no visible binding for global variable
     ‘top’
    hyperDistributionPlot.ipsur : onOK: no visible binding for global
     variable ‘.x’
    hyperDistributionPlot.ipsur : onOK: no visible binding for global
     variable ‘xmin’
    hyperDistributionPlot.ipsur : onOK: no visible binding for global
     variable ‘xmax’
    hyperDistributionPlot.ipsur: no visible binding for global variable
     ‘buttonsFrame’
    hyperDistributionSamples.ipsur: no visible binding for global variable
     ‘top’
    hyperDistributionSamples.ipsur : onOK: no visible binding for global
     variable ‘meanVariable’
    hyperDistributionSamples.ipsur : onOK: no visible binding for global
     variable ‘sumVariable’
    hyperDistributionSamples.ipsur : onOK: no visible binding for global
     variable ‘sdVariable’
    hyperDistributionSamples.ipsur : onOK: no visible binding for global
     variable ‘discardVariable’
    hyperDistributionSamples.ipsur: no visible binding for global variable
     ‘checkBoxFrame’
    hyperDistributionSamples.ipsur: no visible binding for global variable
     ‘discardcheckBoxFrame’
    hyperDistributionSamples.ipsur: no visible binding for global variable
     ‘buttonsFrame’
    hyperMass.ipsur: no visible binding for global variable ‘top’
    hyperMass.ipsur : onOK: no visible binding for global variable ‘.Table’
    hyperMass.ipsur : onOK: no visible binding for global variable ‘xmin’
    hyperMass.ipsur : onOK: no visible binding for global variable ‘xmax’
    hyperMass.ipsur: no visible binding for global variable ‘buttonsFrame’
    hyperProbabilities.ipsur: no visible binding for global variable ‘top’
    hyperProbabilities.ipsur: no visible binding for global variable
     ‘buttonsFrame’
    hyperQuantiles.ipsur: no visible binding for global variable ‘top’
    hyperQuantiles.ipsur: no visible binding for global variable
     ‘buttonsFrame’
    hyperSimulate.ipsur: no visible binding for global variable ‘top’
    hyperSimulate.ipsur : onOK: no visible binding for global variable
     ‘top’
    hyperSimulate.ipsur : onOK: no visible binding for global variable
     ‘buttonsFrame’
    hyperSimulate.ipsur : onOK: no visible binding for global variable
     ‘samplesn’
    hyperSimulate.ipsur: no visible binding for global variable
     ‘buttonsFrame’
    lnormalSimulate.ipsur: no visible binding for global variable ‘top’
    lnormalSimulate.ipsur : onOK: no visible binding for global variable
     ‘top’
    lnormalSimulate.ipsur : onOK: no visible binding for global variable
     ‘buttonsFrame’
    lnormalSimulate.ipsur : onOK: no visible binding for global variable
     ‘samplesn’
    lnormalSimulate.ipsur: no visible binding for global variable
     ‘buttonsFrame’
    logisSimulate.ipsur: no visible binding for global variable ‘top’
    logisSimulate.ipsur : onOK: no visible binding for global variable
     ‘top’
    logisSimulate.ipsur : onOK: no visible binding for global variable
     ‘buttonsFrame’
    logisSimulate.ipsur : onOK: no visible binding for global variable
     ‘samplesn’
    logisSimulate.ipsur: no visible binding for global variable
     ‘buttonsFrame’
    logisticDistributionPlot.ipsur: no visible binding for global variable
     ‘top’
    logisticDistributionPlot.ipsur : onOK: no visible binding for global
     variable ‘.x’
    logisticDistributionPlot.ipsur : onOK: no visible binding for global
     variable ‘xmin’
    logisticDistributionPlot.ipsur : onOK: no visible binding for global
     variable ‘xmax’
    logisticDistributionPlot.ipsur: no visible binding for global variable
     ‘buttonsFrame’
    logisticDistributionSamples.ipsur: no visible binding for global
     variable ‘top’
    logisticDistributionSamples.ipsur : onOK: no visible binding for global
     variable ‘meanVariable’
    logisticDistributionSamples.ipsur : onOK: no visible binding for global
     variable ‘sumVariable’
    logisticDistributionSamples.ipsur : onOK: no visible binding for global
     variable ‘sdVariable’
    logisticDistributionSamples.ipsur : onOK: no visible binding for global
     variable ‘discardVariable’
    logisticDistributionSamples.ipsur: no visible binding for global
     variable ‘checkBoxFrame’
    logisticDistributionSamples.ipsur: no visible binding for global
     variable ‘discardcheckBoxFrame’
    logisticDistributionSamples.ipsur: no visible binding for global
     variable ‘buttonsFrame’
    logisticProbabilities.ipsur: no visible binding for global variable
     ‘top’
    logisticProbabilities.ipsur: no visible binding for global variable
     ‘buttonsFrame’
    logisticQuantiles.ipsur: no visible binding for global variable ‘top’
    logisticQuantiles.ipsur: no visible binding for global variable
     ‘buttonsFrame’
    lognormalDistributionPlot.ipsur: no visible binding for global variable
     ‘top’
    lognormalDistributionPlot.ipsur : onOK: no visible binding for global
     variable ‘.x’
    lognormalDistributionPlot.ipsur : onOK: no visible binding for global
     variable ‘xmin’
    lognormalDistributionPlot.ipsur : onOK: no visible binding for global
     variable ‘xmax’
    lognormalDistributionPlot.ipsur: no visible binding for global variable
     ‘buttonsFrame’
    lognormalDistributionSamples.ipsur: no visible binding for global
     variable ‘top’
    lognormalDistributionSamples.ipsur : onOK: no visible binding for
     global variable ‘meanVariable’
    lognormalDistributionSamples.ipsur : onOK: no visible binding for
     global variable ‘sumVariable’
    lognormalDistributionSamples.ipsur : onOK: no visible binding for
     global variable ‘sdVariable’
    lognormalDistributionSamples.ipsur : onOK: no visible binding for
     global variable ‘discardVariable’
    lognormalDistributionSamples.ipsur: no visible binding for global
     variable ‘checkBoxFrame’
    lognormalDistributionSamples.ipsur: no visible binding for global
     variable ‘discardcheckBoxFrame’
    lognormalDistributionSamples.ipsur: no visible binding for global
     variable ‘buttonsFrame’
    lognormalProbabilities.ipsur: no visible binding for global variable
     ‘top’
    lognormalProbabilities.ipsur: no visible binding for global variable
     ‘buttonsFrame’
    lognormalQuantiles.ipsur: no visible binding for global variable ‘top’
    lognormalQuantiles.ipsur: no visible binding for global variable
     ‘buttonsFrame’
    multiSampleProportionsTest: no visible binding for global variable
     ‘top’
    multiSampleProportionsTest : onOK: no visible binding for global
     variable ‘.Table’
    multiSampleProportionsTest: no visible binding for global variable
     ‘buttonsFrame’
    nbinomSimulate.ipsur: no visible binding for global variable ‘top’
    nbinomSimulate.ipsur : onOK: no visible binding for global variable
     ‘top’
    nbinomSimulate.ipsur : onOK: no visible binding for global variable
     ‘buttonsFrame’
    nbinomSimulate.ipsur : onOK: no visible binding for global variable
     ‘samplesn’
    nbinomSimulate.ipsur: no visible binding for global variable
     ‘buttonsFrame’
    negbinomialDistributionPlot.ipsur: no visible binding for global
     variable ‘top’
    negbinomialDistributionPlot.ipsur : onOK: no visible binding for global
     variable ‘.x’
    negbinomialDistributionPlot.ipsur : onOK: no visible binding for global
     variable ‘xmin’
    negbinomialDistributionPlot.ipsur : onOK: no visible binding for global
     variable ‘xmax’
    negbinomialDistributionPlot.ipsur: no visible binding for global
     variable ‘buttonsFrame’
    negbinomialDistributionSamples.ipsur: no visible binding for global
     variable ‘top’
    negbinomialDistributionSamples.ipsur : onOK: no visible binding for
     global variable ‘meanVariable’
    negbinomialDistributionSamples.ipsur : onOK: no visible binding for
     global variable ‘sumVariable’
    negbinomialDistributionSamples.ipsur : onOK: no visible binding for
     global variable ‘sdVariable’
    negbinomialDistributionSamples.ipsur : onOK: no visible binding for
     global variable ‘discardVariable’
    negbinomialDistributionSamples.ipsur: no visible binding for global
     variable ‘checkBoxFrame’
    negbinomialDistributionSamples.ipsur: no visible binding for global
     variable ‘discardcheckBoxFrame’
    negbinomialDistributionSamples.ipsur: no visible binding for global
     variable ‘buttonsFrame’
    negbinomialMass.ipsur: no visible binding for global variable ‘top’
    negbinomialMass.ipsur : onOK: no visible binding for global variable
     ‘.Table’
    negbinomialMass.ipsur : onOK: no visible binding for global variable
     ‘xmin’
    negbinomialMass.ipsur : onOK: no visible binding for global variable
     ‘xmax’
    negbinomialMass.ipsur: no visible binding for global variable
     ‘buttonsFrame’
    negbinomialProbabilities.ipsur: no visible binding for global variable
     ‘top’
    negbinomialProbabilities.ipsur: no visible binding for global variable
     ‘buttonsFrame’
    negbinomialQuantiles.ipsur: no visible binding for global variable
     ‘top’
    negbinomialQuantiles.ipsur: no visible binding for global variable
     ‘buttonsFrame’
    normalDistributionPlot.ipsur: no visible binding for global variable
     ‘top’
    normalDistributionPlot.ipsur : onOK: no visible binding for global
     variable ‘.x’
    normalDistributionPlot.ipsur : onOK: no visible binding for global
     variable ‘xmin’
    normalDistributionPlot.ipsur : onOK: no visible binding for global
     variable ‘xmax’
    normalDistributionPlot.ipsur: no visible binding for global variable
     ‘buttonsFrame’
    normalDistributionSamples.ipsur: no visible binding for global variable
     ‘top’
    normalDistributionSamples.ipsur : onOK: no visible binding for global
     variable ‘meanVariable’
    normalDistributionSamples.ipsur : onOK: no visible binding for global
     variable ‘sumVariable’
    normalDistributionSamples.ipsur : onOK: no visible binding for global
     variable ‘sdVariable’
    normalDistributionSamples.ipsur : onOK: no visible binding for global
     variable ‘discardVariable’
    normalDistributionSamples.ipsur: no visible binding for global variable
     ‘checkBoxFrame’
    normalDistributionSamples.ipsur: no visible binding for global variable
     ‘discardcheckBoxFrame’
    normalDistributionSamples.ipsur: no visible binding for global variable
     ‘buttonsFrame’
    normalProbabilities.ipsur: no visible binding for global variable ‘top’
    normalProbabilities.ipsur: no visible binding for global variable
     ‘buttonsFrame’
    normalQuantiles.ipsur: no visible binding for global variable ‘top’
    normalQuantiles.ipsur: no visible binding for global variable
     ‘buttonsFrame’
    normalSimulate.ipsur: no visible binding for global variable ‘top’
    normalSimulate.ipsur : onOK: no visible binding for global variable
     ‘top’
    normalSimulate.ipsur : onOK: no visible binding for global variable
     ‘buttonsFrame’
    normalSimulate.ipsur : onOK: no visible binding for global variable
     ‘samplesn’
    normalSimulate.ipsur: no visible binding for global variable
     ‘buttonsFrame’
    numericalSummaries.ipsur: no visible binding for global variable ‘top’
    numericalSummaries.ipsur : onOK: no visible binding for global variable
     ‘meanVariable’
    numericalSummaries.ipsur : onOK: no visible binding for global variable
     ‘sdVariable’
    numericalSummaries.ipsur : onOK: no visible binding for global variable
     ‘skewnessVariable’
    numericalSummaries.ipsur : onOK: no visible binding for global variable
     ‘kurtosisVariable’
    numericalSummaries.ipsur : onOK: no visible binding for global variable
     ‘.groups’
    numericalSummaries.ipsur: no visible binding for global variable
     ‘checkBoxFrame’
    numericalSummaries.ipsur: no visible binding for global variable
     ‘groupsFrame’
    numericalSummaries.ipsur: no visible binding for global variable
     ‘buttonsFrame’
    paretoChart: no visible binding for global variable ‘top’
    paretoChart : onOK: no visible binding for global variable
     ‘coloOptionVariable’
    paretoChart: no visible binding for global variable ‘buttonsFrame’
    pbirthday.ipsur: multiple local function definitions for ‘f’ with
     different formal arguments
    poisSimulate.ipsur: no visible binding for global variable ‘top’
    poisSimulate.ipsur : onOK: no visible binding for global variable ‘top’
    poisSimulate.ipsur : onOK: no visible binding for global variable
     ‘buttonsFrame’
    poisSimulate.ipsur : onOK: no visible binding for global variable
     ‘samplesn’
    poisSimulate.ipsur: no visible binding for global variable
     ‘buttonsFrame’
    poissonProbabilities.ipsur: no visible binding for global variable
     ‘top’
    poissonProbabilities.ipsur: no visible binding for global variable
     ‘buttonsFrame’
    poissonQuantiles.ipsur: no visible binding for global variable ‘top’
    poissonQuantiles.ipsur: no visible binding for global variable
     ‘buttonsFrame’
    powerAnovatest: no visible binding for global variable ‘top’
    powerProptest: no visible binding for global variable ‘top’
    powerProptest : onOK: no visible binding for global variable
     ‘alternativeVariable’
    powerProptest: no visible binding for global variable ‘buttonsFrame’
    powerProptest: no visible binding for global variable
     ‘alternativeFrame’
    powerTtest: no visible binding for global variable ‘top’
    powerTtest : onOK: no visible binding for global variable
     ‘typeVariable’
    powerTtest : onOK: no visible binding for global variable
     ‘alternativeVariable’
    powerTtest: no visible binding for global variable ‘typeFrame’
    powerTtest: no visible binding for global variable ‘buttonsFrame’
    powerTtest: no visible binding for global variable ‘alternativeFrame’
    stripChart: no visible binding for global variable ‘top’
    stripChart : onOK: no visible binding for global variable ‘top’
    stripChart: no visible binding for global variable ‘buttonsFrame’
    tDistributionPlot.ipsur: no visible binding for global variable ‘top’
    tDistributionPlot.ipsur : onOK: no visible binding for global variable
     ‘.x’
    tDistributionPlot.ipsur : onOK: no visible binding for global variable
     ‘xmin’
    tDistributionPlot.ipsur : onOK: no visible binding for global variable
     ‘xmax’
    tDistributionPlot.ipsur: no visible binding for global variable
     ‘buttonsFrame’
    tDistributionSamples.ipsur: no visible binding for global variable
     ‘top’
    tDistributionSamples.ipsur : onOK: no visible binding for global
     variable ‘meanVariable’
    tDistributionSamples.ipsur : onOK: no visible binding for global
     variable ‘sumVariable’
    tDistributionSamples.ipsur : onOK: no visible binding for global
     variable ‘sdVariable’
    tDistributionSamples.ipsur : onOK: no visible binding for global
     variable ‘discardVariable’
    tDistributionSamples.ipsur: no visible binding for global variable
     ‘checkBoxFrame’
    tDistributionSamples.ipsur: no visible binding for global variable
     ‘discardcheckBoxFrame’
    tDistributionSamples.ipsur: no visible binding for global variable
     ‘buttonsFrame’
    tProbabilities.ipsur: no visible binding for global variable ‘top’
    tProbabilities.ipsur: no visible binding for global variable
     ‘buttonsFrame’
    tQuantiles.ipsur: no visible binding for global variable ‘top’
    tQuantiles.ipsur: no visible binding for global variable ‘buttonsFrame’
    tSimulate.ipsur: no visible binding for global variable ‘top’
    tSimulate.ipsur : onOK: no visible binding for global variable ‘top’
    tSimulate.ipsur : onOK: no visible binding for global variable
     ‘buttonsFrame’
    tSimulate.ipsur : onOK: no visible binding for global variable
     ‘samplesn’
    tSimulate.ipsur: no visible binding for global variable ‘buttonsFrame’
    twoWayTable.ipsur: no visible binding for global variable ‘top’
    twoWayTable.ipsur : onOK: no visible binding for global variable
     ‘percentsVariable’
    twoWayTable.ipsur : onOK: no visible binding for global variable
     ‘chisqTestVariable’
    twoWayTable.ipsur : onOK: no visible binding for global variable
     ‘chisqComponentsVariable’
    twoWayTable.ipsur : onOK: no visible binding for global variable
     ‘expFreqVariable’
    twoWayTable.ipsur : onOK: no visible binding for global variable
     ‘fisherTestVariable’
    twoWayTable.ipsur : onOK: no visible binding for global variable
     ‘marginsVariable’
    twoWayTable.ipsur : onOK: no visible binding for global variable
     ‘subsetVariable’
    twoWayTable.ipsur : onOK: no visible binding for global variable
     ‘.Test’
    twoWayTable.ipsur : onOK: no visible binding for global variable
     ‘.Table’
    twoWayTable.ipsur: no visible binding for global variable
     ‘marginsFrame’
    twoWayTable.ipsur: no visible binding for global variable
     ‘percentsFrame’
    twoWayTable.ipsur: no visible binding for global variable ‘testsFrame’
    twoWayTable.ipsur: no visible binding for global variable ‘subsetFrame’
    twoWayTable.ipsur: no visible binding for global variable
     ‘buttonsFrame’
    unifDistributionPlot.ipsur: no visible binding for global variable
     ‘top’
    unifDistributionPlot.ipsur : onOK: no visible binding for global
     variable ‘.x’
    unifDistributionPlot.ipsur : onOK: no visible binding for global
     variable ‘xmin’
    unifDistributionPlot.ipsur : onOK: no visible binding for global
     variable ‘xmax’
    unifDistributionPlot.ipsur: no visible binding for global variable
     ‘buttonsFrame’
    unifSimulate.ipsur: no visible binding for global variable ‘top’
    unifSimulate.ipsur : onOK: no visible binding for global variable ‘top’
    unifSimulate.ipsur : onOK: no visible binding for global variable
     ‘buttonsFrame’
    unifSimulate.ipsur : onOK: no visible binding for global variable
     ‘samplesn’
    unifSimulate.ipsur: no visible binding for global variable
     ‘buttonsFrame’
    uniformDistributionSamples.ipsur: no visible binding for global
     variable ‘top’
    uniformDistributionSamples.ipsur : onOK: no visible binding for global
     variable ‘meanVariable’
    uniformDistributionSamples.ipsur : onOK: no visible binding for global
     variable ‘sumVariable’
    uniformDistributionSamples.ipsur : onOK: no visible binding for global
     variable ‘sdVariable’
    uniformDistributionSamples.ipsur : onOK: no visible binding for global
     variable ‘discardVariable’
    uniformDistributionSamples.ipsur: no visible binding for global
     variable ‘checkBoxFrame’
    uniformDistributionSamples.ipsur: no visible binding for global
     variable ‘discardcheckBoxFrame’
    uniformDistributionSamples.ipsur: no visible binding for global
     variable ‘buttonsFrame’
    uniformProbabilities.ipsur: no visible binding for global variable
     ‘top’
    uniformProbabilities.ipsur: no visible binding for global variable
     ‘buttonsFrame’
    uniformQuantiles.ipsur: no visible binding for global variable ‘top’
    uniformQuantiles.ipsur: no visible binding for global variable
     ‘buttonsFrame’
    weibullDistributionPlot.ipsur: no visible binding for global variable
     ‘top’
    weibullDistributionPlot.ipsur : onOK: no visible binding for global
     variable ‘.x’
    weibullDistributionPlot.ipsur : onOK: no visible binding for global
     variable ‘xmin’
    weibullDistributionPlot.ipsur : onOK: no visible binding for global
     variable ‘xmax’
    weibullDistributionPlot.ipsur: no visible binding for global variable
     ‘buttonsFrame’
    weibullProbabilities.ipsur: no visible binding for global variable
     ‘top’
    weibullProbabilities.ipsur: no visible binding for global variable
     ‘buttonsFrame’
    weibullQuantiles.ipsur: no visible binding for global variable ‘top’
    weibullQuantiles.ipsur: no visible binding for global variable
     ‘buttonsFrame’
    weibullSimulate.ipsur: no visible binding for global variable ‘top’
    weibullSimulate.ipsur : onOK: no visible binding for global variable
     ‘top’
    weibullSimulate.ipsur : onOK: no visible binding for global variable
     ‘buttonsFrame’
    weibullSimulate.ipsur : onOK: no visible binding for global variable
     ‘samplesn’
    weibullSimulate.ipsur: no visible binding for global variable
     ‘buttonsFrame’
    
    Found the following assignments to the global environment:
    File ‘RcmdrPlugin.IPSUR/R/enterTableProportionsTest.r’:
     assign(".Table", justDoIt(command), envir = .GlobalEnv)
     assign(".Table", justDoIt(command), envir = .GlobalEnv)
    File ‘RcmdrPlugin.IPSUR/R/graphs-menu.R’:
     assign(".Table", justDoIt(command), envir = .GlobalEnv)
    File ‘RcmdrPlugin.IPSUR/R/multiSamplePropTest.r’:
     assign(".Table", justDoIt(command), envir = .GlobalEnv)
    File ‘RcmdrPlugin.IPSUR/R/prob-cont-menu.R’:
     assign("xmin", justDoIt(command), envir = .GlobalEnv)
     assign("xmax", justDoIt(command), envir = .GlobalEnv)
     assign(".x", justDoIt(command), envir = .GlobalEnv)
     assign("xmin", justDoIt(command), envir = .GlobalEnv)
     assign("xmax", justDoIt(command), envir = .GlobalEnv)
     assign(".x", justDoIt(command), envir = .GlobalEnv)
     assign("xmin", justDoIt(command), envir = .GlobalEnv)
     assign("xmax", justDoIt(command), envir = .GlobalEnv)
     assign(".x", justDoIt(command), envir = .GlobalEnv)
     assign("xmin", justDoIt(command), envir = .GlobalEnv)
     assign("xmax", justDoIt(command), envir = .GlobalEnv)
     assign(".x", justDoIt(command), envir = .GlobalEnv)
     assign("xmin", justDoIt(command), envir = .GlobalEnv)
     assign("xmax", justDoIt(command), envir = .GlobalEnv)
     assign(".x", justDoIt(command), envir = .GlobalEnv)
     assign("xmin", justDoIt(command), envir = .GlobalEnv)
     assign("xmax", justDoIt(command), envir = .GlobalEnv)
     assign(".x", justDoIt(command), envir = .GlobalEnv)
     assign("xmin", justDoIt(command), envir = .GlobalEnv)
     assign("xmax", justDoIt(command), envir = .GlobalEnv)
     assign(".x", justDoIt(command), envir = .GlobalEnv)
     assign("xmin", justDoIt(command), envir = .GlobalEnv)
     assign("xmax", justDoIt(command), envir = .GlobalEnv)
     assign(".x", justDoIt(command), envir = .GlobalEnv)
     assign("xmin", justDoIt(command), envir = .GlobalEnv)
     assign("xmax", justDoIt(command), envir = .GlobalEnv)
     assign(".x", justDoIt(command), envir = .GlobalEnv)
     assign("xmin", justDoIt(command), envir = .GlobalEnv)
     assign("xmax", justDoIt(command), envir = .GlobalEnv)
     assign(".x", justDoIt(command), envir = .GlobalEnv)
     assign("xmin", justDoIt(command), envir = .GlobalEnv)
     assign("xmax", justDoIt(command), envir = .GlobalEnv)
     assign(".x", justDoIt(command), envir = .GlobalEnv)
     assign("xmin", justDoIt(command), envir = .GlobalEnv)
     assign("xmax", justDoIt(command), envir = .GlobalEnv)
     assign(".x", justDoIt(command), envir = .GlobalEnv)
     assign("xmin", justDoIt(command), envir = .GlobalEnv)
     assign("xmax", justDoIt(command), envir = .GlobalEnv)
     assign(".x", justDoIt(command), envir = .GlobalEnv)
     assign("xmin", justDoIt(command), envir = .GlobalEnv)
     assign("xmax", justDoIt(command), envir = .GlobalEnv)
     assign(".x", justDoIt(command), envir = .GlobalEnv)
     assign("xmin", justDoIt(command), envir = .GlobalEnv)
     assign("xmax", justDoIt(command), envir = .GlobalEnv)
     assign(".x", justDoIt(command), envir = .GlobalEnv)
     assign("xmin", justDoIt(command), envir = .GlobalEnv)
     assign("xmax", justDoIt(command), envir = .GlobalEnv)
     assign(".x", justDoIt(command), envir = .GlobalEnv)
     assign("xmin", justDoIt(command), envir = .GlobalEnv)
     assign("xmax", justDoIt(command), envir = .GlobalEnv)
     assign(".x", justDoIt(command), envir = .GlobalEnv)
     assign("xmin", justDoIt(command), envir = .GlobalEnv)
     assign("xmax", justDoIt(command), envir = .GlobalEnv)
     assign(".x", justDoIt(command), envir = .GlobalEnv)
     assign("xmin", justDoIt(command), envir = .GlobalEnv)
     assign("xmax", justDoIt(command), envir = .GlobalEnv)
     assign(".x", justDoIt(command), envir = .GlobalEnv)
     assign("xmin", justDoIt(command), envir = .GlobalEnv)
     assign("xmax", justDoIt(command), envir = .GlobalEnv)
     assign(".x", justDoIt(command), envir = .GlobalEnv)
     assign("xmin", justDoIt(command), envir = .GlobalEnv)
     assign("xmax", justDoIt(command), envir = .GlobalEnv)
     assign(".x", justDoIt(command), envir = .GlobalEnv)
     assign("xmin", justDoIt(command), envir = .GlobalEnv)
     assign("xmax", justDoIt(command), envir = .GlobalEnv)
     assign(".x", justDoIt(command), envir = .GlobalEnv)
     assign("xmin", justDoIt(command), envir = .GlobalEnv)
     assign("xmax", justDoIt(command), envir = .GlobalEnv)
     assign(".x", justDoIt(command), envir = .GlobalEnv)
     assign("xmin", justDoIt(command), envir = .GlobalEnv)
     assign("xmax", justDoIt(command), envir = .GlobalEnv)
     assign(".x", justDoIt(command), envir = .GlobalEnv)
     assign("xmin", justDoIt(command), envir = .GlobalEnv)
     assign("xmax", justDoIt(command), envir = .GlobalEnv)
     assign(".x", justDoIt(command), envir = .GlobalEnv)
     assign("xmin", justDoIt(command), envir = .GlobalEnv)
     assign("xmax", justDoIt(command), envir = .GlobalEnv)
     assign(".x", justDoIt(command), envir = .GlobalEnv)
     assign("xmin", justDoIt(command), envir = .GlobalEnv)
     assign("xmax", justDoIt(command), envir = .GlobalEnv)
     assign(".x", justDoIt(command), envir = .GlobalEnv)
     assign("xmin", justDoIt(command), envir = .GlobalEnv)
     assign("xmax", justDoIt(command), envir = .GlobalEnv)
     assign(".x", justDoIt(command), envir = .GlobalEnv)
     assign("xmin", justDoIt(command), envir = .GlobalEnv)
     assign("xmax", justDoIt(command), envir = .GlobalEnv)
     assign(".x", justDoIt(command), envir = .GlobalEnv)
     assign("xmin", justDoIt(command), envir = .GlobalEnv)
     assign("xmax", justDoIt(command), envir = .GlobalEnv)
     assign(".x", justDoIt(command), envir = .GlobalEnv)
     assign("xmin", justDoIt(command), envir = .GlobalEnv)
     assign("xmax", justDoIt(command), envir = .GlobalEnv)
     assign(".x", justDoIt(command), envir = .GlobalEnv)
     assign("xmin", justDoIt(command), envir = .GlobalEnv)
     assign("xmax", justDoIt(command), envir = .GlobalEnv)
     assign(".x", justDoIt(command), envir = .GlobalEnv)
     assign("xmin", justDoIt(command), envir = .GlobalEnv)
     assign("xmax", justDoIt(command), envir = .GlobalEnv)
     assign(".x", justDoIt(command), envir = .GlobalEnv)
     assign("xmin", justDoIt(command), envir = .GlobalEnv)
     assign("xmax", justDoIt(command), envir = .GlobalEnv)
     assign(".x", justDoIt(command), envir = .GlobalEnv)
     assign("xmin", justDoIt(command), envir = .GlobalEnv)
     assign("xmax", justDoIt(command), envir = .GlobalEnv)
     assign(".x", justDoIt(command), envir = .GlobalEnv)
     assign("xmin", justDoIt(command), envir = .GlobalEnv)
     assign("xmax", justDoIt(command), envir = .GlobalEnv)
     assign(".x", justDoIt(command), envir = .GlobalEnv)
    File ‘RcmdrPlugin.IPSUR/R/prob-disc-menu.R’:
     assign("xmin", justDoIt(command), envir = .GlobalEnv)
     assign("xmax", justDoIt(command), envir = .GlobalEnv)
     assign(".x", justDoIt(command), envir = .GlobalEnv)
     assign("xmin", justDoIt(command), envir = .GlobalEnv)
     assign("xmax", justDoIt(command), envir = .GlobalEnv)
     assign(".x", justDoIt(command), envir = .GlobalEnv)
     assign(".Table", justDoIt(command), envir = .GlobalEnv)
     assign("xmin", justDoIt(command), envir = .GlobalEnv)
     assign("xmax", justDoIt(command), envir = .GlobalEnv)
     assign(".x", justDoIt(command), envir = .GlobalEnv)
     assign("xmin", justDoIt(command), envir = .GlobalEnv)
     assign("xmax", justDoIt(command), envir = .GlobalEnv)
     assign(".Table", justDoIt(command), envir = .GlobalEnv)
     assign("xmin", justDoIt(command), envir = .GlobalEnv)
     assign("xmax", justDoIt(command), envir = .GlobalEnv)
     assign(".x", justDoIt(command), envir = .GlobalEnv)
     assign("xmin", justDoIt(command), envir = .GlobalEnv)
     assign("xmax", justDoIt(command), envir = .GlobalEnv)
     assign(".Table", justDoIt(command), envir = .GlobalEnv)
     assign("xmin", justDoIt(command), envir = .GlobalEnv)
     assign("xmax", justDoIt(command), envir = .GlobalEnv)
     assign(".x", justDoIt(command), envir = .GlobalEnv)
     assign("xmin", justDoIt(command), envir = .GlobalEnv)
     assign("xmax", justDoIt(command), envir = .GlobalEnv)
     assign(".Table", justDoIt(command), envir = .GlobalEnv)
     assign("xmin", justDoIt(command), envir = .GlobalEnv)
     assign("xmax", justDoIt(command), envir = .GlobalEnv)
     assign(".x", justDoIt(command), envir = .GlobalEnv)
     assign("xmin", justDoIt(command), envir = .GlobalEnv)
     assign("xmax", justDoIt(command), envir = .GlobalEnv)
     assign(".Table", justDoIt(command), envir = .GlobalEnv)
    File ‘RcmdrPlugin.IPSUR/R/prob-sample-menu.R’:
     assign("support", justDoIt(command), envir = .GlobalEnv)
    File ‘RcmdrPlugin.IPSUR/R/prob-sim-menu.R’:
     assign("support", justDoIt(command), envir = .GlobalEnv)
    File ‘RcmdrPlugin.IPSUR/R/statistics-summaries-menu.R’:
     assign(".Table", justDoIt(command), envir = .GlobalEnv)
     assign(".Probs", justDoIt(command), envir = .GlobalEnv)
    File ‘RcmdrPlugin.IPSUR/R/statistics-tables-menu.R’:
     assign(".Table", justDoIt(command), envir = .GlobalEnv)
     assign(".Test", justDoIt(command), envir = .GlobalEnv)
     assign(".Table", justDoIt(command), envir = .GlobalEnv)
     assign(".Test", justDoIt(command), envir = .GlobalEnv)
Flavor: r-release-linux-ix86

Version: 0.2-0
Check: package dependencies
Result: NOTE
    Package suggested but not available for checking: ‘RODBC’
Flavor: r-release-osx-x86_64-mavericks