CRAN Package Check Results for Package RcmdrPlugin.IPSUR

Last updated on 2014-10-24 16:46:52.

Flavor Version Tinstall Tcheck Ttotal Status Flags
r-devel-linux-x86_64-debian-clang 0.2-1 2.94 52.67 55.62 OK
r-devel-linux-x86_64-debian-gcc 0.2-1 2.80 54.22 57.02 OK
r-devel-linux-x86_64-fedora-clang 0.2-1 93.05 OK
r-devel-linux-x86_64-fedora-gcc 0.2-1 89.08 OK
r-devel-osx-x86_64-clang 0.2-1 95.34 OK
r-devel-windows-ix86+x86_64 0.2-1 33.00 83.00 116.00 OK
r-patched-linux-x86_64 0.2-1 2.76 54.20 56.95 OK
r-patched-solaris-sparc 0.2-1 607.40 OK
r-patched-solaris-x86 0.2-1 146.00 OK
r-release-linux-ix86 0.2-1 0.48 1.74 2.22 ERROR
r-release-linux-x86_64 0.2-1 2.65 58.62 61.26 OK
r-release-osx-x86_64-mavericks 0.2-1 NOTE
r-release-osx-x86_64-snowleopard 0.2-1 OK
r-release-windows-ix86+x86_64 0.2-1 32.00 102.00 134.00 OK
r-oldrel-windows-ix86+x86_64 0.2-1 34.00 105.00 139.00 OK

Check Details

Version: 0.2-1
Check: package dependencies
Result: ERROR
    Package required but not available: ‘Rcmdr’
    
    See the information on DESCRIPTION files in the chapter ‘Creating R
    packages’ of the ‘Writing R Extensions’ manual.
Flavor: r-release-linux-ix86

Version: 0.2-1
Check: package dependencies
Result: NOTE
    Package suggested but not available for checking: ‘RODBC’
Flavor: r-release-osx-x86_64-mavericks