CRAN Package Check Results for Package RcmdrPlugin.IPSUR

Last updated on 2015-04-21 06:47:36.

Flavor Version Tinstall Tcheck Ttotal Status Flags
r-devel-linux-x86_64-debian-clang 0.2-1 5.10 64.86 69.96 NOTE
r-devel-linux-x86_64-debian-gcc 0.2-1 4.77 64.38 69.15 NOTE
r-devel-linux-x86_64-fedora-clang 0.2-1 141.17 NOTE
r-devel-linux-x86_64-fedora-gcc 0.2-1 142.58 NOTE
r-devel-osx-x86_64-clang 0.2-1 136.31 NOTE
r-devel-windows-ix86+x86_64 0.2-1 42.00 130.00 172.00 NOTE
r-patched-linux-x86_64 0.2-1 4.82 63.31 68.13 NOTE
r-patched-solaris-sparc 0.2-1 903.20 NOTE
r-patched-solaris-x86 0.2-1 200.20 NOTE
r-release-linux-x86_64 0.2-1 4.95 63.46 68.41 NOTE
r-release-osx-x86_64-mavericks 0.2-1 NOTE
r-release-osx-x86_64-snowleopard 0.2-1 ERROR
r-release-windows-ix86+x86_64 0.2-1 24.00 80.00 104.00 NOTE
r-oldrel-windows-ix86+x86_64 0.2-1 59.00 159.00 218.00 NOTE

Check Details

Version: 0.2-1
Check: dependencies in R code
Result: NOTE
    'library' or 'require' calls in package code:
     ‘abind’ ‘e1071’ ‘qcc’
     Please use :: or requireNamespace() instead.
     See section 'Suggested packages' in the 'Writing R Extensions' manual.
Flavors: r-devel-linux-x86_64-debian-clang, r-devel-linux-x86_64-debian-gcc, r-devel-linux-x86_64-fedora-clang, r-devel-linux-x86_64-fedora-gcc, r-devel-osx-x86_64-clang, r-devel-windows-ix86+x86_64, r-patched-linux-x86_64, r-patched-solaris-sparc, r-patched-solaris-x86, r-release-linux-x86_64, r-release-osx-x86_64-mavericks, r-release-windows-ix86+x86_64, r-oldrel-windows-ix86+x86_64

Version: 0.2-1
Check: S3 generic/method consistency
Result: NOTE
    Found the following apparent S3 methods exported but not registered:
     print.numSummaryIPSUR
    See section ‘Registering S3 methods’ in the ‘Writing R Extensions’
    manual.
Flavors: r-devel-linux-x86_64-debian-clang, r-devel-linux-x86_64-debian-gcc, r-devel-linux-x86_64-fedora-clang, r-devel-linux-x86_64-fedora-gcc, r-devel-osx-x86_64-clang, r-patched-linux-x86_64, r-release-linux-x86_64

Version: 0.2-1
Check: package dependencies
Result: NOTE
    Packages suggested but not available for checking: ‘multcomp’ ‘RODBC’
Flavor: r-release-osx-x86_64-mavericks

Version: 0.2-1
Check: package dependencies
Result: ERROR
    Package required but not available: ‘Rcmdr’
    
    Packages suggested but not available for checking:
     ‘car’ ‘lmtest’ ‘multcomp’
    
    See section ‘The DESCRIPTION file’ in the ‘Writing R Extensions’
    manual.
Flavor: r-release-osx-x86_64-snowleopard