CRAN Package Check Results for Package RcmdrPlugin.IPSUR

Last updated on 2015-02-01 20:48:43.

Flavor Version Tinstall Tcheck Ttotal Status Flags
r-devel-linux-x86_64-debian-clang 0.2-1 1.77 34.75 36.52 NOTE
r-devel-linux-x86_64-debian-gcc 0.2-1 1.63 35.58 37.21 NOTE
r-devel-linux-x86_64-fedora-clang 0.2-1 68.50 NOTE
r-devel-linux-x86_64-fedora-gcc 0.2-1 63.71 NOTE
r-devel-osx-x86_64-clang 0.2-1 78.97 NOTE
r-devel-windows-ix86+x86_64 0.2-1 29.00 60.00 89.00 NOTE
r-patched-linux-x86_64 0.2-1 2.49 53.07 55.56 OK
r-patched-solaris-sparc 0.2-1 602.70 OK
r-patched-solaris-x86 0.2-1 138.20 OK
r-release-linux-ix86 0.2-1 3.14 61.32 64.45 OK
r-release-linux-x86_64 0.2-1 2.38 37.74 40.12 OK
r-release-osx-x86_64-mavericks 0.2-1 NOTE
r-release-osx-x86_64-snowleopard 0.2-1 OK
r-release-windows-ix86+x86_64 0.2-1 35.00 93.00 128.00 OK
r-oldrel-windows-ix86+x86_64 0.2-1 25.00 99.00 124.00 OK

Check Details

Version: 0.2-1
Check: dependencies in R code
Result: NOTE
    'library' or 'require' calls in package code:
     ‘abind’ ‘e1071’ ‘qcc’
     Please use :: or requireNamespace() instead.
     See section 'Suggested packages' in the 'Writing R Extensions' manual.
Flavors: r-devel-linux-x86_64-debian-clang, r-devel-linux-x86_64-debian-gcc, r-devel-linux-x86_64-fedora-clang, r-devel-linux-x86_64-fedora-gcc, r-devel-osx-x86_64-clang, r-devel-windows-ix86+x86_64

Version: 0.2-1
Check: S3 generic/method consistency
Result: NOTE
    Found the following apparent S3 methods exported but not registered:
     print.numSummaryIPSUR
    See section ‘Registering S3 methods’ in the ‘Writing R Extensions’
    manual.
Flavors: r-devel-linux-x86_64-debian-clang, r-devel-linux-x86_64-debian-gcc, r-devel-linux-x86_64-fedora-clang, r-devel-linux-x86_64-fedora-gcc, r-devel-osx-x86_64-clang

Version: 0.2-1
Check: package dependencies
Result: NOTE
    Package suggested but not available for checking: ‘RODBC’
Flavor: r-release-osx-x86_64-mavericks