CRAN Package Check Results for Package RcmdrPlugin.IPSUR

Last updated on 2014-12-18 21:47:17.

Flavor Version Tinstall Tcheck Ttotal Status Flags
r-devel-linux-x86_64-debian-clang 0.2-1 2.32 51.26 53.58 OK
r-devel-linux-x86_64-debian-gcc 0.2-1 2.45 50.65 53.10 OK
r-devel-linux-x86_64-fedora-clang 0.2-1 91.08 OK
r-devel-linux-x86_64-fedora-gcc 0.2-1 83.33 OK
r-devel-osx-x86_64-clang 0.2-1 91.42 OK
r-devel-windows-ix86+x86_64 0.2-1 31.00 77.00 108.00 OK
r-patched-linux-x86_64 0.2-1 2.40 49.88 52.27 OK
r-patched-solaris-sparc 0.2-1 607.40 OK
r-patched-solaris-x86 0.2-1 132.50 OK
r-release-linux-ix86 0.2-1 3.12 60.13 63.25 OK
r-release-linux-x86_64 0.2-1 2.45 50.62 53.08 OK
r-release-osx-x86_64-mavericks 0.2-1 NOTE
r-release-osx-x86_64-snowleopard 0.2-1 OK
r-release-windows-ix86+x86_64 0.2-1 41.00 96.00 137.00 OK
r-oldrel-windows-ix86+x86_64 0.2-1 34.00 105.00 139.00 OK

Check Details

Version: 0.2-1
Check: package dependencies
Result: NOTE
    Package suggested but not available for checking: ‘RODBC’
Flavor: r-release-osx-x86_64-mavericks