CRAN Package Check Results for Package RcmdrPlugin.IPSUR

Last updated on 2014-11-27 19:49:55.

Flavor Version Tinstall Tcheck Ttotal Status Flags
r-devel-linux-x86_64-debian-clang 0.2-1 2.50 50.45 52.95 OK
r-devel-linux-x86_64-debian-gcc 0.2-1 2.35 48.83 51.18 OK
r-devel-linux-x86_64-fedora-clang 0.2-1 89.98 OK
r-devel-linux-x86_64-fedora-gcc 0.2-1 87.04 OK
r-devel-osx-x86_64-clang 0.2-1 90.52 OK
r-devel-windows-ix86+x86_64 0.2-1 23.00 84.00 107.00 OK
r-patched-linux-x86_64 0.2-1 2.54 49.62 52.16 OK
r-patched-solaris-sparc 0.2-1 607.40 OK
r-patched-solaris-x86 0.2-1 134.90 OK
r-release-linux-ix86 0.2-1 3.11 59.78 62.89 OK
r-release-linux-x86_64 0.2-1 2.42 52.32 54.74 OK
r-release-osx-x86_64-mavericks 0.2-1 NOTE
r-release-osx-x86_64-snowleopard 0.2-1 OK
r-release-windows-ix86+x86_64 0.2-1 25.00 87.00 112.00 OK
r-oldrel-windows-ix86+x86_64 0.2-1 24.00 100.00 124.00 OK

Check Details

Version: 0.2-1
Check: package dependencies
Result: NOTE
    Package suggested but not available for checking: ‘RODBC’
Flavor: r-release-osx-x86_64-mavericks