CRAN Package Check Results for Package RcmdrPlugin.IPSUR

Last updated on 2022-01-21 17:48:39 CET.

Flavor Version Tinstall Tcheck Ttotal Status Flags
r-devel-linux-x86_64-debian-clang 0.2-1.1 30.53 168.30 198.83 NOTE
r-devel-linux-x86_64-debian-gcc 0.2-1.1 25.04 129.18 154.22 NOTE
r-devel-linux-x86_64-fedora-clang 0.2-1.1 255.32 NOTE
r-devel-linux-x86_64-fedora-gcc 0.2-1.1 238.35 NOTE
r-devel-windows-x86_64-new-UL 0.2-1.1 153.00 171.00 324.00 NOTE
r-devel-windows-x86_64-new-TK 0.2-1.1 NOTE
r-patched-linux-x86_64 0.2-1.1 30.94 167.63 198.57 NOTE
r-release-linux-x86_64 0.2-1.1 29.12 164.21 193.33 NOTE
r-release-macos-arm64 0.2-1.1 NOTE
r-release-macos-x86_64 0.2-1.1 NOTE
r-release-windows-ix86+x86_64 0.2-1.1 52.00 167.00 219.00 NOTE
r-oldrel-macos-x86_64 0.2-1.1 NOTE
r-oldrel-windows-ix86+x86_64 0.2-1.1 52.00 167.00 219.00 NOTE

Check Details

Version: 0.2-1.1
Check: dependencies in R code
Result: NOTE
    'library' or 'require' calls in package code:
     'abind' 'e1071' 'qcc'
     Please use :: or requireNamespace() instead.
     See section 'Suggested packages' in the 'Writing R Extensions' manual.
Flavors: r-devel-linux-x86_64-debian-clang, r-devel-linux-x86_64-debian-gcc, r-devel-linux-x86_64-fedora-clang, r-devel-linux-x86_64-fedora-gcc, r-devel-windows-x86_64-new-UL, r-devel-windows-x86_64-new-TK, r-patched-linux-x86_64, r-release-linux-x86_64, r-release-macos-arm64, r-release-macos-x86_64, r-release-windows-ix86+x86_64, r-oldrel-macos-x86_64, r-oldrel-windows-ix86+x86_64

Version: 0.2-1.1
Check: package dependencies
Result: NOTE
    Package suggested but not available for checking: ‘RODBC’
Flavor: r-release-macos-arm64