CRAN Package Check Results for Package RcmdrPlugin.IPSUR

Last updated on 2015-09-02 06:48:11.

Flavor Version Tinstall Tcheck Ttotal Status Flags
r-devel-linux-x86_64-debian-clang 0.2-1 5.02 67.84 72.86 NOTE
r-devel-linux-x86_64-debian-gcc 0.2-1 5.10 66.62 71.72 NOTE
r-devel-linux-x86_64-fedora-clang 0.2-1 143.50 NOTE
r-devel-linux-x86_64-fedora-gcc 0.2-1 137.00 NOTE
r-devel-osx-x86_64-clang 0.2-1 131.76 NOTE
r-devel-windows-ix86+x86_64 0.2-1 48.00 121.00 169.00 NOTE
r-patched-linux-x86_64 0.2-1 5.40 71.04 76.45 NOTE
r-patched-solaris-sparc 0.2-1 936.70 NOTE
r-patched-solaris-x86 0.2-1 218.10 NOTE
r-release-linux-x86_64 0.2-1 5.29 70.58 75.87 NOTE
r-release-osx-x86_64-mavericks 0.2-1 NOTE
r-release-windows-ix86+x86_64 0.2-1 52.00 122.00 174.00 NOTE
r-oldrel-windows-ix86+x86_64 0.2-1 78.00 235.00 313.00 NOTE

Check Details

Version: 0.2-1
Check: dependencies in R code
Result: NOTE
    'library' or 'require' calls in package code:
     ‘abind’ ‘e1071’ ‘qcc’
     Please use :: or requireNamespace() instead.
     See section 'Suggested packages' in the 'Writing R Extensions' manual.
Flavors: r-devel-linux-x86_64-debian-clang, r-devel-linux-x86_64-debian-gcc, r-devel-linux-x86_64-fedora-clang, r-devel-linux-x86_64-fedora-gcc, r-devel-osx-x86_64-clang, r-devel-windows-ix86+x86_64, r-patched-linux-x86_64, r-patched-solaris-sparc, r-patched-solaris-x86, r-release-linux-x86_64, r-release-osx-x86_64-mavericks, r-release-windows-ix86+x86_64, r-oldrel-windows-ix86+x86_64

Version: 0.2-1
Check: S3 generic/method consistency
Result: NOTE
    Found the following apparent S3 methods exported but not registered:
     print.numSummaryIPSUR
    See section ‘Registering S3 methods’ in the ‘Writing R Extensions’
    manual.
Flavors: r-devel-linux-x86_64-debian-clang, r-devel-linux-x86_64-debian-gcc, r-devel-linux-x86_64-fedora-clang, r-devel-linux-x86_64-fedora-gcc, r-devel-osx-x86_64-clang, r-patched-linux-x86_64, r-patched-solaris-sparc, r-patched-solaris-x86, r-release-linux-x86_64

Version: 0.2-1
Check: package dependencies
Result: NOTE
    Packages suggested but not available for checking: ‘multcomp’ ‘RODBC’
Flavor: r-release-osx-x86_64-mavericks