CRAN Package Check Results for Package RcmdrPlugin.IPSUR

Last updated on 2018-05-22 05:49:39 CEST.

Flavor Version Tinstall Tcheck Ttotal Status Flags
r-devel-linux-x86_64-debian-clang 0.2-1 16.70 112.62 129.32 NOTE
r-devel-linux-x86_64-debian-gcc 0.2-1 15.45 93.90 109.35 NOTE
r-devel-linux-x86_64-fedora-clang 0.2-1 172.38 NOTE
r-devel-linux-x86_64-fedora-gcc 0.2-1 169.08 NOTE
r-devel-windows-ix86+x86_64 0.2-1 49.00 130.00 179.00 NOTE
r-patched-linux-x86_64 0.2-1 17.50 109.04 126.54 NOTE
r-patched-solaris-x86 0.2-1 253.80 NOTE
r-release-linux-x86_64 0.2-1 16.80 107.49 124.29 NOTE
r-release-windows-ix86+x86_64 0.2-1 44.00 171.00 215.00 NOTE
r-release-osx-x86_64 0.2-1 NOTE
r-oldrel-windows-ix86+x86_64 0.2-1 51.00 119.00 170.00 NOTE
r-oldrel-osx-x86_64 0.2-1 NOTE

Check Details

Version: 0.2-1
Check: dependencies in R code
Result: NOTE
    'library' or 'require' calls in package code:
     ‘abind’ ‘e1071’ ‘qcc’
     Please use :: or requireNamespace() instead.
     See section 'Suggested packages' in the 'Writing R Extensions' manual.
Flavors: r-devel-linux-x86_64-debian-clang, r-devel-linux-x86_64-debian-gcc, r-devel-linux-x86_64-fedora-clang, r-devel-linux-x86_64-fedora-gcc, r-devel-windows-ix86+x86_64, r-patched-linux-x86_64, r-patched-solaris-x86, r-release-linux-x86_64, r-release-windows-ix86+x86_64, r-release-osx-x86_64, r-oldrel-windows-ix86+x86_64, r-oldrel-osx-x86_64

Version: 0.2-1
Check: S3 generic/method consistency
Result: NOTE
    Found the following apparent S3 methods exported but not registered:
     print.numSummaryIPSUR
    See section ‘Registering S3 methods’ in the ‘Writing R Extensions’
    manual.
Flavors: r-devel-linux-x86_64-debian-clang, r-devel-linux-x86_64-debian-gcc, r-devel-linux-x86_64-fedora-clang, r-devel-linux-x86_64-fedora-gcc, r-patched-linux-x86_64, r-patched-solaris-x86, r-release-linux-x86_64

Version: 0.2-1
Check: package dependencies
Result: NOTE
    Package suggested but not available for checking: ‘RODBC’
Flavor: r-oldrel-osx-x86_64