CRAN Package Check Results for Package RcmdrPlugin.IPSUR

Last updated on 2015-07-30 09:47:40.

Flavor Version Tinstall Tcheck Ttotal Status Flags
r-devel-linux-x86_64-debian-clang 0.2-1 5.07 70.66 75.73 NOTE
r-devel-linux-x86_64-debian-gcc 0.2-1 4.84 66.91 71.75 NOTE
r-devel-linux-x86_64-fedora-clang 0.2-1 143.50 NOTE
r-devel-linux-x86_64-fedora-gcc 0.2-1 140.00 NOTE
r-devel-osx-x86_64-clang 0.2-1 139.72 NOTE
r-devel-windows-ix86+x86_64 0.2-1 43.00 100.00 143.00 NOTE
r-patched-linux-x86_64 0.2-1 4.98 70.40 75.38 NOTE
r-patched-solaris-sparc 0.2-1 936.70 NOTE
r-patched-solaris-x86 0.2-1 215.80 NOTE
r-release-linux-x86_64 0.2-1 5.25 69.58 74.82 NOTE
r-release-osx-x86_64-mavericks 0.2-1 NOTE
r-release-windows-ix86+x86_64 0.2-1 40.00 103.00 143.00 NOTE
r-oldrel-windows-ix86+x86_64 0.2-1 65.00 201.00 266.00 NOTE

Check Details

Version: 0.2-1
Check: dependencies in R code
Result: NOTE
    'library' or 'require' calls in package code:
     ‘abind’ ‘e1071’ ‘qcc’
     Please use :: or requireNamespace() instead.
     See section 'Suggested packages' in the 'Writing R Extensions' manual.
Flavors: r-devel-linux-x86_64-debian-clang, r-devel-linux-x86_64-debian-gcc, r-devel-linux-x86_64-fedora-clang, r-devel-linux-x86_64-fedora-gcc, r-devel-osx-x86_64-clang, r-devel-windows-ix86+x86_64, r-patched-linux-x86_64, r-patched-solaris-sparc, r-patched-solaris-x86, r-release-linux-x86_64, r-release-osx-x86_64-mavericks, r-release-windows-ix86+x86_64, r-oldrel-windows-ix86+x86_64

Version: 0.2-1
Check: S3 generic/method consistency
Result: NOTE
    Found the following apparent S3 methods exported but not registered:
     print.numSummaryIPSUR
    See section ‘Registering S3 methods’ in the ‘Writing R Extensions’
    manual.
Flavors: r-devel-linux-x86_64-debian-clang, r-devel-linux-x86_64-debian-gcc, r-devel-linux-x86_64-fedora-clang, r-devel-linux-x86_64-fedora-gcc, r-devel-osx-x86_64-clang, r-patched-linux-x86_64, r-patched-solaris-sparc, r-patched-solaris-x86, r-release-linux-x86_64

Version: 0.2-1
Check: package dependencies
Result: NOTE
    Packages suggested but not available for checking: ‘multcomp’ ‘RODBC’
Flavor: r-release-osx-x86_64-mavericks