CRAN Package Check Results for Package RcmdrPlugin.IPSUR

Last updated on 2016-05-01 18:47:35.

Flavor Version Tinstall Tcheck Ttotal Status Flags
r-devel-linux-x86_64-debian-gcc 0.2-1 4.98 70.60 75.58 NOTE
r-devel-linux-x86_64-fedora-clang 0.2-1 134.95 NOTE
r-devel-linux-x86_64-fedora-gcc 0.2-1 129.40 NOTE
r-devel-osx-x86_64-clang 0.2-1 150.31 NOTE
r-devel-windows-ix86+x86_64 0.2-1 39.00 112.00 151.00 NOTE
r-patched-linux-x86_64 0.2-1 5.36 68.76 74.12 NOTE
r-patched-solaris-sparc 0.2-1 971.00 NOTE
r-patched-solaris-x86 0.2-1 196.20 NOTE
r-release-linux-x86_64 0.2-1 5.98 72.59 78.56 NOTE
r-release-osx-x86_64-mavericks 0.2-1 NOTE
r-release-windows-ix86+x86_64 0.2-1 43.00 150.00 193.00 NOTE
r-oldrel-windows-ix86+x86_64 0.2-1 74.00 296.00 370.00 NOTE

Check Details

Version: 0.2-1
Check: dependencies in R code
Result: NOTE
    'library' or 'require' calls in package code:
     ‘abind’ ‘e1071’ ‘qcc’
     Please use :: or requireNamespace() instead.
     See section 'Suggested packages' in the 'Writing R Extensions' manual.
Flavors: r-devel-linux-x86_64-debian-gcc, r-devel-linux-x86_64-fedora-clang, r-devel-linux-x86_64-fedora-gcc, r-devel-osx-x86_64-clang, r-devel-windows-ix86+x86_64, r-patched-linux-x86_64, r-patched-solaris-sparc, r-patched-solaris-x86, r-release-linux-x86_64, r-release-osx-x86_64-mavericks, r-release-windows-ix86+x86_64, r-oldrel-windows-ix86+x86_64

Version: 0.2-1
Check: S3 generic/method consistency
Result: NOTE
    Found the following apparent S3 methods exported but not registered:
     print.numSummaryIPSUR
    See section ‘Registering S3 methods’ in the ‘Writing R Extensions’
    manual.
Flavors: r-devel-linux-x86_64-debian-gcc, r-devel-linux-x86_64-fedora-clang, r-devel-linux-x86_64-fedora-gcc, r-devel-osx-x86_64-clang, r-patched-linux-x86_64, r-patched-solaris-sparc, r-patched-solaris-x86, r-release-linux-x86_64

Version: 0.2-1
Check: package dependencies
Result: NOTE
    Packages suggested but not available for checking: ‘multcomp’ ‘RODBC’
Flavor: r-release-osx-x86_64-mavericks