CRAN Package Check Results for Package RcmdrPlugin.IPSUR

Last updated on 2020-08-09 16:48:04 CEST.

Flavor Version Tinstall Tcheck Ttotal Status Flags
r-devel-linux-x86_64-debian-clang 0.2-1.1 31.19 147.69 178.88 NOTE
r-devel-linux-x86_64-debian-gcc 0.2-1.1 25.15 110.27 135.42 NOTE
r-devel-linux-x86_64-fedora-clang 0.2-1.1 225.11 NOTE
r-devel-linux-x86_64-fedora-gcc 0.2-1.1 215.36 NOTE
r-devel-windows-ix86+x86_64 0.2-1.1 53.00 234.00 287.00 NOTE
r-patched-linux-x86_64 0.2-1.1 20.01 145.46 165.47 NOTE
r-patched-solaris-x86 0.2-1.1 367.00 NOTE
r-release-linux-x86_64 0.2-1.1 25.67 145.05 170.72 NOTE
r-release-macos-x86_64 0.2-1.1 NOTE
r-release-windows-ix86+x86_64 0.2-1.1 84.00 219.00 303.00 NOTE
r-oldrel-macos-x86_64 0.2-1.1 NOTE
r-oldrel-windows-ix86+x86_64 0.2-1.1 45.00 143.00 188.00 NOTE

Check Details

Version: 0.2-1.1
Check: dependencies in R code
Result: NOTE
    'library' or 'require' calls in package code:
     'abind' 'e1071' 'qcc'
     Please use :: or requireNamespace() instead.
     See section 'Suggested packages' in the 'Writing R Extensions' manual.
Flavors: r-devel-linux-x86_64-debian-clang, r-devel-linux-x86_64-debian-gcc, r-devel-linux-x86_64-fedora-clang, r-devel-linux-x86_64-fedora-gcc, r-devel-windows-ix86+x86_64, r-patched-linux-x86_64, r-patched-solaris-x86, r-release-linux-x86_64, r-release-macos-x86_64, r-release-windows-ix86+x86_64, r-oldrel-macos-x86_64, r-oldrel-windows-ix86+x86_64