CRAN Package Check Results for Package RcmdrPlugin.KMggplot2

Last updated on 2014-07-22 19:47:56.

Flavor Version Tinstall Tcheck Ttotal Status Flags
r-devel-linux-x86_64-debian-clang 0.2-0 5.31 42.34 47.65 NOTE
r-devel-linux-x86_64-debian-gcc 0.2-0 7.09 42.55 49.64 NOTE
r-devel-linux-x86_64-fedora-clang 0.2-0 100.51 NOTE
r-devel-linux-x86_64-fedora-gcc 0.2-0 94.04 NOTE
r-devel-osx-x86_64-clang 0.2-0 94.69 NOTE
r-devel-windows-ix86+x86_64 0.2-0 22.00 80.00 102.00 NOTE
r-patched-linux-x86_64 0.2-0 5.03 42.35 47.38 NOTE
r-patched-solaris-sparc 0.2-0 588.20 NOTE
r-patched-solaris-x86 0.2-0 135.20 NOTE
r-release-linux-ix86 0.2-0 6.48 55.71 62.19 NOTE
r-release-linux-x86_64 0.2-0 5.70 43.34 49.04 NOTE
r-release-osx-x86_64-mavericks 0.2-0 NOTE
r-release-osx-x86_64-snowleopard 0.2-0 NOTE
r-release-windows-ix86+x86_64 0.2-0 29.00 79.00 108.00 NOTE
r-oldrel-windows-ix86+x86_64 0.2-0 27.00 83.00 110.00 NOTE

Check Details

Version: 0.2-0
Check: dependencies in R code
Result: NOTE
    Packages in Depends field not imported from:
     ‘ggplot2’ ‘methods’
     These packages need to be imported from (in the NAMESPACE file)
     for when this namespace is loaded but not attached.
    Missing or unexported object: ‘ggplot2::digest.ggplot’
    See the information on DESCRIPTION files in the chapter ‘Creating R
    packages’ of the ‘Writing R Extensions’ manual.
Flavors: r-devel-linux-x86_64-debian-clang, r-devel-linux-x86_64-debian-gcc, r-devel-linux-x86_64-fedora-clang, r-devel-linux-x86_64-fedora-gcc, r-devel-osx-x86_64-clang, r-devel-windows-ix86+x86_64, r-patched-linux-x86_64, r-patched-solaris-sparc, r-patched-solaris-x86, r-release-linux-ix86, r-release-linux-x86_64, r-release-osx-x86_64-mavericks, r-release-windows-ix86+x86_64, r-oldrel-windows-ix86+x86_64

Version: 0.2-0
Check: dependencies in R code
Result: NOTE
    Packages in Depends field not imported from:
     'ggplot2' 'methods'
     These packages need to be imported from for the case when
     this namespace is loaded but not attached.
    Missing or unexported object: 'ggplot2::digest.ggplot'
    See the information on DESCRIPTION files in the chapter 'Creating R
    packages' of the 'Writing R Extensions' manual.
Flavor: r-release-osx-x86_64-snowleopard