CRAN Package Check Results for Package RcmdrPlugin.KMggplot2

Last updated on 2020-07-05 06:47:26 CEST.

Flavor Version Tinstall Tcheck Ttotal Status Flags
r-devel-linux-x86_64-debian-clang 0.2-6 24.62 166.24 190.86 OK
r-devel-linux-x86_64-debian-gcc 0.2-6 19.72 126.74 146.46 OK
r-devel-linux-x86_64-fedora-clang 0.2-6 239.66 OK
r-devel-linux-x86_64-fedora-gcc 0.2-6 232.12 OK
r-devel-windows-ix86+x86_64 0.2-6 89.00 294.00 383.00 OK
r-patched-linux-x86_64 0.2-6 16.71 163.60 180.31 OK
r-patched-solaris-x86 0.2-6 377.60 OK
r-release-linux-x86_64 0.2-6 17.31 163.98 181.29 OK
r-release-osx-x86_64 0.2-6 WARN
r-release-windows-ix86+x86_64 0.2-6 47.00 177.00 224.00 OK
r-oldrel-osx-x86_64 0.2-6 WARN
r-oldrel-windows-ix86+x86_64 0.2-6 73.00 291.00 364.00 OK

Check Details

Version: 0.2-6
Check: re-building of vignette outputs
Result: WARN
    Error(s) in re-building vignettes:
    --- re-building ‘extrafont.Rmd’ using rmarkdown
    dyld: lazy symbol binding failed: Symbol not found: ____chkstk_darwin
     Referenced from: /usr/local/bin/pandoc (which was built for Mac OS X 10.15)
     Expected in: /usr/lib/libSystem.B.dylib
    
    dyld: Symbol not found: ____chkstk_darwin
     Referenced from: /usr/local/bin/pandoc (which was built for Mac OS X 10.15)
     Expected in: /usr/lib/libSystem.B.dylib
    
    Error: processing vignette 'extrafont.Rmd' failed with diagnostics:
    pandoc document conversion failed with error 6
    --- failed re-building ‘extrafont.Rmd’
    
    --- re-building ‘geom-stepribbon.Rmd’ using rmarkdown
    dyld: lazy symbol binding failed: Symbol not found: ____chkstk_darwin
     Referenced from: /usr/local/bin/pandoc (which was built for Mac OS X 10.15)
     Expected in: /usr/lib/libSystem.B.dylib
    
    dyld: Symbol not found: ____chkstk_darwin
     Referenced from: /usr/local/bin/pandoc (which was built for Mac OS X 10.15)
     Expected in: /usr/lib/libSystem.B.dylib
    
    Error: processing vignette 'geom-stepribbon.Rmd' failed with diagnostics:
    pandoc document conversion failed with error 6
    --- failed re-building ‘geom-stepribbon.Rmd’
    
    --- re-building ‘plot-km-requirement.Rmd’ using rmarkdown
    dyld: lazy symbol binding failed: Symbol not found: ____chkstk_darwin
     Referenced from: /usr/local/bin/pandoc (which was built for Mac OS X 10.15)
     Expected in: /usr/lib/libSystem.B.dylib
    
    dyld: Symbol not found: ____chkstk_darwin
     Referenced from: /usr/local/bin/pandoc (which was built for Mac OS X 10.15)
     Expected in: /usr/lib/libSystem.B.dylib
    
    Error: processing vignette 'plot-km-requirement.Rmd' failed with diagnostics:
    pandoc document conversion failed with error 6
    --- failed re-building ‘plot-km-requirement.Rmd’
    
    SUMMARY: processing the following files failed:
     ‘extrafont.Rmd’ ‘geom-stepribbon.Rmd’ ‘plot-km-requirement.Rmd’
    
    Error: Vignette re-building failed.
    Execution halted
Flavor: r-release-osx-x86_64

Version: 0.2-6
Check: dependencies in R code
Result: NOTE
    No protocol specified
    No protocol specified
Flavor: r-oldrel-osx-x86_64

Version: 0.2-6
Check: S3 generic/method consistency
Result: WARN
    No protocol specified
    No protocol specified
    See section ‘Generic functions and methods’ in the ‘Writing R
    Extensions’ manual.
Flavor: r-oldrel-osx-x86_64

Version: 0.2-6
Check: replacement functions
Result: WARN
    No protocol specified
    No protocol specified
    The argument of a replacement function which corresponds to the right
    hand side must be named ‘value’.
Flavor: r-oldrel-osx-x86_64

Version: 0.2-6
Check: foreign function calls
Result: NOTE
    No protocol specified
    No protocol specified
    See chapter ‘System and foreign language interfaces’ in the ‘Writing R
    Extensions’ manual.
Flavor: r-oldrel-osx-x86_64

Version: 0.2-6
Check: R code for possible problems
Result: NOTE
    No protocol specified
    No protocol specified
Flavor: r-oldrel-osx-x86_64

Version: 0.2-6
Check: for missing documentation entries
Result: WARN
    No protocol specified
    No protocol specified
    All user-level objects in a package should have documentation entries.
    See chapter ‘Writing R documentation files’ in the ‘Writing R
    Extensions’ manual.
Flavor: r-oldrel-osx-x86_64

Version: 0.2-6
Check: for code/documentation mismatches
Result: WARN
    No protocol specified
    No protocol specified
    No protocol specified
    No protocol specified
    No protocol specified
    No protocol specified
Flavor: r-oldrel-osx-x86_64

Version: 0.2-6
Check: Rd \usage sections
Result: NOTE
    No protocol specified
    No protocol specified
    The \usage entries for S3 methods should use the \method markup and not
    their full name.
    See chapter ‘Writing R documentation files’ in the ‘Writing R
    Extensions’ manual.
Flavor: r-oldrel-osx-x86_64