CRAN Package Check Results for Package RcmdrPlugin.KMggplot2

Last updated on 2015-07-31 11:49:23.

Flavor Version Tinstall Tcheck Ttotal Status Flags
r-devel-linux-x86_64-debian-clang 0.2-0 7.96 70.28 78.25 NOTE
r-devel-linux-x86_64-debian-gcc 0.2-0 8.60 67.08 75.67 NOTE
r-devel-linux-x86_64-fedora-clang 0.2-0 153.34 NOTE
r-devel-linux-x86_64-fedora-gcc 0.2-0 153.57 NOTE
r-devel-osx-x86_64-clang 0.2-0 139.02 NOTE
r-devel-windows-ix86+x86_64 0.2-0 45.00 112.00 157.00 NOTE
r-patched-linux-x86_64 0.2-0 8.75 69.08 77.83 NOTE
r-patched-solaris-sparc 0.2-0 946.00 NOTE
r-patched-solaris-x86 0.2-0 226.10 NOTE
r-release-linux-x86_64 0.2-0 8.24 69.00 77.24 NOTE
r-release-osx-x86_64-mavericks 0.2-0 NOTE
r-release-windows-ix86+x86_64 0.2-0 53.00 107.00 160.00 NOTE
r-oldrel-windows-ix86+x86_64 0.2-0 67.00 227.00 294.00 NOTE

Check Details

Version: 0.2-0
Check: dependencies in R code
Result: NOTE
    Packages in Depends field not imported from:
     ‘ggplot2’ ‘grid’ ‘methods’
     These packages need to be imported from (in the NAMESPACE file)
     for when this namespace is loaded but not attached.
    Missing or unexported object: ‘ggplot2::digest.ggplot’
Flavors: r-devel-linux-x86_64-debian-clang, r-devel-linux-x86_64-debian-gcc, r-devel-linux-x86_64-fedora-clang, r-devel-linux-x86_64-fedora-gcc, r-devel-osx-x86_64-clang, r-devel-windows-ix86+x86_64, r-patched-linux-x86_64, r-patched-solaris-sparc, r-patched-solaris-x86, r-release-linux-x86_64, r-release-osx-x86_64-mavericks, r-release-windows-ix86+x86_64, r-oldrel-windows-ix86+x86_64

Version: 0.2-0
Check: R code for possible problems
Result: NOTE
    box: no visible global function definition for ‘new’
    checkboxes: no visible global function definition for ‘new’
    contour: no visible global function definition for ‘new’
    discretebar: no visible global function definition for ‘new’
    dist: no visible global function definition for ‘new’
    factorize: no visible global function definition for ‘new’
    ggsaveKmg2: no visible global function definition for ‘last_plot’
    ggsaveKmg2: no visible global function definition for ‘par’
    ggsaveKmg2: no visible global function definition for ‘capture.output’
    ggsaveKmg2: no visible global function definition for ‘dev.off’
    gparts_base: no visible global function definition for ‘new’
    hist: no visible global function definition for ‘new’
    km: no visible global function definition for ‘new’
    line: no visible global function definition for ‘new’
    pie: no visible global function definition for ‘new’
    plot_base: no visible global function definition for ‘new’
    qq: no visible global function definition for ‘new’
    radioboxes: no visible global function definition for ‘new’
    scatter: no visible global function definition for ‘new’
    scattermat: no visible global function definition for ‘new’
    textfield: no visible global function definition for ‘new’
    textfields: no visible global function definition for ‘new’
    theme_natrisk: no visible global function definition for ‘%+replace%’
    theme_natrisk: no visible global function definition for
     ‘element_blank’
    theme_natrisk: no visible global function definition for ‘element_rect’
    theme_natrisk21: no visible global function definition for ‘%+replace%’
    theme_natrisk21: no visible global function definition for
     ‘element_blank’
    theme_natrisk21: no visible global function definition for
     ‘element_rect’
    theme_natrisk21: no visible global function definition for ‘unit’
    theme_natriskbg: no visible global function definition for ‘%+replace%’
    theme_natriskbg: no visible global function definition for
     ‘element_blank’
    theme_natriskbg: no visible global function definition for
     ‘element_rect’
    theme_natriskbg: no visible global function definition for ‘unit’
    theme_simple: no visible global function definition for ‘%+replace%’
    theme_simple: no visible global function definition for ‘theme_bw’
    theme_simple: no visible global function definition for ‘element_rect’
    theme_simple: no visible global function definition for ‘element_blank’
    toolbox: no visible global function definition for ‘new’
    variableboxes: no visible global function definition for ‘new’
    Undefined global functions or variables:
     %+replace% capture.output dev.off element_blank element_rect
     last_plot new par theme_bw unit
    Consider adding
     importFrom("grDevices", "dev.off")
     importFrom("graphics", "par")
     importFrom("methods", "new")
     importFrom("utils", "capture.output")
    to your NAMESPACE.
Flavors: r-devel-linux-x86_64-debian-clang, r-devel-linux-x86_64-debian-gcc, r-devel-linux-x86_64-fedora-clang, r-devel-linux-x86_64-fedora-gcc, r-devel-windows-ix86+x86_64

Version: 0.2-0
Check: R code for possible problems
Result: NOTE
    ggsaveKmg2: no visible global function definition for ‘last_plot’
    theme_natrisk: no visible global function definition for ‘%+replace%’
    theme_natrisk: no visible global function definition for
     ‘element_blank’
    theme_natrisk: no visible global function definition for ‘element_rect’
    theme_natrisk21: no visible global function definition for ‘%+replace%’
    theme_natrisk21: no visible global function definition for
     ‘element_blank’
    theme_natrisk21: no visible global function definition for
     ‘element_rect’
    theme_natrisk21: no visible global function definition for ‘unit’
    theme_natriskbg: no visible global function definition for ‘%+replace%’
    theme_natriskbg: no visible global function definition for
     ‘element_blank’
    theme_natriskbg: no visible global function definition for
     ‘element_rect’
    theme_natriskbg: no visible global function definition for ‘unit’
    theme_simple: no visible global function definition for ‘%+replace%’
    theme_simple: no visible global function definition for ‘theme_bw’
    theme_simple: no visible global function definition for ‘element_rect’
    theme_simple: no visible global function definition for ‘element_blank’
    Undefined global functions or variables:
     %+replace% element_blank element_rect last_plot theme_bw unit
Flavor: r-devel-osx-x86_64-clang

Version: 0.2-0
Check: R code for possible problems
Result: NOTE
    ggsaveKmg2: no visible global function definition for ‘last_plot’
    theme_natrisk: no visible global function definition for ‘%+replace%’
    theme_natrisk: no visible global function definition for
     ‘element_blank’
    theme_natrisk: no visible global function definition for ‘element_rect’
    theme_natrisk21: no visible global function definition for ‘%+replace%’
    theme_natrisk21: no visible global function definition for
     ‘element_blank’
    theme_natrisk21: no visible global function definition for
     ‘element_rect’
    theme_natrisk21: no visible global function definition for ‘unit’
    theme_natriskbg: no visible global function definition for ‘%+replace%’
    theme_natriskbg: no visible global function definition for
     ‘element_blank’
    theme_natriskbg: no visible global function definition for
     ‘element_rect’
    theme_natriskbg: no visible global function definition for ‘unit’
    theme_simple: no visible global function definition for ‘%+replace%’
    theme_simple: no visible global function definition for ‘theme_bw’
    theme_simple: no visible global function definition for ‘element_rect’
    theme_simple: no visible global function definition for ‘element_blank’
Flavors: r-patched-linux-x86_64, r-patched-solaris-sparc, r-patched-solaris-x86, r-release-linux-x86_64, r-release-osx-x86_64-mavericks, r-release-windows-ix86+x86_64, r-oldrel-windows-ix86+x86_64