CRAN Package Check Results for Package RcmdrPlugin.KMggplot2

Last updated on 2020-03-28 22:47:47 CET.

Flavor Version Tinstall Tcheck Ttotal Status Flags
r-devel-linux-x86_64-debian-clang 0.2-6 OK
r-devel-linux-x86_64-debian-gcc 0.2-6 20.26 126.96 147.22 OK
r-devel-linux-x86_64-fedora-clang 0.2-6 241.64 OK
r-devel-linux-x86_64-fedora-gcc 0.2-6 222.11 OK
r-devel-windows-ix86+x86_64 0.2-6 50.00 164.00 214.00 OK
r-devel-windows-ix86+x86_64-gcc8 0.2-6 56.00 209.00 265.00 OK
r-patched-linux-x86_64 0.2-6 21.46 160.00 181.46 OK
r-patched-solaris-x86 0.2-6 369.00 OK
r-release-linux-x86_64 0.2-6 17.97 147.71 165.68 OK
r-release-windows-ix86+x86_64 0.2-6 74.00 280.00 354.00 OK
r-release-osx-x86_64 0.2-6 WARN
r-oldrel-windows-ix86+x86_64 0.2-6 87.00 263.00 350.00 OK
r-oldrel-osx-x86_64 0.2-6 WARN

Check Details

Version: 0.2-6
Check: dependencies in R code
Result: NOTE
    No protocol specified
    No protocol specified
Flavors: r-release-osx-x86_64, r-oldrel-osx-x86_64

Version: 0.2-6
Check: S3 generic/method consistency
Result: WARN
    No protocol specified
    No protocol specified
    See section ‘Generic functions and methods’ in the ‘Writing R
    Extensions’ manual.
Flavors: r-release-osx-x86_64, r-oldrel-osx-x86_64

Version: 0.2-6
Check: replacement functions
Result: WARN
    No protocol specified
    No protocol specified
    The argument of a replacement function which corresponds to the right
    hand side must be named ‘value’.
Flavors: r-release-osx-x86_64, r-oldrel-osx-x86_64

Version: 0.2-6
Check: foreign function calls
Result: NOTE
    No protocol specified
    No protocol specified
    See chapter ‘System and foreign language interfaces’ in the ‘Writing R
    Extensions’ manual.
Flavors: r-release-osx-x86_64, r-oldrel-osx-x86_64

Version: 0.2-6
Check: R code for possible problems
Result: NOTE
    No protocol specified
    No protocol specified
Flavors: r-release-osx-x86_64, r-oldrel-osx-x86_64

Version: 0.2-6
Check: for missing documentation entries
Result: WARN
    No protocol specified
    No protocol specified
    All user-level objects in a package should have documentation entries.
    See chapter ‘Writing R documentation files’ in the ‘Writing R
    Extensions’ manual.
Flavors: r-release-osx-x86_64, r-oldrel-osx-x86_64

Version: 0.2-6
Check: for code/documentation mismatches
Result: WARN
    No protocol specified
    No protocol specified
    No protocol specified
    No protocol specified
    No protocol specified
    No protocol specified
Flavors: r-release-osx-x86_64, r-oldrel-osx-x86_64

Version: 0.2-6
Check: Rd \usage sections
Result: NOTE
    No protocol specified
    No protocol specified
    The \usage entries for S3 methods should use the \method markup and not
    their full name.
    See chapter ‘Writing R documentation files’ in the ‘Writing R
    Extensions’ manual.
Flavors: r-release-osx-x86_64, r-oldrel-osx-x86_64