CRAN Package Check Results for Package RcmdrPlugin.KMggplot2

Last updated on 2015-03-31 23:49:41.

Flavor Version Tinstall Tcheck Ttotal Status Flags
r-devel-linux-x86_64-debian-clang 0.2-0 7.79 65.50 73.30 NOTE
r-devel-linux-x86_64-debian-gcc 0.2-0 7.70 63.58 71.28 NOTE
r-devel-linux-x86_64-fedora-clang 0.2-0 153.31 NOTE
r-devel-linux-x86_64-fedora-gcc 0.2-0 144.62 NOTE
r-devel-osx-x86_64-clang 0.2-0 144.23 NOTE
r-prerel-windows-ix86+x86_64 0.2-0 39.00 103.00 142.00 NOTE
r-prerel-linux-x86_64 0.2-0 7.90 63.92 71.82 NOTE
r-prerel-solaris-sparc 0.2-0 913.50 NOTE
r-prerel-solaris-x86 0.2-0 214.80 NOTE
r-release-linux-x86_64 0.2-0 14.44 115.60 130.04 NOTE
r-release-osx-x86_64-mavericks 0.2-0 NOTE
r-release-osx-x86_64-snowleopard 0.2-0 NOTE
r-release-windows-ix86+x86_64 0.2-0 65.00 179.00 244.00 NOTE
r-oldrel-windows-ix86+x86_64 0.2-0 54.00 178.00 232.00 NOTE

Check Details

Version: 0.2-0
Check: dependencies in R code
Result: NOTE
    Packages in Depends field not imported from:
     ‘ggplot2’ ‘grid’ ‘methods’
     These packages need to be imported from (in the NAMESPACE file)
     for when this namespace is loaded but not attached.
    Missing or unexported object: ‘ggplot2::digest.ggplot’
Flavors: r-devel-linux-x86_64-debian-clang, r-devel-linux-x86_64-debian-gcc, r-devel-linux-x86_64-fedora-clang, r-devel-linux-x86_64-fedora-gcc, r-devel-osx-x86_64-clang, r-prerel-windows-ix86+x86_64, r-prerel-linux-x86_64, r-prerel-solaris-sparc, r-prerel-solaris-x86, r-release-linux-x86_64, r-release-windows-ix86+x86_64

Version: 0.2-0
Check: R code for possible problems
Result: NOTE
    ggsaveKmg2: no visible global function definition for ‘last_plot’
    theme_natrisk: no visible global function definition for ‘%+replace%’
    theme_natrisk: no visible global function definition for
     ‘element_blank’
    theme_natrisk: no visible global function definition for ‘element_rect’
    theme_natrisk21: no visible global function definition for ‘%+replace%’
    theme_natrisk21: no visible global function definition for
     ‘element_blank’
    theme_natrisk21: no visible global function definition for
     ‘element_rect’
    theme_natrisk21: no visible global function definition for ‘unit’
    theme_natriskbg: no visible global function definition for ‘%+replace%’
    theme_natriskbg: no visible global function definition for
     ‘element_blank’
    theme_natriskbg: no visible global function definition for
     ‘element_rect’
    theme_natriskbg: no visible global function definition for ‘unit’
    theme_simple: no visible global function definition for ‘%+replace%’
    theme_simple: no visible global function definition for ‘theme_bw’
    theme_simple: no visible global function definition for ‘element_rect’
    theme_simple: no visible global function definition for ‘element_blank’
Flavors: r-devel-linux-x86_64-debian-clang, r-devel-linux-x86_64-debian-gcc, r-devel-linux-x86_64-fedora-clang, r-devel-linux-x86_64-fedora-gcc, r-devel-osx-x86_64-clang, r-prerel-windows-ix86+x86_64, r-prerel-linux-x86_64, r-prerel-solaris-sparc, r-prerel-solaris-x86, r-release-linux-x86_64, r-release-osx-x86_64-mavericks, r-release-windows-ix86+x86_64

Version: 0.2-0
Check: dependencies in R code
Result: NOTE
    Packages in Depends field not imported from:
     ‘ggplot2’ ‘grid’ ‘methods’
     These packages need to be imported from (in the NAMESPACE file)
     for when this namespace is loaded but not attached.
    Missing or unexported object: ‘ggplot2::digest.ggplot’
    See the information on DESCRIPTION files in the chapter ‘Creating R
    packages’ of the ‘Writing R Extensions’ manual.
Flavor: r-release-osx-x86_64-mavericks

Version: 0.2-0
Check: dependencies in R code
Result: NOTE
    Packages in Depends field not imported from:
     'ggplot2' 'methods'
     These packages need to be imported from for the case when
     this namespace is loaded but not attached.
    Missing or unexported object: 'ggplot2::digest.ggplot'
    See the information on DESCRIPTION files in the chapter 'Creating R
    packages' of the 'Writing R Extensions' manual.
Flavor: r-release-osx-x86_64-snowleopard

Version: 0.2-0
Check: dependencies in R code
Result: NOTE
    Packages in Depends field not imported from:
     'ggplot2' 'methods'
     These packages need to be imported from (in the NAMESPACE file)
     for when this namespace is loaded but not attached.
    Missing or unexported object: 'ggplot2::digest.ggplot'
    See the information on DESCRIPTION files in the chapter 'Creating R
    packages' of the 'Writing R Extensions' manual.
Flavor: r-oldrel-windows-ix86+x86_64