CRAN Package Check Results for Package RcmdrPlugin.KMggplot2

Last updated on 2015-04-26 03:47:37.

Flavor Version Tinstall Tcheck Ttotal Status Flags
r-devel-linux-x86_64-debian-clang 0.2-0 8.35 67.28 75.63 NOTE
r-devel-linux-x86_64-debian-gcc 0.2-0 7.90 64.74 72.64 NOTE
r-devel-linux-x86_64-fedora-clang 0.2-0 151.54 NOTE
r-devel-linux-x86_64-fedora-gcc 0.2-0 164.12 NOTE
r-devel-osx-x86_64-clang 0.2-0 136.19 NOTE
r-devel-windows-ix86+x86_64 0.2-0 41.00 110.00 151.00 NOTE
r-patched-linux-x86_64 0.2-0 7.73 65.46 73.19 NOTE
r-patched-solaris-sparc 0.2-0 913.50 NOTE
r-patched-solaris-x86 0.2-0 219.30 NOTE
r-release-linux-x86_64 0.2-0 7.70 64.33 72.03 NOTE
r-release-osx-x86_64-mavericks 0.2-0 NOTE
r-release-osx-x86_64-snowleopard 0.2-0 ERROR
r-release-windows-ix86+x86_64 0.2-0 37.00 106.00 143.00 NOTE
r-oldrel-windows-ix86+x86_64 0.2-0 60.00 182.00 242.00 NOTE

Check Details

Version: 0.2-0
Check: dependencies in R code
Result: NOTE
    Packages in Depends field not imported from:
     'ggplot2' 'grid' 'methods'
     These packages need to be imported from (in the NAMESPACE file)
     for when this namespace is loaded but not attached.
    Missing or unexported object: 'ggplot2::digest.ggplot'
Flavors: r-devel-windows-ix86+x86_64, r-release-windows-ix86+x86_64, r-oldrel-windows-ix86+x86_64

Version: 0.2-0
Check: R code for possible problems
Result: NOTE
    ggsaveKmg2: no visible global function definition for 'last_plot'
    theme_natrisk: no visible global function definition for '%+replace%'
    theme_natrisk: no visible global function definition for
     'element_blank'
    theme_natrisk: no visible global function definition for 'element_rect'
    theme_natrisk21: no visible global function definition for '%+replace%'
    theme_natrisk21: no visible global function definition for
     'element_blank'
    theme_natrisk21: no visible global function definition for
     'element_rect'
    theme_natrisk21: no visible global function definition for 'unit'
    theme_natriskbg: no visible global function definition for '%+replace%'
    theme_natriskbg: no visible global function definition for
     'element_blank'
    theme_natriskbg: no visible global function definition for
     'element_rect'
    theme_natriskbg: no visible global function definition for 'unit'
    theme_simple: no visible global function definition for '%+replace%'
    theme_simple: no visible global function definition for 'theme_bw'
    theme_simple: no visible global function definition for 'element_rect'
    theme_simple: no visible global function definition for 'element_blank'
Flavors: r-devel-windows-ix86+x86_64, r-release-windows-ix86+x86_64, r-oldrel-windows-ix86+x86_64