CRAN Package Check Results for Package RcmdrPlugin.KMggplot2

Last updated on 2019-11-20 05:47:18 CET.

Flavor Version Tinstall Tcheck Ttotal Status Flags
r-devel-linux-x86_64-debian-clang 0.2-6 20.50 152.32 172.82 OK
r-devel-linux-x86_64-debian-gcc 0.2-6 18.13 124.36 142.49 OK
r-devel-linux-x86_64-fedora-clang 0.2-6 205.34 OK
r-devel-linux-x86_64-fedora-gcc 0.2-6 218.03 OK
r-devel-windows-ix86+x86_64 0.2-6 62.00 262.00 324.00 OK
r-devel-windows-ix86+x86_64-gcc8 0.2-6 54.00 187.00 241.00 OK
r-patched-linux-x86_64 0.2-6 20.49 145.08 165.57 OK
r-patched-solaris-x86 0.2-6 338.60 OK
r-release-linux-x86_64 0.2-6 20.21 145.71 165.92 OK
r-release-windows-ix86+x86_64 0.2-6 83.00 288.00 371.00 OK
r-release-osx-x86_64 0.2-6 WARN
r-oldrel-windows-ix86+x86_64 0.2-6 48.00 156.00 204.00 OK
r-oldrel-osx-x86_64 0.2-6 WARN

Check Details

Version: 0.2-6
Check: dependencies in R code
Result: NOTE
    No protocol specified
    No protocol specified
Flavors: r-release-osx-x86_64, r-oldrel-osx-x86_64

Version: 0.2-6
Check: S3 generic/method consistency
Result: WARN
    No protocol specified
    No protocol specified
    See section ‘Generic functions and methods’ in the ‘Writing R
    Extensions’ manual.
Flavors: r-release-osx-x86_64, r-oldrel-osx-x86_64

Version: 0.2-6
Check: replacement functions
Result: WARN
    No protocol specified
    No protocol specified
    The argument of a replacement function which corresponds to the right
    hand side must be named ‘value’.
Flavors: r-release-osx-x86_64, r-oldrel-osx-x86_64

Version: 0.2-6
Check: foreign function calls
Result: NOTE
    No protocol specified
    No protocol specified
    See chapter ‘System and foreign language interfaces’ in the ‘Writing R
    Extensions’ manual.
Flavors: r-release-osx-x86_64, r-oldrel-osx-x86_64

Version: 0.2-6
Check: R code for possible problems
Result: NOTE
    No protocol specified
    No protocol specified
Flavors: r-release-osx-x86_64, r-oldrel-osx-x86_64

Version: 0.2-6
Check: for missing documentation entries
Result: WARN
    No protocol specified
    No protocol specified
    All user-level objects in a package should have documentation entries.
    See chapter ‘Writing R documentation files’ in the ‘Writing R
    Extensions’ manual.
Flavors: r-release-osx-x86_64, r-oldrel-osx-x86_64

Version: 0.2-6
Check: for code/documentation mismatches
Result: WARN
    No protocol specified
    No protocol specified
    No protocol specified
    No protocol specified
    No protocol specified
    No protocol specified
Flavors: r-release-osx-x86_64, r-oldrel-osx-x86_64

Version: 0.2-6
Check: Rd \usage sections
Result: NOTE
    No protocol specified
    No protocol specified
    The \usage entries for S3 methods should use the \method markup and not
    their full name.
    See chapter ‘Writing R documentation files’ in the ‘Writing R
    Extensions’ manual.
Flavors: r-release-osx-x86_64, r-oldrel-osx-x86_64