CRAN Package Check Results for Package RcmdrPlugin.KMggplot2

Last updated on 2015-05-29 09:47:34.

Flavor Version Tinstall Tcheck Ttotal Status Flags
r-devel-linux-x86_64-debian-clang 0.2-0 7.83 67.30 75.14 NOTE
r-devel-linux-x86_64-debian-gcc 0.2-0 7.89 66.20 74.09 NOTE
r-devel-linux-x86_64-fedora-clang 0.2-0 160.30 NOTE
r-devel-linux-x86_64-fedora-gcc 0.2-0 143.53 NOTE
r-devel-osx-x86_64-clang 0.2-0 144.56 NOTE
r-devel-windows-ix86+x86_64 0.2-0 43.00 106.00 149.00 NOTE
r-patched-linux-x86_64 0.2-0 7.94 65.92 73.86 NOTE
r-patched-solaris-sparc 0.2-0 929.60 NOTE
r-patched-solaris-x86 0.2-0 221.40 NOTE
r-release-linux-x86_64 0.2-0 8.33 65.54 73.87 NOTE
r-release-osx-x86_64-mavericks 0.2-0 NOTE
r-release-osx-x86_64-snowleopard 0.2-0 ERROR
r-release-windows-ix86+x86_64 0.2-0 33.00 107.00 140.00 NOTE
r-oldrel-windows-ix86+x86_64 0.2-0 64.00 178.00 242.00 NOTE

Check Details

Version: 0.2-0
Check: dependencies in R code
Result: NOTE
    Packages in Depends field not imported from:
     ‘ggplot2’ ‘grid’ ‘methods’
     These packages need to be imported from (in the NAMESPACE file)
     for when this namespace is loaded but not attached.
    Missing or unexported object: ‘ggplot2::digest.ggplot’
Flavors: r-devel-linux-x86_64-debian-clang, r-devel-linux-x86_64-debian-gcc, r-devel-linux-x86_64-fedora-clang, r-devel-linux-x86_64-fedora-gcc, r-devel-osx-x86_64-clang, r-devel-windows-ix86+x86_64, r-patched-linux-x86_64, r-patched-solaris-sparc, r-patched-solaris-x86, r-release-linux-x86_64, r-release-osx-x86_64-mavericks, r-release-windows-ix86+x86_64, r-oldrel-windows-ix86+x86_64

Version: 0.2-0
Check: R code for possible problems
Result: NOTE
    ggsaveKmg2: no visible global function definition for ‘last_plot’
    theme_natrisk: no visible global function definition for ‘%+replace%’
    theme_natrisk: no visible global function definition for
     ‘element_blank’
    theme_natrisk: no visible global function definition for ‘element_rect’
    theme_natrisk21: no visible global function definition for ‘%+replace%’
    theme_natrisk21: no visible global function definition for
     ‘element_blank’
    theme_natrisk21: no visible global function definition for
     ‘element_rect’
    theme_natrisk21: no visible global function definition for ‘unit’
    theme_natriskbg: no visible global function definition for ‘%+replace%’
    theme_natriskbg: no visible global function definition for
     ‘element_blank’
    theme_natriskbg: no visible global function definition for
     ‘element_rect’
    theme_natriskbg: no visible global function definition for ‘unit’
    theme_simple: no visible global function definition for ‘%+replace%’
    theme_simple: no visible global function definition for ‘theme_bw’
    theme_simple: no visible global function definition for ‘element_rect’
    theme_simple: no visible global function definition for ‘element_blank’
Flavors: r-devel-linux-x86_64-debian-clang, r-devel-linux-x86_64-debian-gcc, r-devel-linux-x86_64-fedora-clang, r-devel-linux-x86_64-fedora-gcc, r-devel-osx-x86_64-clang, r-devel-windows-ix86+x86_64, r-patched-linux-x86_64, r-patched-solaris-sparc, r-patched-solaris-x86, r-release-linux-x86_64, r-release-osx-x86_64-mavericks, r-release-windows-ix86+x86_64, r-oldrel-windows-ix86+x86_64

Version: 0.2-0
Check: package dependencies
Result: ERROR
    Packages required but not available: ‘ggplot2’ ‘ggthemes’ ‘Rcmdr’ ‘scales’
    
    See section ‘The DESCRIPTION file’ in the ‘Writing R Extensions’
    manual.
Flavor: r-release-osx-x86_64-snowleopard