CRAN Package Check Results for Package RcmdrPlugin.KMggplot2

Last updated on 2015-01-28 01:48:12.

Flavor Version Tinstall Tcheck Ttotal Status Flags
r-devel-linux-x86_64-debian-clang 0.2-0 4.95 39.27 44.22 NOTE
r-devel-linux-x86_64-debian-gcc 0.2-0 5.07 37.32 42.38 NOTE
r-devel-linux-x86_64-fedora-clang 0.2-0 120.68 NOTE
r-devel-linux-x86_64-fedora-gcc 0.2-0 119.98 NOTE
r-devel-osx-x86_64-clang 0.2-0 115.17 NOTE
r-devel-windows-ix86+x86_64 0.2-0 34.00 75.00 109.00 NOTE
r-patched-linux-x86_64 0.2-0 6.29 59.53 65.82 NOTE
r-patched-solaris-sparc 0.2-0 711.20 NOTE
r-patched-solaris-x86 0.2-0 178.50 NOTE
r-release-linux-ix86 0.2-0 7.37 67.82 75.19 NOTE
r-release-linux-x86_64 0.2-0 6.11 59.08 65.19 NOTE
r-release-osx-x86_64-mavericks 0.2-0 NOTE
r-release-osx-x86_64-snowleopard 0.2-0 NOTE
r-release-windows-ix86+x86_64 0.2-0 40.00 125.00 165.00 NOTE
r-oldrel-windows-ix86+x86_64 0.2-0 43.00 125.00 168.00 NOTE

Check Details

Version: 0.2-0
Check: dependencies in R code
Result: NOTE
    Packages in Depends field not imported from:
     ‘ggplot2’ ‘grid’ ‘methods’
     These packages need to be imported from (in the NAMESPACE file)
     for when this namespace is loaded but not attached.
    Missing or unexported object: ‘ggplot2::digest.ggplot’
Flavors: r-devel-linux-x86_64-debian-clang, r-devel-linux-x86_64-debian-gcc, r-devel-linux-x86_64-fedora-clang, r-devel-linux-x86_64-fedora-gcc, r-devel-osx-x86_64-clang, r-devel-windows-ix86+x86_64

Version: 0.2-0
Check: R code for possible problems
Result: NOTE
    ggsaveKmg2: no visible global function definition for ‘last_plot’
    theme_natrisk: no visible global function definition for ‘%+replace%’
    theme_natrisk: no visible global function definition for
     ‘element_blank’
    theme_natrisk: no visible global function definition for ‘element_rect’
    theme_natrisk21: no visible global function definition for ‘%+replace%’
    theme_natrisk21: no visible global function definition for
     ‘element_blank’
    theme_natrisk21: no visible global function definition for
     ‘element_rect’
    theme_natrisk21: no visible global function definition for ‘unit’
    theme_natriskbg: no visible global function definition for ‘%+replace%’
    theme_natriskbg: no visible global function definition for
     ‘element_blank’
    theme_natriskbg: no visible global function definition for
     ‘element_rect’
    theme_natriskbg: no visible global function definition for ‘unit’
    theme_simple: no visible global function definition for ‘%+replace%’
    theme_simple: no visible global function definition for ‘theme_bw’
    theme_simple: no visible global function definition for ‘element_rect’
    theme_simple: no visible global function definition for ‘element_blank’
Flavors: r-devel-linux-x86_64-debian-clang, r-devel-linux-x86_64-debian-gcc, r-devel-linux-x86_64-fedora-clang, r-devel-linux-x86_64-fedora-gcc, r-devel-osx-x86_64-clang, r-devel-windows-ix86+x86_64, r-patched-linux-x86_64, r-patched-solaris-sparc, r-patched-solaris-x86, r-release-linux-ix86, r-release-linux-x86_64, r-release-osx-x86_64-mavericks, r-release-windows-ix86+x86_64

Version: 0.2-0
Check: dependencies in R code
Result: NOTE
    Packages in Depends field not imported from:
     ‘ggplot2’ ‘grid’ ‘methods’
     These packages need to be imported from (in the NAMESPACE file)
     for when this namespace is loaded but not attached.
    Missing or unexported object: ‘ggplot2::digest.ggplot’
    See the information on DESCRIPTION files in the chapter ‘Creating R
    packages’ of the ‘Writing R Extensions’ manual.
Flavors: r-patched-linux-x86_64, r-patched-solaris-sparc, r-patched-solaris-x86, r-release-linux-ix86, r-release-linux-x86_64, r-release-osx-x86_64-mavericks, r-release-windows-ix86+x86_64

Version: 0.2-0
Check: dependencies in R code
Result: NOTE
    Packages in Depends field not imported from:
     'ggplot2' 'methods'
     These packages need to be imported from for the case when
     this namespace is loaded but not attached.
    Missing or unexported object: 'ggplot2::digest.ggplot'
    See the information on DESCRIPTION files in the chapter 'Creating R
    packages' of the 'Writing R Extensions' manual.
Flavor: r-release-osx-x86_64-snowleopard

Version: 0.2-0
Check: dependencies in R code
Result: NOTE
    Packages in Depends field not imported from:
     'ggplot2' 'methods'
     These packages need to be imported from (in the NAMESPACE file)
     for when this namespace is loaded but not attached.
    Missing or unexported object: 'ggplot2::digest.ggplot'
    See the information on DESCRIPTION files in the chapter 'Creating R
    packages' of the 'Writing R Extensions' manual.
Flavor: r-oldrel-windows-ix86+x86_64