CRAN Package Check Results for Package RcmdrPlugin.KMggplot2

Last updated on 2014-09-01 19:46:33.

Flavor Version Tinstall Tcheck Ttotal Status Flags
r-devel-linux-x86_64-debian-clang 0.2-0 6.41 59.23 65.64 NOTE
r-devel-linux-x86_64-debian-gcc 0.2-0 5.94 59.39 65.33 NOTE
r-devel-linux-x86_64-fedora-clang 0.2-0 134.48 NOTE
r-devel-linux-x86_64-fedora-gcc 0.2-0 116.76 NOTE
r-devel-osx-x86_64-clang 0.2-0 116.25 NOTE
r-devel-windows-ix86+x86_64 0.2-0 31.00 113.00 144.00 NOTE
r-patched-linux-x86_64 0.2-0 6.18 60.72 66.89 NOTE
r-patched-solaris-sparc 0.2-0 578.50 NOTE
r-patched-solaris-x86 0.2-0 190.20 NOTE
r-release-linux-ix86 0.2-0 7.68 72.18 79.86 NOTE
r-release-linux-x86_64 0.2-0 6.26 61.80 68.06 NOTE
r-release-osx-x86_64-mavericks 0.2-0 NOTE
r-release-osx-x86_64-snowleopard 0.2-0 NOTE
r-release-windows-ix86+x86_64 0.2-0 48.00 121.00 169.00 NOTE
r-oldrel-windows-ix86+x86_64 0.2-0 46.00 128.00 174.00 NOTE

Check Details

Version: 0.2-0
Check: dependencies in R code
Result: NOTE
    Packages in Depends field not imported from:
     ‘ggplot2’ ‘grid’ ‘methods’
     These packages need to be imported from (in the NAMESPACE file)
     for when this namespace is loaded but not attached.
    Missing or unexported object: ‘ggplot2::digest.ggplot’
    See the information on DESCRIPTION files in the chapter ‘Creating R
    packages’ of the ‘Writing R Extensions’ manual.
Flavors: r-devel-linux-x86_64-debian-clang, r-devel-linux-x86_64-debian-gcc, r-devel-linux-x86_64-fedora-clang, r-devel-linux-x86_64-fedora-gcc, r-devel-osx-x86_64-clang, r-devel-windows-ix86+x86_64, r-patched-linux-x86_64, r-patched-solaris-sparc, r-patched-solaris-x86

Version: 0.2-0
Check: R code for possible problems
Result: NOTE
    ggsaveKmg2: no visible global function definition for ‘last_plot’
    theme_natrisk: no visible global function definition for ‘%+replace%’
    theme_natrisk: no visible global function definition for
     ‘element_blank’
    theme_natrisk: no visible global function definition for ‘element_rect’
    theme_natrisk21: no visible global function definition for ‘%+replace%’
    theme_natrisk21: no visible global function definition for
     ‘element_blank’
    theme_natrisk21: no visible global function definition for
     ‘element_rect’
    theme_natrisk21: no visible global function definition for ‘unit’
    theme_natriskbg: no visible global function definition for ‘%+replace%’
    theme_natriskbg: no visible global function definition for
     ‘element_blank’
    theme_natriskbg: no visible global function definition for
     ‘element_rect’
    theme_natriskbg: no visible global function definition for ‘unit’
    theme_simple: no visible global function definition for ‘%+replace%’
    theme_simple: no visible global function definition for ‘theme_bw’
    theme_simple: no visible global function definition for ‘element_rect’
    theme_simple: no visible global function definition for ‘element_blank’
Flavors: r-devel-linux-x86_64-debian-clang, r-devel-linux-x86_64-debian-gcc, r-devel-linux-x86_64-fedora-clang, r-devel-linux-x86_64-fedora-gcc, r-devel-osx-x86_64-clang, r-devel-windows-ix86+x86_64

Version: 0.2-0
Check: dependencies in R code
Result: NOTE
    Packages in Depends field not imported from:
     ‘ggplot2’ ‘methods’
     These packages need to be imported from (in the NAMESPACE file)
     for when this namespace is loaded but not attached.
    Missing or unexported object: ‘ggplot2::digest.ggplot’
    See the information on DESCRIPTION files in the chapter ‘Creating R
    packages’ of the ‘Writing R Extensions’ manual.
Flavors: r-release-linux-ix86, r-release-linux-x86_64, r-release-osx-x86_64-mavericks, r-release-windows-ix86+x86_64, r-oldrel-windows-ix86+x86_64

Version: 0.2-0
Check: dependencies in R code
Result: NOTE
    Packages in Depends field not imported from:
     'ggplot2' 'methods'
     These packages need to be imported from for the case when
     this namespace is loaded but not attached.
    Missing or unexported object: 'ggplot2::digest.ggplot'
    See the information on DESCRIPTION files in the chapter 'Creating R
    packages' of the 'Writing R Extensions' manual.
Flavor: r-release-osx-x86_64-snowleopard