CRAN Package Check Results for Package RcmdrPlugin.KMggplot2

Last updated on 2016-07-30 12:48:23.

Flavor Version Tinstall Tcheck Ttotal Status Flags
r-devel-linux-x86_64-debian-clang 0.2-3 8.26 74.22 82.48 OK
r-devel-linux-x86_64-debian-gcc 0.2-3 7.89 74.21 82.10 OK
r-devel-linux-x86_64-fedora-clang 0.2-3 159.39 OK
r-devel-linux-x86_64-fedora-gcc 0.2-3 149.82 OK
r-devel-osx-x86_64-clang 0.2-3 130.74 OK
r-devel-windows-ix86+x86_64 0.2-3 41.00 130.00 171.00 OK
r-patched-linux-x86_64 0.2-3 7.98 70.55 78.53 OK
r-patched-solaris-sparc 0.2-3 914.20 OK
r-patched-solaris-x86 0.2-3 212.20 OK
r-release-linux-x86_64 0.2-3 9.42 80.30 89.72 OK
r-release-osx-x86_64-mavericks 0.2-3 WARN
r-release-windows-ix86+x86_64 0.2-3 51.00 192.00 243.00 OK
r-oldrel-windows-ix86+x86_64 0.2-3 48.00 126.00 174.00 OK

Check Details

Version: 0.2-3
Check: dependencies in R code
Result: NOTE
    Invalid MIT-MAGIC-COOKIE-1 key
Flavor: r-release-osx-x86_64-mavericks

Version: 0.2-3
Check: S3 generic/method consistency
Result: WARN
    Invalid MIT-MAGIC-COOKIE-1 key
    See section ‘Generic functions and methods’ in the ‘Writing R
    Extensions’ manual.
Flavor: r-release-osx-x86_64-mavericks

Version: 0.2-3
Check: replacement functions
Result: WARN
    Invalid MIT-MAGIC-COOKIE-1 key
    The argument of a replacement function which corresponds to the right
    hand side must be named ‘value’.
Flavor: r-release-osx-x86_64-mavericks

Version: 0.2-3
Check: foreign function calls
Result: NOTE
    Invalid MIT-MAGIC-COOKIE-1 key
    See chapter ‘System and foreign language interfaces’ in the ‘Writing R
    Extensions’ manual.
Flavor: r-release-osx-x86_64-mavericks

Version: 0.2-3
Check: R code for possible problems
Result: NOTE
    Invalid MIT-MAGIC-COOKIE-1 key
Flavor: r-release-osx-x86_64-mavericks

Version: 0.2-3
Check: for missing documentation entries
Result: WARN
    Invalid MIT-MAGIC-COOKIE-1 key
    All user-level objects in a package should have documentation entries.
    See chapter ‘Writing R documentation files’ in the ‘Writing R
    Extensions’ manual.
Flavor: r-release-osx-x86_64-mavericks

Version: 0.2-3
Check: for code/documentation mismatches
Result: WARN
    Invalid MIT-MAGIC-COOKIE-1 key
    Invalid MIT-MAGIC-COOKIE-1 key
    Invalid MIT-MAGIC-COOKIE-1 key
Flavor: r-release-osx-x86_64-mavericks

Version: 0.2-3
Check: Rd \usage sections
Result: NOTE
    Invalid MIT-MAGIC-COOKIE-1 key
    The \usage entries for S3 methods should use the \method markup and not
    their full name.
    See chapter ‘Writing R documentation files’ in the ‘Writing R
    Extensions’ manual.
Flavor: r-release-osx-x86_64-mavericks