CRAN Package Check Results for Package RcmdrPlugin.KMggplot2

Last updated on 2016-09-29 23:47:45.

Flavor Version Tinstall Tcheck Ttotal Status Flags
r-devel-linux-x86_64-debian-clang 0.2-3 7.35 70.10 77.44 OK
r-devel-linux-x86_64-debian-gcc 0.2-3 7.90 71.59 79.49 OK
r-devel-linux-x86_64-fedora-clang 0.2-3 183.40 OK
r-devel-linux-x86_64-fedora-gcc 0.2-3 149.62 OK
r-devel-macos-x86_64-clang 0.2-3 120.56 OK
r-devel-windows-ix86+x86_64 0.2-3 49.00 185.00 234.00 OK
r-patched-linux-x86_64 0.2-3 7.87 70.87 78.74 OK
r-patched-solaris-sparc 0.2-3 914.20 OK
r-patched-solaris-x86 0.2-3 211.20 OK
r-release-linux-x86_64 0.2-3 8.71 70.45 79.16 OK
r-release-osx-x86_64-mavericks 0.2-3 WARN
r-release-windows-ix86+x86_64 0.2-3 36.00 130.00 166.00 OK
r-oldrel-windows-ix86+x86_64 0.2-3 47.00 173.00 220.00 OK

Check Details

Version: 0.2-3
Check: dependencies in R code
Result: NOTE
    Invalid MIT-MAGIC-COOKIE-1 key
Flavor: r-release-osx-x86_64-mavericks

Version: 0.2-3
Check: S3 generic/method consistency
Result: WARN
    Invalid MIT-MAGIC-COOKIE-1 key
    See section ‘Generic functions and methods’ in the ‘Writing R
    Extensions’ manual.
Flavor: r-release-osx-x86_64-mavericks

Version: 0.2-3
Check: replacement functions
Result: WARN
    Invalid MIT-MAGIC-COOKIE-1 key
    The argument of a replacement function which corresponds to the right
    hand side must be named ‘value’.
Flavor: r-release-osx-x86_64-mavericks

Version: 0.2-3
Check: foreign function calls
Result: NOTE
    Invalid MIT-MAGIC-COOKIE-1 key
    See chapter ‘System and foreign language interfaces’ in the ‘Writing R
    Extensions’ manual.
Flavor: r-release-osx-x86_64-mavericks

Version: 0.2-3
Check: R code for possible problems
Result: NOTE
    Invalid MIT-MAGIC-COOKIE-1 key
Flavor: r-release-osx-x86_64-mavericks

Version: 0.2-3
Check: for missing documentation entries
Result: WARN
    Invalid MIT-MAGIC-COOKIE-1 key
    All user-level objects in a package should have documentation entries.
    See chapter ‘Writing R documentation files’ in the ‘Writing R
    Extensions’ manual.
Flavor: r-release-osx-x86_64-mavericks

Version: 0.2-3
Check: for code/documentation mismatches
Result: WARN
    Invalid MIT-MAGIC-COOKIE-1 key
    Invalid MIT-MAGIC-COOKIE-1 key
    Invalid MIT-MAGIC-COOKIE-1 key
Flavor: r-release-osx-x86_64-mavericks

Version: 0.2-3
Check: Rd \usage sections
Result: NOTE
    Invalid MIT-MAGIC-COOKIE-1 key
    The \usage entries for S3 methods should use the \method markup and not
    their full name.
    See chapter ‘Writing R documentation files’ in the ‘Writing R
    Extensions’ manual.
Flavor: r-release-osx-x86_64-mavericks