CRAN Package Check Results for Package RcmdrPlugin.KMggplot2

Last updated on 2014-04-25 05:47:23.

Flavor Version Tinstall Tcheck Ttotal Status Flags
r-devel-linux-x86_64-debian-clang 0.2-0 5.65 45.58 51.23 NOTE
r-devel-linux-x86_64-debian-gcc 0.2-0 5.50 46.12 51.62 NOTE
r-devel-linux-x86_64-fedora-clang 0.2-0 99.50 NOTE
r-devel-linux-x86_64-fedora-gcc 0.2-0 96.41 NOTE
r-devel-osx-x86_64-clang 0.2-0 103.95 NOTE
r-devel-osx-x86_64-gcc 0.2-0 ERROR
r-devel-windows-ix86+x86_64 0.2-0 20.00 84.00 104.00 NOTE
r-patched-linux-x86_64 0.2-0 5.46 45.76 51.22 NOTE
r-patched-solaris-sparc 0.2-0 588.20 NOTE
r-patched-solaris-x86 0.2-0 148.10 NOTE
r-release-linux-ix86 0.2-0 9.00 79.00 88.00 NOTE
r-release-linux-x86_64 0.2-0 5.96 45.22 51.18 NOTE
r-release-osx-x86_64-mavericks 0.2-0 WARN
r-release-osx-x86_64-snowleopard 0.2-0 NOTE
r-release-windows-ix86+x86_64 0.2-0 21.00 85.00 106.00 NOTE
r-oldrel-windows-ix86+x86_64 0.2-0 23.00 78.00 101.00 NOTE

Check Details

Version: 0.2-0
Check: dependencies in R code
Result: NOTE
    Packages in Depends field not imported from:
     ‘ggplot2’ ‘methods’
     These packages need to be imported from (in the NAMESPACE file)
     for when this namespace is loaded but not attached.
    Missing or unexported object: ‘ggplot2::digest.ggplot’
    See the information on DESCRIPTION files in the chapter ‘Creating R
    packages’ of the ‘Writing R Extensions’ manual.
Flavors: r-devel-linux-x86_64-debian-clang, r-devel-linux-x86_64-debian-gcc, r-devel-linux-x86_64-fedora-clang, r-devel-linux-x86_64-fedora-gcc, r-devel-osx-x86_64-clang, r-devel-windows-ix86+x86_64, r-patched-linux-x86_64, r-patched-solaris-sparc, r-patched-solaris-x86, r-release-linux-ix86, r-release-linux-x86_64, r-release-osx-x86_64-mavericks, r-release-windows-ix86+x86_64, r-oldrel-windows-ix86+x86_64

Version: 0.2-0
Check: package dependencies
Result: ERROR
    Packages required but not available: ‘ggplot2’ ‘ggthemes’ ‘Rcmdr’ ‘scales’
    
    See the information on DESCRIPTION files in the chapter ‘Creating R
    packages’ of the ‘Writing R Extensions’ manual.
Flavor: r-devel-osx-x86_64-gcc

Version: 0.2-0
Check: PDF version of manual
Result: WARNING
    LaTeX errors when creating PDF version.
    This typically indicates Rd problems.
    LaTeX errors found:
    ! LaTeX Error: File `upquote.sty' not found.
    
    Type X to quit or <RETURN> to proceed,
    or enter new name. (Default extension: sty)
    
    c61a818/Rd2.tex:8: ==> Fatal error occurred, no output PDF file produced!
Flavor: r-release-osx-x86_64-mavericks

Version: 0.2-0
Check: dependencies in R code
Result: NOTE
    Packages in Depends field not imported from:
     'ggplot2' 'methods'
     These packages need to be imported from for the case when
     this namespace is loaded but not attached.
    Missing or unexported object: 'ggplot2::digest.ggplot'
    See the information on DESCRIPTION files in the chapter 'Creating R
    packages' of the 'Writing R Extensions' manual.
Flavor: r-release-osx-x86_64-snowleopard