CRAN Package Check Results for Package RcmdrPlugin.KMggplot2

Last updated on 2021-01-19 00:47:35 CET.

Flavor Version Tinstall Tcheck Ttotal Status Flags
r-devel-linux-x86_64-debian-clang 0.2-6 24.40 176.62 201.02 OK
r-devel-linux-x86_64-debian-gcc 0.2-6 19.89 133.13 153.02 OK
r-devel-linux-x86_64-fedora-clang 0.2-6 249.08 OK
r-devel-linux-x86_64-fedora-gcc 0.2-6 242.56 OK
r-devel-windows-ix86+x86_64 0.2-6 39.00 151.00 190.00 OK
r-patched-linux-x86_64 0.2-6 17.26 167.29 184.55 OK
r-patched-solaris-x86 0.2-6 372.10 OK
r-release-linux-x86_64 0.2-6 17.28 165.62 182.90 OK
r-release-macos-x86_64 0.2-6 OK
r-release-windows-ix86+x86_64 0.2-6 41.00 164.00 205.00 OK
r-oldrel-macos-x86_64 0.2-6 WARN
r-oldrel-windows-ix86+x86_64 0.2-6 29.00 143.00 172.00 OK

Check Details

Version: 0.2-6
Check: dependencies in R code
Result: NOTE
    No protocol specified
    No protocol specified
Flavor: r-oldrel-macos-x86_64

Version: 0.2-6
Check: S3 generic/method consistency
Result: WARN
    No protocol specified
    No protocol specified
    See section ‘Generic functions and methods’ in the ‘Writing R
    Extensions’ manual.
Flavor: r-oldrel-macos-x86_64

Version: 0.2-6
Check: replacement functions
Result: WARN
    No protocol specified
    No protocol specified
    The argument of a replacement function which corresponds to the right
    hand side must be named ‘value’.
Flavor: r-oldrel-macos-x86_64

Version: 0.2-6
Check: foreign function calls
Result: NOTE
    No protocol specified
    No protocol specified
    See chapter ‘System and foreign language interfaces’ in the ‘Writing R
    Extensions’ manual.
Flavor: r-oldrel-macos-x86_64

Version: 0.2-6
Check: R code for possible problems
Result: NOTE
    No protocol specified
    No protocol specified
Flavor: r-oldrel-macos-x86_64

Version: 0.2-6
Check: for missing documentation entries
Result: WARN
    No protocol specified
    No protocol specified
    All user-level objects in a package should have documentation entries.
    See chapter ‘Writing R documentation files’ in the ‘Writing R
    Extensions’ manual.
Flavor: r-oldrel-macos-x86_64

Version: 0.2-6
Check: for code/documentation mismatches
Result: WARN
    No protocol specified
    No protocol specified
    No protocol specified
    No protocol specified
    No protocol specified
    No protocol specified
Flavor: r-oldrel-macos-x86_64

Version: 0.2-6
Check: Rd \usage sections
Result: NOTE
    No protocol specified
    No protocol specified
    The \usage entries for S3 methods should use the \method markup and not
    their full name.
    See chapter ‘Writing R documentation files’ in the ‘Writing R
    Extensions’ manual.
Flavor: r-oldrel-macos-x86_64