CRAN Package Check Results for Package RcmdrPlugin.MA

Last updated on 2017-11-25 04:49:32 CET.

Flavor Version Tinstall Tcheck Ttotal Status Flags
r-devel-linux-x86_64-debian-clang 0.0-2 6.81 137.32 144.14 OK
r-devel-linux-x86_64-debian-gcc 0.0-2 6.14 124.30 130.44 OK
r-devel-linux-x86_64-fedora-clang 0.0-2 119.42 OK
r-devel-linux-x86_64-fedora-gcc 0.0-2 117.98 OK
r-devel-windows-ix86+x86_64 0.0-2 28.00 106.00 134.00 OK
r-patched-linux-x86_64 0.0-2 7.11 154.88 161.99 OK
r-patched-solaris-x86 0.0-2 221.90 OK
r-release-linux-x86_64 0.0-2 7.47 159.57 167.04 OK
r-release-windows-ix86+x86_64 0.0-2 42.00 111.00 153.00 OK
r-release-osx-x86_64 0.0-2 OK
r-oldrel-windows-ix86+x86_64 0.0-2 27.00 104.00 131.00 OK
r-oldrel-osx-x86_64 0.0-2 WARN

Check Details

Version: 0.0-2
Check: dependencies in R code
Result: NOTE
    Invalid MIT-MAGIC-COOKIE-1 key
Flavor: r-oldrel-osx-x86_64

Version: 0.0-2
Check: S3 generic/method consistency
Result: WARN
    Invalid MIT-MAGIC-COOKIE-1 key
    See section ‘Generic functions and methods’ in the ‘Writing R
    Extensions’ manual.
Flavor: r-oldrel-osx-x86_64

Version: 0.0-2
Check: replacement functions
Result: WARN
    Invalid MIT-MAGIC-COOKIE-1 key
    The argument of a replacement function which corresponds to the right
    hand side must be named ‘value’.
Flavor: r-oldrel-osx-x86_64

Version: 0.0-2
Check: foreign function calls
Result: NOTE
    Invalid MIT-MAGIC-COOKIE-1 key
    See chapter ‘System and foreign language interfaces’ in the ‘Writing R
    Extensions’ manual.
Flavor: r-oldrel-osx-x86_64

Version: 0.0-2
Check: R code for possible problems
Result: NOTE
    Invalid MIT-MAGIC-COOKIE-1 key
Flavor: r-oldrel-osx-x86_64

Version: 0.0-2
Check: for missing documentation entries
Result: WARN
    Invalid MIT-MAGIC-COOKIE-1 key
    All user-level objects in a package should have documentation entries.
    See chapter ‘Writing R documentation files’ in the ‘Writing R
    Extensions’ manual.
Flavor: r-oldrel-osx-x86_64

Version: 0.0-2
Check: for code/documentation mismatches
Result: WARN
    Invalid MIT-MAGIC-COOKIE-1 key
    Invalid MIT-MAGIC-COOKIE-1 key
    Invalid MIT-MAGIC-COOKIE-1 key
Flavor: r-oldrel-osx-x86_64

Version: 0.0-2
Check: Rd \usage sections
Result: NOTE
    Invalid MIT-MAGIC-COOKIE-1 key
    The \usage entries for S3 methods should use the \method markup and not
    their full name.
    See chapter ‘Writing R documentation files’ in the ‘Writing R
    Extensions’ manual.
Flavor: r-oldrel-osx-x86_64