CRAN Package Check Results for Package RcmdrPlugin.MA

Last updated on 2017-05-28 23:50:13.

Flavor Version Tinstall Tcheck Ttotal Status Flags
r-devel-linux-x86_64-debian-clang 0.0-2 5.86 64.66 70.51 OK
r-devel-linux-x86_64-debian-gcc 0.0-2 5.99 61.62 67.60 OK
r-devel-linux-x86_64-fedora-clang 0.0-2 149.29 OK
r-devel-linux-x86_64-fedora-gcc 0.0-2 143.17 OK
r-devel-windows-ix86+x86_64 0.0-2 48.00 190.00 238.00 OK
r-patched-linux-x86_64 0.0-2 5.93 69.59 75.52 OK
r-patched-solaris-sparc 0.0-2 819.00 OK
r-patched-solaris-x86 0.0-2 206.40 OK
r-release-linux-x86_64 0.0-2 5.89 66.14 72.03 OK
r-release-windows-ix86+x86_64 0.0-2 47.00 172.00 219.00 OK
r-release-osx-x86_64 0.0-2 OK
r-oldrel-windows-ix86+x86_64 0.0-2 45.00 95.00 140.00 OK
r-oldrel-osx-x86_64 0.0-2 WARN

Check Details

Version: 0.0-2
Check: dependencies in R code
Result: NOTE
    Invalid MIT-MAGIC-COOKIE-1 key
Flavor: r-oldrel-osx-x86_64

Version: 0.0-2
Check: S3 generic/method consistency
Result: WARN
    Invalid MIT-MAGIC-COOKIE-1 key
    See section ‘Generic functions and methods’ in the ‘Writing R
    Extensions’ manual.
Flavor: r-oldrel-osx-x86_64

Version: 0.0-2
Check: replacement functions
Result: WARN
    Invalid MIT-MAGIC-COOKIE-1 key
    The argument of a replacement function which corresponds to the right
    hand side must be named ‘value’.
Flavor: r-oldrel-osx-x86_64

Version: 0.0-2
Check: foreign function calls
Result: NOTE
    Invalid MIT-MAGIC-COOKIE-1 key
    See chapter ‘System and foreign language interfaces’ in the ‘Writing R
    Extensions’ manual.
Flavor: r-oldrel-osx-x86_64

Version: 0.0-2
Check: R code for possible problems
Result: NOTE
    Invalid MIT-MAGIC-COOKIE-1 key
Flavor: r-oldrel-osx-x86_64

Version: 0.0-2
Check: for missing documentation entries
Result: WARN
    Invalid MIT-MAGIC-COOKIE-1 key
    All user-level objects in a package should have documentation entries.
    See chapter ‘Writing R documentation files’ in the ‘Writing R
    Extensions’ manual.
Flavor: r-oldrel-osx-x86_64

Version: 0.0-2
Check: for code/documentation mismatches
Result: WARN
    Invalid MIT-MAGIC-COOKIE-1 key
    Invalid MIT-MAGIC-COOKIE-1 key
    Invalid MIT-MAGIC-COOKIE-1 key
Flavor: r-oldrel-osx-x86_64

Version: 0.0-2
Check: Rd \usage sections
Result: NOTE
    Invalid MIT-MAGIC-COOKIE-1 key
    The \usage entries for S3 methods should use the \method markup and not
    their full name.
    See chapter ‘Writing R documentation files’ in the ‘Writing R
    Extensions’ manual.
Flavor: r-oldrel-osx-x86_64