CRAN Package Check Results for Package RcmdrPlugin.MA

Last updated on 2016-08-28 13:50:30.

Flavor Version Tinstall Tcheck Ttotal Status Flags
r-devel-linux-x86_64-debian-clang 0.0-2 5.87 58.31 64.18 OK
r-devel-linux-x86_64-debian-gcc 0.0-2 5.14 58.13 63.27 OK
r-devel-linux-x86_64-fedora-clang 0.0-2 121.27 OK
r-devel-linux-x86_64-fedora-gcc 0.0-2 116.50 OK
r-devel-osx-x86_64-clang 0.0-2 100.92 OK
r-devel-windows-ix86+x86_64 0.0-2 42.00 200.00 242.00 OK
r-patched-linux-x86_64 0.0-2 5.28 55.64 60.92 OK
r-patched-solaris-sparc 0.0-2 694.90 OK
r-patched-solaris-x86 0.0-2 168.40 OK
r-release-linux-x86_64 0.0-2 5.50 57.40 62.90 OK
r-release-osx-x86_64-mavericks 0.0-2 WARN
r-release-windows-ix86+x86_64 0.0-2 44.00 100.00 144.00 OK
r-oldrel-windows-ix86+x86_64 0.0-2 40.00 137.00 177.00 OK

Check Details

Version: 0.0-2
Check: dependencies in R code
Result: NOTE
    Invalid MIT-MAGIC-COOKIE-1 key
Flavor: r-release-osx-x86_64-mavericks

Version: 0.0-2
Check: S3 generic/method consistency
Result: WARN
    Invalid MIT-MAGIC-COOKIE-1 key
    See section ‘Generic functions and methods’ in the ‘Writing R
    Extensions’ manual.
Flavor: r-release-osx-x86_64-mavericks

Version: 0.0-2
Check: replacement functions
Result: WARN
    Invalid MIT-MAGIC-COOKIE-1 key
    The argument of a replacement function which corresponds to the right
    hand side must be named ‘value’.
Flavor: r-release-osx-x86_64-mavericks

Version: 0.0-2
Check: foreign function calls
Result: NOTE
    Invalid MIT-MAGIC-COOKIE-1 key
    See chapter ‘System and foreign language interfaces’ in the ‘Writing R
    Extensions’ manual.
Flavor: r-release-osx-x86_64-mavericks

Version: 0.0-2
Check: R code for possible problems
Result: NOTE
    Invalid MIT-MAGIC-COOKIE-1 key
Flavor: r-release-osx-x86_64-mavericks

Version: 0.0-2
Check: for missing documentation entries
Result: WARN
    Invalid MIT-MAGIC-COOKIE-1 key
    All user-level objects in a package should have documentation entries.
    See chapter ‘Writing R documentation files’ in the ‘Writing R
    Extensions’ manual.
Flavor: r-release-osx-x86_64-mavericks

Version: 0.0-2
Check: for code/documentation mismatches
Result: WARN
    Invalid MIT-MAGIC-COOKIE-1 key
    Invalid MIT-MAGIC-COOKIE-1 key
    Invalid MIT-MAGIC-COOKIE-1 key
Flavor: r-release-osx-x86_64-mavericks

Version: 0.0-2
Check: Rd \usage sections
Result: NOTE
    Invalid MIT-MAGIC-COOKIE-1 key
    The \usage entries for S3 methods should use the \method markup and not
    their full name.
    See chapter ‘Writing R documentation files’ in the ‘Writing R
    Extensions’ manual.
Flavor: r-release-osx-x86_64-mavericks