CRAN Package Check Results for Package RcmdrPlugin.MA

Last updated on 2016-09-30 23:48:07.

Flavor Version Tinstall Tcheck Ttotal Status Flags
r-devel-linux-x86_64-debian-clang 0.0-2 4.88 55.13 60.00 OK
r-devel-linux-x86_64-debian-gcc 0.0-2 4.90 55.38 60.28 OK
r-devel-linux-x86_64-fedora-clang 0.0-2 141.74 OK
r-devel-linux-x86_64-fedora-gcc 0.0-2 113.10 OK
r-devel-macos-x86_64-clang 0.0-2 91.56 OK
r-devel-windows-ix86+x86_64 0.0-2 46.00 143.00 189.00 OK
r-patched-linux-x86_64 0.0-2 4.65 54.68 59.33 OK
r-patched-solaris-sparc 0.0-2 694.90 OK
r-patched-solaris-x86 0.0-2 168.30 OK
r-release-linux-x86_64 0.0-2 5.03 52.84 57.86 OK
r-release-osx-x86_64-mavericks 0.0-2 WARN
r-release-windows-ix86+x86_64 0.0-2 44.00 136.00 180.00 OK
r-oldrel-windows-ix86+x86_64 0.0-2 43.00 145.00 188.00 OK

Check Details

Version: 0.0-2
Check: dependencies in R code
Result: NOTE
    Invalid MIT-MAGIC-COOKIE-1 key
Flavor: r-release-osx-x86_64-mavericks

Version: 0.0-2
Check: S3 generic/method consistency
Result: WARN
    Invalid MIT-MAGIC-COOKIE-1 key
    See section ‘Generic functions and methods’ in the ‘Writing R
    Extensions’ manual.
Flavor: r-release-osx-x86_64-mavericks

Version: 0.0-2
Check: replacement functions
Result: WARN
    Invalid MIT-MAGIC-COOKIE-1 key
    The argument of a replacement function which corresponds to the right
    hand side must be named ‘value’.
Flavor: r-release-osx-x86_64-mavericks

Version: 0.0-2
Check: foreign function calls
Result: NOTE
    Invalid MIT-MAGIC-COOKIE-1 key
    See chapter ‘System and foreign language interfaces’ in the ‘Writing R
    Extensions’ manual.
Flavor: r-release-osx-x86_64-mavericks

Version: 0.0-2
Check: R code for possible problems
Result: NOTE
    Invalid MIT-MAGIC-COOKIE-1 key
Flavor: r-release-osx-x86_64-mavericks

Version: 0.0-2
Check: for missing documentation entries
Result: WARN
    Invalid MIT-MAGIC-COOKIE-1 key
    All user-level objects in a package should have documentation entries.
    See chapter ‘Writing R documentation files’ in the ‘Writing R
    Extensions’ manual.
Flavor: r-release-osx-x86_64-mavericks

Version: 0.0-2
Check: for code/documentation mismatches
Result: WARN
    Invalid MIT-MAGIC-COOKIE-1 key
    Invalid MIT-MAGIC-COOKIE-1 key
    Invalid MIT-MAGIC-COOKIE-1 key
Flavor: r-release-osx-x86_64-mavericks

Version: 0.0-2
Check: Rd \usage sections
Result: NOTE
    Invalid MIT-MAGIC-COOKIE-1 key
    The \usage entries for S3 methods should use the \method markup and not
    their full name.
    See chapter ‘Writing R documentation files’ in the ‘Writing R
    Extensions’ manual.
Flavor: r-release-osx-x86_64-mavericks