CRAN Package Check Results for Package RcmdrPlugin.MA

Last updated on 2014-07-29 16:47:29.

Flavor Version Tinstall Tcheck Ttotal Status Flags
r-devel-linux-x86_64-debian-clang 0.0-1 4.19 46.68 50.87 NOTE
r-devel-linux-x86_64-debian-gcc 0.0-1 4.48 44.87 49.35 NOTE
r-devel-linux-x86_64-fedora-clang 0.0-1 113.99 NOTE
r-devel-linux-x86_64-fedora-gcc 0.0-1 107.50 NOTE
r-devel-osx-x86_64-clang 0.0-1 95.60 NOTE
r-devel-windows-ix86+x86_64 0.0-1 23.00 71.00 94.00 NOTE
r-patched-linux-x86_64 0.0-1 4.09 45.69 49.78 NOTE
r-patched-solaris-sparc 0.0-1 243.00 NOTE
r-patched-solaris-x86 0.0-1 151.90 NOTE
r-release-linux-ix86 0.0-1 5.02 57.42 62.45 NOTE
r-release-linux-x86_64 0.0-1 4.40 45.80 50.20 NOTE
r-release-osx-x86_64-mavericks 0.0-1 NOTE
r-release-osx-x86_64-snowleopard 0.0-1 NOTE
r-release-windows-ix86+x86_64 0.0-1 25.00 77.00 102.00 NOTE
r-oldrel-windows-ix86+x86_64 0.0-1 31.00 75.00 106.00 NOTE

Check Details

Version: 0.0-1
Check: dependencies in R code
Result: NOTE
    Package in Depends field not imported from: metafor
     These packages need to be imported from (in the NAMESPACE file)
     for when this namespace is loaded but not attached.
    See the information on DESCRIPTION files in the chapter Creating R
    packages of the Writing R Extensions manual.
Flavors: r-devel-linux-x86_64-debian-clang, r-devel-linux-x86_64-debian-gcc, r-devel-linux-x86_64-fedora-clang, r-devel-linux-x86_64-fedora-gcc, r-devel-osx-x86_64-clang, r-devel-windows-ix86+x86_64, r-patched-linux-x86_64, r-patched-solaris-sparc, r-patched-solaris-x86, r-release-linux-ix86, r-release-linux-x86_64, r-release-osx-x86_64-mavericks, r-release-windows-ix86+x86_64, r-oldrel-windows-ix86+x86_64

Version: 0.0-1
Check: for old-style vignette sources
Result: NOTE
    Vignette sources only in inst/doc :
     tutorial.Rnw
    A vignettes directory is required as from R 3.1.0
    and these will not be indexed nor checked
Flavors: r-devel-linux-x86_64-debian-clang, r-devel-linux-x86_64-debian-gcc, r-devel-linux-x86_64-fedora-clang, r-devel-linux-x86_64-fedora-gcc, r-devel-osx-x86_64-clang, r-devel-windows-ix86+x86_64, r-patched-linux-x86_64, r-patched-solaris-sparc, r-patched-solaris-x86, r-release-linux-ix86, r-release-linux-x86_64, r-release-osx-x86_64-mavericks, r-release-osx-x86_64-snowleopard, r-release-windows-ix86+x86_64

Version: 0.0-1
Check: top-level files
Result: NOTE
    Non-standard files/directories found at top level:
     RcmdrPlugin.MA_ideas_updates findGlobals.R
Flavors: r-devel-linux-x86_64-fedora-clang, r-devel-linux-x86_64-fedora-gcc

Version: 0.0-1
Check: Rd line widths
Result: NOTE
    Rd file 'RcmdrPlugin.MA-package.Rd':
     \examples lines wider than 100 characters:
     # Installing the RcmdrPlugin.MA package (at command prompt): install.packages('RcmdrPlugin.MA')
    
    These lines will be truncated in the PDF manual.
Flavors: r-devel-linux-x86_64-fedora-clang, r-devel-linux-x86_64-fedora-gcc

Version: 0.0-1
Check: dependencies in R code
Result: NOTE
    Package in Depends field not imported from: 'metafor'
     These packages need to be imported from for the case when
     this namespace is loaded but not attached.
    See the information on DESCRIPTION files in the chapter 'Creating R
    packages' of the 'Writing R Extensions' manual.
Flavor: r-release-osx-x86_64-snowleopard

Version: 0.0-1
Check: for old-style vignette sources
Result: NOTE
    Vignette sources only in 'inst/doc':
     'tutorial.Rnw'
    A 'vignettes' directory will be required as from R 3.1.0
Flavor: r-oldrel-windows-ix86+x86_64