CRAN Package Check Results for Package RcmdrPlugin.MA

Last updated on 2014-04-24 09:49:08.

Flavor Version Tinstall Tcheck Ttotal Status Flags
r-devel-linux-x86_64-debian-clang 0.0-1 1.44 21.34 22.78 NOTE
r-devel-linux-x86_64-debian-gcc 0.0-1 1.42 21.60 23.03 NOTE
r-devel-linux-x86_64-fedora-clang 0.0-1 42.07 NOTE
r-devel-linux-x86_64-fedora-gcc 0.0-1 41.22 NOTE
r-devel-osx-x86_64-clang 0.0-1 48.29 NOTE
r-devel-osx-x86_64-gcc 0.0-1 ERROR
r-devel-windows-ix86+x86_64 0.0-1 20.00 44.00 64.00 NOTE
r-patched-linux-x86_64 0.0-1 1.44 21.58 23.02 NOTE
r-patched-solaris-sparc 0.0-1 243.00 NOTE
r-patched-solaris-x86 0.0-1 75.90 NOTE
r-release-linux-ix86 0.0-1 3.00 42.00 45.00 NOTE
r-release-linux-x86_64 0.0-1 1.42 21.52 22.94 NOTE
r-release-osx-x86_64-mavericks 0.0-1 WARN
r-release-osx-x86_64-snowleopard 0.0-1 NOTE
r-release-windows-ix86+x86_64 0.0-1 17.00 44.00 61.00 NOTE
r-oldrel-windows-ix86+x86_64 0.0-1 14.00 44.00 58.00 NOTE

Check Details

Version: 0.0-1
Check: dependencies in R code
Result: NOTE
    Package in Depends field not imported from: ‘metafor’
     These packages need to be imported from (in the NAMESPACE file)
     for when this namespace is loaded but not attached.
    See the information on DESCRIPTION files in the chapter ‘Creating R
    packages’ of the ‘Writing R Extensions’ manual.
Flavors: r-devel-linux-x86_64-debian-clang, r-devel-linux-x86_64-debian-gcc, r-devel-linux-x86_64-fedora-clang, r-devel-linux-x86_64-fedora-gcc, r-devel-osx-x86_64-clang, r-devel-windows-ix86+x86_64, r-patched-linux-x86_64, r-patched-solaris-sparc, r-patched-solaris-x86, r-release-linux-ix86, r-release-linux-x86_64, r-release-osx-x86_64-mavericks, r-release-windows-ix86+x86_64, r-oldrel-windows-ix86+x86_64

Version: 0.0-1
Check: for old-style vignette sources
Result: NOTE
    Vignette sources only in ‘inst/doc’:
     ‘tutorial.Rnw’
    A ‘vignettes’ directory is required as from R 3.1.0
    and these will not be indexed nor checked
Flavors: r-devel-linux-x86_64-debian-clang, r-devel-linux-x86_64-debian-gcc, r-devel-linux-x86_64-fedora-clang, r-devel-linux-x86_64-fedora-gcc, r-devel-osx-x86_64-clang, r-devel-windows-ix86+x86_64, r-patched-linux-x86_64, r-patched-solaris-sparc, r-patched-solaris-x86, r-release-linux-ix86, r-release-linux-x86_64, r-release-osx-x86_64-mavericks, r-release-osx-x86_64-snowleopard, r-release-windows-ix86+x86_64

Version: 0.0-1
Check: top-level files
Result: NOTE
    Non-standard files/directories found at top level:
     ‘RcmdrPlugin.MA_ideas_updates’ ‘findGlobals.R’
Flavors: r-devel-linux-x86_64-fedora-clang, r-devel-linux-x86_64-fedora-gcc

Version: 0.0-1
Check: Rd line widths
Result: NOTE
    Rd file 'RcmdrPlugin.MA-package.Rd':
     \examples lines wider than 100 characters:
     # Installing the RcmdrPlugin.MA package (at command prompt): install.packages('RcmdrPlugin.MA')
    
    These lines will be truncated in the PDF manual.
Flavors: r-devel-linux-x86_64-fedora-clang, r-devel-linux-x86_64-fedora-gcc

Version: 0.0-1
Check: package dependencies
Result: ERROR
    Packages required but not available: ‘MAd’ ‘Rcmdr’
    
    Package which this enhances but not available for checking: ‘ggplot2’
    
    See the information on DESCRIPTION files in the chapter ‘Creating R
    packages’ of the ‘Writing R Extensions’ manual.
Flavor: r-devel-osx-x86_64-gcc

Version: 0.0-1
Check: PDF version of manual
Result: WARNING
    LaTeX errors when creating PDF version.
    This typically indicates Rd problems.
    LaTeX errors found:
    ! LaTeX Error: File `upquote.sty' not found.
    
    Type X to quit or <RETURN> to proceed,
    or enter new name. (Default extension: sty)
    
    19821c/Rd2.tex:8: ==> Fatal error occurred, no output PDF file produced!
Flavor: r-release-osx-x86_64-mavericks

Version: 0.0-1
Check: dependencies in R code
Result: NOTE
    Package in Depends field not imported from: 'metafor'
     These packages need to be imported from for the case when
     this namespace is loaded but not attached.
    See the information on DESCRIPTION files in the chapter 'Creating R
    packages' of the 'Writing R Extensions' manual.
Flavor: r-release-osx-x86_64-snowleopard

Version: 0.0-1
Check: for old-style vignette sources
Result: NOTE
    Vignette sources only in 'inst/doc':
     'tutorial.Rnw'
    A 'vignettes' directory will be required as from R 3.1.0
Flavor: r-oldrel-windows-ix86+x86_64