CRAN Package Check Results for Package RcmdrPlugin.MA

Last updated on 2014-09-17 08:49:26.

Flavor Version Tinstall Tcheck Ttotal Status Flags
r-devel-linux-x86_64-debian-clang 0.0-1 5.30 66.11 71.40 NOTE
r-devel-linux-x86_64-debian-gcc 0.0-1 5.38 64.54 69.92 NOTE
r-devel-linux-x86_64-fedora-clang 0.0-1 129.90 NOTE
r-devel-linux-x86_64-fedora-gcc 0.0-1 121.26 NOTE
r-devel-osx-x86_64-clang 0.0-1 114.15 NOTE
r-devel-windows-ix86+x86_64 0.0-1 46.00 151.00 197.00 NOTE
r-patched-linux-x86_64 0.0-1 5.16 64.62 69.78 NOTE
r-patched-solaris-sparc 0.0-1 619.50 NOTE
r-patched-solaris-x86 0.0-1 204.70 NOTE
r-release-linux-ix86 0.0-1 6.74 78.16 84.91 NOTE
r-release-linux-x86_64 0.0-1 5.42 70.12 75.54 NOTE
r-release-osx-x86_64-mavericks 0.0-1 NOTE
r-release-osx-x86_64-snowleopard 0.0-1 NOTE
r-release-windows-ix86+x86_64 0.0-1 42.00 121.00 163.00 NOTE
r-oldrel-windows-ix86+x86_64 0.0-1 42.00 131.00 173.00 NOTE

Check Details

Version: 0.0-1
Check: top-level files
Result: NOTE
    Non-standard files/directories found at top level:
     ‘RcmdrPlugin.MA_ideas_updates’ ‘findGlobals.R’
Flavors: r-devel-linux-x86_64-debian-clang, r-devel-linux-x86_64-debian-gcc, r-devel-linux-x86_64-fedora-clang, r-devel-linux-x86_64-fedora-gcc, r-release-linux-x86_64

Version: 0.0-1
Check: dependencies in R code
Result: NOTE
    Package in Depends field not imported from: ‘metafor’
     These packages need to be imported from (in the NAMESPACE file)
     for when this namespace is loaded but not attached.
    See the information on DESCRIPTION files in the chapter ‘Creating R
    packages’ of the ‘Writing R Extensions’ manual.
Flavors: r-devel-linux-x86_64-debian-clang, r-devel-linux-x86_64-debian-gcc, r-devel-linux-x86_64-fedora-clang, r-devel-linux-x86_64-fedora-gcc, r-devel-osx-x86_64-clang, r-devel-windows-ix86+x86_64, r-patched-linux-x86_64, r-patched-solaris-sparc, r-patched-solaris-x86, r-release-linux-ix86, r-release-linux-x86_64, r-release-osx-x86_64-mavericks, r-release-windows-ix86+x86_64, r-oldrel-windows-ix86+x86_64

Version: 0.0-1
Check: Rd line widths
Result: NOTE
    Rd file 'RcmdrPlugin.MA-package.Rd':
     \examples lines wider than 100 characters:
     # Installing the RcmdrPlugin.MA package (at command prompt): install.packages('RcmdrPlugin.MA')
    
    These lines will be truncated in the PDF manual.
Flavors: r-devel-linux-x86_64-debian-clang, r-devel-linux-x86_64-debian-gcc, r-devel-linux-x86_64-fedora-clang, r-devel-linux-x86_64-fedora-gcc, r-release-linux-x86_64

Version: 0.0-1
Check: for old-style vignette sources
Result: NOTE
    Vignette sources only in ‘inst/doc’:
     ‘tutorial.Rnw’
    A ‘vignettes’ directory is required as from R 3.1.0
    and these will not be indexed nor checked
Flavors: r-devel-linux-x86_64-debian-clang, r-devel-linux-x86_64-debian-gcc, r-devel-linux-x86_64-fedora-clang, r-devel-linux-x86_64-fedora-gcc, r-devel-osx-x86_64-clang, r-devel-windows-ix86+x86_64, r-patched-linux-x86_64, r-patched-solaris-sparc, r-patched-solaris-x86, r-release-linux-ix86, r-release-linux-x86_64, r-release-osx-x86_64-mavericks, r-release-osx-x86_64-snowleopard, r-release-windows-ix86+x86_64

Version: 0.0-1
Check: dependencies in R code
Result: NOTE
    Package in Depends field not imported from: 'metafor'
     These packages need to be imported from for the case when
     this namespace is loaded but not attached.
    See the information on DESCRIPTION files in the chapter 'Creating R
    packages' of the 'Writing R Extensions' manual.
Flavor: r-release-osx-x86_64-snowleopard

Version: 0.0-1
Check: for old-style vignette sources
Result: NOTE
    Vignette sources only in 'inst/doc':
     'tutorial.Rnw'
    A 'vignettes' directory will be required as from R 3.1.0
Flavor: r-oldrel-windows-ix86+x86_64