CRAN Package Check Results for Package RcmdrPlugin.MA

Last updated on 2014-11-01 07:48:57.

Flavor Version Tinstall Tcheck Ttotal Status Flags
r-devel-linux-x86_64-debian-clang 0.0-2 4.89 62.22 67.11 OK
r-devel-linux-x86_64-debian-gcc 0.0-2 4.80 60.25 65.04 OK
r-devel-linux-x86_64-fedora-clang 0.0-2 135.69 OK
r-devel-linux-x86_64-fedora-gcc 0.0-2 125.09 OK
r-devel-osx-x86_64-clang 0.0-2 126.70 OK
r-devel-windows-ix86+x86_64 0.0-2 42.00 110.00 152.00 OK
r-patched-linux-x86_64 0.0-2 5.20 70.34 75.54 OK
r-patched-solaris-sparc 0.0-2 783.20 OK
r-patched-solaris-x86 0.0-2 211.10 OK
r-release-linux-ix86 0.0-2 0.52 1.76 2.27 ERROR
r-release-linux-x86_64 0.0-2 5.58 70.12 75.69 OK
r-release-osx-x86_64-mavericks 0.0-2 OK
r-release-osx-x86_64-snowleopard 0.0-2 OK
r-release-windows-ix86+x86_64 0.0-2 28.00 111.00 139.00 OK
r-oldrel-windows-ix86+x86_64 0.0-2 30.00 111.00 141.00 OK

Check Details

Version: 0.0-2
Check: package dependencies
Result: ERROR
    Package required but not available: ‘Rcmdr’
    
    See the information on DESCRIPTION files in the chapter ‘Creating R
    packages’ of the ‘Writing R Extensions’ manual.
Flavor: r-release-linux-ix86