CRAN Package Check Results for Package RcmdrPlugin.MPAStats

Last updated on 2016-12-03 03:47:28.

Flavor Version Tinstall Tcheck Ttotal Status Flags
r-devel-linux-x86_64-debian-clang 1.2.1 5.34 58.72 64.05 OK
r-devel-linux-x86_64-debian-gcc 1.2.1 4.95 58.43 63.38 OK
r-devel-linux-x86_64-fedora-clang 1.2.1 143.66 OK
r-devel-linux-x86_64-fedora-gcc 1.2.1 142.39 OK --no-stop-on-test-error
r-devel-macos-x86_64-clang 1.2.1 110.12 NOTE
r-devel-windows-ix86+x86_64 1.2.1 38.00 113.00 151.00 OK
r-patched-linux-x86_64 1.2.1 4.94 53.42 58.36 OK
r-patched-solaris-sparc 1.2.1 707.20 OK
r-patched-solaris-x86 1.2.1 166.50 OK
r-release-linux-x86_64 1.2.1 4.68 53.16 57.85 OK
r-release-osx-x86_64-mavericks 1.2.1 WARN
r-release-windows-ix86+x86_64 1.2.1 38.00 136.00 174.00 OK
r-oldrel-windows-ix86+x86_64 1.2.1 29.00 135.00 164.00 OK

Check Details

Version: 1.2.1
Check: R code for possible problems
Result: NOTE
    
    This data.table install has not detected OpenMP support. It will work but slower in single threaded mode.
Flavor: r-devel-macos-x86_64-clang

Version: 1.2.1
Check: dependencies in R code
Result: NOTE
    Invalid MIT-MAGIC-COOKIE-1 key
Flavor: r-release-osx-x86_64-mavericks

Version: 1.2.1
Check: S3 generic/method consistency
Result: WARN
    Invalid MIT-MAGIC-COOKIE-1 key
    See section ‘Generic functions and methods’ in the ‘Writing R
    Extensions’ manual.
Flavor: r-release-osx-x86_64-mavericks

Version: 1.2.1
Check: replacement functions
Result: WARN
    Invalid MIT-MAGIC-COOKIE-1 key
    The argument of a replacement function which corresponds to the right
    hand side must be named ‘value’.
Flavor: r-release-osx-x86_64-mavericks

Version: 1.2.1
Check: foreign function calls
Result: NOTE
    Invalid MIT-MAGIC-COOKIE-1 key
    See chapter ‘System and foreign language interfaces’ in the ‘Writing R
    Extensions’ manual.
Flavor: r-release-osx-x86_64-mavericks

Version: 1.2.1
Check: R code for possible problems
Result: NOTE
    Invalid MIT-MAGIC-COOKIE-1 key
Flavor: r-release-osx-x86_64-mavericks

Version: 1.2.1
Check: for missing documentation entries
Result: WARN
    Invalid MIT-MAGIC-COOKIE-1 key
    All user-level objects in a package should have documentation entries.
    See chapter ‘Writing R documentation files’ in the ‘Writing R
    Extensions’ manual.
Flavor: r-release-osx-x86_64-mavericks

Version: 1.2.1
Check: for code/documentation mismatches
Result: WARN
    Invalid MIT-MAGIC-COOKIE-1 key
    Invalid MIT-MAGIC-COOKIE-1 key
    Invalid MIT-MAGIC-COOKIE-1 key
Flavor: r-release-osx-x86_64-mavericks

Version: 1.2.1
Check: Rd \usage sections
Result: NOTE
    Invalid MIT-MAGIC-COOKIE-1 key
    The \usage entries for S3 methods should use the \method markup and not
    their full name.
    See chapter ‘Writing R documentation files’ in the ‘Writing R
    Extensions’ manual.
Flavor: r-release-osx-x86_64-mavericks