CRAN Package Check Results for Package RcmdrPlugin.MPAStats

Last updated on 2017-03-31 01:49:21.

Flavor Version Tinstall Tcheck Ttotal Status Flags
r-devel-linux-x86_64-debian-clang 1.2.1 5.22 62.21 67.43 OK
r-devel-linux-x86_64-debian-gcc 1.2.1 5.23 61.04 66.27 OK
r-devel-linux-x86_64-fedora-clang 1.2.1 144.21 OK --no-stop-on-test-error
r-devel-linux-x86_64-fedora-gcc 1.2.1 141.84 OK --no-stop-on-test-error
r-devel-macos-x86_64-clang 1.2.1 109.30 OK --no-stop-on-test-error
r-devel-windows-ix86+x86_64 1.2.1 39.00 116.00 155.00 OK
r-patched-linux-x86_64 1.2.1 5.08 60.44 65.52 OK
r-patched-solaris-sparc 1.2.1 787.10 OK
r-patched-solaris-x86 1.2.1 197.90 OK
r-release-linux-x86_64 1.2.1 4.98 53.60 58.58 OK
r-release-osx-x86_64-mavericks 1.2.1 WARN
r-release-windows-ix86+x86_64 1.2.1 45.00 243.00 288.00 OK
r-oldrel-windows-ix86+x86_64 1.2.1 50.00 108.00 158.00 OK

Check Details

Version: 1.2.1
Check: dependencies in R code
Result: NOTE
    Invalid MIT-MAGIC-COOKIE-1 key
Flavor: r-release-osx-x86_64-mavericks

Version: 1.2.1
Check: S3 generic/method consistency
Result: WARN
    Invalid MIT-MAGIC-COOKIE-1 key
    See section ‘Generic functions and methods’ in the ‘Writing R
    Extensions’ manual.
Flavor: r-release-osx-x86_64-mavericks

Version: 1.2.1
Check: replacement functions
Result: WARN
    Invalid MIT-MAGIC-COOKIE-1 key
    The argument of a replacement function which corresponds to the right
    hand side must be named ‘value’.
Flavor: r-release-osx-x86_64-mavericks

Version: 1.2.1
Check: foreign function calls
Result: NOTE
    Invalid MIT-MAGIC-COOKIE-1 key
    See chapter ‘System and foreign language interfaces’ in the ‘Writing R
    Extensions’ manual.
Flavor: r-release-osx-x86_64-mavericks

Version: 1.2.1
Check: R code for possible problems
Result: NOTE
    Invalid MIT-MAGIC-COOKIE-1 key
Flavor: r-release-osx-x86_64-mavericks

Version: 1.2.1
Check: for missing documentation entries
Result: WARN
    Invalid MIT-MAGIC-COOKIE-1 key
    All user-level objects in a package should have documentation entries.
    See chapter ‘Writing R documentation files’ in the ‘Writing R
    Extensions’ manual.
Flavor: r-release-osx-x86_64-mavericks

Version: 1.2.1
Check: for code/documentation mismatches
Result: WARN
    Invalid MIT-MAGIC-COOKIE-1 key
    Invalid MIT-MAGIC-COOKIE-1 key
    Invalid MIT-MAGIC-COOKIE-1 key
Flavor: r-release-osx-x86_64-mavericks

Version: 1.2.1
Check: Rd \usage sections
Result: NOTE
    Invalid MIT-MAGIC-COOKIE-1 key
    The \usage entries for S3 methods should use the \method markup and not
    their full name.
    See chapter ‘Writing R documentation files’ in the ‘Writing R
    Extensions’ manual.
Flavor: r-release-osx-x86_64-mavericks