CRAN Package Check Results for Package RcmdrPlugin.MPAStats

Last updated on 2015-05-27 11:49:31.

Flavor Version Tinstall Tcheck Ttotal Status Flags
r-devel-linux-x86_64-debian-clang 1.1.5 5.44 52.78 58.22 OK
r-devel-linux-x86_64-debian-gcc 1.1.5 4.47 52.08 56.54 OK
r-devel-linux-x86_64-fedora-clang 1.1.5 118.96 OK
r-devel-linux-x86_64-fedora-gcc 1.1.5 117.92 OK
r-devel-osx-x86_64-clang 1.1.5 108.44 OK
r-devel-windows-ix86+x86_64 1.1.5 34.00 88.00 122.00 OK
r-patched-linux-x86_64 1.1.5 4.42 51.68 56.10 OK
r-patched-solaris-sparc 1.1.5 692.40 OK
r-patched-solaris-x86 1.1.5 167.40 OK
r-release-linux-x86_64 1.1.5 4.47 52.25 56.72 OK
r-release-osx-x86_64-mavericks 1.1.5 OK
r-release-osx-x86_64-snowleopard 1.1.5 ERROR
r-release-windows-ix86+x86_64 1.1.5 38.00 93.00 131.00 OK
r-oldrel-windows-ix86+x86_64 1.1.5 55.00 160.00 215.00 OK

Check Details

Version: 1.1.5
Check: package dependencies
Result: ERROR
    Package required but not available: ‘Rcmdr’
    
    See section ‘The DESCRIPTION file’ in the ‘Writing R Extensions’
    manual.
Flavor: r-release-osx-x86_64-snowleopard