CRAN Package Check Results for Package RcmdrPlugin.MPAStats

Last updated on 2014-04-24 17:49:51.

Flavor Version Tinstall Tcheck Ttotal Status Flags
r-devel-linux-x86_64-debian-clang 1.1.4 4.13 49.37 53.50 OK
r-devel-linux-x86_64-debian-gcc 1.1.4 4.14 49.23 53.37 OK
r-devel-linux-x86_64-fedora-clang 1.1.4 116.69 OK
r-devel-linux-x86_64-fedora-gcc 1.1.4 113.00 OK
r-devel-osx-x86_64-clang 1.1.4 104.65 OK
r-devel-osx-x86_64-gcc 1.1.4 ERROR
r-devel-windows-ix86+x86_64 1.1.4 27.00 74.00 101.00 OK
r-patched-linux-x86_64 1.1.4 3.92 49.24 53.17 OK
r-patched-solaris-sparc 1.1.4 658.10 OK
r-patched-solaris-x86 1.1.4 177.50 OK
r-release-linux-ix86 1.1.4 6.00 81.00 87.00 OK
r-release-linux-x86_64 1.1.4 3.93 49.04 52.97 OK
r-release-osx-x86_64-mavericks 1.1.4 WARN
r-release-osx-x86_64-snowleopard 1.1.4 OK
r-release-windows-ix86+x86_64 1.1.4 16.00 75.00 91.00 OK
r-oldrel-windows-ix86+x86_64 1.1.4 25.00 75.00 100.00 OK

Check Details

Version: 1.1.4
Check: package dependencies
Result: ERROR
    Package required but not available: ‘Rcmdr’
    
    See the information on DESCRIPTION files in the chapter ‘Creating R
    packages’ of the ‘Writing R Extensions’ manual.
Flavor: r-devel-osx-x86_64-gcc

Version: 1.1.4
Check: PDF version of manual
Result: WARNING
    LaTeX errors when creating PDF version.
    This typically indicates Rd problems.
    LaTeX errors found:
    ! LaTeX Error: File `upquote.sty' not found.
    
    Type X to quit or <RETURN> to proceed,
    or enter new name. (Default extension: sty)
    
    a36095c/Rd2.tex:8: ==> Fatal error occurred, no output PDF file produced!
Flavor: r-release-osx-x86_64-mavericks