CRAN Package Check Results for Package RcmdrPlugin.MPAStats

Last updated on 2017-02-22 23:54:16.

Flavor Version Tinstall Tcheck Ttotal Status Flags
r-devel-linux-x86_64-debian-clang 1.2.1 5.49 60.44 65.93 OK
r-devel-linux-x86_64-debian-gcc 1.2.1 4.94 64.13 69.07 OK
r-devel-linux-x86_64-fedora-clang 1.2.1 143.11 OK --no-stop-on-test-error
r-devel-linux-x86_64-fedora-gcc 1.2.1 140.76 OK --no-stop-on-test-error
r-devel-macos-x86_64-clang 1.2.1 109.72 OK --no-stop-on-test-error
r-devel-windows-ix86+x86_64 1.2.1 45.00 181.00 226.00 OK
r-patched-linux-x86_64 1.2.1 4.78 55.37 60.16 OK
r-patched-solaris-sparc 1.2.1 711.90 OK
r-patched-solaris-x86 1.2.1 174.30 OK
r-release-linux-x86_64 1.2.1 5.03 54.37 59.40 OK
r-release-osx-x86_64-mavericks 1.2.1 WARN
r-release-windows-ix86+x86_64 1.2.1 41.00 137.00 178.00 OK
r-oldrel-windows-ix86+x86_64 1.2.1 42.00 99.00 141.00 OK

Check Details

Version: 1.2.1
Check: dependencies in R code
Result: NOTE
    Invalid MIT-MAGIC-COOKIE-1 key
Flavor: r-release-osx-x86_64-mavericks

Version: 1.2.1
Check: S3 generic/method consistency
Result: WARN
    Invalid MIT-MAGIC-COOKIE-1 key
    See section ‘Generic functions and methods’ in the ‘Writing R
    Extensions’ manual.
Flavor: r-release-osx-x86_64-mavericks

Version: 1.2.1
Check: replacement functions
Result: WARN
    Invalid MIT-MAGIC-COOKIE-1 key
    The argument of a replacement function which corresponds to the right
    hand side must be named ‘value’.
Flavor: r-release-osx-x86_64-mavericks

Version: 1.2.1
Check: foreign function calls
Result: NOTE
    Invalid MIT-MAGIC-COOKIE-1 key
    See chapter ‘System and foreign language interfaces’ in the ‘Writing R
    Extensions’ manual.
Flavor: r-release-osx-x86_64-mavericks

Version: 1.2.1
Check: R code for possible problems
Result: NOTE
    Invalid MIT-MAGIC-COOKIE-1 key
Flavor: r-release-osx-x86_64-mavericks

Version: 1.2.1
Check: for missing documentation entries
Result: WARN
    Invalid MIT-MAGIC-COOKIE-1 key
    All user-level objects in a package should have documentation entries.
    See chapter ‘Writing R documentation files’ in the ‘Writing R
    Extensions’ manual.
Flavor: r-release-osx-x86_64-mavericks

Version: 1.2.1
Check: for code/documentation mismatches
Result: WARN
    Invalid MIT-MAGIC-COOKIE-1 key
    Invalid MIT-MAGIC-COOKIE-1 key
    Invalid MIT-MAGIC-COOKIE-1 key
Flavor: r-release-osx-x86_64-mavericks

Version: 1.2.1
Check: Rd \usage sections
Result: NOTE
    Invalid MIT-MAGIC-COOKIE-1 key
    The \usage entries for S3 methods should use the \method markup and not
    their full name.
    See chapter ‘Writing R documentation files’ in the ‘Writing R
    Extensions’ manual.
Flavor: r-release-osx-x86_64-mavericks