CRAN Package Check Results for Package RcmdrPlugin.MPAStats

Last updated on 2015-04-21 11:53:07.

Flavor Version Tinstall Tcheck Ttotal Status Flags
r-devel-linux-x86_64-debian-clang 1.1.5 4.54 52.29 56.83 OK
r-devel-linux-x86_64-debian-gcc 1.1.5 4.59 51.47 56.06 OK
r-devel-linux-x86_64-fedora-clang 1.1.5 120.20 OK
r-devel-linux-x86_64-fedora-gcc 1.1.5 117.18 OK
r-devel-osx-x86_64-clang 1.1.5 112.19 OK
r-devel-windows-ix86+x86_64 1.1.5 42.00 121.00 163.00 OK
r-patched-linux-x86_64 1.1.5 4.42 51.46 55.88 OK
r-patched-solaris-sparc 1.1.5 684.00 OK
r-patched-solaris-x86 1.1.5 156.60 OK
r-release-linux-x86_64 1.1.5 4.44 50.58 55.02 OK
r-release-osx-x86_64-mavericks 1.1.5 OK
r-release-osx-x86_64-snowleopard 1.1.5 ERROR
r-release-windows-ix86+x86_64 1.1.5 39.00 67.00 106.00 OK
r-oldrel-windows-ix86+x86_64 1.1.5 56.00 142.00 198.00 OK

Check Details

Version: 1.1.5
Check: package dependencies
Result: ERROR
    Package required but not available: ‘Rcmdr’
    
    See section ‘The DESCRIPTION file’ in the ‘Writing R Extensions’
    manual.
Flavor: r-release-osx-x86_64-snowleopard