CRAN Package Check Results for Package RcmdrPlugin.MPAStats

Last updated on 2017-05-26 03:48:40.

Flavor Version Tinstall Tcheck Ttotal Status Flags
r-devel-linux-x86_64-debian-clang 1.2.1 5.06 59.42 64.47 OK
r-devel-linux-x86_64-debian-gcc 1.2.1 4.88 60.87 65.75 OK
r-devel-linux-x86_64-fedora-clang 1.2.1 143.17 OK --no-stop-on-test-error
r-devel-linux-x86_64-fedora-gcc 1.2.1 139.46 OK --no-stop-on-test-error
r-devel-windows-ix86+x86_64 1.2.1 45.00 152.00 197.00 OK
r-patched-linux-x86_64 1.2.1 4.90 62.57 67.47 OK
r-patched-solaris-sparc 1.2.1 787.10 OK
r-patched-solaris-x86 1.2.1 197.40 OK
r-release-linux-x86_64 1.2.1 5.08 60.94 66.02 OK
r-release-windows-ix86+x86_64 1.2.1 40.00 207.00 247.00 OK
r-release-osx-x86_64 1.2.1 OK
r-oldrel-windows-ix86+x86_64 1.2.1 41.00 110.00 151.00 OK
r-oldrel-osx-x86_64 1.2.1 WARN

Check Details

Version: 1.2.1
Check: dependencies in R code
Result: NOTE
    Invalid MIT-MAGIC-COOKIE-1 key
Flavor: r-oldrel-osx-x86_64

Version: 1.2.1
Check: S3 generic/method consistency
Result: WARN
    Invalid MIT-MAGIC-COOKIE-1 key
    See section ‘Generic functions and methods’ in the ‘Writing R
    Extensions’ manual.
Flavor: r-oldrel-osx-x86_64

Version: 1.2.1
Check: replacement functions
Result: WARN
    Invalid MIT-MAGIC-COOKIE-1 key
    The argument of a replacement function which corresponds to the right
    hand side must be named ‘value’.
Flavor: r-oldrel-osx-x86_64

Version: 1.2.1
Check: foreign function calls
Result: NOTE
    Invalid MIT-MAGIC-COOKIE-1 key
    See chapter ‘System and foreign language interfaces’ in the ‘Writing R
    Extensions’ manual.
Flavor: r-oldrel-osx-x86_64

Version: 1.2.1
Check: R code for possible problems
Result: NOTE
    Invalid MIT-MAGIC-COOKIE-1 key
Flavor: r-oldrel-osx-x86_64

Version: 1.2.1
Check: for missing documentation entries
Result: WARN
    Invalid MIT-MAGIC-COOKIE-1 key
    All user-level objects in a package should have documentation entries.
    See chapter ‘Writing R documentation files’ in the ‘Writing R
    Extensions’ manual.
Flavor: r-oldrel-osx-x86_64

Version: 1.2.1
Check: for code/documentation mismatches
Result: WARN
    Invalid MIT-MAGIC-COOKIE-1 key
    Invalid MIT-MAGIC-COOKIE-1 key
    Invalid MIT-MAGIC-COOKIE-1 key
Flavor: r-oldrel-osx-x86_64

Version: 1.2.1
Check: Rd \usage sections
Result: NOTE
    Invalid MIT-MAGIC-COOKIE-1 key
    The \usage entries for S3 methods should use the \method markup and not
    their full name.
    See chapter ‘Writing R documentation files’ in the ‘Writing R
    Extensions’ manual.
Flavor: r-oldrel-osx-x86_64