CRAN Package Check Results for Package RcmdrPlugin.MPAStats

Last updated on 2014-10-22 13:48:47.

Flavor Version Tinstall Tcheck Ttotal Status Flags
r-devel-linux-x86_64-debian-clang 1.1.5 4.68 68.14 72.82 OK
r-devel-linux-x86_64-debian-gcc 1.1.5 4.47 66.38 70.85 OK
r-devel-linux-x86_64-fedora-clang 1.1.5 131.40 OK
r-devel-linux-x86_64-fedora-gcc 1.1.5 123.24 OK
r-devel-osx-x86_64-clang 1.1.5 135.54 OK
r-devel-windows-ix86+x86_64 1.1.5 37.00 102.00 139.00 OK
r-patched-linux-x86_64 1.1.5 4.70 69.63 74.34 OK
r-patched-solaris-sparc 1.1.5 766.10 OK
r-patched-solaris-x86 1.1.5 206.40 OK
r-release-linux-ix86 1.1.5 0.44 1.76 2.20 ERROR
r-release-linux-x86_64 1.1.5 4.85 69.42 74.28 OK
r-release-osx-x86_64-mavericks 1.1.5 OK
r-release-osx-x86_64-snowleopard 1.1.5 OK
r-release-windows-ix86+x86_64 1.1.5 43.00 106.00 149.00 OK
r-oldrel-windows-ix86+x86_64 1.1.5 42.00 102.00 144.00 OK

Check Details

Version: 1.1.5
Check: package dependencies
Result: ERROR
    Package required but not available: ‘Rcmdr’
    
    See the information on DESCRIPTION files in the chapter ‘Creating R
    packages’ of the ‘Writing R Extensions’ manual.
Flavor: r-release-linux-ix86