CRAN Package Check Results for Package RcmdrPlugin.NMBU

Last updated on 2015-04-26 19:47:28.

Flavor Version Tinstall Tcheck Ttotal Status Flags
r-devel-linux-x86_64-debian-clang 1.8.0.4 5.08 65.04 70.12 OK
r-devel-linux-x86_64-debian-gcc 1.8.0.4 4.95 63.35 68.30 OK
r-devel-linux-x86_64-fedora-clang 1.8.0.4 142.03 OK
r-devel-linux-x86_64-fedora-gcc 1.8.0.4 131.26 OK
r-devel-osx-x86_64-clang 1.8.0.4 124.13 OK
r-devel-windows-ix86+x86_64 1.8.0.4 39.00 105.00 144.00 OK
r-patched-linux-x86_64 1.8.0.4 4.94 64.61 69.55 OK
r-patched-solaris-sparc 1.8.0.4 677.30 OK
r-patched-solaris-x86 1.8.0.4 192.20 OK
r-release-linux-x86_64 1.8.0.4 4.89 62.34 67.24 OK
r-release-osx-x86_64-mavericks 1.8.0.4 OK
r-release-osx-x86_64-snowleopard 1.8.0.4 ERROR
r-release-windows-ix86+x86_64 1.8.0.4 43.00 98.00 141.00 OK
r-oldrel-windows-ix86+x86_64 1.8.0.4 68.00 168.00 236.00 OK

Check Details

Version: 1.8.0.4
Check: package dependencies
Result: ERROR
    Packages required but not available: ‘mixlm’ ‘Rcmdr’
    
    Package suggested but not available for checking: ‘multcomp’
    
    See section ‘The DESCRIPTION file’ in the ‘Writing R Extensions’
    manual.
Flavor: r-release-osx-x86_64-snowleopard