CRAN Package Check Results for Package RcmdrPlugin.NMBU

Last updated on 2016-05-25 23:48:02.

Flavor Version Tinstall Tcheck Ttotal Status Flags
r-devel-linux-x86_64-debian-gcc 1.8.5 5.25 68.63 73.87 OK
r-devel-linux-x86_64-fedora-clang 1.8.5 142.86 OK
r-devel-linux-x86_64-fedora-gcc 1.8.5 136.82 OK
r-devel-osx-x86_64-clang 1.8.5 158.66 OK
r-devel-windows-ix86+x86_64 1.8.5 37.00 120.00 157.00 OK
r-patched-linux-x86_64 1.8.5 4.98 70.85 75.82 OK
r-patched-solaris-sparc 1.8.5 791.60 OK
r-patched-solaris-x86 1.8.5 188.90 OK
r-release-linux-x86_64 1.8.5 4.97 69.54 74.51 OK
r-release-osx-x86_64-mavericks 1.8.5 WARN
r-release-windows-ix86+x86_64 1.8.5 38.00 104.00 142.00 OK
r-oldrel-windows-ix86+x86_64 1.8.5 43.00 113.00 156.00 OK

Check Details

Version: 1.8.5
Check: dependencies in R code
Result: NOTE
    Invalid MIT-MAGIC-COOKIE-1 key
Flavor: r-release-osx-x86_64-mavericks

Version: 1.8.5
Check: S3 generic/method consistency
Result: WARN
    Invalid MIT-MAGIC-COOKIE-1 key
    See section ‘Generic functions and methods’ in the ‘Writing R
    Extensions’ manual.
Flavor: r-release-osx-x86_64-mavericks

Version: 1.8.5
Check: replacement functions
Result: WARN
    Invalid MIT-MAGIC-COOKIE-1 key
    The argument of a replacement function which corresponds to the right
    hand side must be named ‘value’.
Flavor: r-release-osx-x86_64-mavericks

Version: 1.8.5
Check: foreign function calls
Result: NOTE
    Invalid MIT-MAGIC-COOKIE-1 key
    See chapter ‘System and foreign language interfaces’ in the ‘Writing R
    Extensions’ manual.
Flavor: r-release-osx-x86_64-mavericks

Version: 1.8.5
Check: R code for possible problems
Result: NOTE
    Invalid MIT-MAGIC-COOKIE-1 key
Flavor: r-release-osx-x86_64-mavericks

Version: 1.8.5
Check: for missing documentation entries
Result: WARN
    Invalid MIT-MAGIC-COOKIE-1 key
    All user-level objects in a package should have documentation entries.
    See chapter ‘Writing R documentation files’ in the ‘Writing R
    Extensions’ manual.
Flavor: r-release-osx-x86_64-mavericks

Version: 1.8.5
Check: for code/documentation mismatches
Result: WARN
    Invalid MIT-MAGIC-COOKIE-1 key
    Invalid MIT-MAGIC-COOKIE-1 key
    Invalid MIT-MAGIC-COOKIE-1 key
Flavor: r-release-osx-x86_64-mavericks

Version: 1.8.5
Check: Rd \usage sections
Result: NOTE
    Invalid MIT-MAGIC-COOKIE-1 key
    The \usage entries for S3 methods should use the \method markup and not
    their full name.
    See chapter ‘Writing R documentation files’ in the ‘Writing R
    Extensions’ manual.
Flavor: r-release-osx-x86_64-mavericks