CRAN Package Check Results for Package RcmdrPlugin.NMBU

Last updated on 2014-09-02 05:46:42.

Flavor Version Tinstall Tcheck Ttotal Status Flags
r-devel-linux-x86_64-debian-clang 1.7.3 6.32 89.38 95.71 NOTE
r-devel-linux-x86_64-debian-gcc 1.7.3 5.92 90.32 96.25 NOTE
r-devel-linux-x86_64-fedora-clang 1.7.3 206.96 NOTE
r-devel-linux-x86_64-fedora-gcc 1.7.3 174.42 NOTE
r-devel-osx-x86_64-clang 1.7.3 157.11 NOTE
r-devel-windows-ix86+x86_64 1.7.3 36.00 140.00 176.00 NOTE
r-patched-linux-x86_64 1.7.3 6.26 94.49 100.74 OK
r-patched-solaris-sparc 1.7.3 940.40 OK
r-patched-solaris-x86 1.7.3 265.00 OK
r-release-linux-ix86 1.7.3 7.82 101.77 109.59 OK
r-release-linux-x86_64 1.7.3 6.62 95.36 101.98 OK
r-release-osx-x86_64-mavericks 1.7.3 OK
r-release-osx-x86_64-snowleopard 1.7.3 OK
r-release-windows-ix86+x86_64 1.7.3 44.00 150.00 194.00 OK
r-oldrel-windows-ix86+x86_64 1.7.3 54.00 147.00 201.00 OK

Check Details

Version: 1.7.3
Check: R code for possible problems
Result: NOTE
    CIplot: no visible global function definition for ‘trellis.par.get’
    CIplot: no visible global function definition for ‘Rows’
    CIplot: no visible global function definition for ‘xyplot’
    CIplot : <anonymous>: no visible global function definition for
     ‘panel.rug’
    confint.mvr: no visible global function definition for ‘var.jack’
    deviance_tests: no visible global function definition for ‘fparse’
    mixture.contour : my.frac: no visible global function definition for
     ‘fractions’
    mixture.contour : grade.trellis: no visible global function definition
     for ‘panel.segments’
    mixture.contour : grade.trellis: no visible global function definition
     for ‘panel.text’
    mixture.contour : grade.trellis: no visible global function definition
     for ‘panel.points’
    mixture.contour: no visible global function definition for ‘levelplot’
    mixture.contour : <anonymous>: no visible global function definition
     for ‘panel.levelplot’
    mixture.contour: no visible global function definition for
     ‘trellis.par.set’
    mixture.contour: no visible global function definition for
     ‘trellis.focus’
    mixture.contour: no visible global function definition for
     ‘panel.segments’
    mixture.contour: no visible global function definition for ‘panel.text’
    mixture.contour: no visible global function definition for
     ‘trellis.unfocus’
    panel.ci.plot: no visible global function definition for
     ‘trellis.par.get’
    panel.ci.plot: no visible global function definition for ‘panel.xyplot’
    panel.ci.plot: no visible global function definition for
     ‘current.panel.limits’
    panel.ci.plot: no visible global function definition for ‘panel.axis’
    plotDA: no visible global function definition for ‘dmvnorm’
    plotFitDens: no visible global function definition for ‘fitdistr’
    toClipboard: no visible global function definition for ‘xtable’
Flavors: r-devel-linux-x86_64-debian-clang, r-devel-linux-x86_64-debian-gcc, r-devel-linux-x86_64-fedora-clang, r-devel-linux-x86_64-fedora-gcc, r-devel-osx-x86_64-clang, r-devel-windows-ix86+x86_64