CRAN Package Check Results for Package RcmdrPlugin.NMBU

Last updated on 2015-07-01 13:47:29.

Flavor Version Tinstall Tcheck Ttotal Status Flags
r-devel-linux-x86_64-debian-clang 1.8.0.4 4.96 66.03 70.98 NOTE
r-devel-linux-x86_64-debian-gcc 1.8.0.4 4.82 63.61 68.43 NOTE
r-devel-linux-x86_64-fedora-clang 1.8.0.4 138.77 NOTE
r-devel-linux-x86_64-fedora-gcc 1.8.0.4 131.61 NOTE
r-devel-osx-x86_64-clang 1.8.0.4 134.27 OK
r-devel-windows-ix86+x86_64 1.8.0.4 39.00 105.00 144.00 NOTE
r-patched-linux-x86_64 1.8.0.4 4.84 65.42 70.26 OK
r-patched-solaris-sparc 1.8.0.4 816.50 OK
r-patched-solaris-x86 1.8.0.4 199.20 OK
r-release-linux-x86_64 1.8.0.4 5.59 65.34 70.93 OK
r-release-osx-x86_64-mavericks 1.8.0.4 OK
r-release-windows-ix86+x86_64 1.8.0.4 37.00 103.00 140.00 OK
r-oldrel-windows-ix86+x86_64 1.8.0.4 67.00 183.00 250.00 OK

Check Details

Version: 1.8.0.4
Check: R code for possible problems
Result: NOTE
    .onAttach: no visible global function definition for
     ‘packageDescription’
    .onLoad : onOK: no visible global function definition for
     ‘install.packages’
    .onLoad : onHelp: no visible global function definition for ‘help’
    CIplot: no visible global function definition for ‘model.frame’
    CIplot: no visible global function definition for ‘coef’
    CIplot: no visible global function definition for ‘formula’
    CIplot : newfitF: no visible global function definition for ‘predict’
    Confint.mvr: no visible global function definition for ‘confint’
    DA.scores: no visible global function definition for ‘formula’
    DA.scores: no visible global function definition for ‘var’
    auto.import: no visible global function definition for ‘read.table’
    confint.mvr: no visible global function definition for ‘qnorm’
    contP: no visible global function definition for ‘formula’
    deviance_tests: no visible global function definition for ‘formula’
    deviance_tests: no visible global function definition for ‘update’
    deviance_tests: no visible global function definition for ‘anova’
    dotPlot: no visible global function definition for ‘par’
    dotPlot: no visible global function definition for ‘plot’
    dotPlot: no visible global function definition for ‘axis’
    dotPlot: no visible global function definition for ‘strheight’
    dots: no visible global function definition for ‘par’
    dots: no visible global function definition for ‘strwidth’
    dots: no visible global function definition for ‘strheight’
    dots: no visible global function definition for ‘text’
    dots: no visible global function definition for ‘points’
    dots: no visible global function definition for ‘segments’
    enterTableNMBU : onOK: no visible global function definition for
     ‘na.omit’
    fittedLinePlot : onOK: no visible global function definition for ‘coef’
    linePlotNMBU : onOK: no visible global function definition for
     ‘na.omit’
    linePlotNMBU : onOK: no visible global function definition for ‘par’
    linePlotNMBU : onOK: no visible global function definition for
     ‘strheight’
    linearModelNMBU : onRandom: no visible binding for global variable
     ‘window’
    linearModelNMBU : onRandom: no visible global function definition for
     ‘help’
    loadAll: no visible global function definition for ‘unzip’
    make.colours: no visible global function definition for ‘rgb’
    mixture.contour: no visible global function definition for ‘terms’
    mixture.contour: no visible global function definition for ‘rnorm’
    mixture.contour: no visible global function definition for ‘update’
    mixture.contour: no visible global function definition for ‘lm’
    mixture.contour: no visible global function definition for ‘predict’
    mixture.contour : Gray: no visible global function definition for
     ‘gray’
    numSummaryNMBU: no visible global function definition for ‘quantile’
    numSummaryNMBU: no visible binding for global variable ‘quantile’
    numSummaryNMBU: no visible binding for global variable ‘median’
    numSummaryNMBU: no visible binding for global variable ‘var’
    panel.ci.plot: no visible global function definition for ‘axis’
    plotByGroups: no visible global function definition for ‘par’
    plotByGroups: no visible global function definition for ‘strheight’
    plotDA: no visible global function definition for ‘formula’
    plotDA: no visible global function definition for ‘var’
    plotDA: no visible global function definition for ‘predict’
    plotDA: no visible global function definition for ‘plot’
    plotDA: no visible global function definition for ‘median’
    plotDA: no visible global function definition for ‘points’
    plotDA: no visible global function definition for ‘contour’
    plotFitDens: no visible global function definition for ‘lines’
    plotFitDens: no visible global function definition for ‘dnorm’
    plotFitDens: no visible global function definition for ‘dt’
    plotFitDens: no visible global function definition for ‘dexp’
    plotFitDens: no visible global function definition for ‘dgamma’
    plotFitDens: no visible global function definition for ‘dgeom’
    plotFitDens: no visible global function definition for ‘dlnorm’
    plotFitDens: no visible global function definition for ‘dlogis’
    plotFitDens: no visible global function definition for ‘dnbinom’
    plotFitDens: no visible global function definition for ‘dpois’
    plotFitDens: no visible global function definition for ‘dweibull’
    predict_CI_PI: no visible global function definition for ‘predict’
    predict_CI_PI: no visible global function definition for ‘model.matrix’
    predict_CI_PI: no visible global function definition for
     ‘delete.response’
    predict_CI_PI: no visible global function definition for ‘terms’
    predict_CI_PI: no visible global function definition for ‘model.frame’
    predict_link_response: no visible global function definition for
     ‘predict’
    principalComponentPlots : onOK: no visible global function definition
     for ‘abline’
    saveAllWorker: no visible global function definition for ‘zip’
    sdErr: no visible global function definition for ‘sd’
    sdErr: no visible binding for global variable ‘sd’
    summaryMultinom: no visible global function definition for ‘terms’
    summaryMultinom: no visible global function definition for ‘logLik’
    summaryOrdinal: no visible global function definition for ‘terms’
    summaryOrdinal: no visible global function definition for ‘logLik’
    summaryOrdinal: no visible global function definition for ‘vcov’
    summaryOrdinal: no visible global function definition for ‘pchisq’
    toClipboard: no visible global function definition for ‘write.table’
Flavors: r-devel-linux-x86_64-debian-clang, r-devel-linux-x86_64-debian-gcc, r-devel-linux-x86_64-fedora-clang, r-devel-linux-x86_64-fedora-gcc, r-devel-windows-ix86+x86_64