CRAN Package Check Results for Package RcmdrPlugin.NMBU

Last updated on 2016-06-26 22:47:57.

Flavor Version Tinstall Tcheck Ttotal Status Flags
r-devel-linux-x86_64-debian-gcc 1.8.5 4.81 66.87 71.68 OK
r-devel-linux-x86_64-fedora-clang 1.8.5 138.40 OK
r-devel-linux-x86_64-fedora-gcc 1.8.5 131.36 OK
r-devel-osx-x86_64-clang 1.8.5 111.25 OK
r-devel-windows-ix86+x86_64 1.8.5 46.00 108.00 154.00 OK
r-patched-linux-x86_64 1.8.5 5.20 69.98 75.18 OK
r-patched-solaris-sparc 1.8.5 788.10 OK
r-patched-solaris-x86 1.8.5 191.40 OK
r-release-linux-x86_64 1.8.5 5.18 71.81 76.98 OK
r-release-osx-x86_64-mavericks 1.8.5 WARN
r-release-windows-ix86+x86_64 1.8.5 35.00 112.00 147.00 OK
r-oldrel-windows-ix86+x86_64 1.8.5 45.00 120.00 165.00 OK

Check Details

Version: 1.8.5
Check: dependencies in R code
Result: NOTE
    Invalid MIT-MAGIC-COOKIE-1 key
Flavor: r-release-osx-x86_64-mavericks

Version: 1.8.5
Check: S3 generic/method consistency
Result: WARN
    Invalid MIT-MAGIC-COOKIE-1 key
    See section ‘Generic functions and methods’ in the ‘Writing R
    Extensions’ manual.
Flavor: r-release-osx-x86_64-mavericks

Version: 1.8.5
Check: replacement functions
Result: WARN
    Invalid MIT-MAGIC-COOKIE-1 key
    The argument of a replacement function which corresponds to the right
    hand side must be named ‘value’.
Flavor: r-release-osx-x86_64-mavericks

Version: 1.8.5
Check: foreign function calls
Result: NOTE
    Invalid MIT-MAGIC-COOKIE-1 key
    See chapter ‘System and foreign language interfaces’ in the ‘Writing R
    Extensions’ manual.
Flavor: r-release-osx-x86_64-mavericks

Version: 1.8.5
Check: R code for possible problems
Result: NOTE
    Invalid MIT-MAGIC-COOKIE-1 key
Flavor: r-release-osx-x86_64-mavericks

Version: 1.8.5
Check: for missing documentation entries
Result: WARN
    Invalid MIT-MAGIC-COOKIE-1 key
    All user-level objects in a package should have documentation entries.
    See chapter ‘Writing R documentation files’ in the ‘Writing R
    Extensions’ manual.
Flavor: r-release-osx-x86_64-mavericks

Version: 1.8.5
Check: for code/documentation mismatches
Result: WARN
    Invalid MIT-MAGIC-COOKIE-1 key
    Invalid MIT-MAGIC-COOKIE-1 key
    Invalid MIT-MAGIC-COOKIE-1 key
Flavor: r-release-osx-x86_64-mavericks

Version: 1.8.5
Check: Rd \usage sections
Result: NOTE
    Invalid MIT-MAGIC-COOKIE-1 key
    The \usage entries for S3 methods should use the \method markup and not
    their full name.
    See chapter ‘Writing R documentation files’ in the ‘Writing R
    Extensions’ manual.
Flavor: r-release-osx-x86_64-mavericks