CRAN Package Check Results for Package RcmdrPlugin.NMBU

Last updated on 2014-10-23 05:46:50.

Flavor Version Tinstall Tcheck Ttotal Status Flags
r-devel-linux-x86_64-debian-clang 1.7.5 6.46 97.79 104.25 OK
r-devel-linux-x86_64-debian-gcc 1.7.5 6.32 95.71 102.03 OK
r-devel-linux-x86_64-fedora-clang 1.7.5 182.03 OK
r-devel-linux-x86_64-fedora-gcc 1.7.5 166.49 OK
r-devel-osx-x86_64-clang 1.7.5 175.17 OK
r-devel-windows-ix86+x86_64 1.7.5 35.00 132.00 167.00 OK
r-patched-linux-x86_64 1.7.5 7.47 101.31 108.78 OK
r-patched-solaris-sparc 1.7.5 1038.70 OK
r-patched-solaris-x86 1.7.5 279.80 OK
r-release-linux-ix86 1.7.5 0.49 1.79 2.28 ERROR
r-release-linux-x86_64 1.7.5 6.67 102.24 108.91 OK
r-release-osx-x86_64-mavericks 1.7.5 OK
r-release-osx-x86_64-snowleopard 1.7.5 OK
r-release-windows-ix86+x86_64 1.7.5 30.00 149.00 179.00 OK
r-oldrel-windows-ix86+x86_64 1.7.5 36.00 135.00 171.00 OK

Check Details

Version: 1.7.5
Check: package dependencies
Result: ERROR
    Package required but not available: ‘Rcmdr’
    
    See the information on DESCRIPTION files in the chapter ‘Creating R
    packages’ of the ‘Writing R Extensions’ manual.
Flavor: r-release-linux-ix86