CRAN Package Check Results for Package RcmdrPlugin.NMBU

Last updated on 2014-08-23 02:50:04.

Flavor Version Tinstall Tcheck Ttotal Status Flags
r-devel-linux-x86_64-debian-clang 1.7.3 5.60 71.35 76.95 NOTE
r-devel-linux-x86_64-debian-gcc 1.7.3 5.39 69.99 75.38 NOTE
r-devel-linux-x86_64-fedora-clang 1.7.3 174.46 NOTE
r-devel-linux-x86_64-fedora-gcc 1.7.3 162.88 NOTE
r-devel-osx-x86_64-clang 1.7.3 142.63 NOTE
r-devel-windows-ix86+x86_64 1.7.3 20.00 106.00 126.00 OK
r-patched-linux-x86_64 1.7.3 5.71 72.19 77.90 OK
r-patched-solaris-sparc 1.7.3 940.40 OK
r-patched-solaris-x86 1.7.3 232.60 OK
r-release-linux-ix86 1.7.3 6.85 90.31 97.16 OK
r-release-linux-x86_64 1.7.3 7.43 74.06 81.48 OK
r-release-osx-x86_64-mavericks 1.7.3 OK
r-release-osx-x86_64-snowleopard 1.7.3 OK
r-release-windows-ix86+x86_64 1.7.3 21.00 123.00 144.00 OK
r-oldrel-windows-ix86+x86_64 1.7.3 23.00 116.00 139.00 OK

Check Details

Version: 1.7.3
Check: R code for possible problems
Result: NOTE
    CIplot: no visible global function definition for ‘trellis.par.get’
    CIplot: no visible global function definition for ‘Rows’
    CIplot: no visible global function definition for ‘xyplot’
    CIplot : <anonymous>: no visible global function definition for
     ‘panel.rug’
    confint.mvr: no visible global function definition for ‘var.jack’
    deviance_tests: no visible global function definition for ‘fparse’
    mixture.contour : my.frac: no visible global function definition for
     ‘fractions’
    mixture.contour : grade.trellis: no visible global function definition
     for ‘panel.segments’
    mixture.contour : grade.trellis: no visible global function definition
     for ‘panel.text’
    mixture.contour : grade.trellis: no visible global function definition
     for ‘panel.points’
    mixture.contour: no visible global function definition for ‘levelplot’
    mixture.contour : <anonymous>: no visible global function definition
     for ‘panel.levelplot’
    mixture.contour: no visible global function definition for
     ‘trellis.par.set’
    mixture.contour: no visible global function definition for
     ‘trellis.focus’
    mixture.contour: no visible global function definition for
     ‘panel.segments’
    mixture.contour: no visible global function definition for ‘panel.text’
    mixture.contour: no visible global function definition for
     ‘trellis.unfocus’
    panel.ci.plot: no visible global function definition for
     ‘trellis.par.get’
    panel.ci.plot: no visible global function definition for ‘panel.xyplot’
    panel.ci.plot: no visible global function definition for
     ‘current.panel.limits’
    panel.ci.plot: no visible global function definition for ‘panel.axis’
    plotDA: no visible global function definition for ‘dmvnorm’
    plotFitDens: no visible global function definition for ‘fitdistr’
    toClipboard: no visible global function definition for ‘xtable’
Flavors: r-devel-linux-x86_64-debian-clang, r-devel-linux-x86_64-debian-gcc, r-devel-linux-x86_64-fedora-clang, r-devel-linux-x86_64-fedora-gcc, r-devel-osx-x86_64-clang