CRAN Package Check Results for Package RcmdrPlugin.NMBU

Last updated on 2018-04-25 09:50:16 CEST.

Flavor Version Tinstall Tcheck Ttotal Status Flags
r-devel-linux-x86_64-debian-clang 1.8.8 15.63 104.56 120.19 NOTE
r-devel-linux-x86_64-debian-gcc 1.8.8 13.82 82.40 96.22 NOTE
r-devel-linux-x86_64-fedora-clang 1.8.8 149.08 NOTE
r-devel-linux-x86_64-fedora-gcc 1.8.8 144.09 NOTE
r-devel-windows-ix86+x86_64 1.8.8 57.00 128.00 185.00 OK
r-patched-linux-x86_64 1.8.8 15.80 105.56 121.36 NOTE
r-patched-solaris-x86 1.8.8 235.40 NOTE
r-release-linux-x86_64 1.8.8 15.69 102.82 118.51 NOTE
r-release-windows-ix86+x86_64 1.8.8 57.00 128.00 185.00 OK
r-release-osx-x86_64 1.8.8 OK
r-oldrel-windows-ix86+x86_64 1.8.8 38.00 123.00 161.00 OK
r-oldrel-osx-x86_64 1.8.8 OK

Check Details

Version: 1.8.8
Check: S3 generic/method consistency
Result: NOTE
    Found the following apparent S3 methods exported but not registered:
     Confint.mvr
    See section ‘Registering S3 methods’ in the ‘Writing R Extensions’
    manual.
Flavors: r-devel-linux-x86_64-debian-clang, r-devel-linux-x86_64-debian-gcc, r-devel-linux-x86_64-fedora-clang, r-devel-linux-x86_64-fedora-gcc, r-patched-linux-x86_64, r-patched-solaris-x86, r-release-linux-x86_64