CRAN Package Check Results for Package RcmdrPlugin.NMBU

Last updated on 2015-05-30 03:48:54.

Flavor Version Tinstall Tcheck Ttotal Status Flags
r-devel-linux-x86_64-debian-clang 1.8.0.4 4.92 65.18 70.10 OK
r-devel-linux-x86_64-debian-gcc 1.8.0.4 4.80 63.72 68.52 OK
r-devel-linux-x86_64-fedora-clang 1.8.0.4 147.32 OK
r-devel-linux-x86_64-fedora-gcc 1.8.0.4 132.56 OK
r-devel-osx-x86_64-clang 1.8.0.4 134.68 OK
r-devel-windows-ix86+x86_64 1.8.0.4 29.00 93.00 122.00 OK
r-patched-linux-x86_64 1.8.0.4 4.81 63.44 68.25 OK
r-patched-solaris-sparc 1.8.0.4 816.50 OK
r-patched-solaris-x86 1.8.0.4 198.30 OK
r-release-linux-x86_64 1.8.0.4 5.11 64.08 69.20 OK
r-release-osx-x86_64-mavericks 1.8.0.4 OK
r-release-osx-x86_64-snowleopard 1.8.0.4 ERROR
r-release-windows-ix86+x86_64 1.8.0.4 47.00 106.00 153.00 OK
r-oldrel-windows-ix86+x86_64 1.8.0.4 54.00 198.00 252.00 OK

Check Details

Version: 1.8.0.4
Check: package dependencies
Result: ERROR
    Packages required but not available: ‘mixlm’ ‘Rcmdr’
    
    Package suggested but not available for checking: ‘multcomp’
    
    See section ‘The DESCRIPTION file’ in the ‘Writing R Extensions’
    manual.
Flavor: r-release-osx-x86_64-snowleopard