CRAN Package Check Results for Package RcmdrPlugin.NMBU

Last updated on 2015-01-30 23:48:54.

Flavor Version Tinstall Tcheck Ttotal Status Flags
r-devel-linux-x86_64-debian-clang 1.8.0 4.32 56.41 60.72 NOTE
r-devel-linux-x86_64-debian-gcc 1.8.0 5.62 62.65 68.27 NOTE
r-devel-linux-x86_64-fedora-clang 1.8.0 161.36 NOTE
r-devel-linux-x86_64-fedora-gcc 1.8.0 152.70 NOTE
r-devel-osx-x86_64-clang 1.8.0 168.26 NOTE
r-devel-windows-ix86+x86_64 1.8.0 34.00 93.00 127.00 OK
r-patched-linux-x86_64 1.8.0 6.59 95.36 101.95 OK
r-patched-solaris-sparc 1.8.0 963.90 OK
r-patched-solaris-x86 1.8.0 200.30 OK
r-release-linux-x86_64 1.8.0 6.63 85.29 91.92 OK
r-release-osx-x86_64-mavericks 1.8.0 OK
r-release-osx-x86_64-snowleopard 1.8.0 OK
r-release-windows-ix86+x86_64 1.8.0 44.00 142.00 186.00 OK
r-oldrel-windows-ix86+x86_64 1.8.0 41.00 139.00 180.00 OK

Check Details

Version: 1.8.0
Check: S3 generic/method consistency
Result: NOTE
    Found the following apparent S3 methods exported but not registered:
     confint.mvr xtable.numSummary
    See section ‘Registering S3 methods’ in the ‘Writing R Extensions’
    manual.
Flavors: r-devel-linux-x86_64-debian-clang, r-devel-linux-x86_64-debian-gcc, r-devel-linux-x86_64-fedora-clang, r-devel-linux-x86_64-fedora-gcc, r-devel-osx-x86_64-clang