CRAN Package Check Results for Package RcmdrPlugin.NMBU

Last updated on 2020-02-20 13:49:05 CET.

Flavor Version Tinstall Tcheck Ttotal Status Flags
r-devel-linux-x86_64-debian-clang 1.8.11 25.92 145.85 171.77 OK
r-devel-linux-x86_64-debian-gcc 1.8.11 21.82 114.87 136.69 OK
r-devel-linux-x86_64-fedora-clang 1.8.11 204.14 OK
r-devel-linux-x86_64-fedora-gcc 1.8.11 206.76 OK
r-devel-windows-ix86+x86_64 1.8.11 58.00 168.00 226.00 OK
r-devel-windows-ix86+x86_64-gcc8 1.8.11 76.00 281.00 357.00 OK
r-patched-linux-x86_64 1.8.11 24.32 127.14 151.46 OK
r-patched-solaris-x86 1.8.11 309.30 OK
r-release-linux-x86_64 1.8.11 23.01 127.03 150.04 OK
r-release-windows-ix86+x86_64 1.8.11 55.00 151.00 206.00 OK
r-release-osx-x86_64 1.8.11 WARN
r-oldrel-windows-ix86+x86_64 1.8.11 54.00 150.00 204.00 OK
r-oldrel-osx-x86_64 1.8.11 WARN

Check Details

Version: 1.8.11
Check: dependencies in R code
Result: NOTE
    No protocol specified
    No protocol specified
Flavors: r-release-osx-x86_64, r-oldrel-osx-x86_64

Version: 1.8.11
Check: S3 generic/method consistency
Result: WARN
    No protocol specified
    No protocol specified
    See section ‘Generic functions and methods’ in the ‘Writing R
    Extensions’ manual.
Flavors: r-release-osx-x86_64, r-oldrel-osx-x86_64

Version: 1.8.11
Check: replacement functions
Result: WARN
    No protocol specified
    No protocol specified
    The argument of a replacement function which corresponds to the right
    hand side must be named ‘value’.
Flavors: r-release-osx-x86_64, r-oldrel-osx-x86_64

Version: 1.8.11
Check: foreign function calls
Result: NOTE
    No protocol specified
    No protocol specified
    See chapter ‘System and foreign language interfaces’ in the ‘Writing R
    Extensions’ manual.
Flavors: r-release-osx-x86_64, r-oldrel-osx-x86_64

Version: 1.8.11
Check: R code for possible problems
Result: NOTE
    No protocol specified
    No protocol specified
Flavors: r-release-osx-x86_64, r-oldrel-osx-x86_64

Version: 1.8.11
Check: for missing documentation entries
Result: WARN
    No protocol specified
    No protocol specified
    All user-level objects in a package should have documentation entries.
    See chapter ‘Writing R documentation files’ in the ‘Writing R
    Extensions’ manual.
Flavors: r-release-osx-x86_64, r-oldrel-osx-x86_64

Version: 1.8.11
Check: for code/documentation mismatches
Result: WARN
    No protocol specified
    No protocol specified
    No protocol specified
    No protocol specified
    No protocol specified
    No protocol specified
Flavors: r-release-osx-x86_64, r-oldrel-osx-x86_64

Version: 1.8.11
Check: Rd \usage sections
Result: NOTE
    No protocol specified
    No protocol specified
    The \usage entries for S3 methods should use the \method markup and not
    their full name.
    See chapter ‘Writing R documentation files’ in the ‘Writing R
    Extensions’ manual.
Flavors: r-release-osx-x86_64, r-oldrel-osx-x86_64