CRAN Package Check Results for Package RcmdrPlugin.NMBU

Last updated on 2018-06-24 16:49:02 CEST.

Flavor Version Tinstall Tcheck Ttotal Status Flags
r-devel-linux-x86_64-debian-clang 1.8.8 17.24 122.55 139.79 NOTE
r-devel-linux-x86_64-debian-gcc 1.8.8 14.01 95.28 109.29 NOTE
r-devel-linux-x86_64-fedora-clang 1.8.8 170.84 NOTE
r-devel-linux-x86_64-fedora-gcc 1.8.8 157.70 NOTE
r-devel-windows-ix86+x86_64 1.8.8 47.00 149.00 196.00 OK
r-patched-linux-x86_64 1.8.8 16.26 108.27 124.53 NOTE
r-patched-solaris-x86 1.8.8 234.00 NOTE
r-release-linux-x86_64 1.8.8 16.24 106.42 122.66 NOTE
r-release-windows-ix86+x86_64 1.8.8 57.00 183.00 240.00 OK
r-release-osx-x86_64 1.8.8 OK
r-oldrel-windows-ix86+x86_64 1.8.8 52.00 129.00 181.00 OK
r-oldrel-osx-x86_64 1.8.8 OK

Check Details

Version: 1.8.8
Check: S3 generic/method consistency
Result: NOTE
    Found the following apparent S3 methods exported but not registered:
     Confint.mvr
    See section ‘Registering S3 methods’ in the ‘Writing R Extensions’
    manual.
Flavors: r-devel-linux-x86_64-debian-clang, r-devel-linux-x86_64-debian-gcc, r-devel-linux-x86_64-fedora-clang, r-devel-linux-x86_64-fedora-gcc, r-patched-linux-x86_64, r-patched-solaris-x86, r-release-linux-x86_64