CRAN Package Check Results for Package RcmdrPlugin.PcaRobust

Last updated on 2019-08-18 04:46:21 CEST.

Flavor Version Tinstall Tcheck Ttotal Status Flags
r-devel-linux-x86_64-debian-clang 1.1.4 14.69 105.72 120.41 OK
r-devel-linux-x86_64-debian-gcc 1.1.4 12.42 82.78 95.20 OK
r-devel-linux-x86_64-fedora-clang 1.1.4 146.59 OK
r-devel-linux-x86_64-fedora-gcc 1.1.4 144.08 OK
r-devel-windows-ix86+x86_64 1.1.4 60.00 197.00 257.00 OK
r-patched-linux-x86_64 1.1.4 13.48 103.47 116.95 OK
r-patched-solaris-x86 1.1.4 267.60 OK
r-release-linux-x86_64 1.1.4 13.43 103.07 116.50 OK
r-release-windows-ix86+x86_64 1.1.4 36.00 214.00 250.00 OK
r-release-osx-x86_64 1.1.4 FAIL
r-oldrel-windows-ix86+x86_64 1.1.4 44.00 208.00 252.00 OK
r-oldrel-osx-x86_64 1.1.4 OK

Check Details

Version: 1.1.4
Check: whether package can be installed
Result: FAIL
    
Flavor: r-release-osx-x86_64