Last updated on 2023-03-25 10:50:06 CET.
Flavor | Version | Tinstall | Tcheck | Ttotal | Status | Flags |
---|---|---|---|---|---|---|
r-devel-linux-x86_64-debian-clang | 1.1.4 | 20.06 | 159.49 | 179.55 | NOTE | |
r-devel-linux-x86_64-debian-gcc | 1.1.4 | 15.40 | 114.24 | 129.64 | NOTE | |
r-devel-linux-x86_64-fedora-gcc | 1.1.4 | 217.91 | NOTE | |||
r-devel-windows-x86_64 | 1.1.4 | 52.00 | 270.00 | 322.00 | NOTE | |
r-patched-linux-x86_64 | 1.1.4 | 25.24 | 164.84 | 190.08 | NOTE | |
r-release-linux-x86_64 | 1.1.4 | 25.41 | 164.12 | 189.53 | NOTE | |
r-release-macos-arm64 | 1.1.4 | 100.00 | NOTE | |||
r-release-macos-x86_64 | 1.1.4 | 240.00 | NOTE | |||
r-release-windows-x86_64 | 1.1.4 | 46.00 | 190.00 | 236.00 | NOTE | |
r-oldrel-macos-arm64 | 1.1.4 | 92.00 | NOTE | |||
r-oldrel-macos-x86_64 | 1.1.4 | 131.00 | NOTE | |||
r-oldrel-windows-ix86+x86_64 | 1.1.4 | 43.00 | 168.00 | 211.00 | NOTE |
Version: 1.1.4
Check: LazyData
Result: NOTE
'LazyData' is specified without a 'data' directory
Flavors: r-devel-linux-x86_64-debian-clang, r-devel-linux-x86_64-debian-gcc, r-devel-linux-x86_64-fedora-gcc, r-devel-windows-x86_64, r-patched-linux-x86_64, r-release-linux-x86_64, r-release-macos-arm64, r-release-macos-x86_64, r-release-windows-x86_64, r-oldrel-macos-arm64, r-oldrel-macos-x86_64, r-oldrel-windows-ix86+x86_64