CRAN Package Check Results for Package RcmdrPlugin.PcaRobust

Last updated on 2020-09-18 18:47:34 CEST.

Flavor Version Tinstall Tcheck Ttotal Status Flags
r-devel-linux-x86_64-debian-clang 1.1.4 17.54 122.04 139.58 OK
r-devel-linux-x86_64-debian-gcc 1.1.4 14.75 92.42 107.17 OK
r-devel-linux-x86_64-fedora-clang 1.1.4 186.65 OK
r-devel-linux-x86_64-fedora-gcc 1.1.4 174.81 OK
r-devel-windows-ix86+x86_64 1.1.4 37.00 154.00 191.00 OK
r-patched-linux-x86_64 1.1.4 13.81 118.80 132.61 OK
r-patched-solaris-x86 1.1.4 298.00 OK
r-release-linux-x86_64 1.1.4 15.30 118.56 133.86 OK
r-release-macos-x86_64 1.1.4 OK
r-release-windows-ix86+x86_64 1.1.4 39.00 153.00 192.00 OK
r-oldrel-macos-x86_64 1.1.4 FAIL
r-oldrel-windows-ix86+x86_64 1.1.4 34.00 138.00 172.00 OK

Check Details

Version: 1.1.4
Check: whether package can be installed
Result: FAIL
Flavor: r-oldrel-macos-x86_64