CRAN Package Check Results for Package RcmdrPlugin.RiskDemo

Last updated on 2020-09-24 06:54:13 CEST.

Flavor Version Tinstall Tcheck Ttotal Status Flags
r-devel-linux-x86_64-debian-clang 2.0 24.14 178.05 202.19 OK
r-devel-linux-x86_64-debian-gcc 2.0 20.16 137.70 157.86 OK
r-devel-linux-x86_64-fedora-clang 2.0 268.63 OK
r-devel-linux-x86_64-fedora-gcc 2.0 273.18 OK
r-devel-windows-ix86+x86_64 2.0 55.00 212.00 267.00 OK
r-patched-linux-x86_64 2.0 22.66 167.30 189.96 OK
r-patched-solaris-x86 2.0 390.40 NOTE
r-release-linux-x86_64 2.0 23.72 167.76 191.48 OK
r-release-macos-x86_64 2.0 OK
r-release-windows-ix86+x86_64 2.0 53.00 221.00 274.00 OK
r-oldrel-macos-x86_64 2.0 WARN
r-oldrel-windows-ix86+x86_64 2.0 28.00 170.00 198.00 OK

Check Details

Version: 2.0
Check: installed package size
Result: NOTE
     installed size is 5.4Mb
     sub-directories of 1Mb or more:
     data 5.1Mb
Flavor: r-patched-solaris-x86

Version: 2.0
Check: whether package can be installed
Result: WARN
    Found the following significant warnings:
     Warning: 'rgl_init' failed, running with rgl.useNULL = TRUE
Flavor: r-oldrel-macos-x86_64