CRAN Package Check Results for Package RcmdrPlugin.SCDA

Last updated on 2017-01-24 19:48:59.

Flavor Version Tinstall Tcheck Ttotal Status Flags
r-devel-linux-x86_64-debian-clang 1.1 5.53 59.78 65.31 OK
r-devel-linux-x86_64-debian-gcc 1.1 5.26 61.46 66.71 OK
r-devel-linux-x86_64-fedora-clang 1.1 141.12 OK --no-stop-on-test-error
r-devel-linux-x86_64-fedora-gcc 1.1 122.19 OK --no-stop-on-test-error
r-devel-macos-x86_64-clang 1.1 98.76 OK --no-stop-on-test-error
r-devel-windows-ix86+x86_64 1.1 55.00 153.00 208.00 OK
r-patched-linux-x86_64 1.1 5.16 54.96 60.11 OK
r-patched-solaris-sparc 1.1 733.30 OK
r-patched-solaris-x86 1.1 186.20 OK
r-release-linux-x86_64 1.1 5.08 55.13 60.21 OK
r-release-osx-x86_64-mavericks 1.1 WARN
r-release-windows-ix86+x86_64 1.1 40.00 159.00 199.00 OK
r-oldrel-windows-ix86+x86_64 1.1 51.00 250.00 301.00 OK

Check Details

Version: 1.1
Check: dependencies in R code
Result: NOTE
    Invalid MIT-MAGIC-COOKIE-1 key
Flavor: r-release-osx-x86_64-mavericks

Version: 1.1
Check: S3 generic/method consistency
Result: WARN
    Invalid MIT-MAGIC-COOKIE-1 key
    See section ‘Generic functions and methods’ in the ‘Writing R
    Extensions’ manual.
Flavor: r-release-osx-x86_64-mavericks

Version: 1.1
Check: replacement functions
Result: WARN
    Invalid MIT-MAGIC-COOKIE-1 key
    The argument of a replacement function which corresponds to the right
    hand side must be named ‘value’.
Flavor: r-release-osx-x86_64-mavericks

Version: 1.1
Check: foreign function calls
Result: NOTE
    Invalid MIT-MAGIC-COOKIE-1 key
    See chapter ‘System and foreign language interfaces’ in the ‘Writing R
    Extensions’ manual.
Flavor: r-release-osx-x86_64-mavericks

Version: 1.1
Check: R code for possible problems
Result: NOTE
    Invalid MIT-MAGIC-COOKIE-1 key
Flavor: r-release-osx-x86_64-mavericks

Version: 1.1
Check: for missing documentation entries
Result: WARN
    Invalid MIT-MAGIC-COOKIE-1 key
    All user-level objects in a package should have documentation entries.
    See chapter ‘Writing R documentation files’ in the ‘Writing R
    Extensions’ manual.
Flavor: r-release-osx-x86_64-mavericks

Version: 1.1
Check: for code/documentation mismatches
Result: WARN
    Invalid MIT-MAGIC-COOKIE-1 key
    Invalid MIT-MAGIC-COOKIE-1 key
    Invalid MIT-MAGIC-COOKIE-1 key
Flavor: r-release-osx-x86_64-mavericks

Version: 1.1
Check: Rd \usage sections
Result: NOTE
    Invalid MIT-MAGIC-COOKIE-1 key
    The \usage entries for S3 methods should use the \method markup and not
    their full name.
    See chapter ‘Writing R documentation files’ in the ‘Writing R
    Extensions’ manual.
Flavor: r-release-osx-x86_64-mavericks