CRAN Package Check Results for Package RcmdrPlugin.SCDA

Last updated on 2014-04-24 17:49:51.

Flavor Version Tinstall Tcheck Ttotal Status Flags
r-devel-linux-x86_64-debian-clang 1.0 1.04 17.98 19.02 OK
r-devel-linux-x86_64-debian-gcc 1.0 1.06 17.91 18.97 OK
r-devel-linux-x86_64-fedora-clang 1.0 34.26 OK
r-devel-linux-x86_64-fedora-gcc 1.0 33.00 OK
r-devel-osx-x86_64-clang 1.0 43.36 OK
r-devel-osx-x86_64-gcc 1.0 ERROR
r-devel-windows-ix86+x86_64 1.0 10.00 39.00 49.00 OK
r-patched-linux-x86_64 1.0 1.13 18.34 19.46 OK
r-patched-solaris-sparc 1.0 188.80 OK
r-patched-solaris-x86 1.0 62.60 OK
r-release-linux-ix86 1.0 3.00 36.00 39.00 OK
r-release-linux-x86_64 1.0 1.08 18.39 19.47 OK
r-release-osx-x86_64-mavericks 1.0 WARN
r-release-osx-x86_64-snowleopard 1.0 OK
r-release-windows-ix86+x86_64 1.0 13.00 39.00 52.00 OK
r-oldrel-windows-ix86+x86_64 1.0 9.00 39.00 48.00 OK

Check Details

Version: 1.0
Check: package dependencies
Result: ERROR
    Package required but not available: ‘Rcmdr’
    
    See the information on DESCRIPTION files in the chapter ‘Creating R
    packages’ of the ‘Writing R Extensions’ manual.
Flavor: r-devel-osx-x86_64-gcc

Version: 1.0
Check: PDF version of manual
Result: WARNING
    LaTeX errors when creating PDF version.
    This typically indicates Rd problems.
    LaTeX errors found:
    ! LaTeX Error: File `upquote.sty' not found.
    
    Type X to quit or <RETURN> to proceed,
    or enter new name. (Default extension: sty)
    
    74a7f8a/Rd2.tex:8: ==> Fatal error occurred, no output PDF file produced!
Flavor: r-release-osx-x86_64-mavericks