CRAN Package Check Results for Package RcmdrPlugin.SCDA

Last updated on 2015-05-30 23:47:11.

Flavor Version Tinstall Tcheck Ttotal Status Flags
r-devel-linux-x86_64-debian-clang 1.1 4.64 51.52 56.16 OK
r-devel-linux-x86_64-debian-gcc 1.1 4.56 51.51 56.08 OK
r-devel-linux-x86_64-fedora-clang 1.1 116.13 OK
r-devel-linux-x86_64-fedora-gcc 1.1 113.13 OK
r-devel-osx-x86_64-clang 1.1 115.54 OK
r-devel-windows-ix86+x86_64 1.1 34.00 81.00 115.00 OK
r-patched-linux-x86_64 1.1 4.57 50.93 55.50 OK
r-patched-solaris-sparc 1.1 717.10 OK
r-patched-solaris-x86 1.1 184.90 OK
r-release-linux-x86_64 1.1 4.54 52.78 57.32 OK
r-release-osx-x86_64-mavericks 1.1 OK
r-release-osx-x86_64-snowleopard 1.1 ERROR
r-release-windows-ix86+x86_64 1.1 44.00 83.00 127.00 OK
r-oldrel-windows-ix86+x86_64 1.1 58.00 185.00 243.00 OK

Check Details

Version: 1.1
Check: package dependencies
Result: ERROR
    Package required but not available: ‘Rcmdr’
    
    See section ‘The DESCRIPTION file’ in the ‘Writing R Extensions’
    manual.
Flavor: r-release-osx-x86_64-snowleopard