CRAN Package Check Results for Package RcmdrPlugin.SLC

Last updated on 2014-11-01 03:48:53.

Flavor Version Tinstall Tcheck Ttotal Status Flags
r-devel-linux-x86_64-debian-clang 0.2 2.05 34.06 36.11 NOTE
r-devel-linux-x86_64-debian-gcc 0.2 1.96 34.66 36.62 NOTE
r-devel-linux-x86_64-fedora-clang 0.2 63.25 NOTE
r-devel-linux-x86_64-fedora-gcc 0.2 59.82 NOTE
r-devel-osx-x86_64-clang 0.2 65.58 NOTE
r-devel-windows-ix86+x86_64 0.2 42.00 71.00 113.00 NOTE
r-patched-linux-x86_64 0.2 2.34 36.80 39.14 NOTE
r-patched-solaris-sparc 0.2 338.30 NOTE
r-patched-solaris-x86 0.2 104.10 NOTE
r-release-linux-ix86 0.2 0.42 1.71 2.13 ERROR
r-release-linux-x86_64 0.2 2.41 40.04 42.45 NOTE
r-release-osx-x86_64-mavericks 0.2 NOTE
r-release-osx-x86_64-snowleopard 0.2 NOTE
r-release-windows-ix86+x86_64 0.2 29.00 73.00 102.00 NOTE
r-oldrel-windows-ix86+x86_64 0.2 24.00 73.00 97.00 NOTE

Check Details

Version: 0.2
Check: dependencies in R code
Result: NOTE
    'library' or 'require' call to ‘SLC’ which was already attached by Depends.
     Please remove these calls from your code.
    Package in Depends field not imported from: ‘SLC’
     These packages need to be imported from (in the NAMESPACE file)
     for when this namespace is loaded but not attached.
    See the information on DESCRIPTION files in the chapter ‘Creating R
    packages’ of the ‘Writing R Extensions’ manual.
Flavors: r-devel-linux-x86_64-debian-clang, r-devel-linux-x86_64-debian-gcc, r-devel-linux-x86_64-fedora-clang, r-devel-linux-x86_64-fedora-gcc, r-devel-osx-x86_64-clang, r-devel-windows-ix86+x86_64, r-patched-linux-x86_64, r-patched-solaris-sparc, r-patched-solaris-x86, r-release-linux-x86_64, r-release-osx-x86_64-mavericks, r-release-windows-ix86+x86_64, r-oldrel-windows-ix86+x86_64

Version: 0.2
Check: package dependencies
Result: ERROR
    Package required but not available: ‘Rcmdr’
    
    See the information on DESCRIPTION files in the chapter ‘Creating R
    packages’ of the ‘Writing R Extensions’ manual.
Flavor: r-release-linux-ix86

Version: 0.2
Check: dependencies in R code
Result: NOTE
    'library' or 'require' call to 'SLC' which was already attached by Depends.
     Please remove these calls from your code.
    Package in Depends field not imported from: 'SLC'
     These packages need to be imported from for the case when
     this namespace is loaded but not attached.
    See the information on DESCRIPTION files in the chapter 'Creating R
    packages' of the 'Writing R Extensions' manual.
Flavor: r-release-osx-x86_64-snowleopard