CRAN Package Check Results for Package RcmdrPlugin.SLC

Last updated on 2014-08-28 08:49:02.

Flavor Version Tinstall Tcheck Ttotal Status Flags
r-devel-linux-x86_64-debian-clang 0.2 2.14 35.29 37.43 NOTE
r-devel-linux-x86_64-debian-gcc 0.2 2.07 34.68 36.75 NOTE
r-devel-linux-x86_64-fedora-clang 0.2 66.07 NOTE
r-devel-linux-x86_64-fedora-gcc 0.2 60.18 NOTE
r-devel-osx-x86_64-clang 0.2 61.60 NOTE
r-devel-windows-ix86+x86_64 0.2 36.00 68.00 104.00 NOTE
r-patched-linux-x86_64 0.2 2.25 35.36 37.61 NOTE
r-patched-solaris-sparc 0.2 166.00 NOTE
r-patched-solaris-x86 0.2 104.90 NOTE
r-release-linux-ix86 0.2 2.91 40.34 43.25 NOTE
r-release-linux-x86_64 0.2 2.24 36.64 38.88 NOTE
r-release-osx-x86_64-mavericks 0.2 NOTE
r-release-osx-x86_64-snowleopard 0.2 NOTE
r-release-windows-ix86+x86_64 0.2 40.00 82.00 122.00 NOTE
r-oldrel-windows-ix86+x86_64 0.2 32.00 90.00 122.00 NOTE

Check Details

Version: 0.2
Check: dependencies in R code
Result: NOTE
    'library' or 'require' call to ‘SLC’ which was already attached by Depends.
     Please remove these calls from your code.
    Package in Depends field not imported from: ‘SLC’
     These packages need to be imported from (in the NAMESPACE file)
     for when this namespace is loaded but not attached.
    See the information on DESCRIPTION files in the chapter ‘Creating R
    packages’ of the ‘Writing R Extensions’ manual.
Flavors: r-devel-linux-x86_64-debian-clang, r-devel-linux-x86_64-debian-gcc, r-devel-linux-x86_64-fedora-clang, r-devel-linux-x86_64-fedora-gcc, r-devel-osx-x86_64-clang, r-devel-windows-ix86+x86_64, r-patched-linux-x86_64, r-patched-solaris-sparc, r-patched-solaris-x86, r-release-linux-ix86, r-release-linux-x86_64, r-release-osx-x86_64-mavericks, r-release-windows-ix86+x86_64, r-oldrel-windows-ix86+x86_64

Version: 0.2
Check: dependencies in R code
Result: NOTE
    'library' or 'require' call to 'SLC' which was already attached by Depends.
     Please remove these calls from your code.
    Package in Depends field not imported from: 'SLC'
     These packages need to be imported from for the case when
     this namespace is loaded but not attached.
    See the information on DESCRIPTION files in the chapter 'Creating R
    packages' of the 'Writing R Extensions' manual.
Flavor: r-release-osx-x86_64-snowleopard