CRAN Package Check Results for Package RcmdrPlugin.SLC

Last updated on 2014-09-22 03:48:25.

Flavor Version Tinstall Tcheck Ttotal Status Flags
r-devel-linux-x86_64-debian-clang 0.2 2.44 38.94 41.38 NOTE
r-devel-linux-x86_64-debian-gcc 0.2 2.42 39.57 41.99 NOTE
r-devel-linux-x86_64-fedora-clang 0.2 63.60 NOTE
r-devel-linux-x86_64-fedora-gcc 0.2 60.22 NOTE
r-devel-osx-x86_64-clang 0.2 67.35 NOTE
r-devel-windows-ix86+x86_64 0.2 33.00 77.00 110.00 NOTE
r-patched-linux-x86_64 0.2 2.50 41.55 44.06 NOTE
r-patched-solaris-sparc 0.2 166.00 NOTE
r-patched-solaris-x86 0.2 107.50 NOTE
r-release-linux-ix86 0.2 3.11 43.02 46.14 NOTE
r-release-linux-x86_64 0.2 2.71 40.20 42.92 NOTE
r-release-osx-x86_64-mavericks 0.2 NOTE
r-release-osx-x86_64-snowleopard 0.2 NOTE
r-release-windows-ix86+x86_64 0.2 35.00 89.00 124.00 NOTE
r-oldrel-windows-ix86+x86_64 0.2 31.00 90.00 121.00 NOTE

Check Details

Version: 0.2
Check: dependencies in R code
Result: NOTE
    'library' or 'require' call to ‘SLC’ which was already attached by Depends.
     Please remove these calls from your code.
    Package in Depends field not imported from: ‘SLC’
     These packages need to be imported from (in the NAMESPACE file)
     for when this namespace is loaded but not attached.
    See the information on DESCRIPTION files in the chapter ‘Creating R
    packages’ of the ‘Writing R Extensions’ manual.
Flavors: r-devel-linux-x86_64-debian-clang, r-devel-linux-x86_64-debian-gcc, r-devel-linux-x86_64-fedora-clang, r-devel-linux-x86_64-fedora-gcc, r-devel-osx-x86_64-clang, r-devel-windows-ix86+x86_64, r-patched-linux-x86_64, r-patched-solaris-sparc, r-patched-solaris-x86, r-release-linux-ix86, r-release-linux-x86_64, r-release-osx-x86_64-mavericks, r-release-windows-ix86+x86_64, r-oldrel-windows-ix86+x86_64

Version: 0.2
Check: dependencies in R code
Result: NOTE
    'library' or 'require' call to 'SLC' which was already attached by Depends.
     Please remove these calls from your code.
    Package in Depends field not imported from: 'SLC'
     These packages need to be imported from for the case when
     this namespace is loaded but not attached.
    See the information on DESCRIPTION files in the chapter 'Creating R
    packages' of the 'Writing R Extensions' manual.
Flavor: r-release-osx-x86_64-snowleopard