CRAN Package Check Results for Package RcmdrPlugin.SLC

Last updated on 2014-07-22 15:51:56.

Flavor Version Tinstall Tcheck Ttotal Status Flags
r-devel-linux-x86_64-debian-clang 0.2 0.85 12.17 13.02 NOTE
r-devel-linux-x86_64-debian-gcc 0.2 0.84 12.19 13.02 NOTE
r-devel-linux-x86_64-fedora-clang 0.2 26.42 NOTE
r-devel-linux-x86_64-fedora-gcc 0.2 24.61 NOTE
r-devel-osx-x86_64-clang 0.2 32.64 NOTE
r-devel-windows-ix86+x86_64 0.2 12.00 31.00 43.00 NOTE
r-patched-linux-x86_64 0.2 0.82 12.00 12.83 NOTE
r-patched-solaris-sparc 0.2 148.50 NOTE
r-patched-solaris-x86 0.2 40.40 NOTE
r-release-linux-ix86 0.2 1.32 19.99 21.31 NOTE
r-release-linux-x86_64 0.2 0.86 12.52 13.37 NOTE
r-release-osx-x86_64-mavericks 0.2 NOTE
r-release-osx-x86_64-snowleopard 0.2 NOTE
r-release-windows-ix86+x86_64 0.2 17.00 33.00 50.00 NOTE
r-oldrel-windows-ix86+x86_64 0.2 19.00 32.00 51.00 NOTE

Check Details

Version: 0.2
Check: dependencies in R code
Result: NOTE
    'library' or 'require' call to ‘SLC’ which was already attached by Depends.
     Please remove these calls from your code.
    Package in Depends field not imported from: ‘SLC’
     These packages need to be imported from (in the NAMESPACE file)
     for when this namespace is loaded but not attached.
    See the information on DESCRIPTION files in the chapter ‘Creating R
    packages’ of the ‘Writing R Extensions’ manual.
Flavors: r-devel-linux-x86_64-debian-clang, r-devel-linux-x86_64-debian-gcc, r-devel-linux-x86_64-fedora-clang, r-devel-linux-x86_64-fedora-gcc, r-devel-osx-x86_64-clang, r-devel-windows-ix86+x86_64, r-patched-linux-x86_64, r-patched-solaris-sparc, r-patched-solaris-x86, r-release-linux-ix86, r-release-linux-x86_64, r-release-osx-x86_64-mavericks, r-release-windows-ix86+x86_64, r-oldrel-windows-ix86+x86_64

Version: 0.2
Check: dependencies in R code
Result: NOTE
    'library' or 'require' call to 'SLC' which was already attached by Depends.
     Please remove these calls from your code.
    Package in Depends field not imported from: 'SLC'
     These packages need to be imported from for the case when
     this namespace is loaded but not attached.
    See the information on DESCRIPTION files in the chapter 'Creating R
    packages' of the 'Writing R Extensions' manual.
Flavor: r-release-osx-x86_64-snowleopard