CRAN Package Check Results for Package RcmdrPlugin.SLC

Last updated on 2018-05-21 13:49:41 CEST.

Flavor Version Tinstall Tcheck Ttotal Status Flags
r-devel-linux-x86_64-debian-clang 0.2 8.98 82.17 91.15 NOTE
r-devel-linux-x86_64-debian-gcc 0.2 7.23 70.28 77.51 NOTE
r-devel-linux-x86_64-fedora-clang 0.2 123.46 NOTE
r-devel-linux-x86_64-fedora-gcc 0.2 119.30 NOTE
r-devel-windows-ix86+x86_64 0.2 43.00 111.00 154.00 NOTE
r-patched-linux-x86_64 0.2 6.96 76.08 83.04 NOTE
r-patched-solaris-x86 0.2 183.50 NOTE
r-release-linux-x86_64 0.2 6.43 75.09 81.52 NOTE
r-release-windows-ix86+x86_64 0.2 34.00 155.00 189.00 NOTE
r-release-osx-x86_64 0.2 NOTE
r-oldrel-windows-ix86+x86_64 0.2 53.00 106.00 159.00 NOTE
r-oldrel-osx-x86_64 0.2 NOTE

Check Details

Version: 0.2
Check: dependencies in R code
Result: NOTE
    'library' or 'require' call to ‘SLC’ which was already attached by Depends.
     Please remove these calls from your code.
    Package in Depends field not imported from: ‘SLC’
     These packages need to be imported from (in the NAMESPACE file)
     for when this namespace is loaded but not attached.
Flavors: r-devel-linux-x86_64-debian-clang, r-devel-linux-x86_64-debian-gcc, r-devel-linux-x86_64-fedora-clang, r-devel-linux-x86_64-fedora-gcc, r-devel-windows-ix86+x86_64, r-patched-linux-x86_64, r-patched-solaris-x86, r-release-linux-x86_64, r-release-windows-ix86+x86_64, r-release-osx-x86_64, r-oldrel-windows-ix86+x86_64, r-oldrel-osx-x86_64