CRAN Package Check Results for Package RcmdrPlugin.SLC

Last updated on 2015-05-30 21:46:50.

Flavor Version Tinstall Tcheck Ttotal Status Flags
r-devel-linux-x86_64-debian-clang 0.2 4.64 46.38 51.03 NOTE
r-devel-linux-x86_64-debian-gcc 0.2 4.64 45.41 50.05 NOTE
r-devel-linux-x86_64-fedora-clang 0.2 104.16 NOTE
r-devel-linux-x86_64-fedora-gcc 0.2 101.84 NOTE
r-devel-osx-x86_64-clang 0.2 108.34 NOTE
r-devel-windows-ix86+x86_64 0.2 35.00 68.00 103.00 NOTE
r-patched-linux-x86_64 0.2 4.42 44.97 49.39 NOTE
r-patched-solaris-sparc 0.2 644.50 NOTE
r-patched-solaris-x86 0.2 166.60 NOTE
r-release-linux-x86_64 0.2 4.50 47.21 51.70 NOTE
r-release-osx-x86_64-mavericks 0.2 NOTE
r-release-osx-x86_64-snowleopard 0.2 ERROR
r-release-windows-ix86+x86_64 0.2 41.00 75.00 116.00 NOTE
r-oldrel-windows-ix86+x86_64 0.2 59.00 173.00 232.00 NOTE

Check Details

Version: 0.2
Check: dependencies in R code
Result: NOTE
    'library' or 'require' call to ‘SLC’ which was already attached by Depends.
     Please remove these calls from your code.
    Package in Depends field not imported from: ‘SLC’
     These packages need to be imported from (in the NAMESPACE file)
     for when this namespace is loaded but not attached.
Flavors: r-devel-linux-x86_64-debian-clang, r-devel-linux-x86_64-debian-gcc, r-devel-linux-x86_64-fedora-clang, r-devel-linux-x86_64-fedora-gcc, r-devel-osx-x86_64-clang, r-devel-windows-ix86+x86_64, r-patched-linux-x86_64, r-patched-solaris-sparc, r-patched-solaris-x86, r-release-linux-x86_64, r-release-osx-x86_64-mavericks, r-release-windows-ix86+x86_64, r-oldrel-windows-ix86+x86_64

Version: 0.2
Check: package dependencies
Result: ERROR
    Package required but not available: ‘Rcmdr’
    
    See section ‘The DESCRIPTION file’ in the ‘Writing R Extensions’
    manual.
Flavor: r-release-osx-x86_64-snowleopard