CRAN Package Check Results for Package RcmdrPlugin.SLC

Last updated on 2016-12-03 08:49:05.

Flavor Version Tinstall Tcheck Ttotal Status Flags
r-devel-linux-x86_64-debian-clang 0.2 5.47 53.11 58.58 NOTE
r-devel-linux-x86_64-debian-gcc 0.2 5.52 53.06 58.58 NOTE
r-devel-linux-x86_64-fedora-clang 0.2 128.13 NOTE
r-devel-linux-x86_64-fedora-gcc 0.2 128.12 NOTE --no-stop-on-test-error
r-devel-macos-x86_64-clang 0.2 100.20 NOTE
r-devel-windows-ix86+x86_64 0.2 38.00 100.00 138.00 NOTE
r-patched-linux-x86_64 0.2 4.73 46.61 51.34 NOTE
r-patched-solaris-sparc 0.2 656.10 NOTE
r-patched-solaris-x86 0.2 161.40 NOTE
r-release-linux-x86_64 0.2 4.86 46.99 51.84 NOTE
r-release-osx-x86_64-mavericks 0.2 WARN
r-release-windows-ix86+x86_64 0.2 44.00 123.00 167.00 NOTE
r-oldrel-windows-ix86+x86_64 0.2 45.00 154.00 199.00 NOTE

Check Details

Version: 0.2
Check: dependencies in R code
Result: NOTE
    'library' or 'require' call to ‘SLC’ which was already attached by Depends.
     Please remove these calls from your code.
    Package in Depends field not imported from: ‘SLC’
     These packages need to be imported from (in the NAMESPACE file)
     for when this namespace is loaded but not attached.
Flavors: r-devel-linux-x86_64-debian-clang, r-devel-linux-x86_64-debian-gcc, r-devel-linux-x86_64-fedora-clang, r-devel-macos-x86_64-clang, r-devel-windows-ix86+x86_64, r-patched-linux-x86_64, r-patched-solaris-sparc, r-patched-solaris-x86, r-release-linux-x86_64, r-release-windows-ix86+x86_64, r-oldrel-windows-ix86+x86_64

Version: 0.2
Flags: --no-stop-on-test-error
Check: dependencies in R code
Result: NOTE
    'library' or 'require' call to ‘SLC’ which was already attached by Depends.
     Please remove these calls from your code.
    Package in Depends field not imported from: ‘SLC’
     These packages need to be imported from (in the NAMESPACE file)
     for when this namespace is loaded but not attached.
Flavor: r-devel-linux-x86_64-fedora-gcc

Version: 0.2
Check: R code for possible problems
Result: NOTE
    
    This data.table install has not detected OpenMP support. It will work but slower in single threaded mode.
Flavor: r-devel-macos-x86_64-clang

Version: 0.2
Check: dependencies in R code
Result: NOTE
    Invalid MIT-MAGIC-COOKIE-1 key'library' or 'require' call to ‘SLC’ which was already attached by Depends.
     Please remove these calls from your code.
    Package in Depends field not imported from: ‘SLC’
     These packages need to be imported from (in the NAMESPACE file)
     for when this namespace is loaded but not attached.
Flavor: r-release-osx-x86_64-mavericks

Version: 0.2
Check: S3 generic/method consistency
Result: WARN
    Invalid MIT-MAGIC-COOKIE-1 key
    See section ‘Generic functions and methods’ in the ‘Writing R
    Extensions’ manual.
Flavor: r-release-osx-x86_64-mavericks

Version: 0.2
Check: replacement functions
Result: WARN
    Invalid MIT-MAGIC-COOKIE-1 key
    The argument of a replacement function which corresponds to the right
    hand side must be named ‘value’.
Flavor: r-release-osx-x86_64-mavericks

Version: 0.2
Check: foreign function calls
Result: NOTE
    Invalid MIT-MAGIC-COOKIE-1 key
    See chapter ‘System and foreign language interfaces’ in the ‘Writing R
    Extensions’ manual.
Flavor: r-release-osx-x86_64-mavericks

Version: 0.2
Check: R code for possible problems
Result: NOTE
    Invalid MIT-MAGIC-COOKIE-1 key
Flavor: r-release-osx-x86_64-mavericks

Version: 0.2
Check: for missing documentation entries
Result: WARN
    Invalid MIT-MAGIC-COOKIE-1 key
    All user-level objects in a package should have documentation entries.
    See chapter ‘Writing R documentation files’ in the ‘Writing R
    Extensions’ manual.
Flavor: r-release-osx-x86_64-mavericks

Version: 0.2
Check: for code/documentation mismatches
Result: WARN
    Invalid MIT-MAGIC-COOKIE-1 key
    Invalid MIT-MAGIC-COOKIE-1 key
    Invalid MIT-MAGIC-COOKIE-1 key
Flavor: r-release-osx-x86_64-mavericks

Version: 0.2
Check: Rd \usage sections
Result: NOTE
    Invalid MIT-MAGIC-COOKIE-1 key
    The \usage entries for S3 methods should use the \method markup and not
    their full name.
    See chapter ‘Writing R documentation files’ in the ‘Writing R
    Extensions’ manual.
Flavor: r-release-osx-x86_64-mavericks