CRAN Package Check Results for Package RcmdrPlugin.SLC

Last updated on 2015-07-03 23:47:48.

Flavor Version Tinstall Tcheck Ttotal Status Flags
r-devel-linux-x86_64-debian-clang 0.2 4.44 46.44 50.88 NOTE
r-devel-linux-x86_64-debian-gcc 0.2 4.54 44.70 49.23 NOTE
r-devel-linux-x86_64-fedora-clang 0.2 104.84 NOTE
r-devel-linux-x86_64-fedora-gcc 0.2 106.64 NOTE
r-devel-osx-x86_64-clang 0.2 103.16 NOTE
r-devel-windows-ix86+x86_64 0.2 36.00 68.00 104.00 NOTE
r-patched-linux-x86_64 0.2 4.56 45.81 50.36 NOTE
r-patched-solaris-sparc 0.2 644.50 NOTE
r-patched-solaris-x86 0.2 168.20 NOTE
r-release-linux-x86_64 0.2 5.15 47.84 52.98 NOTE
r-release-osx-x86_64-mavericks 0.2 NOTE
r-release-windows-ix86+x86_64 0.2 49.00 80.00 129.00 NOTE
r-oldrel-windows-ix86+x86_64 0.2 61.00 177.00 238.00 NOTE

Check Details

Version: 0.2
Check: dependencies in R code
Result: NOTE
    'library' or 'require' call to ‘SLC’ which was already attached by Depends.
     Please remove these calls from your code.
    Package in Depends field not imported from: ‘SLC’
     These packages need to be imported from (in the NAMESPACE file)
     for when this namespace is loaded but not attached.
Flavors: r-devel-linux-x86_64-debian-clang, r-devel-linux-x86_64-debian-gcc, r-devel-linux-x86_64-fedora-clang, r-devel-linux-x86_64-fedora-gcc, r-devel-osx-x86_64-clang, r-devel-windows-ix86+x86_64, r-patched-linux-x86_64, r-patched-solaris-sparc, r-patched-solaris-x86, r-release-linux-x86_64, r-release-osx-x86_64-mavericks, r-release-windows-ix86+x86_64, r-oldrel-windows-ix86+x86_64