CRAN Package Check Results for Package RcmdrPlugin.SLC

Last updated on 2014-04-25 09:52:21.

Flavor Version Tinstall Tcheck Ttotal Status Flags
r-devel-linux-x86_64-debian-clang 0.2 0.92 12.92 13.84 NOTE
r-devel-linux-x86_64-debian-gcc 0.2 0.91 12.95 13.86 NOTE
r-devel-linux-x86_64-fedora-clang 0.2 24.87 NOTE
r-devel-linux-x86_64-fedora-gcc 0.2 24.02 NOTE
r-devel-osx-x86_64-clang 0.2 34.39 NOTE
r-devel-osx-x86_64-gcc 0.2 ERROR
r-devel-windows-ix86+x86_64 0.2 12.00 30.00 42.00 NOTE
r-patched-linux-x86_64 0.2 0.88 12.95 13.83 NOTE
r-patched-solaris-sparc 0.2 148.50 NOTE
r-patched-solaris-x86 0.2 51.50 NOTE
r-release-linux-ix86 0.2 2.00 29.00 31.00 NOTE
r-release-linux-x86_64 0.2 0.91 12.74 13.65 NOTE
r-release-osx-x86_64-mavericks 0.2 WARN
r-release-osx-x86_64-snowleopard 0.2 NOTE
r-release-windows-ix86+x86_64 0.2 13.00 31.00 44.00 NOTE
r-oldrel-windows-ix86+x86_64 0.2 11.00 33.00 44.00 NOTE

Check Details

Version: 0.2
Check: dependencies in R code
Result: NOTE
    'library' or 'require' call to ‘SLC’ which was already attached by Depends.
     Please remove these calls from your code.
    Package in Depends field not imported from: ‘SLC’
     These packages need to be imported from (in the NAMESPACE file)
     for when this namespace is loaded but not attached.
    See the information on DESCRIPTION files in the chapter ‘Creating R
    packages’ of the ‘Writing R Extensions’ manual.
Flavors: r-devel-linux-x86_64-debian-clang, r-devel-linux-x86_64-debian-gcc, r-devel-linux-x86_64-fedora-clang, r-devel-linux-x86_64-fedora-gcc, r-devel-osx-x86_64-clang, r-devel-windows-ix86+x86_64, r-patched-linux-x86_64, r-patched-solaris-sparc, r-patched-solaris-x86, r-release-linux-ix86, r-release-linux-x86_64, r-release-osx-x86_64-mavericks, r-release-windows-ix86+x86_64, r-oldrel-windows-ix86+x86_64

Version: 0.2
Check: package dependencies
Result: ERROR
    Package required but not available: ‘Rcmdr’
    
    See the information on DESCRIPTION files in the chapter ‘Creating R
    packages’ of the ‘Writing R Extensions’ manual.
Flavor: r-devel-osx-x86_64-gcc

Version: 0.2
Check: PDF version of manual
Result: WARNING
    LaTeX errors when creating PDF version.
    This typically indicates Rd problems.
    LaTeX errors found:
    ! LaTeX Error: File `upquote.sty' not found.
    
    Type X to quit or <RETURN> to proceed,
    or enter new name. (Default extension: sty)
    
    d951a8b/Rd2.tex:8: ==> Fatal error occurred, no output PDF file produced!
Flavor: r-release-osx-x86_64-mavericks

Version: 0.2
Check: dependencies in R code
Result: NOTE
    'library' or 'require' call to 'SLC' which was already attached by Depends.
     Please remove these calls from your code.
    Package in Depends field not imported from: 'SLC'
     These packages need to be imported from for the case when
     this namespace is loaded but not attached.
    See the information on DESCRIPTION files in the chapter 'Creating R
    packages' of the 'Writing R Extensions' manual.
Flavor: r-release-osx-x86_64-snowleopard