CRAN Package Check Results for Package RcmdrPlugin.SLC

Last updated on 2021-12-06 14:54:02 CET.

Flavor Version Tinstall Tcheck Ttotal Status Flags
r-devel-linux-x86_64-debian-clang 0.2 15.63 120.75 136.38 NOTE
r-devel-linux-x86_64-debian-gcc 0.2 12.54 91.60 104.14 NOTE
r-devel-linux-x86_64-fedora-clang 0.2 172.52 NOTE
r-devel-linux-x86_64-fedora-gcc 0.2 158.75 NOTE
r-devel-windows-x86_64-new-UL 0.2 27.00 179.00 206.00 NOTE
r-devel-windows-x86_64-new-TK 0.2 NOTE
r-devel-windows-x86_64-old 0.2 22.00 97.00 119.00 NOTE
r-patched-linux-x86_64 0.2 14.71 105.09 119.80 NOTE
r-release-linux-x86_64 0.2 14.72 114.12 128.84 NOTE
r-release-macos-arm64 0.2 NOTE
r-release-macos-x86_64 0.2 NOTE
r-release-windows-ix86+x86_64 0.2 29.00 129.00 158.00 NOTE
r-oldrel-macos-x86_64 0.2 NOTE
r-oldrel-windows-ix86+x86_64 0.2 37.00 133.00 170.00 NOTE

Check Details

Version: 0.2
Check: dependencies in R code
Result: NOTE
    'library' or 'require' call to 'SLC' which was already attached by Depends.
     Please remove these calls from your code.
    Package in Depends field not imported from: 'SLC'
     These packages need to be imported from (in the NAMESPACE file)
     for when this namespace is loaded but not attached.
Flavors: r-devel-linux-x86_64-debian-clang, r-devel-linux-x86_64-debian-gcc, r-devel-linux-x86_64-fedora-clang, r-devel-linux-x86_64-fedora-gcc, r-devel-windows-x86_64-new-UL, r-devel-windows-x86_64-new-TK, r-devel-windows-x86_64-old, r-patched-linux-x86_64, r-release-linux-x86_64, r-release-macos-arm64, r-release-macos-x86_64, r-release-windows-ix86+x86_64, r-oldrel-macos-x86_64, r-oldrel-windows-ix86+x86_64