CRAN Package Check Results for Package RcmdrPlugin.SLC

Last updated on 2014-10-26 07:50:09.

Flavor Version Tinstall Tcheck Ttotal Status Flags
r-devel-linux-x86_64-debian-clang 0.2 2.29 40.12 42.41 NOTE
r-devel-linux-x86_64-debian-gcc 0.2 2.45 38.54 40.99 NOTE
r-devel-linux-x86_64-fedora-clang 0.2 62.29 NOTE
r-devel-linux-x86_64-fedora-gcc 0.2 59.74 NOTE
r-devel-osx-x86_64-clang 0.2 65.58 NOTE
r-devel-windows-ix86+x86_64 0.2 36.00 71.00 107.00 NOTE
r-patched-linux-x86_64 0.2 2.42 37.60 40.02 NOTE
r-patched-solaris-sparc 0.2 338.30 NOTE
r-patched-solaris-x86 0.2 104.10 NOTE
r-release-linux-ix86 0.2 0.42 1.71 2.13 ERROR
r-release-linux-x86_64 0.2 2.41 40.04 42.45 NOTE
r-release-osx-x86_64-mavericks 0.2 NOTE
r-release-osx-x86_64-snowleopard 0.2 NOTE
r-release-windows-ix86+x86_64 0.2 34.00 0.00 34.00 ERROR
r-oldrel-windows-ix86+x86_64 0.2 33.00 85.00 118.00 NOTE

Check Details

Version: 0.2
Check: dependencies in R code
Result: NOTE
    'library' or 'require' call to ‘SLC’ which was already attached by Depends.
     Please remove these calls from your code.
    Package in Depends field not imported from: ‘SLC’
     These packages need to be imported from (in the NAMESPACE file)
     for when this namespace is loaded but not attached.
    See the information on DESCRIPTION files in the chapter ‘Creating R
    packages’ of the ‘Writing R Extensions’ manual.
Flavors: r-devel-linux-x86_64-debian-clang, r-devel-linux-x86_64-debian-gcc, r-devel-linux-x86_64-fedora-clang, r-devel-linux-x86_64-fedora-gcc, r-devel-osx-x86_64-clang, r-devel-windows-ix86+x86_64, r-patched-linux-x86_64, r-patched-solaris-sparc, r-patched-solaris-x86, r-release-linux-x86_64, r-release-osx-x86_64-mavericks, r-oldrel-windows-ix86+x86_64

Version: 0.2
Check: package dependencies
Result: ERROR
    Package required but not available: ‘Rcmdr’
    
    See the information on DESCRIPTION files in the chapter ‘Creating R
    packages’ of the ‘Writing R Extensions’ manual.
Flavor: r-release-linux-ix86

Version: 0.2
Check: dependencies in R code
Result: NOTE
    'library' or 'require' call to 'SLC' which was already attached by Depends.
     Please remove these calls from your code.
    Package in Depends field not imported from: 'SLC'
     These packages need to be imported from for the case when
     this namespace is loaded but not attached.
    See the information on DESCRIPTION files in the chapter 'Creating R
    packages' of the 'Writing R Extensions' manual.
Flavor: r-release-osx-x86_64-snowleopard

Version: 0.2
Check: whether the package can be unloaded cleanly
Result: ERROR
    Check process probably crashed or hung up for 20 minutes ... killed
    Most likely this happened in the example checks (?),
    if not, ignore the following last lines of example output:
    
    ======== End of example output (where/before crash/hang up occured ?) ========
Flavor: r-release-windows-ix86+x86_64