CRAN Package Check Results for Package RcmdrPlugin.SLC

Last updated on 2015-08-30 19:47:15.

Flavor Version Tinstall Tcheck Ttotal Status Flags
r-devel-linux-x86_64-debian-clang 0.2 4.70 46.77 51.47 NOTE
r-devel-linux-x86_64-debian-gcc 0.2 4.57 49.93 54.50 NOTE
r-devel-linux-x86_64-fedora-clang 0.2 107.27 NOTE
r-devel-linux-x86_64-fedora-gcc 0.2 105.78 NOTE
r-devel-osx-x86_64-clang 0.2 98.32 NOTE
r-devel-windows-ix86+x86_64 0.2 50.00 89.00 139.00 NOTE
r-patched-linux-x86_64 0.2 4.95 51.66 56.61 NOTE
r-patched-solaris-sparc 0.2 650.70 NOTE
r-patched-solaris-x86 0.2 173.10 NOTE
r-release-linux-x86_64 0.2 4.98 49.76 54.74 NOTE
r-release-osx-x86_64-mavericks 0.2 NOTE
r-release-windows-ix86+x86_64 0.2 41.00 85.00 126.00 NOTE
r-oldrel-windows-ix86+x86_64 0.2 83.00 205.00 288.00 NOTE

Check Details

Version: 0.2
Check: dependencies in R code
Result: NOTE
    'library' or 'require' call to ‘SLC’ which was already attached by Depends.
     Please remove these calls from your code.
    Package in Depends field not imported from: ‘SLC’
     These packages need to be imported from (in the NAMESPACE file)
     for when this namespace is loaded but not attached.
Flavors: r-devel-linux-x86_64-debian-clang, r-devel-linux-x86_64-debian-gcc, r-devel-linux-x86_64-fedora-clang, r-devel-linux-x86_64-fedora-gcc, r-devel-osx-x86_64-clang, r-devel-windows-ix86+x86_64, r-patched-linux-x86_64, r-patched-solaris-sparc, r-patched-solaris-x86, r-release-linux-x86_64, r-release-osx-x86_64-mavericks, r-release-windows-ix86+x86_64, r-oldrel-windows-ix86+x86_64