CRAN Package Check Results for Package RcmdrPlugin.SLC

Last updated on 2014-12-18 11:50:14.

Flavor Version Tinstall Tcheck Ttotal Status Flags
r-devel-linux-x86_64-debian-clang 0.2 2.12 34.76 36.88 NOTE
r-devel-linux-x86_64-debian-gcc 0.2 2.00 35.73 37.72 NOTE
r-devel-linux-x86_64-fedora-clang 0.2 60.50 NOTE
r-devel-linux-x86_64-fedora-gcc 0.2 57.52 NOTE
r-devel-osx-x86_64-clang 0.2 60.87 NOTE
r-devel-windows-ix86+x86_64 0.2 42.00 69.00 111.00 NOTE
r-patched-linux-x86_64 0.2 2.14 34.10 36.23 NOTE
r-patched-solaris-sparc 0.2 338.30 NOTE
r-patched-solaris-x86 0.2 92.10 NOTE
r-release-linux-ix86 0.2 2.64 37.43 40.07 NOTE
r-release-linux-x86_64 0.2 2.04 33.85 35.90 NOTE
r-release-osx-x86_64-mavericks 0.2 NOTE
r-release-osx-x86_64-snowleopard 0.2 NOTE
r-release-windows-ix86+x86_64 0.2 37.00 75.00 112.00 NOTE
r-oldrel-windows-ix86+x86_64 0.2 38.00 76.00 114.00 NOTE

Check Details

Version: 0.2
Check: dependencies in R code
Result: NOTE
    'library' or 'require' call to ‘SLC’ which was already attached by Depends.
     Please remove these calls from your code.
    Package in Depends field not imported from: ‘SLC’
     These packages need to be imported from (in the NAMESPACE file)
     for when this namespace is loaded but not attached.
    See the information on DESCRIPTION files in the chapter ‘Creating R
    packages’ of the ‘Writing R Extensions’ manual.
Flavors: r-devel-linux-x86_64-debian-clang, r-devel-linux-x86_64-debian-gcc, r-devel-linux-x86_64-fedora-clang, r-devel-linux-x86_64-fedora-gcc, r-devel-osx-x86_64-clang, r-devel-windows-ix86+x86_64, r-patched-linux-x86_64, r-patched-solaris-sparc, r-patched-solaris-x86, r-release-linux-ix86, r-release-linux-x86_64, r-release-osx-x86_64-mavericks, r-release-windows-ix86+x86_64, r-oldrel-windows-ix86+x86_64

Version: 0.2
Check: dependencies in R code
Result: NOTE
    'library' or 'require' call to 'SLC' which was already attached by Depends.
     Please remove these calls from your code.
    Package in Depends field not imported from: 'SLC'
     These packages need to be imported from for the case when
     this namespace is loaded but not attached.
    See the information on DESCRIPTION files in the chapter 'Creating R
    packages' of the 'Writing R Extensions' manual.
Flavor: r-release-osx-x86_64-snowleopard