CRAN Package Check Results for Package RcmdrPlugin.SLC

Last updated on 2020-09-18 18:47:34 CEST.

Flavor Version Tinstall Tcheck Ttotal Status Flags
r-devel-linux-x86_64-debian-clang 0.2 15.72 106.68 122.40 NOTE
r-devel-linux-x86_64-debian-gcc 0.2 12.65 80.76 93.41 NOTE
r-devel-linux-x86_64-fedora-clang 0.2 164.46 NOTE
r-devel-linux-x86_64-fedora-gcc 0.2 155.72 NOTE
r-devel-windows-ix86+x86_64 0.2 34.00 139.00 173.00 NOTE
r-patched-linux-x86_64 0.2 12.44 103.40 115.84 NOTE
r-patched-solaris-x86 0.2 257.50 NOTE
r-release-linux-x86_64 0.2 13.32 103.45 116.77 NOTE
r-release-macos-x86_64 0.2 NOTE
r-release-windows-ix86+x86_64 0.2 34.00 136.00 170.00 NOTE
r-oldrel-macos-x86_64 0.2 NOTE
r-oldrel-windows-ix86+x86_64 0.2 31.00 120.00 151.00 NOTE

Check Details

Version: 0.2
Check: dependencies in R code
Result: NOTE
    'library' or 'require' call to 'SLC' which was already attached by Depends.
     Please remove these calls from your code.
    Package in Depends field not imported from: 'SLC'
     These packages need to be imported from (in the NAMESPACE file)
     for when this namespace is loaded but not attached.
Flavors: r-devel-linux-x86_64-debian-clang, r-devel-linux-x86_64-debian-gcc, r-devel-linux-x86_64-fedora-clang, r-devel-linux-x86_64-fedora-gcc, r-devel-windows-ix86+x86_64, r-patched-linux-x86_64, r-patched-solaris-x86, r-release-linux-x86_64, r-release-macos-x86_64, r-release-windows-ix86+x86_64, r-oldrel-macos-x86_64, r-oldrel-windows-ix86+x86_64