CRAN Package Check Results for Package RcmdrPlugin.SLC

Last updated on 2015-01-30 09:54:29.

Flavor Version Tinstall Tcheck Ttotal Status Flags
r-devel-linux-x86_64-debian-clang 0.2 1.40 16.63 18.03 NOTE
r-devel-linux-x86_64-debian-gcc 0.2 1.42 16.91 18.34 NOTE
r-devel-linux-x86_64-fedora-clang 0.2 38.29 NOTE
r-devel-linux-x86_64-fedora-gcc 0.2 38.56 NOTE
r-devel-osx-x86_64-clang 0.2 61.86 NOTE
r-devel-windows-ix86+x86_64 0.2 22.00 37.00 59.00 NOTE
r-patched-linux-x86_64 0.2 2.11 36.86 38.97 NOTE
r-patched-solaris-sparc 0.2 338.40 NOTE
r-patched-solaris-x86 0.2 94.80 NOTE
r-release-linux-ix86 0.2 2.74 37.80 40.54 NOTE
r-release-linux-x86_64 0.2 2.19 23.73 25.92 NOTE
r-release-osx-x86_64-mavericks 0.2 NOTE
r-release-osx-x86_64-snowleopard 0.2 NOTE
r-release-windows-ix86+x86_64 0.2 36.00 75.00 111.00 NOTE
r-oldrel-windows-ix86+x86_64 0.2 35.00 76.00 111.00 NOTE

Check Details

Version: 0.2
Check: dependencies in R code
Result: NOTE
    'library' or 'require' call to ‘SLC’ which was already attached by Depends.
     Please remove these calls from your code.
    Package in Depends field not imported from: ‘SLC’
     These packages need to be imported from (in the NAMESPACE file)
     for when this namespace is loaded but not attached.
Flavors: r-devel-linux-x86_64-debian-clang, r-devel-linux-x86_64-debian-gcc, r-devel-linux-x86_64-fedora-clang, r-devel-linux-x86_64-fedora-gcc, r-devel-osx-x86_64-clang, r-devel-windows-ix86+x86_64

Version: 0.2
Check: dependencies in R code
Result: NOTE
    'library' or 'require' call to ‘SLC’ which was already attached by Depends.
     Please remove these calls from your code.
    Package in Depends field not imported from: ‘SLC’
     These packages need to be imported from (in the NAMESPACE file)
     for when this namespace is loaded but not attached.
    See the information on DESCRIPTION files in the chapter ‘Creating R
    packages’ of the ‘Writing R Extensions’ manual.
Flavors: r-patched-linux-x86_64, r-patched-solaris-sparc, r-patched-solaris-x86, r-release-linux-ix86, r-release-linux-x86_64, r-release-osx-x86_64-mavericks, r-release-windows-ix86+x86_64, r-oldrel-windows-ix86+x86_64

Version: 0.2
Check: dependencies in R code
Result: NOTE
    'library' or 'require' call to 'SLC' which was already attached by Depends.
     Please remove these calls from your code.
    Package in Depends field not imported from: 'SLC'
     These packages need to be imported from for the case when
     this namespace is loaded but not attached.
    See the information on DESCRIPTION files in the chapter 'Creating R
    packages' of the 'Writing R Extensions' manual.
Flavor: r-release-osx-x86_64-snowleopard