CRAN Package Check Results for Package RcmdrPlugin.SLC

Last updated on 2015-03-02 13:47:13.

Flavor Version Tinstall Tcheck Ttotal Status Flags
r-devel-linux-x86_64-debian-clang 0.2 4.37 44.01 48.38 NOTE
r-devel-linux-x86_64-debian-gcc 0.2 4.57 42.10 46.66 NOTE
r-devel-linux-x86_64-fedora-clang 0.2 106.05 NOTE
r-devel-linux-x86_64-fedora-gcc 0.2 98.55 NOTE
r-devel-osx-x86_64-clang 0.2 99.78 NOTE
r-devel-windows-ix86+x86_64 0.2 44.00 117.00 161.00 NOTE
r-patched-linux-x86_64 0.2 14.26 115.18 129.44 NOTE
r-patched-solaris-sparc 0.2 1000.80 NOTE
r-patched-solaris-x86 0.2 302.80 NOTE
r-release-linux-ix86 0.2 8.92 96.84 105.76 NOTE
r-release-linux-x86_64 0.2 14.12 115.48 129.60 NOTE
r-release-osx-x86_64-mavericks 0.2 NOTE
r-release-osx-x86_64-snowleopard 0.2 NOTE
r-release-windows-ix86+x86_64 0.2 64.00 216.00 280.00 NOTE
r-oldrel-windows-ix86+x86_64 0.2 56.00 153.00 209.00 NOTE

Check Details

Version: 0.2
Check: dependencies in R code
Result: NOTE
    'library' or 'require' call to ‘SLC’ which was already attached by Depends.
     Please remove these calls from your code.
    Package in Depends field not imported from: ‘SLC’
     These packages need to be imported from (in the NAMESPACE file)
     for when this namespace is loaded but not attached.
Flavors: r-devel-linux-x86_64-debian-clang, r-devel-linux-x86_64-debian-gcc, r-devel-linux-x86_64-fedora-clang, r-devel-linux-x86_64-fedora-gcc, r-devel-osx-x86_64-clang, r-devel-windows-ix86+x86_64, r-patched-linux-x86_64, r-patched-solaris-sparc, r-patched-solaris-x86

Version: 0.2
Check: dependencies in R code
Result: NOTE
    'library' or 'require' call to ‘SLC’ which was already attached by Depends.
     Please remove these calls from your code.
    Package in Depends field not imported from: ‘SLC’
     These packages need to be imported from (in the NAMESPACE file)
     for when this namespace is loaded but not attached.
    See the information on DESCRIPTION files in the chapter ‘Creating R
    packages’ of the ‘Writing R Extensions’ manual.
Flavors: r-release-linux-ix86, r-release-linux-x86_64, r-release-osx-x86_64-mavericks, r-release-windows-ix86+x86_64, r-oldrel-windows-ix86+x86_64

Version: 0.2
Check: dependencies in R code
Result: NOTE
    'library' or 'require' call to 'SLC' which was already attached by Depends.
     Please remove these calls from your code.
    Package in Depends field not imported from: 'SLC'
     These packages need to be imported from for the case when
     this namespace is loaded but not attached.
    See the information on DESCRIPTION files in the chapter 'Creating R
    packages' of the 'Writing R Extensions' manual.
Flavor: r-release-osx-x86_64-snowleopard