CRAN Package Check Results for Package RcmdrPlugin.SM

Last updated on 2015-07-06 11:48:19.

Flavor Version Tinstall Tcheck Ttotal Status Flags
r-devel-linux-x86_64-debian-clang 0.3.1 4.56 41.32 45.88 NOTE
r-devel-linux-x86_64-debian-gcc 0.3.1 4.54 40.64 45.18 NOTE
r-devel-linux-x86_64-fedora-clang 0.3.1 96.76 NOTE
r-devel-linux-x86_64-fedora-gcc 0.3.1 96.21 NOTE
r-devel-osx-x86_64-clang 0.3.1 88.94 NOTE
r-devel-windows-ix86+x86_64 0.3.1 39.00 74.00 113.00 NOTE
r-patched-linux-x86_64 0.3.1 5.21 43.57 48.78 NOTE
r-patched-solaris-sparc 0.3.1 560.80 NOTE
r-patched-solaris-x86 0.3.1 139.50 NOTE
r-release-linux-x86_64 0.3.1 4.60 41.71 46.32 NOTE
r-release-osx-x86_64-mavericks 0.3.1 NOTE
r-release-windows-ix86+x86_64 0.3.1 49.00 74.00 123.00 NOTE
r-oldrel-windows-ix86+x86_64 0.3.1 62.00 136.00 198.00 NOTE

Check Details

Version: 0.3.1
Check: package dependencies
Result: NOTE
    Depends: includes the non-default packages:
     ‘Rcmdr’ ‘tcltk’ ‘car’ ‘RColorBrewer’ ‘colorspace’ ‘vcd’
    Adding so many packages to the search path is excessive and importing
    selectively is preferable.
Flavors: r-devel-linux-x86_64-debian-clang, r-devel-linux-x86_64-debian-gcc, r-devel-linux-x86_64-fedora-clang, r-devel-linux-x86_64-fedora-gcc, r-devel-osx-x86_64-clang, r-devel-windows-ix86+x86_64, r-patched-linux-x86_64, r-patched-solaris-sparc, r-patched-solaris-x86, r-release-linux-x86_64, r-release-osx-x86_64-mavericks, r-release-windows-ix86+x86_64, r-oldrel-windows-ix86+x86_64

Version: 0.3.1
Check: dependencies in R code
Result: NOTE
    'library' or 'require' call to ‘car’ which was already attached by Depends.
     Please remove these calls from your code.
    Packages in Depends field not imported from:
     ‘RColorBrewer’ ‘Rcmdr’ ‘car’ ‘colorspace’ ‘vcd’
     These packages need to be imported from (in the NAMESPACE file)
     for when this namespace is loaded but not attached.
Flavors: r-devel-linux-x86_64-debian-clang, r-devel-linux-x86_64-debian-gcc, r-devel-linux-x86_64-fedora-clang, r-devel-linux-x86_64-fedora-gcc, r-devel-osx-x86_64-clang, r-devel-windows-ix86+x86_64, r-patched-linux-x86_64, r-patched-solaris-sparc, r-patched-solaris-x86, r-release-linux-x86_64, r-release-osx-x86_64-mavericks, r-release-windows-ix86+x86_64, r-oldrel-windows-ix86+x86_64

Version: 0.3.1
Check: R code for possible problems
Result: NOTE
    .onAttach: no visible global function definition for ‘getRcmdr’
    .onAttach: no visible global function definition for ‘closeCommander’
    .onAttach: no visible global function definition for ‘Commander’
    Histogram2: no visible global function definition for ‘gettextRcmdr’
    Histogram2: no visible global function definition for ‘getDialog’
    Histogram2: no visible global function definition for
     ‘initializeDialog’
    Histogram2: no visible global function definition for ‘variableListBox’
    Histogram2: no visible global function definition for ‘Numeric’
    Histogram2: no visible global function definition for ‘varPosn’
    Histogram2 : onOK: no visible global function definition for
     ‘getSelection’
    Histogram2 : onOK: no visible global function definition for
     ‘closeDialog’
    Histogram2 : onOK: no visible global function definition for
     ‘errorCondition’
    Histogram2 : onOK: no visible global function definition for
     ‘gettextRcmdr’
    Histogram2 : onOK: no visible global function definition for
     ‘putDialog’
    Histogram2 : onOK: no visible global function definition for
     ‘ActiveDataSet’
    Histogram2 : onOK: no visible global function definition for
     ‘doItAndPrint’
    Histogram2 : onOK: no visible global function definition for
     ‘activateMenus’
    Histogram2 : onOK: no visible global function definition for
     ‘CommanderWindow’
    Histogram2: no visible global function definition for ‘OKCancelHelp’
    Histogram2: no visible global function definition for ‘radioButtons’
    Histogram2: no visible global function definition for ‘getFrame’
    Histogram2: no visible global function definition for ‘labelRcmdr’
    Histogram2: no visible global function definition for ‘dialogSuffix’
    LM2: no visible global function definition for ‘getDialog’
    LM2: no visible global function definition for ‘initializeDialog’
    LM2: no visible global function definition for ‘gettextRcmdr’
    LM2: no visible global function definition for ‘UpdateModelNumber’
    LM2: no visible global function definition for ‘getRcmdr’
    LM2: no visible global function definition for ‘variableListBox’
    LM2: no visible global function definition for ‘Numeric’
    LM2: no visible global function definition for ‘varPosn’
    LM2 : onOK: no visible global function definition for ‘trim.blanks’
    LM2 : onOK: no visible global function definition for ‘is.valid.name’
    LM2 : onOK: no visible global function definition for
     ‘UpdateModelNumber’
    LM2 : onOK: no visible global function definition for ‘errorCondition’
    LM2 : onOK: no visible global function definition for ‘gettextRcmdr’
    LM2 : onOK: no visible global function definition for ‘listAOVModels’
    LM2 : onOK: no visible global function definition for ‘checkReplace’
    LM2 : onOK: no visible global function definition for ‘getSelection’
    LM2 : onOK: no visible global function definition for ‘closeDialog’
    LM2 : onOK: no visible global function definition for ‘ActiveDataSet’
    LM2 : onOK: no visible global function definition for ‘justDoIt’
    LM2 : onOK: no visible global function definition for ‘logger’
    LM2 : onOK: no visible global function definition for ‘doItAndPrint’
    LM2 : onOK: no visible global function definition for ‘activeModel’
    LM2 : onOK: no visible global function definition for ‘CommanderWindow’
    LM2: no visible global function definition for ‘OKCancelHelp’
    LM2: no visible global function definition for ‘labelRcmdr’
    LM2: no visible global function definition for ‘getFrame’
    LM2: no visible global function definition for ‘dialogSuffix’
    QQPlot2: no visible global function definition for ‘getDialog’
    QQPlot2: no visible global function definition for ‘initializeDialog’
    QQPlot2: no visible global function definition for ‘gettextRcmdr’
    QQPlot2: no visible global function definition for ‘variableListBox’
    QQPlot2: no visible global function definition for ‘Numeric’
    QQPlot2: no visible global function definition for ‘varPosn’
    QQPlot2 : onOK: no visible global function definition for
     ‘getSelection’
    QQPlot2 : onOK: no visible global function definition for ‘putDialog’
    QQPlot2 : onOK: no visible global function definition for ‘closeDialog’
    QQPlot2 : onOK: no visible global function definition for
     ‘errorCondition’
    QQPlot2 : onOK: no visible global function definition for
     ‘gettextRcmdr’
    QQPlot2 : onOK : retryMe: no visible global function definition for
     ‘Message’
    QQPlot2 : onOK: no visible global function definition for
     ‘ActiveDataSet’
    QQPlot2 : onOK: no visible global function definition for
     ‘RcmdrTkmessageBox’
    QQPlot2 : onOK: no visible global function definition for ‘MacOSXP’
    QQPlot2 : onOK: no visible global function definition for
     ‘doItAndPrint’
    QQPlot2 : onOK: no visible global function definition for
     ‘activateMenus’
    QQPlot2 : onOK: no visible global function definition for
     ‘CommanderWindow’
    QQPlot2: no visible global function definition for ‘OKCancelHelp’
    QQPlot2: no visible global function definition for ‘getFrame’
    QQPlot2: no visible global function definition for ‘labelRcmdr’
    QQPlot2: no visible global function definition for ‘dialogSuffix’
    barCode: no visible global function definition for ‘Library’
    barCode: no visible global function definition for ‘getDialog’
    barCode: no visible global function definition for ‘initializeDialog’
    barCode: no visible global function definition for ‘gettextRcmdr’
    barCode: no visible global function definition for ‘variableListBox’
    barCode: no visible global function definition for ‘Numeric’
    barCode: no visible global function definition for ‘varPosn’
    barCode : onOK: no visible global function definition for
     ‘getSelection’
    barCode : onOK: no visible global function definition for ‘putDialog’
    barCode : onOK: no visible global function definition for ‘closeDialog’
    barCode : onOK: no visible global function definition for
     ‘errorCondition’
    barCode : onOK: no visible global function definition for
     ‘gettextRcmdr’
    barCode : onOK: no visible global function definition for
     ‘ActiveDataSet’
    barCode : onOK: no visible global function definition for ‘logger’
    barCode : onOK: no visible global function definition for ‘justDoIt’
    barCode : onOK: no visible global function definition for
     ‘activateMenus’
    barCode : onOK: no visible global function definition for
     ‘CommanderWindow’
    barCode: no visible global function definition for ‘OKCancelHelp’
    barCode: no visible global function definition for ‘getFrame’
    barCode: no visible global function definition for ‘dialogSuffix’
    barCode2: no visible global function definition for ‘Library’
    barCode2: no visible global function definition for ‘getDialog’
    barCode2: no visible global function definition for ‘initializeDialog’
    barCode2: no visible global function definition for ‘gettextRcmdr’
    barCode2: no visible global function definition for ‘variableListBox’
    barCode2: no visible global function definition for ‘Numeric’
    barCode2: no visible global function definition for ‘varPosn’
    barCode2 : onOK: no visible global function definition for
     ‘getSelection’
    barCode2 : onOK: no visible global function definition for ‘putDialog’
    barCode2 : onOK: no visible global function definition for
     ‘closeDialog’
    barCode2 : onOK: no visible global function definition for
     ‘errorCondition’
    barCode2 : onOK: no visible global function definition for
     ‘gettextRcmdr’
    barCode2 : onOK: no visible global function definition for
     ‘ActiveDataSet’
    barCode2 : onOK: no visible global function definition for
     ‘doItAndPrint’
    barCode2 : onOK: no visible global function definition for
     ‘activateMenus’
    barCode2 : onOK: no visible global function definition for
     ‘CommanderWindow’
    barCode2: no visible global function definition for ‘groupsBox’
    barCode2: no visible global function definition for ‘OKCancelHelp’
    barCode2: no visible global function definition for ‘getFrame’
    barCode2: no visible global function definition for ‘dialogSuffix’
    barGraph2: no visible global function definition for ‘Library’
    barGraph2: no visible global function definition for ‘getDialog’
    barGraph2: no visible global function definition for ‘initializeDialog’
    barGraph2: no visible global function definition for ‘gettextRcmdr’
    barGraph2: no visible global function definition for ‘variableListBox’
    barGraph2: no visible global function definition for ‘Factors’
    barGraph2: no visible global function definition for ‘varPosn’
    barGraph2: no visible global function definition for ‘checkBoxes’
    barGraph2 : onOK: no visible global function definition for
     ‘getSelection’
    barGraph2 : onOK: no visible global function definition for ‘putDialog’
    barGraph2 : onOK: no visible global function definition for
     ‘closeDialog’
    barGraph2 : onOK: no visible global function definition for
     ‘errorCondition’
    barGraph2 : onOK: no visible global function definition for
     ‘gettextRcmdr’
    barGraph2 : onOK: no visible global function definition for
     ‘ActiveDataSet’
    barGraph2 : onOK: no visible global function definition for ‘logger’
    barGraph2 : onOK: no visible global function definition for ‘justDoIt’
    barGraph2 : onOK: no visible global function definition for
     ‘activateMenus’
    barGraph2 : onOK: no visible global function definition for
     ‘CommanderWindow’
    barGraph2: no visible global function definition for ‘OKCancelHelp’
    barGraph2: no visible global function definition for ‘getFrame’
    barGraph2: no visible global function definition for ‘dialogSuffix’
    boxPlot2: no visible global function definition for ‘getDialog’
    boxPlot2: no visible global function definition for ‘initializeDialog’
    boxPlot2: no visible global function definition for ‘gettextRcmdr’
    boxPlot2: no visible global function definition for ‘variableListBox’
    boxPlot2: no visible global function definition for ‘Numeric’
    boxPlot2: no visible global function definition for ‘varPosn’
    boxPlot2: no visible global function definition for ‘radioButtons’
    boxPlot2 : onOK: no visible global function definition for
     ‘getSelection’
    boxPlot2 : onOK: no visible global function definition for ‘putDialog’
    boxPlot2 : onOK: no visible global function definition for
     ‘closeDialog’
    boxPlot2 : onOK: no visible global function definition for
     ‘errorCondition’
    boxPlot2 : onOK: no visible global function definition for
     ‘gettextRcmdr’
    boxPlot2 : onOK: no visible global function definition for
     ‘ActiveDataSet’
    boxPlot2 : onOK: no visible global function definition for
     ‘RcmdrTkmessageBox’
    boxPlot2 : onOK: no visible global function definition for ‘MacOSXP’
    boxPlot2 : onOK: no visible global function definition for
     ‘doItAndPrint’
    boxPlot2 : onOK: no visible global function definition for
     ‘activateMenus’
    boxPlot2 : onOK: no visible global function definition for
     ‘CommanderWindow’
    boxPlot2: no visible global function definition for ‘groupsBox’
    boxPlot2: no visible global function definition for ‘OKCancelHelp’
    boxPlot2: no visible global function definition for ‘getFrame’
    boxPlot2: no visible global function definition for ‘dialogSuffix’
    dotGraph: no visible global function definition for ‘getDialog’
    dotGraph: no visible global function definition for ‘initializeDialog’
    dotGraph: no visible global function definition for ‘gettextRcmdr’
    dotGraph: no visible global function definition for ‘variableListBox’
    dotGraph: no visible global function definition for ‘Factors’
    dotGraph: no visible global function definition for ‘varPosn’
    dotGraph: no visible global function definition for ‘checkBoxes’
    dotGraph : onOK: no visible global function definition for
     ‘getSelection’
    dotGraph : onOK: no visible global function definition for ‘putDialog’
    dotGraph : onOK: no visible global function definition for
     ‘closeDialog’
    dotGraph : onOK: no visible global function definition for
     ‘errorCondition’
    dotGraph : onOK: no visible global function definition for
     ‘gettextRcmdr’
    dotGraph : onOK: no visible global function definition for
     ‘ActiveDataSet’
    dotGraph : onOK: no visible global function definition for ‘logger’
    dotGraph : onOK: no visible global function definition for ‘justDoIt’
    dotGraph : onOK: no visible global function definition for
     ‘activateMenus’
    dotGraph : onOK: no visible global function definition for
     ‘CommanderWindow’
    dotGraph: no visible global function definition for ‘OKCancelHelp’
    dotGraph: no visible global function definition for ‘getFrame’
    dotGraph: no visible global function definition for ‘dialogSuffix’
    dotchartTable: no visible global function definition for ‘dotchart’
    enConstruction: no visible global function definition for ‘getDialog’
    enConstruction: no visible global function definition for
     ‘initializeDialog’
    enConstruction: no visible global function definition for
     ‘gettextRcmdr’
    enConstruction : onOK: no visible global function definition for
     ‘closeDialog’
    enConstruction : onOK: no visible global function definition for
     ‘doItAndPrint’
    enConstruction : onOK: no visible global function definition for
     ‘activateMenus’
    enConstruction : onOK: no visible global function definition for
     ‘CommanderWindow’
    enConstruction: no visible global function definition for
     ‘OKCancelHelp’
    enConstruction: no visible global function definition for
     ‘dialogSuffix’
    frequencyDistribution2: no visible global function definition for
     ‘getDialog’
    frequencyDistribution2: no visible global function definition for
     ‘initializeDialog’
    frequencyDistribution2: no visible global function definition for
     ‘gettextRcmdr’
    frequencyDistribution2: no visible global function definition for
     ‘variableListBox’
    frequencyDistribution2: no visible global function definition for
     ‘Factors’
    frequencyDistribution2: no visible global function definition for
     ‘varPosn’
    frequencyDistribution2 : onOK: no visible global function definition
     for ‘getSelection’
    frequencyDistribution2 : onOK: no visible global function definition
     for ‘errorCondition’
    frequencyDistribution2 : onOK: no visible global function definition
     for ‘gettextRcmdr’
    frequencyDistribution2 : onOK: no visible global function definition
     for ‘putDialog’
    frequencyDistribution2 : onOK: no visible global function definition
     for ‘closeDialog’
    frequencyDistribution2 : onOK: no visible global function definition
     for ‘ActiveDataSet’
    frequencyDistribution2 : onOK: no visible global function definition
     for ‘doItAndPrint’
    frequencyDistribution2 : onOK: no visible global function definition
     for ‘CommanderWindow’
    frequencyDistribution2: no visible global function definition for
     ‘OKCancelHelp’
    frequencyDistribution2: no visible global function definition for
     ‘getFrame’
    frequencyDistribution2: no visible global function definition for
     ‘dialogSuffix’
    oneWayAnova2: no visible global function definition for ‘getDialog’
    oneWayAnova2: no visible global function definition for
     ‘initializeDialog’
    oneWayAnova2: no visible global function definition for ‘gettextRcmdr’
    oneWayAnova2: no visible global function definition for
     ‘UpdateModelNumber’
    oneWayAnova2: no visible global function definition for ‘getRcmdr’
    oneWayAnova2: no visible global function definition for
     ‘variableListBox’
    oneWayAnova2: no visible global function definition for ‘Factors’
    oneWayAnova2: no visible global function definition for ‘varPosn’
    oneWayAnova2: no visible global function definition for ‘Numeric’
    oneWayAnova2 : onOK: no visible global function definition for
     ‘trim.blanks’
    oneWayAnova2 : onOK: no visible global function definition for
     ‘is.valid.name’
    oneWayAnova2 : onOK: no visible global function definition for
     ‘UpdateModelNumber’
    oneWayAnova2 : onOK: no visible global function definition for
     ‘errorCondition’
    oneWayAnova2 : onOK: no visible global function definition for
     ‘gettextRcmdr’
    oneWayAnova2 : onOK: no visible global function definition for
     ‘listAOVModels’
    oneWayAnova2 : onOK: no visible global function definition for
     ‘checkReplace’
    oneWayAnova2 : onOK: no visible global function definition for
     ‘getSelection’
    oneWayAnova2 : onOK: no visible global function definition for
     ‘closeDialog’
    oneWayAnova2 : onOK: no visible global function definition for
     ‘ActiveDataSet’
    oneWayAnova2 : onOK: no visible global function definition for
     ‘justDoIt’
    oneWayAnova2 : onOK: no visible global function definition for ‘logger’
    oneWayAnova2 : onOK: no visible global function definition for
     ‘doItAndPrint’
    oneWayAnova2 : onOK: no visible global function definition for
     ‘activeModel’
    oneWayAnova2 : onOK: no visible global function definition for
     ‘CommanderWindow’
    oneWayAnova2: no visible global function definition for ‘OKCancelHelp’
    oneWayAnova2: no visible global function definition for ‘labelRcmdr’
    oneWayAnova2: no visible global function definition for ‘getFrame’
    oneWayAnova2: no visible global function definition for ‘dialogSuffix’
    pieChart2: no visible global function definition for ‘Library’
    pieChart2: no visible global function definition for ‘getDialog’
    pieChart2: no visible global function definition for ‘initializeDialog’
    pieChart2: no visible global function definition for ‘gettextRcmdr’
    pieChart2: no visible global function definition for ‘variableListBox’
    pieChart2: no visible global function definition for ‘Factors’
    pieChart2: no visible global function definition for ‘varPosn’
    pieChart2: no visible global function definition for ‘checkBoxes’
    pieChart2 : onOK: no visible global function definition for
     ‘getSelection’
    pieChart2 : onOK: no visible global function definition for ‘putDialog’
    pieChart2 : onOK: no visible global function definition for
     ‘closeDialog’
    pieChart2 : onOK: no visible global function definition for
     ‘errorCondition’
    pieChart2 : onOK: no visible global function definition for
     ‘gettextRcmdr’
    pieChart2 : onOK: no visible global function definition for
     ‘ActiveDataSet’
    pieChart2 : onOK: no visible global function definition for ‘logger’
    pieChart2 : onOK: no visible global function definition for ‘justDoIt’
    pieChart2 : onOK: no visible global function definition for
     ‘activateMenus’
    pieChart2 : onOK: no visible global function definition for
     ‘CommanderWindow’
    pieChart2: no visible global function definition for ‘OKCancelHelp’
    pieChart2: no visible global function definition for ‘getFrame’
    pieChart2: no visible global function definition for ‘dialogSuffix’
    plotCor: no visible global function definition for ‘Library’
    plotCor: no visible global function definition for ‘getDialog’
    plotCor: no visible global function definition for ‘initializeDialog’
    plotCor: no visible global function definition for ‘gettextRcmdr’
    plotCor: no visible global function definition for ‘variableListBox’
    plotCor: no visible global function definition for ‘Numeric’
    plotCor: no visible global function definition for ‘varPosn’
    plotCor: no visible global function definition for ‘checkBoxes’
    plotCor : onOK: no visible global function definition for
     ‘getSelection’
    plotCor : onOK: no visible global function definition for ‘putDialog’
    plotCor : onOK: no visible global function definition for ‘closeDialog’
    plotCor : onOK: no visible global function definition for
     ‘errorCondition’
    plotCor : onOK: no visible global function definition for
     ‘gettextRcmdr’
    plotCor : onOK: no visible global function definition for
     ‘ActiveDataSet’
    plotCor : onOK: no visible global function definition for ‘logger’
    plotCor : onOK: no visible global function definition for ‘justDoIt’
    plotCor : onOK: no visible global function definition for
     ‘activateMenus’
    plotCor : onOK: no visible global function definition for
     ‘CommanderWindow’
    plotCor: no visible global function definition for ‘groupsBox’
    plotCor: no visible global function definition for ‘OKCancelHelp’
    plotCor: no visible global function definition for ‘getFrame’
    plotCor: no visible global function definition for ‘dialogSuffix’
    plotLikert: no visible global function definition for ‘getDialog’
    plotLikert: no visible global function definition for
     ‘initializeDialog’
    plotLikert: no visible global function definition for ‘gettextRcmdr’
    plotLikert: no visible global function definition for ‘variableListBox’
    plotLikert: no visible global function definition for ‘Numeric’
    plotLikert: no visible global function definition for ‘varPosn’
    plotLikert : onOK: no visible global function definition for
     ‘getSelection’
    plotLikert : onOK: no visible global function definition for
     ‘closeDialog’
    plotLikert : onOK: no visible global function definition for
     ‘errorCondition’
    plotLikert : onOK: no visible global function definition for
     ‘gettextRcmdr’
    plotLikert : onOK: no visible global function definition for
     ‘putDialog’
    plotLikert : onOK: no visible global function definition for
     ‘ActiveDataSet’
    plotLikert : onOK: no visible global function definition for ‘logger’
    plotLikert : onOK: no visible global function definition for ‘justDoIt’
    plotLikert : onOK: no visible global function definition for
     ‘activateMenus’
    plotLikert : onOK: no visible global function definition for
     ‘CommanderWindow’
    plotLikert: no visible global function definition for ‘groupsBox’
    plotLikert: no visible global function definition for ‘OKCancelHelp’
    plotLikert: no visible global function definition for ‘getFrame’
    plotLikert: no visible global function definition for ‘dialogSuffix’
    scatterPlot2: no visible global function definition for ‘gettextRcmdr’
    scatterPlot2: no visible global function definition for ‘getDialog’
    scatterPlot2: no visible global function definition for
     ‘initializeDialog’
    scatterPlot2: no visible global function definition for ‘Numeric’
    scatterPlot2: no visible global function definition for
     ‘variableListBox’
    scatterPlot2: no visible global function definition for ‘varPosn’
    scatterPlot2: no visible global function definition for ‘checkBoxes’
    scatterPlot2: no visible global function definition for ‘subsetBox’
    scatterPlot2: no visible global function definition for ‘labelRcmdr’
    scatterPlot2 : onOK: no visible global function definition for
     ‘getSelection’
    scatterPlot2 : onOK: no visible global function definition for
     ‘trim.blanks’
    scatterPlot2 : onOK: no visible global function definition for
     ‘gettextRcmdr’
    scatterPlot2 : onOK: no visible global function definition for
     ‘putDialog’
    scatterPlot2 : onOK: no visible global function definition for
     ‘closeDialog’
    scatterPlot2 : onOK: no visible global function definition for
     ‘errorCondition’
    scatterPlot2 : onOK: no visible global function definition for
     ‘ActiveDataSet’
    scatterPlot2 : onOK: no visible global function definition for
     ‘RcmdrTkmessageBox’
    scatterPlot2 : onOK: no visible global function definition for
     ‘MacOSXP’
    scatterPlot2 : onOK: no visible global function definition for
     ‘doItAndPrint’
    scatterPlot2 : onOK: no visible global function definition for
     ‘activateMenus’
    scatterPlot2 : onOK: no visible global function definition for
     ‘CommanderWindow’
    scatterPlot2: no visible global function definition for ‘groupsBox’
    scatterPlot2: no visible global function definition for ‘OKCancelHelp’
    scatterPlot2: no visible global function definition for ‘getFrame’
    scatterPlot2: no visible global function definition for ‘dialogSuffix’
    statNN: no visible global function definition for ‘getDialog’
    statNN: no visible global function definition for ‘initializeDialog’
    statNN: no visible global function definition for ‘gettextRcmdr’
    statNN: no visible global function definition for ‘UpdateModelNumber’
    statNN: no visible global function definition for ‘getRcmdr’
    statNN: no visible global function definition for ‘variableListBox’
    statNN: no visible global function definition for ‘Numeric’
    statNN: no visible global function definition for ‘varPosn’
    statNN : onOK: no visible global function definition for ‘trim.blanks’
    statNN : onOK: no visible global function definition for
     ‘is.valid.name’
    statNN : onOK: no visible global function definition for
     ‘UpdateModelNumber’
    statNN : onOK: no visible global function definition for
     ‘errorCondition’
    statNN : onOK: no visible global function definition for ‘gettextRcmdr’
    statNN : onOK: no visible global function definition for
     ‘listAOVModels’
    statNN : onOK: no visible global function definition for ‘checkReplace’
    statNN : onOK: no visible global function definition for ‘getSelection’
    statNN : onOK: no visible global function definition for ‘closeDialog’
    statNN : onOK: no visible global function definition for
     ‘ActiveDataSet’
    statNN : onOK: no visible global function definition for ‘justDoIt’
    statNN : onOK: no visible global function definition for ‘logger’
    statNN : onOK: no visible global function definition for ‘doItAndPrint’
    statNN : onOK: no visible global function definition for ‘activeModel’
    statNN : onOK: no visible global function definition for
     ‘CommanderWindow’
    statNN: no visible global function definition for ‘OKCancelHelp’
    statNN: no visible global function definition for ‘labelRcmdr’
    statNN: no visible global function definition for ‘getFrame’
    statNN: no visible global function definition for ‘dialogSuffix’
    twoWayTable1: no visible global function definition for ‘Library’
    twoWayTable1: no visible global function definition for ‘gettextRcmdr’
    twoWayTable1: no visible global function definition for ‘getDialog’
    twoWayTable1: no visible global function definition for
     ‘initializeDialog’
    twoWayTable1: no visible global function definition for ‘Factors’
    twoWayTable1: no visible global function definition for
     ‘variableListBox’
    twoWayTable1: no visible global function definition for ‘varPosn’
    twoWayTable1: no visible global function definition for ‘subsetBox’
    twoWayTable1 : onOK: no visible global function definition for
     ‘getSelection’
    twoWayTable1 : onOK: no visible global function definition for
     ‘trim.blanks’
    twoWayTable1 : onOK: no visible global function definition for
     ‘gettextRcmdr’
    twoWayTable1 : onOK: no visible global function definition for
     ‘putDialog’
    twoWayTable1 : onOK: no visible global function definition for
     ‘errorCondition’
    twoWayTable1 : onOK: no visible global function definition for
     ‘closeDialog’
    twoWayTable1 : onOK: no visible global function definition for
     ‘ActiveDataSet’
    twoWayTable1 : onOK: no visible global function definition for
     ‘doItAndPrint’
    twoWayTable1 : onOK: no visible global function definition for
     ‘CommanderWindow’
    twoWayTable1: no visible global function definition for ‘OKCancelHelp’
    twoWayTable1: no visible global function definition for ‘radioButtons’
    twoWayTable1: no visible global function definition for ‘getFrame’
    twoWayTable1: no visible global function definition for ‘labelRcmdr’
    twoWayTable1: no visible global function definition for ‘dialogSuffix’
    twoWayTable2: no visible global function definition for ‘Library’
    twoWayTable2: no visible global function definition for ‘gettextRcmdr’
    twoWayTable2: no visible global function definition for ‘getDialog’
    twoWayTable2: no visible global function definition for
     ‘initializeDialog’
    twoWayTable2: no visible global function definition for ‘Factors’
    twoWayTable2: no visible global function definition for
     ‘variableListBox’
    twoWayTable2: no visible global function definition for ‘varPosn’
    twoWayTable2: no visible global function definition for ‘subsetBox’
    twoWayTable2 : onOK: no visible global function definition for
     ‘getSelection’
    twoWayTable2 : onOK: no visible global function definition for
     ‘trim.blanks’
    twoWayTable2 : onOK: no visible global function definition for
     ‘gettextRcmdr’
    twoWayTable2 : onOK: no visible global function definition for
     ‘putDialog’
    twoWayTable2 : onOK: no visible global function definition for
     ‘errorCondition’
    twoWayTable2 : onOK: no visible global function definition for
     ‘closeDialog’
    twoWayTable2 : onOK: no visible global function definition for
     ‘ActiveDataSet’
    twoWayTable2 : onOK: no visible global function definition for
     ‘doItAndPrint’
    twoWayTable2 : onOK: no visible global function definition for
     ‘CommanderWindow’
    twoWayTable2: no visible global function definition for ‘OKCancelHelp’
    twoWayTable2: no visible global function definition for ‘radioButtons’
    twoWayTable2: no visible global function definition for ‘getFrame’
    twoWayTable2: no visible global function definition for ‘labelRcmdr’
    twoWayTable2: no visible global function definition for ‘dialogSuffix’
    twoWayTable3: no visible global function definition for ‘Library’
    twoWayTable3: no visible global function definition for ‘gettextRcmdr’
    twoWayTable3: no visible global function definition for ‘getDialog’
    twoWayTable3: no visible global function definition for
     ‘initializeDialog’
    twoWayTable3: no visible global function definition for ‘Factors’
    twoWayTable3: no visible global function definition for
     ‘variableListBox’
    twoWayTable3: no visible global function definition for ‘varPosn’
    twoWayTable3: no visible global function definition for ‘subsetBox’
    twoWayTable3 : onOK: no visible global function definition for
     ‘getSelection’
    twoWayTable3 : onOK: no visible global function definition for
     ‘trim.blanks’
    twoWayTable3 : onOK: no visible global function definition for
     ‘gettextRcmdr’
    twoWayTable3 : onOK: no visible global function definition for
     ‘putDialog’
    twoWayTable3 : onOK: no visible global function definition for
     ‘errorCondition’
    twoWayTable3 : onOK: no visible global function definition for
     ‘closeDialog’
    twoWayTable3 : onOK: no visible global function definition for
     ‘ActiveDataSet’
    twoWayTable3 : onOK: no visible global function definition for
     ‘doItAndPrint’
    twoWayTable3 : onOK: no visible global function definition for
     ‘CommanderWindow’
    twoWayTable3: no visible global function definition for ‘OKCancelHelp’
    twoWayTable3: no visible global function definition for ‘getFrame’
    twoWayTable3: no visible global function definition for ‘labelRcmdr’
    twoWayTable3: no visible global function definition for ‘dialogSuffix’
    Undefined global functions or variables:
     ActiveDataSet Commander CommanderWindow Factors Library MacOSXP
     Message Numeric OKCancelHelp RcmdrTkmessageBox UpdateModelNumber
     activateMenus activeModel checkBoxes checkReplace closeCommander
     closeDialog dialogSuffix doItAndPrint dotchart errorCondition
     getDialog getFrame getRcmdr getSelection gettextRcmdr groupsBox
     initializeDialog is.valid.name justDoIt labelRcmdr listAOVModels
     logger putDialog radioButtons subsetBox trim.blanks varPosn
     variableListBox
Flavors: r-devel-linux-x86_64-debian-clang, r-devel-linux-x86_64-debian-gcc, r-devel-linux-x86_64-fedora-clang, r-devel-linux-x86_64-fedora-gcc, r-devel-windows-ix86+x86_64

Version: 0.3.1
Check: R code for possible problems
Result: NOTE
    .onAttach: no visible global function definition for ‘getRcmdr’
    .onAttach: no visible global function definition for ‘closeCommander’
    .onAttach: no visible global function definition for ‘Commander’
    Histogram2: no visible global function definition for ‘gettextRcmdr’
    Histogram2: no visible global function definition for ‘getDialog’
    Histogram2: no visible global function definition for
     ‘initializeDialog’
    Histogram2: no visible global function definition for ‘variableListBox’
    Histogram2: no visible global function definition for ‘Numeric’
    Histogram2: no visible global function definition for ‘varPosn’
    Histogram2 : onOK: no visible global function definition for
     ‘getSelection’
    Histogram2 : onOK: no visible global function definition for
     ‘closeDialog’
    Histogram2 : onOK: no visible global function definition for
     ‘errorCondition’
    Histogram2 : onOK: no visible global function definition for
     ‘gettextRcmdr’
    Histogram2 : onOK: no visible global function definition for
     ‘putDialog’
    Histogram2 : onOK: no visible global function definition for
     ‘ActiveDataSet’
    Histogram2 : onOK: no visible global function definition for
     ‘doItAndPrint’
    Histogram2 : onOK: no visible global function definition for
     ‘activateMenus’
    Histogram2 : onOK: no visible global function definition for
     ‘CommanderWindow’
    Histogram2: no visible global function definition for ‘OKCancelHelp’
    Histogram2: no visible global function definition for ‘radioButtons’
    Histogram2: no visible global function definition for ‘getFrame’
    Histogram2: no visible global function definition for ‘labelRcmdr’
    Histogram2: no visible global function definition for ‘dialogSuffix’
    LM2: no visible global function definition for ‘getDialog’
    LM2: no visible global function definition for ‘initializeDialog’
    LM2: no visible global function definition for ‘gettextRcmdr’
    LM2: no visible global function definition for ‘UpdateModelNumber’
    LM2: no visible global function definition for ‘getRcmdr’
    LM2: no visible global function definition for ‘variableListBox’
    LM2: no visible global function definition for ‘Numeric’
    LM2: no visible global function definition for ‘varPosn’
    LM2 : onOK: no visible global function definition for ‘trim.blanks’
    LM2 : onOK: no visible global function definition for ‘is.valid.name’
    LM2 : onOK: no visible global function definition for
     ‘UpdateModelNumber’
    LM2 : onOK: no visible global function definition for ‘errorCondition’
    LM2 : onOK: no visible global function definition for ‘gettextRcmdr’
    LM2 : onOK: no visible global function definition for ‘listAOVModels’
    LM2 : onOK: no visible global function definition for ‘checkReplace’
    LM2 : onOK: no visible global function definition for ‘getSelection’
    LM2 : onOK: no visible global function definition for ‘closeDialog’
    LM2 : onOK: no visible global function definition for ‘ActiveDataSet’
    LM2 : onOK: no visible global function definition for ‘justDoIt’
    LM2 : onOK: no visible global function definition for ‘logger’
    LM2 : onOK: no visible global function definition for ‘doItAndPrint’
    LM2 : onOK: no visible global function definition for ‘activeModel’
    LM2 : onOK: no visible global function definition for ‘CommanderWindow’
    LM2: no visible global function definition for ‘OKCancelHelp’
    LM2: no visible global function definition for ‘labelRcmdr’
    LM2: no visible global function definition for ‘getFrame’
    LM2: no visible global function definition for ‘dialogSuffix’
    QQPlot2: no visible global function definition for ‘getDialog’
    QQPlot2: no visible global function definition for ‘initializeDialog’
    QQPlot2: no visible global function definition for ‘gettextRcmdr’
    QQPlot2: no visible global function definition for ‘variableListBox’
    QQPlot2: no visible global function definition for ‘Numeric’
    QQPlot2: no visible global function definition for ‘varPosn’
    QQPlot2 : onOK: no visible global function definition for
     ‘getSelection’
    QQPlot2 : onOK: no visible global function definition for ‘putDialog’
    QQPlot2 : onOK: no visible global function definition for ‘closeDialog’
    QQPlot2 : onOK: no visible global function definition for
     ‘errorCondition’
    QQPlot2 : onOK: no visible global function definition for
     ‘gettextRcmdr’
    QQPlot2 : onOK : retryMe: no visible global function definition for
     ‘Message’
    QQPlot2 : onOK: no visible global function definition for
     ‘ActiveDataSet’
    QQPlot2 : onOK: no visible global function definition for
     ‘RcmdrTkmessageBox’
    QQPlot2 : onOK: no visible global function definition for ‘MacOSXP’
    QQPlot2 : onOK: no visible global function definition for
     ‘doItAndPrint’
    QQPlot2 : onOK: no visible global function definition for
     ‘activateMenus’
    QQPlot2 : onOK: no visible global function definition for
     ‘CommanderWindow’
    QQPlot2: no visible global function definition for ‘OKCancelHelp’
    QQPlot2: no visible global function definition for ‘getFrame’
    QQPlot2: no visible global function definition for ‘labelRcmdr’
    QQPlot2: no visible global function definition for ‘dialogSuffix’
    barCode: no visible global function definition for ‘Library’
    barCode: no visible global function definition for ‘getDialog’
    barCode: no visible global function definition for ‘initializeDialog’
    barCode: no visible global function definition for ‘gettextRcmdr’
    barCode: no visible global function definition for ‘variableListBox’
    barCode: no visible global function definition for ‘Numeric’
    barCode: no visible global function definition for ‘varPosn’
    barCode : onOK: no visible global function definition for
     ‘getSelection’
    barCode : onOK: no visible global function definition for ‘putDialog’
    barCode : onOK: no visible global function definition for ‘closeDialog’
    barCode : onOK: no visible global function definition for
     ‘errorCondition’
    barCode : onOK: no visible global function definition for
     ‘gettextRcmdr’
    barCode : onOK: no visible global function definition for
     ‘ActiveDataSet’
    barCode : onOK: no visible global function definition for ‘logger’
    barCode : onOK: no visible global function definition for ‘justDoIt’
    barCode : onOK: no visible global function definition for
     ‘activateMenus’
    barCode : onOK: no visible global function definition for
     ‘CommanderWindow’
    barCode: no visible global function definition for ‘OKCancelHelp’
    barCode: no visible global function definition for ‘getFrame’
    barCode: no visible global function definition for ‘dialogSuffix’
    barCode2: no visible global function definition for ‘Library’
    barCode2: no visible global function definition for ‘getDialog’
    barCode2: no visible global function definition for ‘initializeDialog’
    barCode2: no visible global function definition for ‘gettextRcmdr’
    barCode2: no visible global function definition for ‘variableListBox’
    barCode2: no visible global function definition for ‘Numeric’
    barCode2: no visible global function definition for ‘varPosn’
    barCode2 : onOK: no visible global function definition for
     ‘getSelection’
    barCode2 : onOK: no visible global function definition for ‘putDialog’
    barCode2 : onOK: no visible global function definition for
     ‘closeDialog’
    barCode2 : onOK: no visible global function definition for
     ‘errorCondition’
    barCode2 : onOK: no visible global function definition for
     ‘gettextRcmdr’
    barCode2 : onOK: no visible global function definition for
     ‘ActiveDataSet’
    barCode2 : onOK: no visible global function definition for
     ‘doItAndPrint’
    barCode2 : onOK: no visible global function definition for
     ‘activateMenus’
    barCode2 : onOK: no visible global function definition for
     ‘CommanderWindow’
    barCode2: no visible global function definition for ‘groupsBox’
    barCode2: no visible global function definition for ‘OKCancelHelp’
    barCode2: no visible global function definition for ‘getFrame’
    barCode2: no visible global function definition for ‘dialogSuffix’
    barGraph2: no visible global function definition for ‘Library’
    barGraph2: no visible global function definition for ‘getDialog’
    barGraph2: no visible global function definition for ‘initializeDialog’
    barGraph2: no visible global function definition for ‘gettextRcmdr’
    barGraph2: no visible global function definition for ‘variableListBox’
    barGraph2: no visible global function definition for ‘Factors’
    barGraph2: no visible global function definition for ‘varPosn’
    barGraph2: no visible global function definition for ‘checkBoxes’
    barGraph2 : onOK: no visible global function definition for
     ‘getSelection’
    barGraph2 : onOK: no visible global function definition for ‘putDialog’
    barGraph2 : onOK: no visible global function definition for
     ‘closeDialog’
    barGraph2 : onOK: no visible global function definition for
     ‘errorCondition’
    barGraph2 : onOK: no visible global function definition for
     ‘gettextRcmdr’
    barGraph2 : onOK: no visible global function definition for
     ‘ActiveDataSet’
    barGraph2 : onOK: no visible global function definition for ‘logger’
    barGraph2 : onOK: no visible global function definition for ‘justDoIt’
    barGraph2 : onOK: no visible global function definition for
     ‘activateMenus’
    barGraph2 : onOK: no visible global function definition for
     ‘CommanderWindow’
    barGraph2: no visible global function definition for ‘OKCancelHelp’
    barGraph2: no visible global function definition for ‘getFrame’
    barGraph2: no visible global function definition for ‘dialogSuffix’
    boxPlot2: no visible global function definition for ‘getDialog’
    boxPlot2: no visible global function definition for ‘initializeDialog’
    boxPlot2: no visible global function definition for ‘gettextRcmdr’
    boxPlot2: no visible global function definition for ‘variableListBox’
    boxPlot2: no visible global function definition for ‘Numeric’
    boxPlot2: no visible global function definition for ‘varPosn’
    boxPlot2: no visible global function definition for ‘radioButtons’
    boxPlot2 : onOK: no visible global function definition for
     ‘getSelection’
    boxPlot2 : onOK: no visible global function definition for ‘putDialog’
    boxPlot2 : onOK: no visible global function definition for
     ‘closeDialog’
    boxPlot2 : onOK: no visible global function definition for
     ‘errorCondition’
    boxPlot2 : onOK: no visible global function definition for
     ‘gettextRcmdr’
    boxPlot2 : onOK: no visible global function definition for
     ‘ActiveDataSet’
    boxPlot2 : onOK: no visible global function definition for
     ‘RcmdrTkmessageBox’
    boxPlot2 : onOK: no visible global function definition for ‘MacOSXP’
    boxPlot2 : onOK: no visible global function definition for
     ‘doItAndPrint’
    boxPlot2 : onOK: no visible global function definition for
     ‘activateMenus’
    boxPlot2 : onOK: no visible global function definition for
     ‘CommanderWindow’
    boxPlot2: no visible global function definition for ‘groupsBox’
    boxPlot2: no visible global function definition for ‘OKCancelHelp’
    boxPlot2: no visible global function definition for ‘getFrame’
    boxPlot2: no visible global function definition for ‘dialogSuffix’
    dotGraph: no visible global function definition for ‘getDialog’
    dotGraph: no visible global function definition for ‘initializeDialog’
    dotGraph: no visible global function definition for ‘gettextRcmdr’
    dotGraph: no visible global function definition for ‘variableListBox’
    dotGraph: no visible global function definition for ‘Factors’
    dotGraph: no visible global function definition for ‘varPosn’
    dotGraph: no visible global function definition for ‘checkBoxes’
    dotGraph : onOK: no visible global function definition for
     ‘getSelection’
    dotGraph : onOK: no visible global function definition for ‘putDialog’
    dotGraph : onOK: no visible global function definition for
     ‘closeDialog’
    dotGraph : onOK: no visible global function definition for
     ‘errorCondition’
    dotGraph : onOK: no visible global function definition for
     ‘gettextRcmdr’
    dotGraph : onOK: no visible global function definition for
     ‘ActiveDataSet’
    dotGraph : onOK: no visible global function definition for ‘logger’
    dotGraph : onOK: no visible global function definition for ‘justDoIt’
    dotGraph : onOK: no visible global function definition for
     ‘activateMenus’
    dotGraph : onOK: no visible global function definition for
     ‘CommanderWindow’
    dotGraph: no visible global function definition for ‘OKCancelHelp’
    dotGraph: no visible global function definition for ‘getFrame’
    dotGraph: no visible global function definition for ‘dialogSuffix’
    enConstruction: no visible global function definition for ‘getDialog’
    enConstruction: no visible global function definition for
     ‘initializeDialog’
    enConstruction: no visible global function definition for
     ‘gettextRcmdr’
    enConstruction : onOK: no visible global function definition for
     ‘closeDialog’
    enConstruction : onOK: no visible global function definition for
     ‘doItAndPrint’
    enConstruction : onOK: no visible global function definition for
     ‘activateMenus’
    enConstruction : onOK: no visible global function definition for
     ‘CommanderWindow’
    enConstruction: no visible global function definition for
     ‘OKCancelHelp’
    enConstruction: no visible global function definition for
     ‘dialogSuffix’
    frequencyDistribution2: no visible global function definition for
     ‘getDialog’
    frequencyDistribution2: no visible global function definition for
     ‘initializeDialog’
    frequencyDistribution2: no visible global function definition for
     ‘gettextRcmdr’
    frequencyDistribution2: no visible global function definition for
     ‘variableListBox’
    frequencyDistribution2: no visible global function definition for
     ‘Factors’
    frequencyDistribution2: no visible global function definition for
     ‘varPosn’
    frequencyDistribution2 : onOK: no visible global function definition
     for ‘getSelection’
    frequencyDistribution2 : onOK: no visible global function definition
     for ‘errorCondition’
    frequencyDistribution2 : onOK: no visible global function definition
     for ‘gettextRcmdr’
    frequencyDistribution2 : onOK: no visible global function definition
     for ‘putDialog’
    frequencyDistribution2 : onOK: no visible global function definition
     for ‘closeDialog’
    frequencyDistribution2 : onOK: no visible global function definition
     for ‘ActiveDataSet’
    frequencyDistribution2 : onOK: no visible global function definition
     for ‘doItAndPrint’
    frequencyDistribution2 : onOK: no visible global function definition
     for ‘CommanderWindow’
    frequencyDistribution2: no visible global function definition for
     ‘OKCancelHelp’
    frequencyDistribution2: no visible global function definition for
     ‘getFrame’
    frequencyDistribution2: no visible global function definition for
     ‘dialogSuffix’
    oneWayAnova2: no visible global function definition for ‘getDialog’
    oneWayAnova2: no visible global function definition for
     ‘initializeDialog’
    oneWayAnova2: no visible global function definition for ‘gettextRcmdr’
    oneWayAnova2: no visible global function definition for
     ‘UpdateModelNumber’
    oneWayAnova2: no visible global function definition for ‘getRcmdr’
    oneWayAnova2: no visible global function definition for
     ‘variableListBox’
    oneWayAnova2: no visible global function definition for ‘Factors’
    oneWayAnova2: no visible global function definition for ‘varPosn’
    oneWayAnova2: no visible global function definition for ‘Numeric’
    oneWayAnova2 : onOK: no visible global function definition for
     ‘trim.blanks’
    oneWayAnova2 : onOK: no visible global function definition for
     ‘is.valid.name’
    oneWayAnova2 : onOK: no visible global function definition for
     ‘UpdateModelNumber’
    oneWayAnova2 : onOK: no visible global function definition for
     ‘errorCondition’
    oneWayAnova2 : onOK: no visible global function definition for
     ‘gettextRcmdr’
    oneWayAnova2 : onOK: no visible global function definition for
     ‘listAOVModels’
    oneWayAnova2 : onOK: no visible global function definition for
     ‘checkReplace’
    oneWayAnova2 : onOK: no visible global function definition for
     ‘getSelection’
    oneWayAnova2 : onOK: no visible global function definition for
     ‘closeDialog’
    oneWayAnova2 : onOK: no visible global function definition for
     ‘ActiveDataSet’
    oneWayAnova2 : onOK: no visible global function definition for
     ‘justDoIt’
    oneWayAnova2 : onOK: no visible global function definition for ‘logger’
    oneWayAnova2 : onOK: no visible global function definition for
     ‘doItAndPrint’
    oneWayAnova2 : onOK: no visible global function definition for
     ‘activeModel’
    oneWayAnova2 : onOK: no visible global function definition for
     ‘CommanderWindow’
    oneWayAnova2: no visible global function definition for ‘OKCancelHelp’
    oneWayAnova2: no visible global function definition for ‘labelRcmdr’
    oneWayAnova2: no visible global function definition for ‘getFrame’
    oneWayAnova2: no visible global function definition for ‘dialogSuffix’
    pieChart2: no visible global function definition for ‘Library’
    pieChart2: no visible global function definition for ‘getDialog’
    pieChart2: no visible global function definition for ‘initializeDialog’
    pieChart2: no visible global function definition for ‘gettextRcmdr’
    pieChart2: no visible global function definition for ‘variableListBox’
    pieChart2: no visible global function definition for ‘Factors’
    pieChart2: no visible global function definition for ‘varPosn’
    pieChart2: no visible global function definition for ‘checkBoxes’
    pieChart2 : onOK: no visible global function definition for
     ‘getSelection’
    pieChart2 : onOK: no visible global function definition for ‘putDialog’
    pieChart2 : onOK: no visible global function definition for
     ‘closeDialog’
    pieChart2 : onOK: no visible global function definition for
     ‘errorCondition’
    pieChart2 : onOK: no visible global function definition for
     ‘gettextRcmdr’
    pieChart2 : onOK: no visible global function definition for
     ‘ActiveDataSet’
    pieChart2 : onOK: no visible global function definition for ‘logger’
    pieChart2 : onOK: no visible global function definition for ‘justDoIt’
    pieChart2 : onOK: no visible global function definition for
     ‘activateMenus’
    pieChart2 : onOK: no visible global function definition for
     ‘CommanderWindow’
    pieChart2: no visible global function definition for ‘OKCancelHelp’
    pieChart2: no visible global function definition for ‘getFrame’
    pieChart2: no visible global function definition for ‘dialogSuffix’
    plotCor: no visible global function definition for ‘Library’
    plotCor: no visible global function definition for ‘getDialog’
    plotCor: no visible global function definition for ‘initializeDialog’
    plotCor: no visible global function definition for ‘gettextRcmdr’
    plotCor: no visible global function definition for ‘variableListBox’
    plotCor: no visible global function definition for ‘Numeric’
    plotCor: no visible global function definition for ‘varPosn’
    plotCor: no visible global function definition for ‘checkBoxes’
    plotCor : onOK: no visible global function definition for
     ‘getSelection’
    plotCor : onOK: no visible global function definition for ‘putDialog’
    plotCor : onOK: no visible global function definition for ‘closeDialog’
    plotCor : onOK: no visible global function definition for
     ‘errorCondition’
    plotCor : onOK: no visible global function definition for
     ‘gettextRcmdr’
    plotCor : onOK: no visible global function definition for
     ‘ActiveDataSet’
    plotCor : onOK: no visible global function definition for ‘logger’
    plotCor : onOK: no visible global function definition for ‘justDoIt’
    plotCor : onOK: no visible global function definition for
     ‘activateMenus’
    plotCor : onOK: no visible global function definition for
     ‘CommanderWindow’
    plotCor: no visible global function definition for ‘groupsBox’
    plotCor: no visible global function definition for ‘OKCancelHelp’
    plotCor: no visible global function definition for ‘getFrame’
    plotCor: no visible global function definition for ‘dialogSuffix’
    plotLikert: no visible global function definition for ‘getDialog’
    plotLikert: no visible global function definition for
     ‘initializeDialog’
    plotLikert: no visible global function definition for ‘gettextRcmdr’
    plotLikert: no visible global function definition for ‘variableListBox’
    plotLikert: no visible global function definition for ‘Numeric’
    plotLikert: no visible global function definition for ‘varPosn’
    plotLikert : onOK: no visible global function definition for
     ‘getSelection’
    plotLikert : onOK: no visible global function definition for
     ‘closeDialog’
    plotLikert : onOK: no visible global function definition for
     ‘errorCondition’
    plotLikert : onOK: no visible global function definition for
     ‘gettextRcmdr’
    plotLikert : onOK: no visible global function definition for
     ‘putDialog’
    plotLikert : onOK: no visible global function definition for
     ‘ActiveDataSet’
    plotLikert : onOK: no visible global function definition for ‘logger’
    plotLikert : onOK: no visible global function definition for ‘justDoIt’
    plotLikert : onOK: no visible global function definition for
     ‘activateMenus’
    plotLikert : onOK: no visible global function definition for
     ‘CommanderWindow’
    plotLikert: no visible global function definition for ‘groupsBox’
    plotLikert: no visible global function definition for ‘OKCancelHelp’
    plotLikert: no visible global function definition for ‘getFrame’
    plotLikert: no visible global function definition for ‘dialogSuffix’
    scatterPlot2: no visible global function definition for ‘gettextRcmdr’
    scatterPlot2: no visible global function definition for ‘getDialog’
    scatterPlot2: no visible global function definition for
     ‘initializeDialog’
    scatterPlot2: no visible global function definition for ‘Numeric’
    scatterPlot2: no visible global function definition for
     ‘variableListBox’
    scatterPlot2: no visible global function definition for ‘varPosn’
    scatterPlot2: no visible global function definition for ‘checkBoxes’
    scatterPlot2: no visible global function definition for ‘subsetBox’
    scatterPlot2: no visible global function definition for ‘labelRcmdr’
    scatterPlot2 : onOK: no visible global function definition for
     ‘getSelection’
    scatterPlot2 : onOK: no visible global function definition for
     ‘trim.blanks’
    scatterPlot2 : onOK: no visible global function definition for
     ‘gettextRcmdr’
    scatterPlot2 : onOK: no visible global function definition for
     ‘putDialog’
    scatterPlot2 : onOK: no visible global function definition for
     ‘closeDialog’
    scatterPlot2 : onOK: no visible global function definition for
     ‘errorCondition’
    scatterPlot2 : onOK: no visible global function definition for
     ‘ActiveDataSet’
    scatterPlot2 : onOK: no visible global function definition for
     ‘RcmdrTkmessageBox’
    scatterPlot2 : onOK: no visible global function definition for
     ‘MacOSXP’
    scatterPlot2 : onOK: no visible global function definition for
     ‘doItAndPrint’
    scatterPlot2 : onOK: no visible global function definition for
     ‘activateMenus’
    scatterPlot2 : onOK: no visible global function definition for
     ‘CommanderWindow’
    scatterPlot2: no visible global function definition for ‘groupsBox’
    scatterPlot2: no visible global function definition for ‘OKCancelHelp’
    scatterPlot2: no visible global function definition for ‘getFrame’
    scatterPlot2: no visible global function definition for ‘dialogSuffix’
    statNN: no visible global function definition for ‘getDialog’
    statNN: no visible global function definition for ‘initializeDialog’
    statNN: no visible global function definition for ‘gettextRcmdr’
    statNN: no visible global function definition for ‘UpdateModelNumber’
    statNN: no visible global function definition for ‘getRcmdr’
    statNN: no visible global function definition for ‘variableListBox’
    statNN: no visible global function definition for ‘Numeric’
    statNN: no visible global function definition for ‘varPosn’
    statNN : onOK: no visible global function definition for ‘trim.blanks’
    statNN : onOK: no visible global function definition for
     ‘is.valid.name’
    statNN : onOK: no visible global function definition for
     ‘UpdateModelNumber’
    statNN : onOK: no visible global function definition for
     ‘errorCondition’
    statNN : onOK: no visible global function definition for ‘gettextRcmdr’
    statNN : onOK: no visible global function definition for
     ‘listAOVModels’
    statNN : onOK: no visible global function definition for ‘checkReplace’
    statNN : onOK: no visible global function definition for ‘getSelection’
    statNN : onOK: no visible global function definition for ‘closeDialog’
    statNN : onOK: no visible global function definition for
     ‘ActiveDataSet’
    statNN : onOK: no visible global function definition for ‘justDoIt’
    statNN : onOK: no visible global function definition for ‘logger’
    statNN : onOK: no visible global function definition for ‘doItAndPrint’
    statNN : onOK: no visible global function definition for ‘activeModel’
    statNN : onOK: no visible global function definition for
     ‘CommanderWindow’
    statNN: no visible global function definition for ‘OKCancelHelp’
    statNN: no visible global function definition for ‘labelRcmdr’
    statNN: no visible global function definition for ‘getFrame’
    statNN: no visible global function definition for ‘dialogSuffix’
    twoWayTable1: no visible global function definition for ‘Library’
    twoWayTable1: no visible global function definition for ‘gettextRcmdr’
    twoWayTable1: no visible global function definition for ‘getDialog’
    twoWayTable1: no visible global function definition for
     ‘initializeDialog’
    twoWayTable1: no visible global function definition for ‘Factors’
    twoWayTable1: no visible global function definition for
     ‘variableListBox’
    twoWayTable1: no visible global function definition for ‘varPosn’
    twoWayTable1: no visible global function definition for ‘subsetBox’
    twoWayTable1 : onOK: no visible global function definition for
     ‘getSelection’
    twoWayTable1 : onOK: no visible global function definition for
     ‘trim.blanks’
    twoWayTable1 : onOK: no visible global function definition for
     ‘gettextRcmdr’
    twoWayTable1 : onOK: no visible global function definition for
     ‘putDialog’
    twoWayTable1 : onOK: no visible global function definition for
     ‘errorCondition’
    twoWayTable1 : onOK: no visible global function definition for
     ‘closeDialog’
    twoWayTable1 : onOK: no visible global function definition for
     ‘ActiveDataSet’
    twoWayTable1 : onOK: no visible global function definition for
     ‘doItAndPrint’
    twoWayTable1 : onOK: no visible global function definition for
     ‘CommanderWindow’
    twoWayTable1: no visible global function definition for ‘OKCancelHelp’
    twoWayTable1: no visible global function definition for ‘radioButtons’
    twoWayTable1: no visible global function definition for ‘getFrame’
    twoWayTable1: no visible global function definition for ‘labelRcmdr’
    twoWayTable1: no visible global function definition for ‘dialogSuffix’
    twoWayTable2: no visible global function definition for ‘Library’
    twoWayTable2: no visible global function definition for ‘gettextRcmdr’
    twoWayTable2: no visible global function definition for ‘getDialog’
    twoWayTable2: no visible global function definition for
     ‘initializeDialog’
    twoWayTable2: no visible global function definition for ‘Factors’
    twoWayTable2: no visible global function definition for
     ‘variableListBox’
    twoWayTable2: no visible global function definition for ‘varPosn’
    twoWayTable2: no visible global function definition for ‘subsetBox’
    twoWayTable2 : onOK: no visible global function definition for
     ‘getSelection’
    twoWayTable2 : onOK: no visible global function definition for
     ‘trim.blanks’
    twoWayTable2 : onOK: no visible global function definition for
     ‘gettextRcmdr’
    twoWayTable2 : onOK: no visible global function definition for
     ‘putDialog’
    twoWayTable2 : onOK: no visible global function definition for
     ‘errorCondition’
    twoWayTable2 : onOK: no visible global function definition for
     ‘closeDialog’
    twoWayTable2 : onOK: no visible global function definition for
     ‘ActiveDataSet’
    twoWayTable2 : onOK: no visible global function definition for
     ‘doItAndPrint’
    twoWayTable2 : onOK: no visible global function definition for
     ‘CommanderWindow’
    twoWayTable2: no visible global function definition for ‘OKCancelHelp’
    twoWayTable2: no visible global function definition for ‘radioButtons’
    twoWayTable2: no visible global function definition for ‘getFrame’
    twoWayTable2: no visible global function definition for ‘labelRcmdr’
    twoWayTable2: no visible global function definition for ‘dialogSuffix’
    twoWayTable3: no visible global function definition for ‘Library’
    twoWayTable3: no visible global function definition for ‘gettextRcmdr’
    twoWayTable3: no visible global function definition for ‘getDialog’
    twoWayTable3: no visible global function definition for
     ‘initializeDialog’
    twoWayTable3: no visible global function definition for ‘Factors’
    twoWayTable3: no visible global function definition for
     ‘variableListBox’
    twoWayTable3: no visible global function definition for ‘varPosn’
    twoWayTable3: no visible global function definition for ‘subsetBox’
    twoWayTable3 : onOK: no visible global function definition for
     ‘getSelection’
    twoWayTable3 : onOK: no visible global function definition for
     ‘trim.blanks’
    twoWayTable3 : onOK: no visible global function definition for
     ‘gettextRcmdr’
    twoWayTable3 : onOK: no visible global function definition for
     ‘putDialog’
    twoWayTable3 : onOK: no visible global function definition for
     ‘errorCondition’
    twoWayTable3 : onOK: no visible global function definition for
     ‘closeDialog’
    twoWayTable3 : onOK: no visible global function definition for
     ‘ActiveDataSet’
    twoWayTable3 : onOK: no visible global function definition for
     ‘doItAndPrint’
    twoWayTable3 : onOK: no visible global function definition for
     ‘CommanderWindow’
    twoWayTable3: no visible global function definition for ‘OKCancelHelp’
    twoWayTable3: no visible global function definition for ‘getFrame’
    twoWayTable3: no visible global function definition for ‘labelRcmdr’
    twoWayTable3: no visible global function definition for ‘dialogSuffix’
    Undefined global functions or variables:
     ActiveDataSet Commander CommanderWindow Factors Library MacOSXP
     Message Numeric OKCancelHelp RcmdrTkmessageBox UpdateModelNumber
     activateMenus activeModel checkBoxes checkReplace closeCommander
     closeDialog dialogSuffix doItAndPrint errorCondition getDialog
     getFrame getRcmdr getSelection gettextRcmdr groupsBox
     initializeDialog is.valid.name justDoIt labelRcmdr listAOVModels
     logger putDialog radioButtons subsetBox trim.blanks varPosn
     variableListBox
Flavor: r-devel-osx-x86_64-clang

Version: 0.3.1
Check: R code for possible problems
Result: NOTE
    .onAttach: no visible global function definition for ‘getRcmdr’
    .onAttach: no visible global function definition for ‘closeCommander’
    .onAttach: no visible global function definition for ‘Commander’
    Histogram2: no visible global function definition for ‘gettextRcmdr’
    Histogram2: no visible global function definition for ‘getDialog’
    Histogram2: no visible global function definition for
     ‘initializeDialog’
    Histogram2: no visible global function definition for ‘variableListBox’
    Histogram2: no visible global function definition for ‘Numeric’
    Histogram2: no visible global function definition for ‘varPosn’
    Histogram2 : onOK: no visible global function definition for
     ‘getSelection’
    Histogram2 : onOK: no visible global function definition for
     ‘closeDialog’
    Histogram2 : onOK: no visible global function definition for
     ‘errorCondition’
    Histogram2 : onOK: no visible global function definition for
     ‘gettextRcmdr’
    Histogram2 : onOK: no visible global function definition for
     ‘putDialog’
    Histogram2 : onOK: no visible global function definition for
     ‘ActiveDataSet’
    Histogram2 : onOK: no visible global function definition for
     ‘doItAndPrint’
    Histogram2 : onOK: no visible global function definition for
     ‘activateMenus’
    Histogram2 : onOK: no visible global function definition for
     ‘CommanderWindow’
    Histogram2: no visible global function definition for ‘OKCancelHelp’
    Histogram2: no visible global function definition for ‘radioButtons’
    Histogram2: no visible global function definition for ‘getFrame’
    Histogram2: no visible global function definition for ‘labelRcmdr’
    Histogram2: no visible global function definition for ‘dialogSuffix’
    LM2: no visible global function definition for ‘getDialog’
    LM2: no visible global function definition for ‘initializeDialog’
    LM2: no visible global function definition for ‘gettextRcmdr’
    LM2: no visible global function definition for ‘UpdateModelNumber’
    LM2: no visible global function definition for ‘getRcmdr’
    LM2: no visible global function definition for ‘variableListBox’
    LM2: no visible global function definition for ‘Numeric’
    LM2: no visible global function definition for ‘varPosn’
    LM2 : onOK: no visible global function definition for ‘trim.blanks’
    LM2 : onOK: no visible global function definition for ‘is.valid.name’
    LM2 : onOK: no visible global function definition for
     ‘UpdateModelNumber’
    LM2 : onOK: no visible global function definition for ‘errorCondition’
    LM2 : onOK: no visible global function definition for ‘gettextRcmdr’
    LM2 : onOK: no visible global function definition for ‘listAOVModels’
    LM2 : onOK: no visible global function definition for ‘checkReplace’
    LM2 : onOK: no visible global function definition for ‘getSelection’
    LM2 : onOK: no visible global function definition for ‘closeDialog’
    LM2 : onOK: no visible global function definition for ‘ActiveDataSet’
    LM2 : onOK: no visible global function definition for ‘justDoIt’
    LM2 : onOK: no visible global function definition for ‘logger’
    LM2 : onOK: no visible global function definition for ‘doItAndPrint’
    LM2 : onOK: no visible global function definition for ‘activeModel’
    LM2 : onOK: no visible global function definition for ‘CommanderWindow’
    LM2: no visible global function definition for ‘OKCancelHelp’
    LM2: no visible global function definition for ‘labelRcmdr’
    LM2: no visible global function definition for ‘getFrame’
    LM2: no visible global function definition for ‘dialogSuffix’
    QQPlot2: no visible global function definition for ‘getDialog’
    QQPlot2: no visible global function definition for ‘initializeDialog’
    QQPlot2: no visible global function definition for ‘gettextRcmdr’
    QQPlot2: no visible global function definition for ‘variableListBox’
    QQPlot2: no visible global function definition for ‘Numeric’
    QQPlot2: no visible global function definition for ‘varPosn’
    QQPlot2 : onOK: no visible global function definition for
     ‘getSelection’
    QQPlot2 : onOK: no visible global function definition for ‘putDialog’
    QQPlot2 : onOK: no visible global function definition for ‘closeDialog’
    QQPlot2 : onOK: no visible global function definition for
     ‘errorCondition’
    QQPlot2 : onOK: no visible global function definition for
     ‘gettextRcmdr’
    QQPlot2 : onOK : retryMe: no visible global function definition for
     ‘Message’
    QQPlot2 : onOK: no visible global function definition for
     ‘ActiveDataSet’
    QQPlot2 : onOK: no visible global function definition for
     ‘RcmdrTkmessageBox’
    QQPlot2 : onOK: no visible global function definition for ‘MacOSXP’
    QQPlot2 : onOK: no visible global function definition for
     ‘doItAndPrint’
    QQPlot2 : onOK: no visible global function definition for
     ‘activateMenus’
    QQPlot2 : onOK: no visible global function definition for
     ‘CommanderWindow’
    QQPlot2: no visible global function definition for ‘OKCancelHelp’
    QQPlot2: no visible global function definition for ‘getFrame’
    QQPlot2: no visible global function definition for ‘labelRcmdr’
    QQPlot2: no visible global function definition for ‘dialogSuffix’
    barCode: no visible global function definition for ‘Library’
    barCode: no visible global function definition for ‘getDialog’
    barCode: no visible global function definition for ‘initializeDialog’
    barCode: no visible global function definition for ‘gettextRcmdr’
    barCode: no visible global function definition for ‘variableListBox’
    barCode: no visible global function definition for ‘Numeric’
    barCode: no visible global function definition for ‘varPosn’
    barCode : onOK: no visible global function definition for
     ‘getSelection’
    barCode : onOK: no visible global function definition for ‘putDialog’
    barCode : onOK: no visible global function definition for ‘closeDialog’
    barCode : onOK: no visible global function definition for
     ‘errorCondition’
    barCode : onOK: no visible global function definition for
     ‘gettextRcmdr’
    barCode : onOK: no visible global function definition for
     ‘ActiveDataSet’
    barCode : onOK: no visible global function definition for ‘logger’
    barCode : onOK: no visible global function definition for ‘justDoIt’
    barCode : onOK: no visible global function definition for
     ‘activateMenus’
    barCode : onOK: no visible global function definition for
     ‘CommanderWindow’
    barCode: no visible global function definition for ‘OKCancelHelp’
    barCode: no visible global function definition for ‘getFrame’
    barCode: no visible global function definition for ‘dialogSuffix’
    barCode2: no visible global function definition for ‘Library’
    barCode2: no visible global function definition for ‘getDialog’
    barCode2: no visible global function definition for ‘initializeDialog’
    barCode2: no visible global function definition for ‘gettextRcmdr’
    barCode2: no visible global function definition for ‘variableListBox’
    barCode2: no visible global function definition for ‘Numeric’
    barCode2: no visible global function definition for ‘varPosn’
    barCode2 : onOK: no visible global function definition for
     ‘getSelection’
    barCode2 : onOK: no visible global function definition for ‘putDialog’
    barCode2 : onOK: no visible global function definition for
     ‘closeDialog’
    barCode2 : onOK: no visible global function definition for
     ‘errorCondition’
    barCode2 : onOK: no visible global function definition for
     ‘gettextRcmdr’
    barCode2 : onOK: no visible global function definition for
     ‘ActiveDataSet’
    barCode2 : onOK: no visible global function definition for
     ‘doItAndPrint’
    barCode2 : onOK: no visible global function definition for
     ‘activateMenus’
    barCode2 : onOK: no visible global function definition for
     ‘CommanderWindow’
    barCode2: no visible global function definition for ‘groupsBox’
    barCode2: no visible global function definition for ‘OKCancelHelp’
    barCode2: no visible global function definition for ‘getFrame’
    barCode2: no visible global function definition for ‘dialogSuffix’
    barGraph2: no visible global function definition for ‘Library’
    barGraph2: no visible global function definition for ‘getDialog’
    barGraph2: no visible global function definition for ‘initializeDialog’
    barGraph2: no visible global function definition for ‘gettextRcmdr’
    barGraph2: no visible global function definition for ‘variableListBox’
    barGraph2: no visible global function definition for ‘Factors’
    barGraph2: no visible global function definition for ‘varPosn’
    barGraph2: no visible global function definition for ‘checkBoxes’
    barGraph2 : onOK: no visible global function definition for
     ‘getSelection’
    barGraph2 : onOK: no visible global function definition for ‘putDialog’
    barGraph2 : onOK: no visible global function definition for
     ‘closeDialog’
    barGraph2 : onOK: no visible global function definition for
     ‘errorCondition’
    barGraph2 : onOK: no visible global function definition for
     ‘gettextRcmdr’
    barGraph2 : onOK: no visible global function definition for
     ‘ActiveDataSet’
    barGraph2 : onOK: no visible global function definition for ‘logger’
    barGraph2 : onOK: no visible global function definition for ‘justDoIt’
    barGraph2 : onOK: no visible global function definition for
     ‘activateMenus’
    barGraph2 : onOK: no visible global function definition for
     ‘CommanderWindow’
    barGraph2: no visible global function definition for ‘OKCancelHelp’
    barGraph2: no visible global function definition for ‘getFrame’
    barGraph2: no visible global function definition for ‘dialogSuffix’
    boxPlot2: no visible global function definition for ‘getDialog’
    boxPlot2: no visible global function definition for ‘initializeDialog’
    boxPlot2: no visible global function definition for ‘gettextRcmdr’
    boxPlot2: no visible global function definition for ‘variableListBox’
    boxPlot2: no visible global function definition for ‘Numeric’
    boxPlot2: no visible global function definition for ‘varPosn’
    boxPlot2: no visible global function definition for ‘radioButtons’
    boxPlot2 : onOK: no visible global function definition for
     ‘getSelection’
    boxPlot2 : onOK: no visible global function definition for ‘putDialog’
    boxPlot2 : onOK: no visible global function definition for
     ‘closeDialog’
    boxPlot2 : onOK: no visible global function definition for
     ‘errorCondition’
    boxPlot2 : onOK: no visible global function definition for
     ‘gettextRcmdr’
    boxPlot2 : onOK: no visible global function definition for
     ‘ActiveDataSet’
    boxPlot2 : onOK: no visible global function definition for
     ‘RcmdrTkmessageBox’
    boxPlot2 : onOK: no visible global function definition for ‘MacOSXP’
    boxPlot2 : onOK: no visible global function definition for
     ‘doItAndPrint’
    boxPlot2 : onOK: no visible global function definition for
     ‘activateMenus’
    boxPlot2 : onOK: no visible global function definition for
     ‘CommanderWindow’
    boxPlot2: no visible global function definition for ‘groupsBox’
    boxPlot2: no visible global function definition for ‘OKCancelHelp’
    boxPlot2: no visible global function definition for ‘getFrame’
    boxPlot2: no visible global function definition for ‘dialogSuffix’
    dotGraph: no visible global function definition for ‘getDialog’
    dotGraph: no visible global function definition for ‘initializeDialog’
    dotGraph: no visible global function definition for ‘gettextRcmdr’
    dotGraph: no visible global function definition for ‘variableListBox’
    dotGraph: no visible global function definition for ‘Factors’
    dotGraph: no visible global function definition for ‘varPosn’
    dotGraph: no visible global function definition for ‘checkBoxes’
    dotGraph : onOK: no visible global function definition for
     ‘getSelection’
    dotGraph : onOK: no visible global function definition for ‘putDialog’
    dotGraph : onOK: no visible global function definition for
     ‘closeDialog’
    dotGraph : onOK: no visible global function definition for
     ‘errorCondition’
    dotGraph : onOK: no visible global function definition for
     ‘gettextRcmdr’
    dotGraph : onOK: no visible global function definition for
     ‘ActiveDataSet’
    dotGraph : onOK: no visible global function definition for ‘logger’
    dotGraph : onOK: no visible global function definition for ‘justDoIt’
    dotGraph : onOK: no visible global function definition for
     ‘activateMenus’
    dotGraph : onOK: no visible global function definition for
     ‘CommanderWindow’
    dotGraph: no visible global function definition for ‘OKCancelHelp’
    dotGraph: no visible global function definition for ‘getFrame’
    dotGraph: no visible global function definition for ‘dialogSuffix’
    enConstruction: no visible global function definition for ‘getDialog’
    enConstruction: no visible global function definition for
     ‘initializeDialog’
    enConstruction: no visible global function definition for
     ‘gettextRcmdr’
    enConstruction : onOK: no visible global function definition for
     ‘closeDialog’
    enConstruction : onOK: no visible global function definition for
     ‘doItAndPrint’
    enConstruction : onOK: no visible global function definition for
     ‘activateMenus’
    enConstruction : onOK: no visible global function definition for
     ‘CommanderWindow’
    enConstruction: no visible global function definition for
     ‘OKCancelHelp’
    enConstruction: no visible global function definition for
     ‘dialogSuffix’
    frequencyDistribution2: no visible global function definition for
     ‘getDialog’
    frequencyDistribution2: no visible global function definition for
     ‘initializeDialog’
    frequencyDistribution2: no visible global function definition for
     ‘gettextRcmdr’
    frequencyDistribution2: no visible global function definition for
     ‘variableListBox’
    frequencyDistribution2: no visible global function definition for
     ‘Factors’
    frequencyDistribution2: no visible global function definition for
     ‘varPosn’
    frequencyDistribution2 : onOK: no visible global function definition
     for ‘getSelection’
    frequencyDistribution2 : onOK: no visible global function definition
     for ‘errorCondition’
    frequencyDistribution2 : onOK: no visible global function definition
     for ‘gettextRcmdr’
    frequencyDistribution2 : onOK: no visible global function definition
     for ‘putDialog’
    frequencyDistribution2 : onOK: no visible global function definition
     for ‘closeDialog’
    frequencyDistribution2 : onOK: no visible global function definition
     for ‘ActiveDataSet’
    frequencyDistribution2 : onOK: no visible global function definition
     for ‘doItAndPrint’
    frequencyDistribution2 : onOK: no visible global function definition
     for ‘CommanderWindow’
    frequencyDistribution2: no visible global function definition for
     ‘OKCancelHelp’
    frequencyDistribution2: no visible global function definition for
     ‘getFrame’
    frequencyDistribution2: no visible global function definition for
     ‘dialogSuffix’
    oneWayAnova2: no visible global function definition for ‘getDialog’
    oneWayAnova2: no visible global function definition for
     ‘initializeDialog’
    oneWayAnova2: no visible global function definition for ‘gettextRcmdr’
    oneWayAnova2: no visible global function definition for
     ‘UpdateModelNumber’
    oneWayAnova2: no visible global function definition for ‘getRcmdr’
    oneWayAnova2: no visible global function definition for
     ‘variableListBox’
    oneWayAnova2: no visible global function definition for ‘Factors’
    oneWayAnova2: no visible global function definition for ‘varPosn’
    oneWayAnova2: no visible global function definition for ‘Numeric’
    oneWayAnova2 : onOK: no visible global function definition for
     ‘trim.blanks’
    oneWayAnova2 : onOK: no visible global function definition for
     ‘is.valid.name’
    oneWayAnova2 : onOK: no visible global function definition for
     ‘UpdateModelNumber’
    oneWayAnova2 : onOK: no visible global function definition for
     ‘errorCondition’
    oneWayAnova2 : onOK: no visible global function definition for
     ‘gettextRcmdr’
    oneWayAnova2 : onOK: no visible global function definition for
     ‘listAOVModels’
    oneWayAnova2 : onOK: no visible global function definition for
     ‘checkReplace’
    oneWayAnova2 : onOK: no visible global function definition for
     ‘getSelection’
    oneWayAnova2 : onOK: no visible global function definition for
     ‘closeDialog’
    oneWayAnova2 : onOK: no visible global function definition for
     ‘ActiveDataSet’
    oneWayAnova2 : onOK: no visible global function definition for
     ‘justDoIt’
    oneWayAnova2 : onOK: no visible global function definition for ‘logger’
    oneWayAnova2 : onOK: no visible global function definition for
     ‘doItAndPrint’
    oneWayAnova2 : onOK: no visible global function definition for
     ‘activeModel’
    oneWayAnova2 : onOK: no visible global function definition for
     ‘CommanderWindow’
    oneWayAnova2: no visible global function definition for ‘OKCancelHelp’
    oneWayAnova2: no visible global function definition for ‘labelRcmdr’
    oneWayAnova2: no visible global function definition for ‘getFrame’
    oneWayAnova2: no visible global function definition for ‘dialogSuffix’
    pieChart2: no visible global function definition for ‘Library’
    pieChart2: no visible global function definition for ‘getDialog’
    pieChart2: no visible global function definition for ‘initializeDialog’
    pieChart2: no visible global function definition for ‘gettextRcmdr’
    pieChart2: no visible global function definition for ‘variableListBox’
    pieChart2: no visible global function definition for ‘Factors’
    pieChart2: no visible global function definition for ‘varPosn’
    pieChart2: no visible global function definition for ‘checkBoxes’
    pieChart2 : onOK: no visible global function definition for
     ‘getSelection’
    pieChart2 : onOK: no visible global function definition for ‘putDialog’
    pieChart2 : onOK: no visible global function definition for
     ‘closeDialog’
    pieChart2 : onOK: no visible global function definition for
     ‘errorCondition’
    pieChart2 : onOK: no visible global function definition for
     ‘gettextRcmdr’
    pieChart2 : onOK: no visible global function definition for
     ‘ActiveDataSet’
    pieChart2 : onOK: no visible global function definition for ‘logger’
    pieChart2 : onOK: no visible global function definition for ‘justDoIt’
    pieChart2 : onOK: no visible global function definition for
     ‘activateMenus’
    pieChart2 : onOK: no visible global function definition for
     ‘CommanderWindow’
    pieChart2: no visible global function definition for ‘OKCancelHelp’
    pieChart2: no visible global function definition for ‘getFrame’
    pieChart2: no visible global function definition for ‘dialogSuffix’
    plotCor: no visible global function definition for ‘Library’
    plotCor: no visible global function definition for ‘getDialog’
    plotCor: no visible global function definition for ‘initializeDialog’
    plotCor: no visible global function definition for ‘gettextRcmdr’
    plotCor: no visible global function definition for ‘variableListBox’
    plotCor: no visible global function definition for ‘Numeric’
    plotCor: no visible global function definition for ‘varPosn’
    plotCor: no visible global function definition for ‘checkBoxes’
    plotCor : onOK: no visible global function definition for
     ‘getSelection’
    plotCor : onOK: no visible global function definition for ‘putDialog’
    plotCor : onOK: no visible global function definition for ‘closeDialog’
    plotCor : onOK: no visible global function definition for
     ‘errorCondition’
    plotCor : onOK: no visible global function definition for
     ‘gettextRcmdr’
    plotCor : onOK: no visible global function definition for
     ‘ActiveDataSet’
    plotCor : onOK: no visible global function definition for ‘logger’
    plotCor : onOK: no visible global function definition for ‘justDoIt’
    plotCor : onOK: no visible global function definition for
     ‘activateMenus’
    plotCor : onOK: no visible global function definition for
     ‘CommanderWindow’
    plotCor: no visible global function definition for ‘groupsBox’
    plotCor: no visible global function definition for ‘OKCancelHelp’
    plotCor: no visible global function definition for ‘getFrame’
    plotCor: no visible global function definition for ‘dialogSuffix’
    plotLikert: no visible global function definition for ‘getDialog’
    plotLikert: no visible global function definition for
     ‘initializeDialog’
    plotLikert: no visible global function definition for ‘gettextRcmdr’
    plotLikert: no visible global function definition for ‘variableListBox’
    plotLikert: no visible global function definition for ‘Numeric’
    plotLikert: no visible global function definition for ‘varPosn’
    plotLikert : onOK: no visible global function definition for
     ‘getSelection’
    plotLikert : onOK: no visible global function definition for
     ‘closeDialog’
    plotLikert : onOK: no visible global function definition for
     ‘errorCondition’
    plotLikert : onOK: no visible global function definition for
     ‘gettextRcmdr’
    plotLikert : onOK: no visible global function definition for
     ‘putDialog’
    plotLikert : onOK: no visible global function definition for
     ‘ActiveDataSet’
    plotLikert : onOK: no visible global function definition for ‘logger’
    plotLikert : onOK: no visible global function definition for ‘justDoIt’
    plotLikert : onOK: no visible global function definition for
     ‘activateMenus’
    plotLikert : onOK: no visible global function definition for
     ‘CommanderWindow’
    plotLikert: no visible global function definition for ‘groupsBox’
    plotLikert: no visible global function definition for ‘OKCancelHelp’
    plotLikert: no visible global function definition for ‘getFrame’
    plotLikert: no visible global function definition for ‘dialogSuffix’
    scatterPlot2: no visible global function definition for ‘gettextRcmdr’
    scatterPlot2: no visible global function definition for ‘getDialog’
    scatterPlot2: no visible global function definition for
     ‘initializeDialog’
    scatterPlot2: no visible global function definition for ‘Numeric’
    scatterPlot2: no visible global function definition for
     ‘variableListBox’
    scatterPlot2: no visible global function definition for ‘varPosn’
    scatterPlot2: no visible global function definition for ‘checkBoxes’
    scatterPlot2: no visible global function definition for ‘subsetBox’
    scatterPlot2: no visible global function definition for ‘labelRcmdr’
    scatterPlot2 : onOK: no visible global function definition for
     ‘getSelection’
    scatterPlot2 : onOK: no visible global function definition for
     ‘trim.blanks’
    scatterPlot2 : onOK: no visible global function definition for
     ‘gettextRcmdr’
    scatterPlot2 : onOK: no visible global function definition for
     ‘putDialog’
    scatterPlot2 : onOK: no visible global function definition for
     ‘closeDialog’
    scatterPlot2 : onOK: no visible global function definition for
     ‘errorCondition’
    scatterPlot2 : onOK: no visible global function definition for
     ‘ActiveDataSet’
    scatterPlot2 : onOK: no visible global function definition for
     ‘RcmdrTkmessageBox’
    scatterPlot2 : onOK: no visible global function definition for
     ‘MacOSXP’
    scatterPlot2 : onOK: no visible global function definition for
     ‘doItAndPrint’
    scatterPlot2 : onOK: no visible global function definition for
     ‘activateMenus’
    scatterPlot2 : onOK: no visible global function definition for
     ‘CommanderWindow’
    scatterPlot2: no visible global function definition for ‘groupsBox’
    scatterPlot2: no visible global function definition for ‘OKCancelHelp’
    scatterPlot2: no visible global function definition for ‘getFrame’
    scatterPlot2: no visible global function definition for ‘dialogSuffix’
    statNN: no visible global function definition for ‘getDialog’
    statNN: no visible global function definition for ‘initializeDialog’
    statNN: no visible global function definition for ‘gettextRcmdr’
    statNN: no visible global function definition for ‘UpdateModelNumber’
    statNN: no visible global function definition for ‘getRcmdr’
    statNN: no visible global function definition for ‘variableListBox’
    statNN: no visible global function definition for ‘Numeric’
    statNN: no visible global function definition for ‘varPosn’
    statNN : onOK: no visible global function definition for ‘trim.blanks’
    statNN : onOK: no visible global function definition for
     ‘is.valid.name’
    statNN : onOK: no visible global function definition for
     ‘UpdateModelNumber’
    statNN : onOK: no visible global function definition for
     ‘errorCondition’
    statNN : onOK: no visible global function definition for ‘gettextRcmdr’
    statNN : onOK: no visible global function definition for
     ‘listAOVModels’
    statNN : onOK: no visible global function definition for ‘checkReplace’
    statNN : onOK: no visible global function definition for ‘getSelection’
    statNN : onOK: no visible global function definition for ‘closeDialog’
    statNN : onOK: no visible global function definition for
     ‘ActiveDataSet’
    statNN : onOK: no visible global function definition for ‘justDoIt’
    statNN : onOK: no visible global function definition for ‘logger’
    statNN : onOK: no visible global function definition for ‘doItAndPrint’
    statNN : onOK: no visible global function definition for ‘activeModel’
    statNN : onOK: no visible global function definition for
     ‘CommanderWindow’
    statNN: no visible global function definition for ‘OKCancelHelp’
    statNN: no visible global function definition for ‘labelRcmdr’
    statNN: no visible global function definition for ‘getFrame’
    statNN: no visible global function definition for ‘dialogSuffix’
    twoWayTable1: no visible global function definition for ‘Library’
    twoWayTable1: no visible global function definition for ‘gettextRcmdr’
    twoWayTable1: no visible global function definition for ‘getDialog’
    twoWayTable1: no visible global function definition for
     ‘initializeDialog’
    twoWayTable1: no visible global function definition for ‘Factors’
    twoWayTable1: no visible global function definition for
     ‘variableListBox’
    twoWayTable1: no visible global function definition for ‘varPosn’
    twoWayTable1: no visible global function definition for ‘subsetBox’
    twoWayTable1 : onOK: no visible global function definition for
     ‘getSelection’
    twoWayTable1 : onOK: no visible global function definition for
     ‘trim.blanks’
    twoWayTable1 : onOK: no visible global function definition for
     ‘gettextRcmdr’
    twoWayTable1 : onOK: no visible global function definition for
     ‘putDialog’
    twoWayTable1 : onOK: no visible global function definition for
     ‘errorCondition’
    twoWayTable1 : onOK: no visible global function definition for
     ‘closeDialog’
    twoWayTable1 : onOK: no visible global function definition for
     ‘ActiveDataSet’
    twoWayTable1 : onOK: no visible global function definition for
     ‘doItAndPrint’
    twoWayTable1 : onOK: no visible global function definition for
     ‘CommanderWindow’
    twoWayTable1: no visible global function definition for ‘OKCancelHelp’
    twoWayTable1: no visible global function definition for ‘radioButtons’
    twoWayTable1: no visible global function definition for ‘getFrame’
    twoWayTable1: no visible global function definition for ‘labelRcmdr’
    twoWayTable1: no visible global function definition for ‘dialogSuffix’
    twoWayTable2: no visible global function definition for ‘Library’
    twoWayTable2: no visible global function definition for ‘gettextRcmdr’
    twoWayTable2: no visible global function definition for ‘getDialog’
    twoWayTable2: no visible global function definition for
     ‘initializeDialog’
    twoWayTable2: no visible global function definition for ‘Factors’
    twoWayTable2: no visible global function definition for
     ‘variableListBox’
    twoWayTable2: no visible global function definition for ‘varPosn’
    twoWayTable2: no visible global function definition for ‘subsetBox’
    twoWayTable2 : onOK: no visible global function definition for
     ‘getSelection’
    twoWayTable2 : onOK: no visible global function definition for
     ‘trim.blanks’
    twoWayTable2 : onOK: no visible global function definition for
     ‘gettextRcmdr’
    twoWayTable2 : onOK: no visible global function definition for
     ‘putDialog’
    twoWayTable2 : onOK: no visible global function definition for
     ‘errorCondition’
    twoWayTable2 : onOK: no visible global function definition for
     ‘closeDialog’
    twoWayTable2 : onOK: no visible global function definition for
     ‘ActiveDataSet’
    twoWayTable2 : onOK: no visible global function definition for
     ‘doItAndPrint’
    twoWayTable2 : onOK: no visible global function definition for
     ‘CommanderWindow’
    twoWayTable2: no visible global function definition for ‘OKCancelHelp’
    twoWayTable2: no visible global function definition for ‘radioButtons’
    twoWayTable2: no visible global function definition for ‘getFrame’
    twoWayTable2: no visible global function definition for ‘labelRcmdr’
    twoWayTable2: no visible global function definition for ‘dialogSuffix’
    twoWayTable3: no visible global function definition for ‘Library’
    twoWayTable3: no visible global function definition for ‘gettextRcmdr’
    twoWayTable3: no visible global function definition for ‘getDialog’
    twoWayTable3: no visible global function definition for
     ‘initializeDialog’
    twoWayTable3: no visible global function definition for ‘Factors’
    twoWayTable3: no visible global function definition for
     ‘variableListBox’
    twoWayTable3: no visible global function definition for ‘varPosn’
    twoWayTable3: no visible global function definition for ‘subsetBox’
    twoWayTable3 : onOK: no visible global function definition for
     ‘getSelection’
    twoWayTable3 : onOK: no visible global function definition for
     ‘trim.blanks’
    twoWayTable3 : onOK: no visible global function definition for
     ‘gettextRcmdr’
    twoWayTable3 : onOK: no visible global function definition for
     ‘putDialog’
    twoWayTable3 : onOK: no visible global function definition for
     ‘errorCondition’
    twoWayTable3 : onOK: no visible global function definition for
     ‘closeDialog’
    twoWayTable3 : onOK: no visible global function definition for
     ‘ActiveDataSet’
    twoWayTable3 : onOK: no visible global function definition for
     ‘doItAndPrint’
    twoWayTable3 : onOK: no visible global function definition for
     ‘CommanderWindow’
    twoWayTable3: no visible global function definition for ‘OKCancelHelp’
    twoWayTable3: no visible global function definition for ‘getFrame’
    twoWayTable3: no visible global function definition for ‘labelRcmdr’
    twoWayTable3: no visible global function definition for ‘dialogSuffix’
Flavors: r-patched-linux-x86_64, r-patched-solaris-sparc, r-patched-solaris-x86, r-release-linux-x86_64, r-release-osx-x86_64-mavericks, r-release-windows-ix86+x86_64, r-oldrel-windows-ix86+x86_64