CRAN Package Check Results for Package RcmdrPlugin.SM

Last updated on 2014-07-24 17:49:06.

Flavor Version Tinstall Tcheck Ttotal Status Flags
r-devel-linux-x86_64-debian-clang 0.3.1 1.41 21.25 22.66 NOTE
r-devel-linux-x86_64-debian-gcc 0.3.1 1.47 21.19 22.66 NOTE
r-devel-linux-x86_64-fedora-clang 0.3.1 48.97 NOTE
r-devel-linux-x86_64-fedora-gcc 0.3.1 46.00 NOTE
r-devel-osx-x86_64-clang 0.3.1 49.72 NOTE
r-devel-windows-ix86+x86_64 0.3.1 22.00 42.00 64.00 NOTE
r-patched-linux-x86_64 0.3.1 1.64 21.28 22.93 NOTE
r-patched-solaris-sparc 0.3.1 268.60 NOTE
r-patched-solaris-x86 0.3.1 68.60 NOTE
r-release-linux-ix86 0.3.1 2.12 31.40 33.53 NOTE
r-release-linux-x86_64 0.3.1 1.52 22.18 23.71 NOTE
r-release-osx-x86_64-mavericks 0.3.1 NOTE
r-release-osx-x86_64-snowleopard 0.3.1 NOTE
r-release-windows-ix86+x86_64 0.3.1 18.00 49.00 67.00 NOTE
r-oldrel-windows-ix86+x86_64 0.3.1 22.00 47.00 69.00 NOTE

Check Details

Version: 0.3.1
Check: package dependencies
Result: NOTE
    Depends: includes the non-default packages:
     ‘Rcmdr’ ‘tcltk’ ‘car’ ‘RColorBrewer’ ‘colorspace’ ‘vcd’
    Adding so many packages to the search path is excessive and importing
    selectively is preferable.
Flavors: r-devel-linux-x86_64-debian-clang, r-devel-linux-x86_64-debian-gcc, r-devel-linux-x86_64-fedora-clang, r-devel-linux-x86_64-fedora-gcc, r-devel-osx-x86_64-clang, r-devel-windows-ix86+x86_64, r-patched-linux-x86_64, r-patched-solaris-sparc, r-patched-solaris-x86, r-release-linux-ix86, r-release-linux-x86_64, r-release-osx-x86_64-mavericks, r-release-osx-x86_64-snowleopard, r-release-windows-ix86+x86_64

Version: 0.3.1
Check: dependencies in R code
Result: NOTE
    'library' or 'require' call to ‘car’ which was already attached by Depends.
     Please remove these calls from your code.
    Packages in Depends field not imported from:
     ‘RColorBrewer’ ‘Rcmdr’ ‘car’ ‘colorspace’ ‘vcd’
     These packages need to be imported from (in the NAMESPACE file)
     for when this namespace is loaded but not attached.
    See the information on DESCRIPTION files in the chapter ‘Creating R
    packages’ of the ‘Writing R Extensions’ manual.
Flavors: r-devel-linux-x86_64-debian-clang, r-devel-linux-x86_64-debian-gcc, r-devel-linux-x86_64-fedora-clang, r-devel-linux-x86_64-fedora-gcc, r-devel-osx-x86_64-clang, r-devel-windows-ix86+x86_64, r-patched-linux-x86_64, r-patched-solaris-sparc, r-patched-solaris-x86, r-release-linux-ix86, r-release-linux-x86_64, r-release-osx-x86_64-mavericks, r-release-windows-ix86+x86_64, r-oldrel-windows-ix86+x86_64

Version: 0.3.1
Check: dependencies in R code
Result: NOTE
    'library' or 'require' call to 'car' which was already attached by Depends.
     Please remove these calls from your code.
    Packages in Depends field not imported from:
     'RColorBrewer' 'Rcmdr' 'car' 'colorspace' 'vcd'
     These packages need to be imported from for the case when
     this namespace is loaded but not attached.
    See the information on DESCRIPTION files in the chapter 'Creating R
    packages' of the 'Writing R Extensions' manual.
Flavor: r-release-osx-x86_64-snowleopard