CRAN Package Check Results for Package RcmdrPlugin.SM

Last updated on 2014-04-24 19:54:06.

Flavor Version Tinstall Tcheck Ttotal Status Flags
r-devel-linux-x86_64-debian-clang 0.3.1 1.73 23.43 25.16 NOTE
r-devel-linux-x86_64-debian-gcc 0.3.1 1.68 23.23 24.90 NOTE
r-devel-linux-x86_64-fedora-clang 0.3.1 48.29 NOTE
r-devel-linux-x86_64-fedora-gcc 0.3.1 44.80 NOTE
r-devel-osx-x86_64-clang 0.3.1 53.81 NOTE
r-devel-osx-x86_64-gcc 0.3.1 ERROR
r-devel-windows-ix86+x86_64 0.3.1 16.00 43.00 59.00 NOTE
r-patched-linux-x86_64 0.3.1 1.64 23.10 24.75 NOTE
r-patched-solaris-sparc 0.3.1 268.60 NOTE
r-patched-solaris-x86 0.3.1 82.30 NOTE
r-release-linux-ix86 0.3.1 2.00 45.00 47.00 NOTE
r-release-linux-x86_64 0.3.1 1.60 23.51 25.12 NOTE
r-release-osx-x86_64-mavericks 0.3.1 WARN
r-release-osx-x86_64-snowleopard 0.3.1 NOTE
r-release-windows-ix86+x86_64 0.3.1 17.00 43.00 60.00 NOTE
r-oldrel-windows-ix86+x86_64 0.3.1 16.00 46.00 62.00 NOTE

Check Details

Version: 0.3.1
Check: package dependencies
Result: NOTE
    Depends: includes the non-default packages:
     ‘Rcmdr’ ‘tcltk’ ‘car’ ‘RColorBrewer’ ‘colorspace’ ‘vcd’
    Adding so many packages to the search path is excessive and importing
    selectively is preferable.
Flavors: r-devel-linux-x86_64-debian-clang, r-devel-linux-x86_64-debian-gcc, r-devel-linux-x86_64-fedora-clang, r-devel-linux-x86_64-fedora-gcc, r-devel-osx-x86_64-clang, r-devel-windows-ix86+x86_64, r-patched-linux-x86_64, r-patched-solaris-sparc, r-patched-solaris-x86, r-release-linux-ix86, r-release-linux-x86_64, r-release-osx-x86_64-mavericks, r-release-osx-x86_64-snowleopard, r-release-windows-ix86+x86_64

Version: 0.3.1
Check: dependencies in R code
Result: NOTE
    'library' or 'require' call to ‘car’ which was already attached by Depends.
     Please remove these calls from your code.
    Packages in Depends field not imported from:
     ‘RColorBrewer’ ‘Rcmdr’ ‘car’ ‘colorspace’ ‘vcd’
     These packages need to be imported from (in the NAMESPACE file)
     for when this namespace is loaded but not attached.
    See the information on DESCRIPTION files in the chapter ‘Creating R
    packages’ of the ‘Writing R Extensions’ manual.
Flavors: r-devel-linux-x86_64-debian-clang, r-devel-linux-x86_64-debian-gcc, r-devel-linux-x86_64-fedora-clang, r-devel-linux-x86_64-fedora-gcc, r-devel-osx-x86_64-clang, r-devel-windows-ix86+x86_64, r-patched-linux-x86_64, r-patched-solaris-sparc, r-patched-solaris-x86, r-release-linux-ix86, r-release-linux-x86_64, r-release-osx-x86_64-mavericks, r-release-windows-ix86+x86_64, r-oldrel-windows-ix86+x86_64

Version: 0.3.1
Check: package dependencies
Result: ERROR
    Packages required but not available: ‘Rcmdr’ ‘car’
    
    Depends: includes the non-default packages:
     ‘Rcmdr’ ‘tcltk’ ‘car’ ‘RColorBrewer’ ‘colorspace’ ‘vcd’
    Adding so many packages to the search path is excessive and importing
    selectively is preferable.
    
    See the information on DESCRIPTION files in the chapter ‘Creating R
    packages’ of the ‘Writing R Extensions’ manual.
Flavor: r-devel-osx-x86_64-gcc

Version: 0.3.1
Check: PDF version of manual
Result: WARNING
    LaTeX errors when creating PDF version.
    This typically indicates Rd problems.
    LaTeX errors found:
    ! LaTeX Error: File `upquote.sty' not found.
    
    Type X to quit or <RETURN> to proceed,
    or enter new name. (Default extension: sty)
    
    9ad06b5/Rd2.tex:8: ==> Fatal error occurred, no output PDF file produced!
Flavor: r-release-osx-x86_64-mavericks

Version: 0.3.1
Check: dependencies in R code
Result: NOTE
    'library' or 'require' call to 'car' which was already attached by Depends.
     Please remove these calls from your code.
    Packages in Depends field not imported from:
     'RColorBrewer' 'Rcmdr' 'car' 'colorspace' 'vcd'
     These packages need to be imported from for the case when
     this namespace is loaded but not attached.
    See the information on DESCRIPTION files in the chapter 'Creating R
    packages' of the 'Writing R Extensions' manual.
Flavor: r-release-osx-x86_64-snowleopard