CRAN Package Check Results for Package RcmdrPlugin.StatisticalURV

Last updated on 2015-01-31 16:47:02.

Flavor Version Tinstall Tcheck Ttotal Status Flags
r-devel-linux-x86_64-debian-clang 1.0-1 4.24 42.49 46.74 WARN
r-devel-linux-x86_64-debian-gcc 1.0-1 3.96 41.36 45.32 WARN
r-devel-linux-x86_64-fedora-clang 1.0-1 130.42 WARN
r-devel-linux-x86_64-fedora-gcc 1.0-1 127.37 WARN
r-devel-osx-x86_64-clang 1.0-1 140.26 WARN
r-devel-windows-ix86+x86_64 1.0-1 32.00 87.00 119.00 WARN
r-patched-linux-x86_64 1.0-1 5.68 83.42 89.11 WARN
r-patched-solaris-sparc 1.0-1 859.20 WARN
r-patched-solaris-x86 1.0-1 238.70 WARN
r-release-linux-ix86 1.0-1 6.80 80.94 87.74 WARN
r-release-linux-x86_64 1.0-1 5.71 82.05 87.76 WARN
r-release-osx-x86_64-mavericks 1.0-1 WARN
r-release-osx-x86_64-snowleopard 1.0-1 NOTE
r-release-windows-ix86+x86_64 1.0-1 47.00 135.00 182.00 WARN
r-oldrel-windows-ix86+x86_64 1.0-1 33.00 122.00 155.00 WARN

Check Details

Version: 1.0-1
Check: dependencies in R code
Result: NOTE
    'library' or 'require' calls to packages already attached by Depends:
     ‘agricolae’ ‘car’ ‘multcomp’
     Please remove these calls from your code.
Flavors: r-devel-linux-x86_64-debian-clang, r-devel-linux-x86_64-debian-gcc, r-devel-linux-x86_64-fedora-clang, r-devel-linux-x86_64-fedora-gcc, r-devel-osx-x86_64-clang, r-devel-windows-ix86+x86_64

Version: 1.0-1
Check: R code for possible problems
Result: NOTE
    oneWayANOVA : OnOKANOVA: no visible global function definition for
     ‘tksize’
    twoWayANOVA : OnOKTwoWayANOVA: no visible global function definition
     for ‘tksize’
Flavors: r-devel-linux-x86_64-debian-clang, r-devel-linux-x86_64-debian-gcc, r-devel-linux-x86_64-fedora-clang, r-devel-linux-x86_64-fedora-gcc, r-devel-osx-x86_64-clang, r-devel-windows-ix86+x86_64, r-patched-linux-x86_64, r-patched-solaris-sparc, r-patched-solaris-x86, r-release-linux-ix86, r-release-linux-x86_64, r-release-osx-x86_64-mavericks, r-release-windows-ix86+x86_64

Version: 1.0-1
Check: Rd cross-references
Result: WARN
    Missing link or links in documentation object 'oneWayANOVAURV.Rd':
     ‘[Rcmdr]{numSummary}’ ‘[Rcmdr]{plotMeans}’
    
    Missing link or links in documentation object 'twoWayANOVAURV.Rd':
     ‘[Rcmdr]{plotMeans}’
    
    See section 'Cross-references' in the 'Writing R Extensions' manual.
Flavors: r-devel-linux-x86_64-debian-clang, r-devel-linux-x86_64-debian-gcc, r-devel-linux-x86_64-fedora-clang, r-devel-linux-x86_64-fedora-gcc, r-devel-osx-x86_64-clang, r-devel-windows-ix86+x86_64

Version: 1.0-1
Check: dependencies in R code
Result: NOTE
    'library' or 'require' calls to packages already attached by Depends:
     ‘agricolae’ ‘car’ ‘multcomp’
     Please remove these calls from your code.
    See the information on DESCRIPTION files in the chapter ‘Creating R
    packages’ of the ‘Writing R Extensions’ manual.
Flavors: r-patched-linux-x86_64, r-patched-solaris-sparc, r-patched-solaris-x86, r-release-linux-ix86, r-release-linux-x86_64, r-release-osx-x86_64-mavericks, r-release-osx-x86_64-snowleopard, r-release-windows-ix86+x86_64, r-oldrel-windows-ix86+x86_64

Version: 1.0-1
Check: Rd cross-references
Result: WARN
    Missing link or links in documentation object 'oneWayANOVAURV.Rd':
     ‘[Rcmdr]{numSummary}’ ‘[Rcmdr]{plotMeans}’
    
    Missing link or links in documentation object 'twoWayANOVAURV.Rd':
     ‘[Rcmdr]{plotMeans}’
    
    See the information in section 'Cross-references' of the 'Writing R
    Extensions' manual.
Flavors: r-patched-linux-x86_64, r-patched-solaris-sparc, r-patched-solaris-x86, r-release-linux-ix86, r-release-linux-x86_64, r-release-osx-x86_64-mavericks, r-release-windows-ix86+x86_64

Version: 1.0-1
Check: Rd cross-references
Result: WARN
    Missing link or links in documentation object 'D:/temp/RtmpiyO1hJ/R.INSTALL31a012d67cd4/RcmdrPlugin.StatisticalURV/man/oneWayANOVAURV.Rd':
     '[Rcmdr]{numSummary}' '[Rcmdr]{plotMeans}'
    
    Missing link or links in documentation object 'D:/temp/RtmpiyO1hJ/R.INSTALL31a012d67cd4/RcmdrPlugin.StatisticalURV/man/twoWayANOVAURV.Rd':
     '[Rcmdr]{plotMeans}'
    
    See the information in section 'Cross-references' of the 'Writing R
    Extensions' manual.
Flavor: r-oldrel-windows-ix86+x86_64