CRAN Package Check Results for Package RcmdrPlugin.StatisticalURV

Last updated on 2014-04-20 03:47:34.

Flavor Version Tinstall Tcheck Ttotal Status Flags
r-devel-linux-x86_64-debian-clang 1.0-1 1.56 25.07 26.63 NOTE
r-devel-linux-x86_64-debian-gcc 1.0-1 1.58 25.82 27.39 NOTE
r-devel-linux-x86_64-fedora-clang 1.0-1 49.53 NOTE
r-devel-linux-x86_64-fedora-gcc 1.0-1 44.92 NOTE
r-devel-macosx-x86_64-clang 1.0-1 56.97 NOTE
r-devel-macosx-x86_64-gcc 1.0-1 ERROR
r-devel-windows-ix86+x86_64 1.0-1 29.00 46.00 75.00 NOTE
r-patched-linux-x86_64 1.0-1 1.57 25.30 26.87 NOTE
r-patched-solaris-sparc 1.0-1 269.80 NOTE
r-patched-solaris-x86 1.0-1 81.60 NOTE
r-release-linux-ix86 NOTE
r-release-linux-x86_64 1.0-1 1.62 24.74 26.36 NOTE
r-release-macosx-x86_64 1.0-1 ERROR
r-release-windows-ix86+x86_64 1.0-1 20.00 50.00 70.00 NOTE
r-oldrel-windows-ix86+x86_64 1.0-1 20.00 51.00 71.00 NOTE

Check Details

Version: 1.0-1
Check: dependencies in R code
Result: NOTE
    'library' or 'require' calls to packages already attached by Depends:
     ‘agricolae’ ‘car’ ‘multcomp’
     Please remove these calls from your code.
    See the information on DESCRIPTION files in the chapter ‘Creating R
    packages’ of the ‘Writing R Extensions’ manual.
Flavors: r-devel-linux-x86_64-debian-clang, r-devel-linux-x86_64-debian-gcc, r-devel-linux-x86_64-fedora-clang, r-devel-linux-x86_64-fedora-gcc, r-devel-macosx-x86_64-clang, r-devel-windows-ix86+x86_64, r-patched-linux-x86_64, r-patched-solaris-sparc, r-patched-solaris-x86, r-release-linux-ix86, r-release-linux-x86_64, r-release-windows-ix86+x86_64, r-oldrel-windows-ix86+x86_64

Version: 1.0-1
Check: package dependencies
Result: ERROR
    Packages required but not available: ‘agricolae’ ‘multcomp’ ‘car’ ‘Rcmdr’
    
    See the information on DESCRIPTION files in the chapter ‘Creating R
    packages’ of the ‘Writing R Extensions’ manual.
Flavor: r-devel-macosx-x86_64-gcc

Version: 1.0-1
Check: package dependencies
Result: ERROR
    Package required but not available: ‘multcomp’
    
    See the information on DESCRIPTION files in the chapter ‘Creating R
    packages’ of the ‘Writing R Extensions’ manual.
Flavor: r-release-macosx-x86_64