CRAN Package Check Results for Package RcmdrPlugin.StatisticalURV

Last updated on 2014-08-30 23:48:32.

Flavor Version Tinstall Tcheck Ttotal Status Flags
r-devel-linux-x86_64-debian-clang 1.0-1 2.29 41.22 43.51 WARN
r-devel-linux-x86_64-debian-gcc 1.0-1 2.22 41.94 44.16 WARN
r-devel-linux-x86_64-fedora-clang 1.0-1 75.04 WARN
r-devel-linux-x86_64-fedora-gcc 1.0-1 68.52 WARN
r-devel-osx-x86_64-clang 1.0-1 68.24 WARN
r-devel-windows-ix86+x86_64 1.0-1 40.00 74.00 114.00 WARN
r-patched-linux-x86_64 1.0-1 2.34 43.44 45.78 WARN
r-patched-solaris-sparc 1.0-1 379.30 WARN
r-patched-solaris-x86 1.0-1 112.30 WARN
r-release-linux-ix86 1.0-1 3.10 45.70 48.81 WARN
r-release-linux-x86_64 1.0-1 2.47 44.03 46.50 WARN
r-release-osx-x86_64-mavericks 1.0-1 NOTE
r-release-osx-x86_64-snowleopard 1.0-1 NOTE
r-release-windows-ix86+x86_64 1.0-1 38.00 88.00 126.00 WARN
r-oldrel-windows-ix86+x86_64 1.0-1 49.00 87.00 136.00 WARN

Check Details

Version: 1.0-1
Check: dependencies in R code
Result: NOTE
    'library' or 'require' calls to packages already attached by Depends:
     ‘agricolae’ ‘car’ ‘multcomp’
     Please remove these calls from your code.
    See the information on DESCRIPTION files in the chapter ‘Creating R
    packages’ of the ‘Writing R Extensions’ manual.
Flavors: r-devel-linux-x86_64-debian-clang, r-devel-linux-x86_64-debian-gcc, r-devel-linux-x86_64-fedora-clang, r-devel-linux-x86_64-fedora-gcc, r-devel-osx-x86_64-clang, r-devel-windows-ix86+x86_64, r-patched-linux-x86_64, r-patched-solaris-sparc, r-patched-solaris-x86, r-release-linux-ix86, r-release-linux-x86_64, r-release-osx-x86_64-mavericks, r-release-osx-x86_64-snowleopard, r-release-windows-ix86+x86_64, r-oldrel-windows-ix86+x86_64

Version: 1.0-1
Check: R code for possible problems
Result: NOTE
    oneWayANOVA : OnOKANOVA: no visible global function definition for
     ‘tksize’
    twoWayANOVA : OnOKTwoWayANOVA: no visible global function definition
     for ‘tksize’
Flavors: r-devel-linux-x86_64-debian-clang, r-devel-linux-x86_64-debian-gcc, r-devel-linux-x86_64-fedora-clang, r-devel-linux-x86_64-fedora-gcc, r-devel-osx-x86_64-clang, r-devel-windows-ix86+x86_64

Version: 1.0-1
Check: Rd cross-references
Result: WARN
    Missing link or links in documentation object 'oneWayANOVAURV.Rd':
     ‘[Rcmdr]{numSummary}’ ‘[Rcmdr]{plotMeans}’
    
    Missing link or links in documentation object 'twoWayANOVAURV.Rd':
     ‘[Rcmdr]{plotMeans}’
    
    See the information in section 'Cross-references' of the 'Writing R
    Extensions' manual.
Flavors: r-devel-linux-x86_64-debian-clang, r-devel-linux-x86_64-debian-gcc, r-devel-linux-x86_64-fedora-clang, r-devel-linux-x86_64-fedora-gcc, r-devel-osx-x86_64-clang, r-devel-windows-ix86+x86_64, r-patched-linux-x86_64, r-patched-solaris-sparc, r-patched-solaris-x86, r-release-linux-ix86, r-release-linux-x86_64, r-release-windows-ix86+x86_64

Version: 1.0-1
Check: Rd cross-references
Result: WARN
    Missing link or links in documentation object 'D:/temp/RtmpCE85Xe/R.INSTALL2298740d4147/RcmdrPlugin.StatisticalURV/man/oneWayANOVAURV.Rd':
     '[Rcmdr]{numSummary}' '[Rcmdr]{plotMeans}'
    
    Missing link or links in documentation object 'D:/temp/RtmpCE85Xe/R.INSTALL2298740d4147/RcmdrPlugin.StatisticalURV/man/twoWayANOVAURV.Rd':
     '[Rcmdr]{plotMeans}'
    
    See the information in section 'Cross-references' of the 'Writing R
    Extensions' manual.
Flavor: r-oldrel-windows-ix86+x86_64