CRAN Package Check Results for Package RcmdrPlugin.StatisticalURV

Last updated on 2014-12-18 16:47:09.

Flavor Version Tinstall Tcheck Ttotal Status Flags
r-devel-linux-x86_64-debian-clang 1.0-1 5.24 78.84 84.08 WARN
r-devel-linux-x86_64-debian-gcc 1.0-1 5.16 76.47 81.62 WARN
r-devel-linux-x86_64-fedora-clang 1.0-1 151.02 WARN
r-devel-linux-x86_64-fedora-gcc 1.0-1 141.81 WARN
r-devel-osx-x86_64-clang 1.0-1 138.98 WARN
r-devel-windows-ix86+x86_64 1.0-1 42.00 108.00 150.00 WARN
r-patched-linux-x86_64 1.0-1 5.48 77.88 83.36 WARN
r-patched-solaris-sparc 1.0-1 813.30 WARN
r-patched-solaris-x86 1.0-1 229.20 WARN
r-release-linux-ix86 1.0-1 6.62 77.99 84.60 WARN
r-release-linux-x86_64 1.0-1 5.77 78.66 84.43 WARN
r-release-osx-x86_64-mavericks 1.0-1 NOTE
r-release-osx-x86_64-snowleopard 1.0-1 NOTE
r-release-windows-ix86+x86_64 1.0-1 33.00 119.00 152.00 WARN
r-oldrel-windows-ix86+x86_64 1.0-1 40.00 121.00 161.00 WARN

Check Details

Version: 1.0-1
Check: dependencies in R code
Result: NOTE
    'library' or 'require' calls to packages already attached by Depends:
     ‘agricolae’ ‘car’ ‘multcomp’
     Please remove these calls from your code.
    See the information on DESCRIPTION files in the chapter ‘Creating R
    packages’ of the ‘Writing R Extensions’ manual.
Flavors: r-devel-linux-x86_64-debian-clang, r-devel-linux-x86_64-debian-gcc, r-devel-linux-x86_64-fedora-clang, r-devel-linux-x86_64-fedora-gcc, r-devel-osx-x86_64-clang, r-devel-windows-ix86+x86_64, r-patched-linux-x86_64, r-patched-solaris-sparc, r-patched-solaris-x86, r-release-linux-ix86, r-release-linux-x86_64, r-release-osx-x86_64-mavericks, r-release-osx-x86_64-snowleopard, r-release-windows-ix86+x86_64, r-oldrel-windows-ix86+x86_64

Version: 1.0-1
Check: R code for possible problems
Result: NOTE
    oneWayANOVA : OnOKANOVA: no visible global function definition for
     ‘tksize’
    twoWayANOVA : OnOKTwoWayANOVA: no visible global function definition
     for ‘tksize’
Flavors: r-devel-linux-x86_64-debian-clang, r-devel-linux-x86_64-debian-gcc, r-devel-linux-x86_64-fedora-clang, r-devel-linux-x86_64-fedora-gcc, r-devel-osx-x86_64-clang, r-devel-windows-ix86+x86_64, r-patched-linux-x86_64, r-patched-solaris-sparc, r-patched-solaris-x86, r-release-linux-ix86, r-release-linux-x86_64, r-release-windows-ix86+x86_64

Version: 1.0-1
Check: Rd cross-references
Result: WARN
    Missing link or links in documentation object 'oneWayANOVAURV.Rd':
     ‘[Rcmdr]{numSummary}’ ‘[Rcmdr]{plotMeans}’
    
    Missing link or links in documentation object 'twoWayANOVAURV.Rd':
     ‘[Rcmdr]{plotMeans}’
    
    See the information in section 'Cross-references' of the 'Writing R
    Extensions' manual.
Flavors: r-devel-linux-x86_64-debian-clang, r-devel-linux-x86_64-debian-gcc, r-devel-linux-x86_64-fedora-clang, r-devel-linux-x86_64-fedora-gcc, r-devel-osx-x86_64-clang, r-devel-windows-ix86+x86_64, r-patched-linux-x86_64, r-patched-solaris-sparc, r-patched-solaris-x86, r-release-linux-ix86, r-release-linux-x86_64, r-release-windows-ix86+x86_64

Version: 1.0-1
Check: Rd cross-references
Result: WARN
    Missing link or links in documentation object 'D:/temp/RtmpCSQPeQ/R.INSTALL1c245099a8e/RcmdrPlugin.StatisticalURV/man/oneWayANOVAURV.Rd':
     '[Rcmdr]{numSummary}' '[Rcmdr]{plotMeans}'
    
    Missing link or links in documentation object 'D:/temp/RtmpCSQPeQ/R.INSTALL1c245099a8e/RcmdrPlugin.StatisticalURV/man/twoWayANOVAURV.Rd':
     '[Rcmdr]{plotMeans}'
    
    See the information in section 'Cross-references' of the 'Writing R
    Extensions' manual.
Flavor: r-oldrel-windows-ix86+x86_64