CRAN Package Check Results for Package RcmdrPlugin.StatisticalURV

Last updated on 2015-02-28 19:51:16.

Flavor Version Tinstall Tcheck Ttotal Status Flags
r-devel-linux-x86_64-debian-clang 1.0-1 5.13 54.37 59.50 WARN
r-devel-linux-x86_64-debian-gcc 1.0-1 4.92 51.00 55.92 WARN
r-devel-linux-x86_64-fedora-clang 1.0-1 125.60 WARN
r-devel-linux-x86_64-fedora-gcc 1.0-1 116.25 WARN
r-devel-osx-x86_64-clang 1.0-1 113.29 WARN
r-devel-windows-ix86+x86_64 1.0-1 40.00 83.00 123.00 WARN
r-patched-linux-x86_64 1.0-1 14.25 124.52 138.78 WARN
r-patched-solaris-sparc 1.0-1 1169.50 WARN
r-patched-solaris-x86 1.0-1 334.50 WARN
r-release-linux-ix86 1.0-1 9.67 106.88 116.56 WARN
r-release-linux-x86_64 1.0-1 13.04 123.05 136.09 WARN
r-release-osx-x86_64-mavericks 1.0-1 WARN
r-release-osx-x86_64-snowleopard 1.0-1 NOTE
r-release-windows-ix86+x86_64 1.0-1 63.00 163.00 226.00 WARN
r-oldrel-windows-ix86+x86_64 1.0-1 64.00 164.00 228.00 WARN

Check Details

Version: 1.0-1
Check: dependencies in R code
Result: NOTE
    'library' or 'require' calls to packages already attached by Depends:
     ‘agricolae’ ‘car’ ‘multcomp’
     Please remove these calls from your code.
Flavors: r-devel-linux-x86_64-debian-clang, r-devel-linux-x86_64-debian-gcc, r-devel-linux-x86_64-fedora-clang, r-devel-linux-x86_64-fedora-gcc, r-devel-osx-x86_64-clang, r-devel-windows-ix86+x86_64, r-patched-linux-x86_64, r-patched-solaris-sparc, r-patched-solaris-x86

Version: 1.0-1
Check: R code for possible problems
Result: NOTE
    oneWayANOVA : OnOKANOVA: no visible global function definition for
     ‘tksize’
    twoWayANOVA : OnOKTwoWayANOVA: no visible global function definition
     for ‘tksize’
Flavors: r-devel-linux-x86_64-debian-clang, r-devel-linux-x86_64-debian-gcc, r-devel-linux-x86_64-fedora-clang, r-devel-linux-x86_64-fedora-gcc, r-devel-osx-x86_64-clang, r-devel-windows-ix86+x86_64, r-patched-linux-x86_64, r-patched-solaris-sparc, r-patched-solaris-x86, r-release-linux-ix86, r-release-linux-x86_64, r-release-osx-x86_64-mavericks, r-release-windows-ix86+x86_64

Version: 1.0-1
Check: Rd cross-references
Result: WARN
    Missing link or links in documentation object 'oneWayANOVAURV.Rd':
     ‘[Rcmdr]{numSummary}’ ‘[Rcmdr]{plotMeans}’
    
    Missing link or links in documentation object 'twoWayANOVAURV.Rd':
     ‘[Rcmdr]{plotMeans}’
    
    See section 'Cross-references' in the 'Writing R Extensions' manual.
Flavors: r-devel-linux-x86_64-debian-clang, r-devel-linux-x86_64-debian-gcc, r-devel-linux-x86_64-fedora-clang, r-devel-linux-x86_64-fedora-gcc, r-devel-osx-x86_64-clang, r-devel-windows-ix86+x86_64, r-patched-linux-x86_64, r-patched-solaris-sparc, r-patched-solaris-x86

Version: 1.0-1
Check: dependencies in R code
Result: NOTE
    'library' or 'require' calls to packages already attached by Depends:
     ‘agricolae’ ‘car’ ‘multcomp’
     Please remove these calls from your code.
    See the information on DESCRIPTION files in the chapter ‘Creating R
    packages’ of the ‘Writing R Extensions’ manual.
Flavors: r-release-linux-ix86, r-release-linux-x86_64, r-release-osx-x86_64-mavericks, r-release-osx-x86_64-snowleopard, r-release-windows-ix86+x86_64, r-oldrel-windows-ix86+x86_64

Version: 1.0-1
Check: Rd cross-references
Result: WARN
    Missing link or links in documentation object 'oneWayANOVAURV.Rd':
     ‘[Rcmdr]{numSummary}’ ‘[Rcmdr]{plotMeans}’
    
    Missing link or links in documentation object 'twoWayANOVAURV.Rd':
     ‘[Rcmdr]{plotMeans}’
    
    See the information in section 'Cross-references' of the 'Writing R
    Extensions' manual.
Flavors: r-release-linux-ix86, r-release-linux-x86_64, r-release-osx-x86_64-mavericks, r-release-windows-ix86+x86_64

Version: 1.0-1
Check: Rd cross-references
Result: WARN
    Missing link or links in documentation object 'D:/temp/Rtmp0ISe9B/R.INSTALL11f0433578dc/RcmdrPlugin.StatisticalURV/man/oneWayANOVAURV.Rd':
     '[Rcmdr]{numSummary}' '[Rcmdr]{plotMeans}'
    
    Missing link or links in documentation object 'D:/temp/Rtmp0ISe9B/R.INSTALL11f0433578dc/RcmdrPlugin.StatisticalURV/man/twoWayANOVAURV.Rd':
     '[Rcmdr]{plotMeans}'
    
    See the information in section 'Cross-references' of the 'Writing R
    Extensions' manual.
Flavor: r-oldrel-windows-ix86+x86_64