CRAN Package Check Results for Package RcmdrPlugin.StatisticalURV

Last updated on 2015-07-29 12:47:36.

Flavor Version Tinstall Tcheck Ttotal Status Flags
r-devel-linux-x86_64-debian-clang 1.0-1 5.39 57.19 62.58 WARN
r-devel-linux-x86_64-debian-gcc 1.0-1 5.11 56.19 61.30 WARN
r-devel-linux-x86_64-fedora-clang 1.0-1 125.65 WARN
r-devel-linux-x86_64-fedora-gcc 1.0-1 122.43 WARN
r-devel-osx-x86_64-clang 1.0-1 119.37 WARN
r-devel-windows-ix86+x86_64 1.0-1 38.00 90.00 128.00 WARN
r-patched-linux-x86_64 1.0-1 5.18 44.20 49.38 WARN
r-patched-solaris-sparc 1.0-1 755.30 WARN
r-patched-solaris-x86 1.0-1 197.70 WARN
r-release-linux-x86_64 1.0-1 5.20 56.45 61.64 WARN
r-release-osx-x86_64-mavericks 1.0-1 WARN
r-release-windows-ix86+x86_64 1.0-1 49.00 86.00 135.00 WARN
r-oldrel-windows-ix86+x86_64 1.0-1 57.00 205.00 262.00 WARN

Check Details

Version: 1.0-1
Check: dependencies in R code
Result: NOTE
    'library' or 'require' calls to packages already attached by Depends:
     ‘agricolae’ ‘car’ ‘multcomp’
     Please remove these calls from your code.
Flavors: r-devel-linux-x86_64-debian-clang, r-devel-linux-x86_64-debian-gcc, r-devel-linux-x86_64-fedora-clang, r-devel-linux-x86_64-fedora-gcc, r-devel-osx-x86_64-clang, r-devel-windows-ix86+x86_64, r-patched-linux-x86_64, r-patched-solaris-sparc, r-patched-solaris-x86, r-release-linux-x86_64, r-release-osx-x86_64-mavericks, r-release-windows-ix86+x86_64, r-oldrel-windows-ix86+x86_64

Version: 1.0-1
Check: R code for possible problems
Result: NOTE
    oneWayANOVA : OnOKANOVA: no visible global function definition for
     ‘tksize’
    twoWayANOVA : OnOKTwoWayANOVA: no visible global function definition
     for ‘tksize’
    Undefined global functions or variables:
     tksize
Flavors: r-devel-linux-x86_64-debian-clang, r-devel-linux-x86_64-debian-gcc, r-devel-linux-x86_64-fedora-clang, r-devel-linux-x86_64-fedora-gcc, r-devel-osx-x86_64-clang, r-devel-windows-ix86+x86_64

Version: 1.0-1
Check: Rd cross-references
Result: WARN
    Missing link or links in documentation object 'oneWayANOVAURV.Rd':
     ‘[Rcmdr]{numSummary}’ ‘[Rcmdr]{plotMeans}’
    
    Missing link or links in documentation object 'twoWayANOVAURV.Rd':
     ‘[Rcmdr]{plotMeans}’
    
    See section 'Cross-references' in the 'Writing R Extensions' manual.
Flavors: r-devel-linux-x86_64-debian-clang, r-devel-linux-x86_64-debian-gcc, r-devel-linux-x86_64-fedora-clang, r-devel-linux-x86_64-fedora-gcc, r-devel-osx-x86_64-clang, r-devel-windows-ix86+x86_64, r-patched-linux-x86_64, r-patched-solaris-sparc, r-patched-solaris-x86, r-release-linux-x86_64, r-release-osx-x86_64-mavericks, r-release-windows-ix86+x86_64, r-oldrel-windows-ix86+x86_64

Version: 1.0-1
Check: R code for possible problems
Result: NOTE
    oneWayANOVA : OnOKANOVA: no visible global function definition for
     ‘tksize’
    twoWayANOVA : OnOKTwoWayANOVA: no visible global function definition
     for ‘tksize’
Flavors: r-patched-linux-x86_64, r-patched-solaris-sparc, r-patched-solaris-x86, r-release-linux-x86_64, r-release-osx-x86_64-mavericks, r-release-windows-ix86+x86_64, r-oldrel-windows-ix86+x86_64