CRAN Package Check Results for Package RcmdrPlugin.StatisticalURV

Last updated on 2014-10-20 11:48:40.

Flavor Version Tinstall Tcheck Ttotal Status Flags
r-devel-linux-x86_64-debian-clang 1.0-1 6.03 79.91 85.94 WARN
r-devel-linux-x86_64-debian-gcc 1.0-1 5.55 79.74 85.29 WARN
r-devel-linux-x86_64-fedora-clang 1.0-1 154.64 WARN
r-devel-linux-x86_64-fedora-gcc 1.0-1 143.45 WARN
r-devel-osx-x86_64-clang 1.0-1 146.24 WARN
r-devel-windows-ix86+x86_64 1.0-1 44.00 112.00 156.00 WARN
r-patched-linux-x86_64 1.0-1 6.04 81.86 87.90 WARN
r-patched-solaris-sparc 1.0-1 813.30 WARN
r-patched-solaris-x86 1.0-1 245.30 WARN
r-release-linux-ix86 1.0-1 0.43 1.70 2.13 ERROR
r-release-linux-x86_64 1.0-1 6.01 84.24 90.25 WARN
r-release-osx-x86_64-mavericks 1.0-1 NOTE
r-release-osx-x86_64-snowleopard 1.0-1 NOTE
r-release-windows-ix86+x86_64 1.0-1 41.00 124.00 165.00 WARN
r-oldrel-windows-ix86+x86_64 1.0-1 50.00 128.00 178.00 WARN

Check Details

Version: 1.0-1
Check: dependencies in R code
Result: NOTE
    'library' or 'require' calls to packages already attached by Depends:
     ‘agricolae’ ‘car’ ‘multcomp’
     Please remove these calls from your code.
    See the information on DESCRIPTION files in the chapter ‘Creating R
    packages’ of the ‘Writing R Extensions’ manual.
Flavors: r-devel-linux-x86_64-debian-clang, r-devel-linux-x86_64-debian-gcc, r-devel-linux-x86_64-fedora-clang, r-devel-linux-x86_64-fedora-gcc, r-devel-osx-x86_64-clang, r-devel-windows-ix86+x86_64, r-patched-linux-x86_64, r-patched-solaris-sparc, r-patched-solaris-x86, r-release-linux-x86_64, r-release-osx-x86_64-mavericks, r-release-osx-x86_64-snowleopard, r-release-windows-ix86+x86_64, r-oldrel-windows-ix86+x86_64

Version: 1.0-1
Check: R code for possible problems
Result: NOTE
    oneWayANOVA : OnOKANOVA: no visible global function definition for
     ‘tksize’
    twoWayANOVA : OnOKTwoWayANOVA: no visible global function definition
     for ‘tksize’
Flavors: r-devel-linux-x86_64-debian-clang, r-devel-linux-x86_64-debian-gcc, r-devel-linux-x86_64-fedora-clang, r-devel-linux-x86_64-fedora-gcc, r-devel-osx-x86_64-clang, r-devel-windows-ix86+x86_64, r-patched-linux-x86_64, r-patched-solaris-sparc, r-patched-solaris-x86

Version: 1.0-1
Check: Rd cross-references
Result: WARN
    Missing link or links in documentation object 'oneWayANOVAURV.Rd':
     ‘[Rcmdr]{numSummary}’ ‘[Rcmdr]{plotMeans}’
    
    Missing link or links in documentation object 'twoWayANOVAURV.Rd':
     ‘[Rcmdr]{plotMeans}’
    
    See the information in section 'Cross-references' of the 'Writing R
    Extensions' manual.
Flavors: r-devel-linux-x86_64-debian-clang, r-devel-linux-x86_64-debian-gcc, r-devel-linux-x86_64-fedora-clang, r-devel-linux-x86_64-fedora-gcc, r-devel-osx-x86_64-clang, r-devel-windows-ix86+x86_64, r-patched-linux-x86_64, r-patched-solaris-sparc, r-patched-solaris-x86, r-release-linux-x86_64, r-release-windows-ix86+x86_64

Version: 1.0-1
Check: package dependencies
Result: ERROR
    Package required but not available: ‘Rcmdr’
    
    See the information on DESCRIPTION files in the chapter ‘Creating R
    packages’ of the ‘Writing R Extensions’ manual.
Flavor: r-release-linux-ix86

Version: 1.0-1
Check: Rd cross-references
Result: WARN
    Missing link or links in documentation object 'D:/temp/Rtmp0I8gcV/R.INSTALL16b03ef81240/RcmdrPlugin.StatisticalURV/man/oneWayANOVAURV.Rd':
     '[Rcmdr]{numSummary}' '[Rcmdr]{plotMeans}'
    
    Missing link or links in documentation object 'D:/temp/Rtmp0I8gcV/R.INSTALL16b03ef81240/RcmdrPlugin.StatisticalURV/man/twoWayANOVAURV.Rd':
     '[Rcmdr]{plotMeans}'
    
    See the information in section 'Cross-references' of the 'Writing R
    Extensions' manual.
Flavor: r-oldrel-windows-ix86+x86_64