CRAN Package Check Results for Package RcmdrPlugin.StatisticalURV

Last updated on 2014-07-25 03:49:52.

Flavor Version Tinstall Tcheck Ttotal Status Flags
r-devel-linux-x86_64-debian-clang 1.0-1 1.48 22.54 24.02 NOTE
r-devel-linux-x86_64-debian-gcc 1.0-1 1.55 22.58 24.13 NOTE
r-devel-linux-x86_64-fedora-clang 1.0-1 48.31 NOTE
r-devel-linux-x86_64-fedora-gcc 1.0-1 46.51 NOTE
r-devel-osx-x86_64-clang 1.0-1 50.09 NOTE
r-devel-windows-ix86+x86_64 1.0-1 22.00 50.00 72.00 NOTE
r-patched-linux-x86_64 1.0-1 1.52 22.70 24.23 NOTE
r-patched-solaris-sparc 1.0-1 269.80 NOTE
r-patched-solaris-x86 1.0-1 68.90 NOTE
r-release-linux-ix86 1.0-1 2.08 32.54 34.63 NOTE
r-release-linux-x86_64 1.0-1 1.50 23.35 24.86 NOTE
r-release-osx-x86_64-mavericks 1.0-1 NOTE
r-release-osx-x86_64-snowleopard 1.0-1 NOTE
r-release-windows-ix86+x86_64 1.0-1 19.00 49.00 68.00 NOTE
r-oldrel-windows-ix86+x86_64 1.0-1 18.00 52.00 70.00 NOTE

Check Details

Version: 1.0-1
Check: dependencies in R code
Result: NOTE
    'library' or 'require' calls to packages already attached by Depends:
     ‘agricolae’ ‘car’ ‘multcomp’
     Please remove these calls from your code.
    See the information on DESCRIPTION files in the chapter ‘Creating R
    packages’ of the ‘Writing R Extensions’ manual.
Flavors: r-devel-linux-x86_64-debian-clang, r-devel-linux-x86_64-debian-gcc, r-devel-linux-x86_64-fedora-clang, r-devel-linux-x86_64-fedora-gcc, r-devel-osx-x86_64-clang, r-devel-windows-ix86+x86_64, r-patched-linux-x86_64, r-patched-solaris-sparc, r-patched-solaris-x86, r-release-linux-ix86, r-release-linux-x86_64, r-release-osx-x86_64-mavericks, r-release-osx-x86_64-snowleopard, r-release-windows-ix86+x86_64, r-oldrel-windows-ix86+x86_64