CRAN Package Check Results for Package RcmdrPlugin.StatisticalURV

Last updated on 2015-04-26 03:47:37.

Flavor Version Tinstall Tcheck Ttotal Status Flags
r-devel-linux-x86_64-debian-clang 1.0-1 5.14 53.34 58.48 WARN
r-devel-linux-x86_64-debian-gcc 1.0-1 5.01 52.82 57.83 WARN
r-devel-linux-x86_64-fedora-clang 1.0-1 123.75 WARN
r-devel-linux-x86_64-fedora-gcc 1.0-1 118.83 WARN
r-devel-osx-x86_64-clang 1.0-1 112.34 WARN
r-devel-windows-ix86+x86_64 1.0-1 41.00 93.00 134.00 WARN
r-patched-linux-x86_64 1.0-1 5.18 51.52 56.70 WARN
r-patched-solaris-sparc 1.0-1 714.10 WARN
r-patched-solaris-x86 1.0-1 187.10 WARN
r-release-linux-x86_64 1.0-1 5.20 51.83 57.03 WARN
r-release-osx-x86_64-mavericks 1.0-1 WARN
r-release-osx-x86_64-snowleopard 1.0-1 ERROR
r-release-windows-ix86+x86_64 1.0-1 37.00 90.00 127.00 WARN
r-oldrel-windows-ix86+x86_64 1.0-1 61.00 172.00 233.00 WARN

Check Details

Version: 1.0-1
Check: dependencies in R code
Result: NOTE
    'library' or 'require' calls to packages already attached by Depends:
     'agricolae' 'car' 'multcomp'
     Please remove these calls from your code.
Flavors: r-devel-windows-ix86+x86_64, r-release-windows-ix86+x86_64, r-oldrel-windows-ix86+x86_64

Version: 1.0-1
Check: R code for possible problems
Result: NOTE
    oneWayANOVA : OnOKANOVA: no visible global function definition for
     'tksize'
    twoWayANOVA : OnOKTwoWayANOVA: no visible global function definition
     for 'tksize'
Flavors: r-devel-windows-ix86+x86_64, r-release-windows-ix86+x86_64, r-oldrel-windows-ix86+x86_64

Version: 1.0-1
Check: Rd cross-references
Result: WARN
    Missing link or links in documentation object 'oneWayANOVAURV.Rd':
     '[Rcmdr]{numSummary}' '[Rcmdr]{plotMeans}'
    
    Missing link or links in documentation object 'twoWayANOVAURV.Rd':
     '[Rcmdr]{plotMeans}'
    
    See section 'Cross-references' in the 'Writing R Extensions' manual.
Flavors: r-devel-windows-ix86+x86_64, r-release-windows-ix86+x86_64, r-oldrel-windows-ix86+x86_64