CRAN Package Check Results for Package RcmdrPlugin.TeachingDemos

Last updated on 2016-09-28 21:48:25.

Flavor Version Tinstall Tcheck Ttotal Status Flags
r-devel-linux-x86_64-debian-clang 1.0-7 5.23 50.12 55.34 NOTE
r-devel-linux-x86_64-debian-gcc 1.0-7 5.08 48.30 53.38 NOTE
r-devel-linux-x86_64-fedora-clang 1.0-7 108.76 NOTE
r-devel-linux-x86_64-fedora-gcc 1.0-7 104.36 NOTE
r-devel-macos-x86_64-clang 1.0-7 83.95 NOTE
r-devel-windows-ix86+x86_64 1.0-7 44.00 127.00 171.00 NOTE
r-patched-linux-x86_64 1.0-7 6.32 49.99 56.30 NOTE
r-patched-solaris-sparc 1.0-7 632.80 NOTE
r-patched-solaris-x86 1.0-7 160.40 NOTE
r-release-linux-x86_64 1.0-7 5.23 51.15 56.38 NOTE
r-release-osx-x86_64-mavericks 1.0-7 WARN
r-release-windows-ix86+x86_64 1.0-7 40.00 127.00 167.00 NOTE
r-oldrel-windows-ix86+x86_64 1.0-7 47.00 134.00 181.00 NOTE

Check Details

Version: 1.0-7
Check: dependencies in R code
Result: NOTE
    'library' or 'require' calls to packages already attached by Depends:
     ‘TeachingDemos’ ‘rgl’
     Please remove these calls from your code.
    Packages in Depends field not imported from:
     ‘TeachingDemos’ ‘rgl’
     These packages need to be imported from (in the NAMESPACE file)
     for when this namespace is loaded but not attached.
Flavors: r-devel-linux-x86_64-debian-clang, r-devel-linux-x86_64-debian-gcc, r-devel-linux-x86_64-fedora-clang, r-devel-linux-x86_64-fedora-gcc, r-devel-macos-x86_64-clang, r-devel-windows-ix86+x86_64, r-patched-linux-x86_64, r-patched-solaris-sparc, r-patched-solaris-x86, r-release-linux-x86_64, r-release-windows-ix86+x86_64, r-oldrel-windows-ix86+x86_64

Version: 1.0-7
Check: R code for possible problems
Result: NOTE
    flipCoin: no visible global function definition for ‘rgl.open’
    flipCoin: no visible global function definition for ‘rgl.coin’
    flipCoin: no visible global function definition for ‘flip.rgl.coin’
    linearRegressionExample: no visible global function definition for
     ‘put.points.demo’
    powerExample: no visible global function definition for ‘power.examp’
    powerExample: no visible global function definition for
     ‘run.power.examp’
    rollDie: no visible global function definition for ‘rgl.open’
    rollDie: no visible global function definition for ‘rgl.die’
    rollDie: no visible global function definition for ‘roll.rgl.die’
    run.cor.examp : cor.refresh: no visible global function definition for
     ‘plot’
    run.cor.examp : cor.refresh: no visible global function definition for
     ‘title’
    visBinom: no visible global function definition for ‘vis.binom’
    visGamma: no visible global function definition for ‘vis.gamma’
    visNormal: no visible global function definition for ‘vis.normal’
    vist: no visible global function definition for ‘vis.t’
    Undefined global functions or variables:
     flip.rgl.coin plot power.examp put.points.demo rgl.coin rgl.die
     rgl.open roll.rgl.die run.power.examp title vis.binom vis.gamma
     vis.normal vis.t
    Consider adding
     importFrom("graphics", "plot", "title")
    to your NAMESPACE file.
Flavors: r-devel-linux-x86_64-debian-clang, r-devel-linux-x86_64-debian-gcc, r-devel-linux-x86_64-fedora-clang, r-devel-linux-x86_64-fedora-gcc, r-devel-macos-x86_64-clang, r-devel-windows-ix86+x86_64, r-patched-linux-x86_64, r-patched-solaris-sparc, r-patched-solaris-x86, r-release-linux-x86_64, r-release-windows-ix86+x86_64

Version: 1.0-7
Check: whether package can be installed
Result: WARN
    Found the following significant warnings:
     Warning: 'rgl_init' failed, running with rgl.useNULL = TRUE
Flavor: r-release-osx-x86_64-mavericks

Version: 1.0-7
Check: dependencies in R code
Result: NOTE
    Invalid MIT-MAGIC-COOKIE-1 keyInvalid MIT-MAGIC-COOKIE-1 key'library' or 'require' calls to packages already attached by Depends:
     ‘TeachingDemos’ ‘rgl’
     Please remove these calls from your code.
    Packages in Depends field not imported from:
     ‘TeachingDemos’ ‘rgl’
     These packages need to be imported from (in the NAMESPACE file)
     for when this namespace is loaded but not attached.
Flavor: r-release-osx-x86_64-mavericks

Version: 1.0-7
Check: S3 generic/method consistency
Result: WARN
    Invalid MIT-MAGIC-COOKIE-1 keyInvalid MIT-MAGIC-COOKIE-1 key
    See section ‘Generic functions and methods’ in the ‘Writing R
    Extensions’ manual.
Flavor: r-release-osx-x86_64-mavericks

Version: 1.0-7
Check: replacement functions
Result: WARN
    Invalid MIT-MAGIC-COOKIE-1 keyInvalid MIT-MAGIC-COOKIE-1 key
    The argument of a replacement function which corresponds to the right
    hand side must be named ‘value’.
Flavor: r-release-osx-x86_64-mavericks

Version: 1.0-7
Check: foreign function calls
Result: NOTE
    Invalid MIT-MAGIC-COOKIE-1 keyInvalid MIT-MAGIC-COOKIE-1 key
    See chapter ‘System and foreign language interfaces’ in the ‘Writing R
    Extensions’ manual.
Flavor: r-release-osx-x86_64-mavericks

Version: 1.0-7
Check: R code for possible problems
Result: NOTE
    Invalid MIT-MAGIC-COOKIE-1 keyflipCoin: no visible global function definition for ‘rgl.open’
    flipCoin: no visible global function definition for ‘rgl.coin’
    flipCoin: no visible global function definition for ‘flip.rgl.coin’
    linearRegressionExample: no visible global function definition for
     ‘put.points.demo’
    powerExample: no visible global function definition for ‘power.examp’
    powerExample: no visible global function definition for
     ‘run.power.examp’
    rollDie: no visible global function definition for ‘rgl.open’
    rollDie: no visible global function definition for ‘rgl.die’
    rollDie: no visible global function definition for ‘roll.rgl.die’
    run.cor.examp : cor.refresh: no visible global function definition for
     ‘plot’
    run.cor.examp : cor.refresh: no visible global function definition for
     ‘title’
    visBinom: no visible global function definition for ‘vis.binom’
    visGamma: no visible global function definition for ‘vis.gamma’
    visNormal: no visible global function definition for ‘vis.normal’
    vist: no visible global function definition for ‘vis.t’
    Undefined global functions or variables:
     flip.rgl.coin plot power.examp put.points.demo rgl.coin rgl.die
     rgl.open roll.rgl.die run.power.examp title vis.binom vis.gamma
     vis.normal vis.t
    Consider adding
     importFrom("graphics", "plot", "title")
    to your NAMESPACE file.
Flavor: r-release-osx-x86_64-mavericks

Version: 1.0-7
Check: for missing documentation entries
Result: WARN
    Invalid MIT-MAGIC-COOKIE-1 keyInvalid MIT-MAGIC-COOKIE-1 key
    All user-level objects in a package should have documentation entries.
    See chapter ‘Writing R documentation files’ in the ‘Writing R
    Extensions’ manual.
Flavor: r-release-osx-x86_64-mavericks

Version: 1.0-7
Check: for code/documentation mismatches
Result: WARN
    Invalid MIT-MAGIC-COOKIE-1 keyInvalid MIT-MAGIC-COOKIE-1 key
    Invalid MIT-MAGIC-COOKIE-1 keyInvalid MIT-MAGIC-COOKIE-1 key
    Invalid MIT-MAGIC-COOKIE-1 keyInvalid MIT-MAGIC-COOKIE-1 key
Flavor: r-release-osx-x86_64-mavericks

Version: 1.0-7
Check: Rd \usage sections
Result: NOTE
    Invalid MIT-MAGIC-COOKIE-1 keyInvalid MIT-MAGIC-COOKIE-1 key
    The \usage entries for S3 methods should use the \method markup and not
    their full name.
    See chapter ‘Writing R documentation files’ in the ‘Writing R
    Extensions’ manual.
Flavor: r-release-osx-x86_64-mavericks

Version: 1.0-7
Check: R code for possible problems
Result: NOTE
    flipCoin: no visible global function definition for 'rgl.open'
    flipCoin: no visible global function definition for 'rgl.coin'
    flipCoin: no visible global function definition for 'flip.rgl.coin'
    linearRegressionExample: no visible global function definition for
     'put.points.demo'
    powerExample: no visible global function definition for 'power.examp'
    powerExample: no visible global function definition for
     'run.power.examp'
    rollDie: no visible global function definition for 'rgl.open'
    rollDie: no visible global function definition for 'rgl.die'
    rollDie: no visible global function definition for 'roll.rgl.die'
    visBinom: no visible global function definition for 'vis.binom'
    visGamma: no visible global function definition for 'vis.gamma'
    visNormal: no visible global function definition for 'vis.normal'
    vist: no visible global function definition for 'vis.t'
Flavor: r-oldrel-windows-ix86+x86_64