CRAN Package Check Results for Package RcmdrPlugin.TeachingDemos

Last updated on 2015-07-05 10:47:04.

Flavor Version Tinstall Tcheck Ttotal Status Flags
r-devel-linux-x86_64-debian-clang 1.0-7 4.56 47.54 52.10 NOTE
r-devel-linux-x86_64-debian-gcc 1.0-7 4.66 47.23 51.88 NOTE
r-devel-linux-x86_64-fedora-clang 1.0-7 108.96 NOTE
r-devel-linux-x86_64-fedora-gcc 1.0-7 109.15 NOTE
r-devel-osx-x86_64-clang 1.0-7 103.59 NOTE
r-devel-windows-ix86+x86_64 1.0-7 43.00 92.00 135.00 NOTE
r-patched-linux-x86_64 1.0-7 4.66 49.64 54.30 NOTE
r-patched-solaris-sparc 1.0-7 665.90 NOTE
r-patched-solaris-x86 1.0-7 178.70 NOTE
r-release-linux-x86_64 1.0-7 4.61 49.66 54.27 NOTE
r-release-osx-x86_64-mavericks 1.0-7 NOTE
r-release-windows-ix86+x86_64 1.0-7 44.00 89.00 133.00 NOTE
r-oldrel-windows-ix86+x86_64 1.0-7 72.00 181.00 253.00 NOTE

Check Details

Version: 1.0-7
Check: dependencies in R code
Result: NOTE
    'library' or 'require' calls to packages already attached by Depends:
     ‘TeachingDemos’ ‘rgl’
     Please remove these calls from your code.
    Packages in Depends field not imported from:
     ‘TeachingDemos’ ‘rgl’
     These packages need to be imported from (in the NAMESPACE file)
     for when this namespace is loaded but not attached.
Flavors: r-devel-linux-x86_64-debian-clang, r-devel-linux-x86_64-debian-gcc, r-devel-linux-x86_64-fedora-clang, r-devel-linux-x86_64-fedora-gcc, r-devel-osx-x86_64-clang, r-devel-windows-ix86+x86_64, r-patched-linux-x86_64, r-patched-solaris-sparc, r-patched-solaris-x86, r-release-linux-x86_64, r-release-osx-x86_64-mavericks, r-release-windows-ix86+x86_64, r-oldrel-windows-ix86+x86_64

Version: 1.0-7
Check: R code for possible problems
Result: NOTE
    flipCoin: no visible global function definition for ‘rgl.open’
    flipCoin: no visible global function definition for ‘rgl.coin’
    flipCoin: no visible global function definition for ‘flip.rgl.coin’
    linearRegressionExample: no visible global function definition for
     ‘put.points.demo’
    powerExample: no visible global function definition for ‘power.examp’
    powerExample: no visible global function definition for
     ‘run.power.examp’
    rollDie: no visible global function definition for ‘rgl.open’
    rollDie: no visible global function definition for ‘rgl.die’
    rollDie: no visible global function definition for ‘roll.rgl.die’
    run.cor.examp : cor.refresh: no visible global function definition for
     ‘plot’
    run.cor.examp : cor.refresh: no visible global function definition for
     ‘title’
    visBinom: no visible global function definition for ‘vis.binom’
    visGamma: no visible global function definition for ‘vis.gamma’
    visNormal: no visible global function definition for ‘vis.normal’
    vist: no visible global function definition for ‘vis.t’
    Undefined global functions or variables:
     flip.rgl.coin plot power.examp put.points.demo rgl.coin rgl.die
     rgl.open roll.rgl.die run.power.examp title vis.binom vis.gamma
     vis.normal vis.t
Flavors: r-devel-linux-x86_64-debian-clang, r-devel-linux-x86_64-debian-gcc, r-devel-linux-x86_64-fedora-clang, r-devel-linux-x86_64-fedora-gcc, r-devel-windows-ix86+x86_64

Version: 1.0-7
Check: R code for possible problems
Result: NOTE
    flipCoin: no visible global function definition for ‘rgl.open’
    flipCoin: no visible global function definition for ‘rgl.coin’
    flipCoin: no visible global function definition for ‘flip.rgl.coin’
    linearRegressionExample: no visible global function definition for
     ‘put.points.demo’
    powerExample: no visible global function definition for ‘power.examp’
    powerExample: no visible global function definition for
     ‘run.power.examp’
    rollDie: no visible global function definition for ‘rgl.open’
    rollDie: no visible global function definition for ‘rgl.die’
    rollDie: no visible global function definition for ‘roll.rgl.die’
    visBinom: no visible global function definition for ‘vis.binom’
    visGamma: no visible global function definition for ‘vis.gamma’
    visNormal: no visible global function definition for ‘vis.normal’
    vist: no visible global function definition for ‘vis.t’
    Undefined global functions or variables:
     flip.rgl.coin power.examp put.points.demo rgl.coin rgl.die rgl.open
     roll.rgl.die run.power.examp vis.binom vis.gamma vis.normal vis.t
Flavor: r-devel-osx-x86_64-clang

Version: 1.0-7
Check: R code for possible problems
Result: NOTE
    flipCoin: no visible global function definition for ‘rgl.open’
    flipCoin: no visible global function definition for ‘rgl.coin’
    flipCoin: no visible global function definition for ‘flip.rgl.coin’
    linearRegressionExample: no visible global function definition for
     ‘put.points.demo’
    powerExample: no visible global function definition for ‘power.examp’
    powerExample: no visible global function definition for
     ‘run.power.examp’
    rollDie: no visible global function definition for ‘rgl.open’
    rollDie: no visible global function definition for ‘rgl.die’
    rollDie: no visible global function definition for ‘roll.rgl.die’
    visBinom: no visible global function definition for ‘vis.binom’
    visGamma: no visible global function definition for ‘vis.gamma’
    visNormal: no visible global function definition for ‘vis.normal’
    vist: no visible global function definition for ‘vis.t’
Flavors: r-patched-linux-x86_64, r-patched-solaris-sparc, r-patched-solaris-x86, r-release-linux-x86_64, r-release-osx-x86_64-mavericks, r-release-windows-ix86+x86_64, r-oldrel-windows-ix86+x86_64