CRAN Package Check Results for Package RcmdrPlugin.TeachingDemos

Last updated on 2014-07-25 12:47:37.

Flavor Version Tinstall Tcheck Ttotal Status Flags
r-devel-linux-x86_64-debian-clang 1.0-7 0.87 14.52 15.39 NOTE
r-devel-linux-x86_64-debian-gcc 1.0-7 0.87 14.16 15.03 NOTE
r-devel-linux-x86_64-fedora-clang 1.0-7 30.04 NOTE
r-devel-linux-x86_64-fedora-gcc 1.0-7 29.18 NOTE
r-devel-osx-x86_64-clang 1.0-7 34.07 NOTE
r-devel-windows-ix86+x86_64 1.0-7 21.00 35.00 56.00 NOTE
r-patched-linux-x86_64 1.0-7 0.92 14.11 15.03 NOTE
r-patched-solaris-sparc 1.0-7 173.20 NOTE
r-patched-solaris-x86 1.0-7 48.10 NOTE
r-release-linux-ix86 1.0-7 1.50 22.64 24.14 NOTE
r-release-linux-x86_64 1.0-7 0.97 14.52 15.49 NOTE
r-release-osx-x86_64-mavericks 1.0-7 NOTE
r-release-osx-x86_64-snowleopard 1.0-7 NOTE
r-release-windows-ix86+x86_64 1.0-7 16.00 34.00 50.00 NOTE
r-oldrel-windows-ix86+x86_64 1.0-7 22.00 38.00 60.00 NOTE

Check Details

Version: 1.0-7
Check: dependencies in R code
Result: NOTE
    'library' or 'require' calls to packages already attached by Depends:
     ‘TeachingDemos’ ‘rgl’
     Please remove these calls from your code.
    Packages in Depends field not imported from:
     ‘TeachingDemos’ ‘rgl’
     These packages need to be imported from (in the NAMESPACE file)
     for when this namespace is loaded but not attached.
    See the information on DESCRIPTION files in the chapter ‘Creating R
    packages’ of the ‘Writing R Extensions’ manual.
Flavors: r-devel-linux-x86_64-debian-clang, r-devel-linux-x86_64-debian-gcc, r-devel-linux-x86_64-fedora-clang, r-devel-linux-x86_64-fedora-gcc, r-devel-osx-x86_64-clang, r-devel-windows-ix86+x86_64, r-patched-linux-x86_64, r-patched-solaris-sparc, r-patched-solaris-x86, r-release-linux-ix86, r-release-linux-x86_64, r-release-osx-x86_64-mavericks, r-release-windows-ix86+x86_64, r-oldrel-windows-ix86+x86_64

Version: 1.0-7
Check: dependencies in R code
Result: NOTE
    'library' or 'require' calls to packages already attached by Depends:
     'TeachingDemos' 'rgl'
     Please remove these calls from your code.
    Packages in Depends field not imported from:
     'TeachingDemos' 'rgl'
     These packages need to be imported from for the case when
     this namespace is loaded but not attached.
    See the information on DESCRIPTION files in the chapter 'Creating R
    packages' of the 'Writing R Extensions' manual.
Flavor: r-release-osx-x86_64-snowleopard