CRAN Package Check Results for Package RcmdrPlugin.TeachingDemos

Last updated on 2014-10-31 05:47:28.

Flavor Version Tinstall Tcheck Ttotal Status Flags
r-devel-linux-x86_64-debian-clang 1.0-7 2.54 44.51 47.05 NOTE
r-devel-linux-x86_64-debian-gcc 1.0-7 2.12 38.04 40.17 NOTE
r-devel-linux-x86_64-fedora-clang 1.0-7 68.33 NOTE
r-devel-linux-x86_64-fedora-gcc 1.0-7 64.98 NOTE
r-devel-osx-x86_64-clang 1.0-7 67.51 NOTE
r-devel-windows-ix86+x86_64 1.0-7 32.00 84.00 116.00 NOTE
r-patched-linux-x86_64 1.0-7 2.46 41.99 44.46 NOTE
r-patched-solaris-sparc 1.0-7 361.80 NOTE
r-patched-solaris-x86 1.0-7 116.50 NOTE
r-release-linux-ix86 1.0-7 0.41 1.71 2.12 ERROR
r-release-linux-x86_64 1.0-7 2.56 44.57 47.13 NOTE
r-release-osx-x86_64-mavericks 1.0-7 NOTE
r-release-osx-x86_64-snowleopard 1.0-7 NOTE
r-release-windows-ix86+x86_64 1.0-7 43.00 141.00 184.00 NOTE
r-oldrel-windows-ix86+x86_64 1.0-7 43.00 85.00 128.00 NOTE

Check Details

Version: 1.0-7
Check: dependencies in R code
Result: NOTE
    'library' or 'require' calls to packages already attached by Depends:
     ‘TeachingDemos’ ‘rgl’
     Please remove these calls from your code.
    Packages in Depends field not imported from:
     ‘TeachingDemos’ ‘rgl’
     These packages need to be imported from (in the NAMESPACE file)
     for when this namespace is loaded but not attached.
    See the information on DESCRIPTION files in the chapter ‘Creating R
    packages’ of the ‘Writing R Extensions’ manual.
Flavors: r-devel-linux-x86_64-debian-clang, r-devel-linux-x86_64-debian-gcc, r-devel-linux-x86_64-fedora-clang, r-devel-linux-x86_64-fedora-gcc, r-devel-osx-x86_64-clang, r-devel-windows-ix86+x86_64, r-patched-linux-x86_64, r-patched-solaris-sparc, r-patched-solaris-x86, r-release-linux-x86_64, r-release-osx-x86_64-mavericks, r-release-windows-ix86+x86_64, r-oldrel-windows-ix86+x86_64

Version: 1.0-7
Check: R code for possible problems
Result: NOTE
    flipCoin: no visible global function definition for ‘rgl.open’
    flipCoin: no visible global function definition for ‘rgl.coin’
    flipCoin: no visible global function definition for ‘flip.rgl.coin’
    linearRegressionExample: no visible global function definition for
     ‘put.points.demo’
    powerExample: no visible global function definition for ‘power.examp’
    powerExample: no visible global function definition for
     ‘run.power.examp’
    rollDie: no visible global function definition for ‘rgl.open’
    rollDie: no visible global function definition for ‘rgl.die’
    rollDie: no visible global function definition for ‘roll.rgl.die’
    visBinom: no visible global function definition for ‘vis.binom’
    visGamma: no visible global function definition for ‘vis.gamma’
    visNormal: no visible global function definition for ‘vis.normal’
    vist: no visible global function definition for ‘vis.t’
Flavors: r-devel-linux-x86_64-debian-clang, r-devel-linux-x86_64-debian-gcc, r-devel-linux-x86_64-fedora-clang, r-devel-linux-x86_64-fedora-gcc, r-devel-osx-x86_64-clang, r-devel-windows-ix86+x86_64, r-patched-linux-x86_64, r-patched-solaris-sparc, r-patched-solaris-x86

Version: 1.0-7
Check: package dependencies
Result: ERROR
    Package required but not available: ‘Rcmdr’
    
    See the information on DESCRIPTION files in the chapter ‘Creating R
    packages’ of the ‘Writing R Extensions’ manual.
Flavor: r-release-linux-ix86

Version: 1.0-7
Check: dependencies in R code
Result: NOTE
    'library' or 'require' calls to packages already attached by Depends:
     'TeachingDemos' 'rgl'
     Please remove these calls from your code.
    Packages in Depends field not imported from:
     'TeachingDemos' 'rgl'
     These packages need to be imported from for the case when
     this namespace is loaded but not attached.
    See the information on DESCRIPTION files in the chapter 'Creating R
    packages' of the 'Writing R Extensions' manual.
Flavor: r-release-osx-x86_64-snowleopard