CRAN Package Check Results for Package RcmdrPlugin.TeachingDemos

Last updated on 2014-04-24 11:48:53.

Flavor Version Tinstall Tcheck Ttotal Status Flags
r-devel-linux-x86_64-debian-clang 1.0-7 0.98 15.62 16.60 NOTE
r-devel-linux-x86_64-debian-gcc 1.0-7 3.06 15.48 18.53 NOTE
r-devel-linux-x86_64-fedora-clang 1.0-7 30.40 NOTE
r-devel-linux-x86_64-fedora-gcc 1.0-7 29.09 NOTE
r-devel-osx-x86_64-clang 1.0-7 36.20 NOTE
r-devel-osx-x86_64-gcc 1.0-7 ERROR
r-devel-windows-ix86+x86_64 1.0-7 25.00 37.00 62.00 NOTE
r-patched-linux-x86_64 1.0-7 1.04 15.52 16.56 NOTE
r-patched-solaris-sparc 1.0-7 173.20 NOTE
r-patched-solaris-x86 1.0-7 58.50 NOTE
r-release-linux-ix86 1.0-7 3.00 33.00 36.00 NOTE
r-release-linux-x86_64 1.0-7 1.02 15.27 16.29 NOTE
r-release-osx-x86_64-mavericks 1.0-7 WARN
r-release-osx-x86_64-snowleopard 1.0-7 NOTE
r-release-windows-ix86+x86_64 1.0-7 17.00 35.00 52.00 NOTE
r-oldrel-windows-ix86+x86_64 1.0-7 15.00 36.00 51.00 NOTE

Check Details

Version: 1.0-7
Check: dependencies in R code
Result: NOTE
    'library' or 'require' calls to packages already attached by Depends:
     ‘TeachingDemos’ ‘rgl’
     Please remove these calls from your code.
    Packages in Depends field not imported from:
     ‘TeachingDemos’ ‘rgl’
     These packages need to be imported from (in the NAMESPACE file)
     for when this namespace is loaded but not attached.
    See the information on DESCRIPTION files in the chapter ‘Creating R
    packages’ of the ‘Writing R Extensions’ manual.
Flavors: r-devel-linux-x86_64-debian-clang, r-devel-linux-x86_64-debian-gcc, r-devel-linux-x86_64-fedora-clang, r-devel-linux-x86_64-fedora-gcc, r-devel-osx-x86_64-clang, r-devel-windows-ix86+x86_64, r-patched-linux-x86_64, r-patched-solaris-sparc, r-patched-solaris-x86, r-release-linux-ix86, r-release-linux-x86_64, r-release-osx-x86_64-mavericks, r-release-windows-ix86+x86_64, r-oldrel-windows-ix86+x86_64

Version: 1.0-7
Check: package dependencies
Result: ERROR
    Package required but not available: ‘Rcmdr’
    
    See the information on DESCRIPTION files in the chapter ‘Creating R
    packages’ of the ‘Writing R Extensions’ manual.
Flavor: r-devel-osx-x86_64-gcc

Version: 1.0-7
Check: PDF version of manual
Result: WARNING
    LaTeX errors when creating PDF version.
    This typically indicates Rd problems.
    LaTeX errors found:
    ! LaTeX Error: File `upquote.sty' not found.
    
    Type X to quit or <RETURN> to proceed,
    or enter new name. (Default extension: sty)
    
    e9448b4/Rd2.tex:8: ==> Fatal error occurred, no output PDF file produced!
Flavor: r-release-osx-x86_64-mavericks

Version: 1.0-7
Check: dependencies in R code
Result: NOTE
    'library' or 'require' calls to packages already attached by Depends:
     'TeachingDemos' 'rgl'
     Please remove these calls from your code.
    Packages in Depends field not imported from:
     'TeachingDemos' 'rgl'
     These packages need to be imported from for the case when
     this namespace is loaded but not attached.
    See the information on DESCRIPTION files in the chapter 'Creating R
    packages' of the 'Writing R Extensions' manual.
Flavor: r-release-osx-x86_64-snowleopard