CRAN Package Check Results for Package RcmdrPlugin.UCA

Last updated on 2016-08-31 23:48:03.

Flavor Version Tinstall Tcheck Ttotal Status Flags
r-devel-linux-x86_64-debian-clang 2.0-5 4.17 46.17 50.34 OK
r-devel-linux-x86_64-debian-gcc 2.0-5 4.43 45.61 50.04 OK
r-devel-linux-x86_64-fedora-clang 2.0-5 111.68 OK
r-devel-linux-x86_64-fedora-gcc 2.0-5 96.93 OK
r-devel-osx-x86_64-clang 2.0-5 89.23 OK
r-devel-windows-ix86+x86_64 2.0-5 41.00 106.00 147.00 OK
r-patched-linux-x86_64 2.0-5 4.67 48.83 53.50 OK
r-patched-solaris-sparc 2.0-5 617.80 OK
r-patched-solaris-x86 2.0-5 134.70 OK
r-release-linux-x86_64 2.0-5 4.39 44.57 48.96 OK
r-release-osx-x86_64-mavericks 2.0-5 WARN
r-release-windows-ix86+x86_64 2.0-5 38.00 92.00 130.00 OK
r-oldrel-windows-ix86+x86_64 2.0-5 43.00 102.00 145.00 OK

Check Details

Version: 2.0-5
Check: dependencies in R code
Result: NOTE
    Invalid MIT-MAGIC-COOKIE-1 key
Flavor: r-release-osx-x86_64-mavericks

Version: 2.0-5
Check: S3 generic/method consistency
Result: WARN
    Invalid MIT-MAGIC-COOKIE-1 key
    See section ‘Generic functions and methods’ in the ‘Writing R
    Extensions’ manual.
Flavor: r-release-osx-x86_64-mavericks

Version: 2.0-5
Check: replacement functions
Result: WARN
    Invalid MIT-MAGIC-COOKIE-1 key
    The argument of a replacement function which corresponds to the right
    hand side must be named ‘value’.
Flavor: r-release-osx-x86_64-mavericks

Version: 2.0-5
Check: foreign function calls
Result: NOTE
    Invalid MIT-MAGIC-COOKIE-1 key
    See chapter ‘System and foreign language interfaces’ in the ‘Writing R
    Extensions’ manual.
Flavor: r-release-osx-x86_64-mavericks

Version: 2.0-5
Check: R code for possible problems
Result: NOTE
    Invalid MIT-MAGIC-COOKIE-1 key
Flavor: r-release-osx-x86_64-mavericks

Version: 2.0-5
Check: for missing documentation entries
Result: WARN
    Invalid MIT-MAGIC-COOKIE-1 key
    All user-level objects in a package should have documentation entries.
    See chapter ‘Writing R documentation files’ in the ‘Writing R
    Extensions’ manual.
Flavor: r-release-osx-x86_64-mavericks

Version: 2.0-5
Check: for code/documentation mismatches
Result: WARN
    Invalid MIT-MAGIC-COOKIE-1 key
    Invalid MIT-MAGIC-COOKIE-1 key
    Invalid MIT-MAGIC-COOKIE-1 key
Flavor: r-release-osx-x86_64-mavericks

Version: 2.0-5
Check: Rd \usage sections
Result: NOTE
    Invalid MIT-MAGIC-COOKIE-1 key
    The \usage entries for S3 methods should use the \method markup and not
    their full name.
    See chapter ‘Writing R documentation files’ in the ‘Writing R
    Extensions’ manual.
Flavor: r-release-osx-x86_64-mavericks