CRAN Package Check Results for Package RcmdrPlugin.UCA

Last updated on 2014-10-24 23:47:58.

Flavor Version Tinstall Tcheck Ttotal Status Flags
r-devel-linux-x86_64-debian-clang 1.0-2 1.85 32.48 34.34 NOTE
r-devel-linux-x86_64-debian-gcc 1.0-2 1.78 31.75 33.53 NOTE
r-devel-linux-x86_64-fedora-clang 1.0-2 54.37 NOTE
r-devel-linux-x86_64-fedora-gcc 1.0-2 49.85 NOTE
r-devel-osx-x86_64-clang 1.0-2 56.69 NOTE
r-devel-windows-ix86+x86_64 1.0-2 34.00 57.00 91.00 NOTE
r-patched-linux-x86_64 1.0-2 1.92 31.10 33.03 NOTE
r-patched-solaris-sparc 1.0-2 267.50 NOTE
r-patched-solaris-x86 1.0-2 82.70 NOTE
r-release-linux-ix86 1.0-2 0.41 1.68 2.09 ERROR
r-release-linux-x86_64 1.0-2 1.88 33.94 35.82 NOTE
r-release-osx-x86_64-mavericks 1.0-2 NOTE
r-release-osx-x86_64-snowleopard 1.0-2 OK
r-release-windows-ix86+x86_64 1.0-2 31.00 69.00 100.00 NOTE
r-oldrel-windows-ix86+x86_64 1.0-2 39.00 71.00 110.00 NOTE

Check Details

Version: 1.0-2
Check: dependencies in R code
Result: NOTE
    Package in Depends field not imported from: ‘Rcmdr’
     These packages need to be imported from (in the NAMESPACE file)
     for when this namespace is loaded but not attached.
    See the information on DESCRIPTION files in the chapter ‘Creating R
    packages’ of the ‘Writing R Extensions’ manual.
Flavors: r-devel-linux-x86_64-debian-clang, r-devel-linux-x86_64-debian-gcc, r-devel-linux-x86_64-fedora-clang, r-devel-linux-x86_64-fedora-gcc, r-devel-osx-x86_64-clang, r-devel-windows-ix86+x86_64, r-patched-linux-x86_64, r-patched-solaris-sparc, r-patched-solaris-x86, r-release-linux-x86_64, r-release-osx-x86_64-mavericks, r-release-windows-ix86+x86_64, r-oldrel-windows-ix86+x86_64

Version: 1.0-2
Check: R code for possible problems
Result: NOTE
    .onAttach: no visible global function definition for ‘getRcmdr’
    .onAttach: no visible global function definition for ‘closeCommander’
    .onAttach: no visible global function definition for ‘Commander’
    Rcmdr.droplevels: no visible global function definition for
     ‘activeDataSet’
    Rcmdr.droplevels: no visible global function definition for
     ‘initializeDialog’
    Rcmdr.droplevels: no visible global function definition for ‘tkframe’
    Rcmdr.droplevels: no visible global function definition for ‘tclVar’
    Rcmdr.droplevels: no visible global function definition for
     ‘tkcheckbutton’
    Rcmdr.droplevels: no visible global function definition for
     ‘variableListBox’
    Rcmdr.droplevels: no visible global function definition for ‘Factors’
    Rcmdr.droplevels: no visible global function definition for
     ‘gettextRcmdr’
    Rcmdr.droplevels: no visible global function definition for ‘ttkentry’
    Rcmdr.droplevels : onOK: no visible global function definition for
     ‘trim.blanks’
    Rcmdr.droplevels : onOK: no visible global function definition for
     ‘tclvalue’
    Rcmdr.droplevels : onOK: no visible global function definition for
     ‘gettextRcmdr’
    Rcmdr.droplevels : onOK: no visible global function definition for
     ‘ActiveDataSet’
    Rcmdr.droplevels : onOK: no visible global function definition for
     ‘is.valid.name’
    Rcmdr.droplevels : onOK: no visible global function definition for
     ‘errorCondition’
    Rcmdr.droplevels : onOK: no visible global function definition for
     ‘listDataSets’
    Rcmdr.droplevels : onOK: no visible global function definition for
     ‘checkReplace’
    Rcmdr.droplevels : onOK: no visible global function definition for
     ‘closeDialog’
    Rcmdr.droplevels : onOK: no visible global function definition for
     ‘getSelection’
    Rcmdr.droplevels : onOK: no visible global function definition for
     ‘logger’
    Rcmdr.droplevels : onOK: no visible global function definition for
     ‘justDoIt’
    Rcmdr.droplevels : onOK: no visible global function definition for
     ‘activeDataSet’
    Rcmdr.droplevels : onOK: no visible global function definition for
     ‘tkfocus’
    Rcmdr.droplevels : onOK: no visible global function definition for
     ‘CommanderWindow’
    Rcmdr.droplevels: no visible global function definition for
     ‘OKCancelHelp’
    Rcmdr.droplevels: no visible global function definition for ‘tkgrid’
    Rcmdr.droplevels: no visible global function definition for
     ‘labelRcmdr’
    Rcmdr.droplevels: no visible global function definition for ‘getFrame’
    Rcmdr.droplevels: no visible global function definition for
     ‘dialogSuffix’
Flavors: r-devel-linux-x86_64-debian-clang, r-devel-linux-x86_64-debian-gcc, r-devel-linux-x86_64-fedora-clang, r-devel-linux-x86_64-fedora-gcc, r-devel-osx-x86_64-clang, r-devel-windows-ix86+x86_64, r-patched-linux-x86_64, r-patched-solaris-sparc, r-patched-solaris-x86

Version: 1.0-2
Check: package dependencies
Result: ERROR
    Package required but not available: ‘Rcmdr’
    
    See the information on DESCRIPTION files in the chapter ‘Creating R
    packages’ of the ‘Writing R Extensions’ manual.
Flavor: r-release-linux-ix86