CRAN Package Check Results for Package RcmdrPlugin.UCA

Last updated on 2014-12-22 09:54:24.

Flavor Version Tinstall Tcheck Ttotal Status Flags
r-devel-linux-x86_64-debian-clang 1.0-2 1.68 31.31 32.99 NOTE
r-devel-linux-x86_64-debian-gcc 1.0-2 1.55 30.71 32.26 NOTE
r-devel-linux-x86_64-fedora-clang 1.0-2 51.18 NOTE
r-devel-linux-x86_64-fedora-gcc 1.0-2 47.67 NOTE
r-devel-osx-x86_64-clang 1.0-2 53.17 NOTE
r-devel-windows-ix86+x86_64 1.0-2 38.00 91.00 129.00 NOTE
r-patched-linux-x86_64 1.0-2 1.66 28.54 30.20 NOTE
r-patched-solaris-sparc 1.0-2 276.40 NOTE
r-patched-solaris-x86 1.0-2 77.20 NOTE
r-release-linux-ix86 1.0-2 2.18 30.44 32.63 NOTE
r-release-linux-x86_64 1.0-2 1.67 27.88 29.55 NOTE
r-release-osx-x86_64-mavericks 1.0-2 NOTE
r-release-osx-x86_64-snowleopard 1.0-2 OK
r-release-windows-ix86+x86_64 1.0-2 37.00 61.00 98.00 NOTE
r-oldrel-windows-ix86+x86_64 1.0-2 32.00 73.00 105.00 NOTE

Check Details

Version: 1.0-2
Check: dependencies in R code
Result: NOTE
    Package in Depends field not imported from: ‘Rcmdr’
     These packages need to be imported from (in the NAMESPACE file)
     for when this namespace is loaded but not attached.
    See the information on DESCRIPTION files in the chapter ‘Creating R
    packages’ of the ‘Writing R Extensions’ manual.
Flavors: r-devel-linux-x86_64-debian-clang, r-devel-linux-x86_64-debian-gcc, r-devel-linux-x86_64-fedora-clang, r-devel-linux-x86_64-fedora-gcc, r-devel-osx-x86_64-clang, r-devel-windows-ix86+x86_64, r-patched-linux-x86_64, r-patched-solaris-sparc, r-patched-solaris-x86, r-release-linux-ix86, r-release-linux-x86_64, r-release-osx-x86_64-mavericks, r-release-windows-ix86+x86_64, r-oldrel-windows-ix86+x86_64

Version: 1.0-2
Check: R code for possible problems
Result: NOTE
    .onAttach: no visible global function definition for ‘getRcmdr’
    .onAttach: no visible global function definition for ‘closeCommander’
    .onAttach: no visible global function definition for ‘Commander’
    Rcmdr.droplevels: no visible global function definition for
     ‘activeDataSet’
    Rcmdr.droplevels: no visible global function definition for
     ‘initializeDialog’
    Rcmdr.droplevels: no visible global function definition for ‘tkframe’
    Rcmdr.droplevels: no visible global function definition for ‘tclVar’
    Rcmdr.droplevels: no visible global function definition for
     ‘tkcheckbutton’
    Rcmdr.droplevels: no visible global function definition for
     ‘variableListBox’
    Rcmdr.droplevels: no visible global function definition for ‘Factors’
    Rcmdr.droplevels: no visible global function definition for
     ‘gettextRcmdr’
    Rcmdr.droplevels: no visible global function definition for ‘ttkentry’
    Rcmdr.droplevels : onOK: no visible global function definition for
     ‘trim.blanks’
    Rcmdr.droplevels : onOK: no visible global function definition for
     ‘tclvalue’
    Rcmdr.droplevels : onOK: no visible global function definition for
     ‘gettextRcmdr’
    Rcmdr.droplevels : onOK: no visible global function definition for
     ‘ActiveDataSet’
    Rcmdr.droplevels : onOK: no visible global function definition for
     ‘is.valid.name’
    Rcmdr.droplevels : onOK: no visible global function definition for
     ‘errorCondition’
    Rcmdr.droplevels : onOK: no visible global function definition for
     ‘listDataSets’
    Rcmdr.droplevels : onOK: no visible global function definition for
     ‘checkReplace’
    Rcmdr.droplevels : onOK: no visible global function definition for
     ‘closeDialog’
    Rcmdr.droplevels : onOK: no visible global function definition for
     ‘getSelection’
    Rcmdr.droplevels : onOK: no visible global function definition for
     ‘logger’
    Rcmdr.droplevels : onOK: no visible global function definition for
     ‘justDoIt’
    Rcmdr.droplevels : onOK: no visible global function definition for
     ‘activeDataSet’
    Rcmdr.droplevels : onOK: no visible global function definition for
     ‘tkfocus’
    Rcmdr.droplevels : onOK: no visible global function definition for
     ‘CommanderWindow’
    Rcmdr.droplevels: no visible global function definition for
     ‘OKCancelHelp’
    Rcmdr.droplevels: no visible global function definition for ‘tkgrid’
    Rcmdr.droplevels: no visible global function definition for
     ‘labelRcmdr’
    Rcmdr.droplevels: no visible global function definition for ‘getFrame’
    Rcmdr.droplevels: no visible global function definition for
     ‘dialogSuffix’
Flavors: r-devel-linux-x86_64-debian-clang, r-devel-linux-x86_64-debian-gcc, r-devel-linux-x86_64-fedora-clang, r-devel-linux-x86_64-fedora-gcc, r-devel-osx-x86_64-clang, r-devel-windows-ix86+x86_64, r-patched-linux-x86_64, r-patched-solaris-sparc, r-patched-solaris-x86, r-release-linux-ix86, r-release-linux-x86_64, r-release-windows-ix86+x86_64