CRAN Package Check Results for Package RcmdrPlugin.UCA

Last updated on 2016-05-26 03:48:39.

Flavor Version Tinstall Tcheck Ttotal Status Flags
r-devel-linux-x86_64-debian-gcc 2.0-5 4.50 49.69 54.18 OK
r-devel-linux-x86_64-fedora-clang 2.0-5 109.99 OK
r-devel-linux-x86_64-fedora-gcc 2.0-5 108.25 OK
r-devel-osx-x86_64-clang 2.0-5 122.13 OK
r-devel-windows-ix86+x86_64 2.0-5 33.00 96.00 129.00 OK
r-patched-linux-x86_64 2.0-5 4.56 50.50 55.06 OK
r-patched-solaris-sparc 2.0-5 615.30 OK
r-patched-solaris-x86 2.0-5 150.60 OK
r-release-linux-x86_64 2.0-5 4.74 49.79 54.53 OK
r-release-osx-x86_64-mavericks 2.0-5 WARN
r-release-windows-ix86+x86_64 2.0-5 48.00 93.00 141.00 OK
r-oldrel-windows-ix86+x86_64 2.0-5 42.00 140.00 182.00 OK

Check Details

Version: 2.0-5
Check: dependencies in R code
Result: NOTE
    Invalid MIT-MAGIC-COOKIE-1 key
Flavor: r-release-osx-x86_64-mavericks

Version: 2.0-5
Check: S3 generic/method consistency
Result: WARN
    Invalid MIT-MAGIC-COOKIE-1 key
    See section ‘Generic functions and methods’ in the ‘Writing R
    Extensions’ manual.
Flavor: r-release-osx-x86_64-mavericks

Version: 2.0-5
Check: replacement functions
Result: WARN
    Invalid MIT-MAGIC-COOKIE-1 key
    The argument of a replacement function which corresponds to the right
    hand side must be named ‘value’.
Flavor: r-release-osx-x86_64-mavericks

Version: 2.0-5
Check: foreign function calls
Result: NOTE
    Invalid MIT-MAGIC-COOKIE-1 key
    See chapter ‘System and foreign language interfaces’ in the ‘Writing R
    Extensions’ manual.
Flavor: r-release-osx-x86_64-mavericks

Version: 2.0-5
Check: R code for possible problems
Result: NOTE
    Invalid MIT-MAGIC-COOKIE-1 key
Flavor: r-release-osx-x86_64-mavericks

Version: 2.0-5
Check: for missing documentation entries
Result: WARN
    Invalid MIT-MAGIC-COOKIE-1 key
    All user-level objects in a package should have documentation entries.
    See chapter ‘Writing R documentation files’ in the ‘Writing R
    Extensions’ manual.
Flavor: r-release-osx-x86_64-mavericks

Version: 2.0-5
Check: for code/documentation mismatches
Result: WARN
    Invalid MIT-MAGIC-COOKIE-1 key
    Invalid MIT-MAGIC-COOKIE-1 key
    Invalid MIT-MAGIC-COOKIE-1 key
Flavor: r-release-osx-x86_64-mavericks

Version: 2.0-5
Check: Rd \usage sections
Result: NOTE
    Invalid MIT-MAGIC-COOKIE-1 key
    The \usage entries for S3 methods should use the \method markup and not
    their full name.
    See chapter ‘Writing R documentation files’ in the ‘Writing R
    Extensions’ manual.
Flavor: r-release-osx-x86_64-mavericks