CRAN Package Check Results for Package RcmdrPlugin.UCA

Last updated on 2015-04-27 15:46:42.

Flavor Version Tinstall Tcheck Ttotal Status Flags
r-devel-linux-x86_64-debian-clang 1.0-2 4.36 37.97 42.33 NOTE
r-devel-linux-x86_64-debian-gcc 1.0-2 4.21 36.78 40.99 NOTE
r-devel-linux-x86_64-fedora-clang 1.0-2 86.12 NOTE
r-devel-linux-x86_64-fedora-gcc 1.0-2 82.78 NOTE
r-devel-osx-x86_64-clang 1.0-2 78.32 NOTE
r-devel-windows-ix86+x86_64 1.0-2 37.00 130.00 167.00 NOTE
r-patched-linux-x86_64 1.0-2 4.23 36.22 40.45 NOTE
r-patched-solaris-sparc 1.0-2 511.80 NOTE
r-patched-solaris-x86 1.0-2 118.70 NOTE
r-release-linux-x86_64 1.0-2 4.38 35.88 40.26 NOTE
r-release-osx-x86_64-mavericks 1.0-2 NOTE
r-release-osx-x86_64-snowleopard 1.0-2 ERROR
r-release-windows-ix86+x86_64 1.0-2 40.00 107.00 147.00 NOTE
r-oldrel-windows-ix86+x86_64 1.0-2 52.00 122.00 174.00 NOTE

Check Details

Version: 1.0-2
Check: dependencies in R code
Result: NOTE
    Package in Depends field not imported from: ‘Rcmdr’
     These packages need to be imported from (in the NAMESPACE file)
     for when this namespace is loaded but not attached.
Flavors: r-devel-linux-x86_64-debian-clang, r-devel-linux-x86_64-debian-gcc, r-devel-linux-x86_64-fedora-clang, r-devel-linux-x86_64-fedora-gcc, r-devel-osx-x86_64-clang, r-devel-windows-ix86+x86_64, r-patched-solaris-sparc, r-patched-solaris-x86, r-release-linux-x86_64, r-release-osx-x86_64-mavericks, r-release-windows-ix86+x86_64, r-oldrel-windows-ix86+x86_64

Version: 1.0-2
Check: R code for possible problems
Result: NOTE
    .onAttach: no visible global function definition for ‘getRcmdr’
    .onAttach: no visible global function definition for ‘closeCommander’
    .onAttach: no visible global function definition for ‘Commander’
    Rcmdr.droplevels: no visible global function definition for
     ‘activeDataSet’
    Rcmdr.droplevels: no visible global function definition for
     ‘initializeDialog’
    Rcmdr.droplevels: no visible global function definition for ‘tkframe’
    Rcmdr.droplevels: no visible global function definition for ‘tclVar’
    Rcmdr.droplevels: no visible global function definition for
     ‘tkcheckbutton’
    Rcmdr.droplevels: no visible global function definition for
     ‘variableListBox’
    Rcmdr.droplevels: no visible global function definition for ‘Factors’
    Rcmdr.droplevels: no visible global function definition for
     ‘gettextRcmdr’
    Rcmdr.droplevels: no visible global function definition for ‘ttkentry’
    Rcmdr.droplevels : onOK: no visible global function definition for
     ‘trim.blanks’
    Rcmdr.droplevels : onOK: no visible global function definition for
     ‘tclvalue’
    Rcmdr.droplevels : onOK: no visible global function definition for
     ‘gettextRcmdr’
    Rcmdr.droplevels : onOK: no visible global function definition for
     ‘ActiveDataSet’
    Rcmdr.droplevels : onOK: no visible global function definition for
     ‘is.valid.name’
    Rcmdr.droplevels : onOK: no visible global function definition for
     ‘errorCondition’
    Rcmdr.droplevels : onOK: no visible global function definition for
     ‘listDataSets’
    Rcmdr.droplevels : onOK: no visible global function definition for
     ‘checkReplace’
    Rcmdr.droplevels : onOK: no visible global function definition for
     ‘closeDialog’
    Rcmdr.droplevels : onOK: no visible global function definition for
     ‘getSelection’
    Rcmdr.droplevels : onOK: no visible global function definition for
     ‘logger’
    Rcmdr.droplevels : onOK: no visible global function definition for
     ‘justDoIt’
    Rcmdr.droplevels : onOK: no visible global function definition for
     ‘activeDataSet’
    Rcmdr.droplevels : onOK: no visible global function definition for
     ‘tkfocus’
    Rcmdr.droplevels : onOK: no visible global function definition for
     ‘CommanderWindow’
    Rcmdr.droplevels: no visible global function definition for
     ‘OKCancelHelp’
    Rcmdr.droplevels: no visible global function definition for ‘tkgrid’
    Rcmdr.droplevels: no visible global function definition for
     ‘labelRcmdr’
    Rcmdr.droplevels: no visible global function definition for ‘getFrame’
    Rcmdr.droplevels: no visible global function definition for
     ‘dialogSuffix’
Flavors: r-devel-linux-x86_64-debian-clang, r-devel-linux-x86_64-debian-gcc, r-devel-linux-x86_64-fedora-clang, r-devel-linux-x86_64-fedora-gcc, r-devel-osx-x86_64-clang, r-devel-windows-ix86+x86_64, r-patched-solaris-sparc, r-patched-solaris-x86, r-release-linux-x86_64, r-release-osx-x86_64-mavericks, r-release-windows-ix86+x86_64, r-oldrel-windows-ix86+x86_64

Version: 1.0-2
Check: package dependencies
Result: ERROR
    Package required but not available: ‘Rcmdr’
    
    See section ‘The DESCRIPTION file’ in the ‘Writing R Extensions’
    manual.
Flavor: r-release-osx-x86_64-snowleopard