CRAN Package Check Results for Package RcmdrPlugin.UCA

Last updated on 2014-08-29 21:47:48.

Flavor Version Tinstall Tcheck Ttotal Status Flags
r-devel-linux-x86_64-debian-clang 1.0-2 1.66 30.38 32.05 NOTE
r-devel-linux-x86_64-debian-gcc 1.0-2 1.71 29.90 31.60 NOTE
r-devel-linux-x86_64-fedora-clang 1.0-2 57.25 NOTE
r-devel-linux-x86_64-fedora-gcc 1.0-2 50.98 NOTE
r-devel-osx-x86_64-clang 1.0-2 53.32 NOTE
r-devel-windows-ix86+x86_64 1.0-2 32.00 58.00 90.00 NOTE
r-patched-linux-x86_64 1.0-2 1.78 31.07 32.85 NOTE
r-patched-solaris-sparc 1.0-2 163.40 NOTE
r-patched-solaris-x86 1.0-2 78.10 NOTE
r-release-linux-ix86 1.0-2 2.49 34.13 36.62 NOTE
r-release-linux-x86_64 1.0-2 1.95 32.41 34.36 NOTE
r-release-osx-x86_64-mavericks 1.0-2 NOTE
r-release-osx-x86_64-snowleopard 1.0-2 OK
r-release-windows-ix86+x86_64 1.0-2 35.00 74.00 109.00 NOTE
r-oldrel-windows-ix86+x86_64 1.0-2 32.00 68.00 100.00 NOTE

Check Details

Version: 1.0-2
Check: dependencies in R code
Result: NOTE
    Package in Depends field not imported from: ‘Rcmdr’
     These packages need to be imported from (in the NAMESPACE file)
     for when this namespace is loaded but not attached.
    See the information on DESCRIPTION files in the chapter ‘Creating R
    packages’ of the ‘Writing R Extensions’ manual.
Flavors: r-devel-linux-x86_64-debian-clang, r-devel-linux-x86_64-debian-gcc, r-devel-linux-x86_64-fedora-clang, r-devel-linux-x86_64-fedora-gcc, r-devel-osx-x86_64-clang, r-devel-windows-ix86+x86_64, r-patched-linux-x86_64, r-patched-solaris-sparc, r-patched-solaris-x86, r-release-linux-ix86, r-release-linux-x86_64, r-release-osx-x86_64-mavericks, r-release-windows-ix86+x86_64, r-oldrel-windows-ix86+x86_64

Version: 1.0-2
Check: R code for possible problems
Result: NOTE
    .onAttach: no visible global function definition for ‘getRcmdr’
    .onAttach: no visible global function definition for ‘closeCommander’
    .onAttach: no visible global function definition for ‘Commander’
    Rcmdr.droplevels: no visible global function definition for
     ‘activeDataSet’
    Rcmdr.droplevels: no visible global function definition for
     ‘initializeDialog’
    Rcmdr.droplevels: no visible global function definition for ‘tkframe’
    Rcmdr.droplevels: no visible global function definition for ‘tclVar’
    Rcmdr.droplevels: no visible global function definition for
     ‘tkcheckbutton’
    Rcmdr.droplevels: no visible global function definition for
     ‘variableListBox’
    Rcmdr.droplevels: no visible global function definition for ‘Factors’
    Rcmdr.droplevels: no visible global function definition for
     ‘gettextRcmdr’
    Rcmdr.droplevels: no visible global function definition for ‘ttkentry’
    Rcmdr.droplevels : onOK: no visible global function definition for
     ‘trim.blanks’
    Rcmdr.droplevels : onOK: no visible global function definition for
     ‘tclvalue’
    Rcmdr.droplevels : onOK: no visible global function definition for
     ‘gettextRcmdr’
    Rcmdr.droplevels : onOK: no visible global function definition for
     ‘ActiveDataSet’
    Rcmdr.droplevels : onOK: no visible global function definition for
     ‘is.valid.name’
    Rcmdr.droplevels : onOK: no visible global function definition for
     ‘errorCondition’
    Rcmdr.droplevels : onOK: no visible global function definition for
     ‘listDataSets’
    Rcmdr.droplevels : onOK: no visible global function definition for
     ‘checkReplace’
    Rcmdr.droplevels : onOK: no visible global function definition for
     ‘closeDialog’
    Rcmdr.droplevels : onOK: no visible global function definition for
     ‘getSelection’
    Rcmdr.droplevels : onOK: no visible global function definition for
     ‘logger’
    Rcmdr.droplevels : onOK: no visible global function definition for
     ‘justDoIt’
    Rcmdr.droplevels : onOK: no visible global function definition for
     ‘activeDataSet’
    Rcmdr.droplevels : onOK: no visible global function definition for
     ‘tkfocus’
    Rcmdr.droplevels : onOK: no visible global function definition for
     ‘CommanderWindow’
    Rcmdr.droplevels: no visible global function definition for
     ‘OKCancelHelp’
    Rcmdr.droplevels: no visible global function definition for ‘tkgrid’
    Rcmdr.droplevels: no visible global function definition for
     ‘labelRcmdr’
    Rcmdr.droplevels: no visible global function definition for ‘getFrame’
    Rcmdr.droplevels: no visible global function definition for
     ‘dialogSuffix’
Flavors: r-devel-linux-x86_64-debian-clang, r-devel-linux-x86_64-debian-gcc, r-devel-linux-x86_64-fedora-clang, r-devel-linux-x86_64-fedora-gcc, r-devel-osx-x86_64-clang, r-devel-windows-ix86+x86_64