CRAN Package Check Results for Package RcmdrPlugin.UCA

Last updated on 2014-07-26 19:50:28.

Flavor Version Tinstall Tcheck Ttotal Status Flags
r-devel-linux-x86_64-debian-clang 1.0-2 0.82 11.83 12.65 NOTE
r-devel-linux-x86_64-debian-gcc 1.0-2 0.81 11.49 12.30 NOTE
r-devel-linux-x86_64-fedora-clang 1.0-2 25.20 NOTE
r-devel-linux-x86_64-fedora-gcc 1.0-2 23.78 NOTE
r-devel-osx-x86_64-clang 1.0-2 31.79 NOTE
r-devel-windows-ix86+x86_64 1.0-2 18.00 28.00 46.00 NOTE
r-patched-linux-x86_64 1.0-2 0.83 11.70 12.54 NOTE
r-patched-solaris-sparc 1.0-2 148.50 NOTE
r-patched-solaris-x86 1.0-2 39.10 NOTE
r-release-linux-ix86 1.0-2 1.35 19.33 20.68 NOTE
r-release-linux-x86_64 1.0-2 0.91 11.90 12.81 NOTE
r-release-osx-x86_64-mavericks 1.0-2 NOTE
r-release-osx-x86_64-snowleopard 1.0-2 OK
r-release-windows-ix86+x86_64 1.0-2 22.00 35.00 57.00 NOTE
r-oldrel-windows-ix86+x86_64 1.0-2 17.00 33.00 50.00 NOTE

Check Details

Version: 1.0-2
Check: dependencies in R code
Result: NOTE
    Package in Depends field not imported from: ‘Rcmdr’
     These packages need to be imported from (in the NAMESPACE file)
     for when this namespace is loaded but not attached.
    See the information on DESCRIPTION files in the chapter ‘Creating R
    packages’ of the ‘Writing R Extensions’ manual.
Flavors: r-devel-linux-x86_64-debian-clang, r-devel-linux-x86_64-debian-gcc, r-devel-linux-x86_64-fedora-clang, r-devel-linux-x86_64-fedora-gcc, r-devel-osx-x86_64-clang, r-devel-windows-ix86+x86_64, r-patched-linux-x86_64, r-patched-solaris-sparc, r-patched-solaris-x86, r-release-linux-ix86, r-release-linux-x86_64, r-release-osx-x86_64-mavericks, r-release-windows-ix86+x86_64, r-oldrel-windows-ix86+x86_64