CRAN Package Check Results for Package RcmdrPlugin.UCA

Last updated on 2016-12-02 18:47:48.

Flavor Version Tinstall Tcheck Ttotal Status Flags
r-devel-linux-x86_64-debian-clang 3.1-2 5.08 52.60 57.68 OK
r-devel-linux-x86_64-debian-gcc 3.1-2 5.00 53.30 58.29 OK
r-devel-linux-x86_64-fedora-clang 3.1-2 136.35 OK
r-devel-linux-x86_64-fedora-gcc 3.1-2 135.28 OK --no-stop-on-test-error
r-devel-macos-x86_64-clang 3.1-2 104.11 NOTE
r-devel-windows-ix86+x86_64 3.1-2 45.00 106.00 151.00 OK
r-patched-linux-x86_64 3.1-2 4.47 46.72 51.19 OK
r-patched-solaris-sparc 3.1-2 645.90 OK
r-patched-solaris-x86 3.1-2 155.10 OK
r-release-linux-x86_64 3.1-2 4.57 46.35 50.92 OK
r-release-osx-x86_64-mavericks 3.1-2 OK
r-release-windows-ix86+x86_64 3.1-2 41.00 157.00 198.00 OK
r-oldrel-windows-ix86+x86_64 3.1-2 38.00 173.00 211.00 OK

Check Details

Version: 3.1-2
Check: R code for possible problems
Result: NOTE
    
    This data.table install has not detected OpenMP support. It will work but slower in single threaded mode.
Flavor: r-devel-macos-x86_64-clang