CRAN Package Check Results for Package RcmdrPlugin.UCA

Last updated on 2017-05-25 13:47:18.

Flavor Version Tinstall Tcheck Ttotal Status Flags
r-devel-linux-x86_64-debian-clang 4.1-1 5.73 56.23 61.96 OK
r-devel-linux-x86_64-debian-gcc 4.1-1 4.81 56.60 61.40 OK
r-devel-linux-x86_64-fedora-clang 4.1-1 129.10 OK --no-stop-on-test-error
r-devel-linux-x86_64-fedora-gcc 4.1-1 126.12 OK --no-stop-on-test-error
r-devel-windows-ix86+x86_64 4.1-1 47.00 131.00 178.00 OK
r-patched-linux-x86_64 4.1-1 5.14 56.44 61.59 OK
r-patched-solaris-sparc 4.1-1 709.00 OK --no-stop-on-test-error
r-patched-solaris-x86 4.1-1 157.40 OK --no-stop-on-test-error
r-release-linux-x86_64 4.1-1 4.93 56.05 60.98 OK
r-release-windows-ix86+x86_64 4.1-1 43.00 182.00 225.00 ERROR
r-release-osx-x86_64 4.1-1 OK
r-oldrel-windows-ix86+x86_64 4.1-1 6.00 5.00 11.00 ERROR
r-oldrel-osx-x86_64 4.1-1 OK

Check Details

Version: 4.1-1
Check: whether package can be installed
Result: ERROR
    Installation failed.
Flavors: r-release-windows-ix86+x86_64, r-oldrel-windows-ix86+x86_64