CRAN Package Check Results for Package RcmdrPlugin.UCA

Last updated on 2014-04-18 17:48:08.

Flavor Version Tinstall Tcheck Ttotal Status Flags
r-devel-linux-x86_64-debian-clang 1.0-2 1.04 12.39 13.43 NOTE
r-devel-linux-x86_64-debian-gcc NOTE
r-devel-linux-x86_64-fedora-clang 1.0-2 25.35 NOTE
r-devel-linux-x86_64-fedora-gcc 1.0-2 23.63 NOTE
r-devel-macosx-x86_64-clang 1.0-2 33.44 NOTE
r-devel-macosx-x86_64-gcc 1.0-2 ERROR
r-devel-windows-ix86+x86_64 1.0-2 19.00 30.00 49.00 NOTE
r-patched-linux-x86_64 1.0-2 0.86 12.62 13.48 NOTE
r-patched-solaris-sparc 1.0-2 148.50 NOTE
r-patched-solaris-x86 1.0-2 48.80 NOTE
r-release-linux-ix86 1.0-2 2.00 28.00 30.00 NOTE
r-release-linux-x86_64 1.0-2 0.88 12.41 13.29 NOTE
r-release-macosx-x86_64 1.0-2 OK
r-release-windows-ix86+x86_64 1.0-2 20.00 31.00 51.00 NOTE
r-oldrel-windows-ix86+x86_64 1.0-2 18.00 30.00 48.00 NOTE

Check Details

Version: 1.0-2
Check: dependencies in R code
Result: NOTE
    Package in Depends field not imported from: ‘Rcmdr’
     These packages need to be imported from (in the NAMESPACE file)
     for when this namespace is loaded but not attached.
    See the information on DESCRIPTION files in the chapter ‘Creating R
    packages’ of the ‘Writing R Extensions’ manual.
Flavors: r-devel-linux-x86_64-debian-clang, r-devel-linux-x86_64-debian-gcc, r-devel-linux-x86_64-fedora-clang, r-devel-linux-x86_64-fedora-gcc, r-devel-macosx-x86_64-clang, r-devel-windows-ix86+x86_64, r-patched-linux-x86_64, r-patched-solaris-sparc, r-patched-solaris-x86, r-release-linux-ix86, r-release-linux-x86_64, r-release-windows-ix86+x86_64, r-oldrel-windows-ix86+x86_64

Version: 1.0-2
Check: package dependencies
Result: ERROR
    Package required but not available: ‘Rcmdr’
    
    See the information on DESCRIPTION files in the chapter ‘Creating R
    packages’ of the ‘Writing R Extensions’ manual.
Flavor: r-devel-macosx-x86_64-gcc