CRAN Package Check Results for Package RcmdrPlugin.WorldFlora

Last updated on 2020-09-21 18:07:05 CEST.

Flavor Version Tinstall Tcheck Ttotal Status Flags
r-devel-linux-x86_64-debian-clang 1.0 16.62 114.66 131.28 OK
r-devel-linux-x86_64-debian-gcc 1.0 12.88 86.64 99.52 OK
r-devel-linux-x86_64-fedora-clang 1.1 185.51 OK
r-devel-linux-x86_64-fedora-gcc 1.1 179.45 OK
r-devel-windows-ix86+x86_64 1.0 36.00 113.00 149.00 OK
r-patched-linux-x86_64 1.0 10.43 110.53 120.96 OK
r-patched-solaris-x86 1.1 248.50 OK
r-release-linux-x86_64 1.0 14.11 111.87 125.98 OK
r-release-macos-x86_64 1.0 OK
r-release-windows-ix86+x86_64 1.0 35.00 135.00 170.00 OK
r-oldrel-macos-x86_64 1.0 WARN
r-oldrel-windows-ix86+x86_64 1.0 20.00 117.00 137.00 OK

Check Details

Version: 1.0
Check: dependencies in R code
Result: NOTE
    No protocol specified
    No protocol specified
Flavor: r-oldrel-macos-x86_64

Version: 1.0
Check: S3 generic/method consistency
Result: WARN
    No protocol specified
    No protocol specified
    See section ‘Generic functions and methods’ in the ‘Writing R
    Extensions’ manual.
Flavor: r-oldrel-macos-x86_64

Version: 1.0
Check: replacement functions
Result: WARN
    No protocol specified
    No protocol specified
    The argument of a replacement function which corresponds to the right
    hand side must be named ‘value’.
Flavor: r-oldrel-macos-x86_64

Version: 1.0
Check: foreign function calls
Result: NOTE
    No protocol specified
    No protocol specified
    See chapter ‘System and foreign language interfaces’ in the ‘Writing R
    Extensions’ manual.
Flavor: r-oldrel-macos-x86_64

Version: 1.0
Check: R code for possible problems
Result: NOTE
    No protocol specified
    No protocol specified
Flavor: r-oldrel-macos-x86_64

Version: 1.0
Check: for missing documentation entries
Result: WARN
    No protocol specified
    No protocol specified
    All user-level objects in a package should have documentation entries.
    See chapter ‘Writing R documentation files’ in the ‘Writing R
    Extensions’ manual.
Flavor: r-oldrel-macos-x86_64

Version: 1.0
Check: for code/documentation mismatches
Result: WARN
    No protocol specified
    No protocol specified
    No protocol specified
    No protocol specified
    No protocol specified
    No protocol specified
Flavor: r-oldrel-macos-x86_64

Version: 1.0
Check: Rd \usage sections
Result: NOTE
    No protocol specified
    No protocol specified
    The \usage entries for S3 methods should use the \method markup and not
    their full name.
    See chapter ‘Writing R documentation files’ in the ‘Writing R
    Extensions’ manual.
Flavor: r-oldrel-macos-x86_64