CRAN Package Check Results for Package RcmdrPlugin.aRnova

Last updated on 2020-09-23 01:57:42 CEST.

Flavor Version Tinstall Tcheck Ttotal Status Flags
r-devel-linux-x86_64-debian-clang 0.0.5 17.72 117.79 135.51 OK
r-devel-linux-x86_64-debian-gcc 0.0.5 14.68 90.29 104.97 OK
r-devel-linux-x86_64-fedora-clang 0.0.5 192.64 NOTE
r-devel-linux-x86_64-fedora-gcc 0.0.5 189.67 OK
r-devel-windows-ix86+x86_64 0.0.5 37.00 148.00 185.00 OK
r-patched-linux-x86_64 0.0.5 13.31 115.18 128.49 OK
r-patched-solaris-x86 0.0.5 275.80 OK
r-release-linux-x86_64 0.0.5 14.53 115.68 130.21 OK
r-release-macos-x86_64 0.0.5 OK
r-release-windows-ix86+x86_64 0.0.5 39.00 142.00 181.00 OK
r-oldrel-macos-x86_64 0.0.5 OK
r-oldrel-windows-ix86+x86_64 0.0.5 24.00 119.00 143.00 OK

Check Details

Version: 0.0.5
Check: Rd cross-references
Result: NOTE
    Undeclared package ‘car’ in Rd xrefs
Flavor: r-devel-linux-x86_64-fedora-clang