CRAN Package Check Results for Package RcmdrPlugin.coin

Last updated on 2016-04-30 06:47:38.

Flavor Version Tinstall Tcheck Ttotal Status Flags
r-devel-linux-x86_64-debian-gcc 1.0-22 5.02 55.62 60.64 NOTE
r-devel-linux-x86_64-fedora-clang 1.0-22 120.02 NOTE
r-devel-linux-x86_64-fedora-gcc 1.0-22 116.36 NOTE
r-devel-osx-x86_64-clang 1.0-22 135.58 NOTE
r-devel-windows-ix86+x86_64 1.0-22 34.00 108.00 142.00 NOTE
r-patched-linux-x86_64 1.0-22 5.02 56.70 61.72 NOTE
r-patched-solaris-sparc 1.0-22 745.70 NOTE
r-patched-solaris-x86 1.0-22 169.80 NOTE
r-release-linux-x86_64 1.0-22 5.47 61.24 66.71 OK
r-release-osx-x86_64-mavericks 1.0-22 OK
r-release-windows-ix86+x86_64 1.0-22 40.00 111.00 151.00 OK
r-oldrel-windows-ix86+x86_64 1.0-22 52.00 199.00 251.00 OK

Check Details

Version: 1.0-22
Check: R code for possible problems
Result: NOTE
    enterTableMHTest : onOK: no visible global function definition for
     ‘na.omit’
    startStop: no visible global function definition for ‘na.omit’
    Undefined global functions or variables:
     na.omit
    Consider adding
     importFrom("stats", "na.omit")
    to your NAMESPACE file.
Flavors: r-devel-linux-x86_64-debian-gcc, r-devel-linux-x86_64-fedora-clang, r-devel-linux-x86_64-fedora-gcc, r-devel-osx-x86_64-clang, r-devel-windows-ix86+x86_64, r-patched-linux-x86_64, r-patched-solaris-sparc, r-patched-solaris-x86