CRAN Package Check Results for Package RcmdrPlugin.coin

Last updated on 2017-04-26 23:53:18.

Flavor Version Tinstall Tcheck Ttotal Status Flags
r-devel-linux-x86_64-debian-clang 1.0-22 5.52 65.49 71.00 NOTE
r-devel-linux-x86_64-debian-gcc 1.0-22 5.24 64.80 70.03 NOTE
r-devel-linux-x86_64-fedora-clang 1.0-22 152.47 NOTE --no-stop-on-test-error
r-devel-linux-x86_64-fedora-gcc 1.0-22 148.26 NOTE --no-stop-on-test-error
r-devel-windows-ix86+x86_64 1.0-22 55.00 178.00 233.00 NOTE
r-patched-linux-x86_64 1.0-22 5.54 66.11 71.65 NOTE
r-patched-solaris-sparc 1.0-22 850.70 NOTE
r-patched-solaris-x86 1.0-22 211.10 NOTE
r-release-linux-x86_64 1.0-22 5.40 65.02 70.41 NOTE
r-release-windows-ix86+x86_64 1.0-22 45.00 131.00 176.00 NOTE
r-release-osx-x86_64 1.0-22 NOTE
r-oldrel-windows-ix86+x86_64 1.0-22 37.00 198.00 235.00 NOTE
r-oldrel-osx-x86_64 1.0-22 WARN

Check Details

Version: 1.0-22
Check: R code for possible problems
Result: NOTE
    enterTableMHTest : onOK: no visible global function definition for
     ‘na.omit’
    startStop: no visible global function definition for ‘na.omit’
    Undefined global functions or variables:
     na.omit
    Consider adding
     importFrom("stats", "na.omit")
    to your NAMESPACE file.
Flavors: r-devel-linux-x86_64-debian-clang, r-devel-linux-x86_64-debian-gcc, r-devel-windows-ix86+x86_64, r-patched-linux-x86_64, r-patched-solaris-sparc, r-patched-solaris-x86, r-release-linux-x86_64, r-release-windows-ix86+x86_64, r-release-osx-x86_64, r-oldrel-windows-ix86+x86_64

Version: 1.0-22
Flags: --no-stop-on-test-error
Check: R code for possible problems
Result: NOTE
    enterTableMHTest : onOK: no visible global function definition for
     ‘na.omit’
    startStop: no visible global function definition for ‘na.omit’
    Undefined global functions or variables:
     na.omit
    Consider adding
     importFrom("stats", "na.omit")
    to your NAMESPACE file.
Flavors: r-devel-linux-x86_64-fedora-clang, r-devel-linux-x86_64-fedora-gcc

Version: 1.0-22
Check: dependencies in R code
Result: NOTE
    Invalid MIT-MAGIC-COOKIE-1 key
Flavor: r-oldrel-osx-x86_64

Version: 1.0-22
Check: S3 generic/method consistency
Result: WARN
    Invalid MIT-MAGIC-COOKIE-1 key
    See section ‘Generic functions and methods’ in the ‘Writing R
    Extensions’ manual.
Flavor: r-oldrel-osx-x86_64

Version: 1.0-22
Check: replacement functions
Result: WARN
    Invalid MIT-MAGIC-COOKIE-1 key
    The argument of a replacement function which corresponds to the right
    hand side must be named ‘value’.
Flavor: r-oldrel-osx-x86_64

Version: 1.0-22
Check: foreign function calls
Result: NOTE
    Invalid MIT-MAGIC-COOKIE-1 key
    See chapter ‘System and foreign language interfaces’ in the ‘Writing R
    Extensions’ manual.
Flavor: r-oldrel-osx-x86_64

Version: 1.0-22
Check: R code for possible problems
Result: NOTE
    Invalid MIT-MAGIC-COOKIE-1 keyenterTableMHTest : onOK: no visible global function definition for
     ‘na.omit’
    startStop: no visible global function definition for ‘na.omit’
    Undefined global functions or variables:
     na.omit
    Consider adding
     importFrom("stats", "na.omit")
    to your NAMESPACE file.
Flavor: r-oldrel-osx-x86_64

Version: 1.0-22
Check: for missing documentation entries
Result: WARN
    Invalid MIT-MAGIC-COOKIE-1 key
    All user-level objects in a package should have documentation entries.
    See chapter ‘Writing R documentation files’ in the ‘Writing R
    Extensions’ manual.
Flavor: r-oldrel-osx-x86_64

Version: 1.0-22
Check: for code/documentation mismatches
Result: WARN
    Invalid MIT-MAGIC-COOKIE-1 key
    Invalid MIT-MAGIC-COOKIE-1 key
    Invalid MIT-MAGIC-COOKIE-1 key
Flavor: r-oldrel-osx-x86_64

Version: 1.0-22
Check: Rd \usage sections
Result: NOTE
    Invalid MIT-MAGIC-COOKIE-1 key
    The \usage entries for S3 methods should use the \method markup and not
    their full name.
    See chapter ‘Writing R documentation files’ in the ‘Writing R
    Extensions’ manual.
Flavor: r-oldrel-osx-x86_64