CRAN Package Check Results for Package RcmdrPlugin.coin

Last updated on 2016-02-12 09:50:53.

Flavor Version Tinstall Tcheck Ttotal Status Flags
r-devel-linux-x86_64-debian-gcc 1.0-22 5.26 55.48 60.74 NOTE
r-devel-linux-x86_64-fedora-clang 1.0-22 121.15 NOTE
r-devel-linux-x86_64-fedora-gcc 1.0-22 115.10 NOTE
r-devel-osx-x86_64-clang 1.0-22 133.48 NOTE
r-devel-windows-ix86+x86_64 1.0-22 42.00 103.00 145.00 NOTE
r-patched-linux-x86_64 1.0-22 5.67 59.94 65.61 OK
r-patched-solaris-sparc 1.0-22 741.60 OK
r-patched-solaris-x86 1.0-22 184.80 OK
r-release-linux-x86_64 1.0-22 5.22 59.33 64.55 OK
r-release-osx-x86_64-mavericks 1.0-22 OK
r-release-windows-ix86+x86_64 1.0-22 51.00 101.00 152.00 OK
r-oldrel-windows-ix86+x86_64 1.0-22 73.00 222.00 295.00 OK

Check Details

Version: 1.0-22
Check: R code for possible problems
Result: NOTE
    enterTableMHTest : onOK: no visible global function definition for
     ‘na.omit’
    startStop: no visible global function definition for ‘na.omit’
    Undefined global functions or variables:
     na.omit
    Consider adding
     importFrom("stats", "na.omit")
    to your NAMESPACE file.
Flavors: r-devel-linux-x86_64-debian-gcc, r-devel-linux-x86_64-fedora-clang, r-devel-linux-x86_64-fedora-gcc, r-devel-osx-x86_64-clang, r-devel-windows-ix86+x86_64