CRAN Package Check Results for Package RcmdrPlugin.coin

Last updated on 2014-10-24 19:47:48.

Flavor Version Tinstall Tcheck Ttotal Status Flags
r-devel-linux-x86_64-debian-clang 1.0-22 2.36 52.06 54.42 OK
r-devel-linux-x86_64-debian-gcc 1.0-22 2.37 52.12 54.49 OK
r-devel-linux-x86_64-fedora-clang 1.0-22 84.60 OK
r-devel-linux-x86_64-fedora-gcc 1.0-22 78.69 OK
r-devel-osx-x86_64-clang 1.0-22 83.01 OK
r-devel-windows-ix86+x86_64 1.0-22 39.00 87.00 126.00 OK
r-patched-linux-x86_64 1.0-22 2.99 51.74 54.73 OK
r-patched-solaris-sparc 1.0-22 443.50 OK
r-patched-solaris-x86 1.0-22 134.60 OK
r-release-linux-ix86 1.0-22 0.45 1.76 2.21 ERROR
r-release-linux-x86_64 1.0-22 3.08 52.82 55.90 OK
r-release-osx-x86_64-mavericks 1.0-22 OK
r-release-osx-x86_64-snowleopard 1.0-22 OK
r-release-windows-ix86+x86_64 1.0-22 35.00 97.00 132.00 OK
r-oldrel-windows-ix86+x86_64 1.0-22 39.00 93.00 132.00 OK

Check Details

Version: 1.0-22
Check: package dependencies
Result: ERROR
    Package required but not available: ‘Rcmdr’
    
    See the information on DESCRIPTION files in the chapter ‘Creating R
    packages’ of the ‘Writing R Extensions’ manual.
Flavor: r-release-linux-ix86