CRAN Package Check Results for Package RcmdrPlugin.coin

Last updated on 2020-08-14 02:47:19 CEST.

Flavor Version Tinstall Tcheck Ttotal Status Flags
r-devel-linux-x86_64-debian-clang 1.0-22 18.85 133.45 152.30 NOTE
r-devel-linux-x86_64-debian-gcc 1.0-22 15.68 100.34 116.02 NOTE
r-devel-linux-x86_64-fedora-clang 1.0-22 191.05 NOTE
r-devel-linux-x86_64-fedora-gcc 1.0-22 186.42 NOTE
r-devel-windows-ix86+x86_64 1.0-22 74.00 166.00 240.00 NOTE
r-patched-linux-x86_64 1.0-22 13.11 129.54 142.65 NOTE
r-patched-solaris-x86 1.0-22 287.50 NOTE
r-release-linux-x86_64 1.0-22 19.30 129.01 148.31 NOTE
r-release-macos-x86_64 1.0-22 NOTE
r-release-windows-ix86+x86_64 1.0-22 72.00 264.00 336.00 NOTE
r-oldrel-macos-x86_64 1.0-22 NOTE
r-oldrel-windows-ix86+x86_64 1.0-22 50.00 156.00 206.00 NOTE

Check Details

Version: 1.0-22
Check: R code for possible problems
Result: NOTE
    enterTableMHTest : onOK: no visible global function definition for
     'na.omit'
    startStop: no visible global function definition for 'na.omit'
    Undefined global functions or variables:
     na.omit
    Consider adding
     importFrom("stats", "na.omit")
    to your NAMESPACE file.
Flavors: r-devel-linux-x86_64-debian-clang, r-devel-linux-x86_64-debian-gcc, r-devel-linux-x86_64-fedora-clang, r-devel-linux-x86_64-fedora-gcc, r-devel-windows-ix86+x86_64, r-patched-linux-x86_64, r-patched-solaris-x86, r-release-linux-x86_64, r-release-macos-x86_64, r-release-windows-ix86+x86_64, r-oldrel-macos-x86_64, r-oldrel-windows-ix86+x86_64