CRAN Package Check Results for Package RcmdrPlugin.coin

Last updated on 2015-07-04 11:49:58.

Flavor Version Tinstall Tcheck Ttotal Status Flags
r-devel-linux-x86_64-debian-clang 1.0-22 4.59 56.89 61.48 NOTE
r-devel-linux-x86_64-debian-gcc 1.0-22 5.29 53.79 59.08 NOTE
r-devel-linux-x86_64-fedora-clang 1.0-22 125.81 NOTE
r-devel-linux-x86_64-fedora-gcc 1.0-22 124.44 NOTE
r-devel-osx-x86_64-clang 1.0-22 116.19 OK
r-devel-windows-ix86+x86_64 1.0-22 34.00 93.00 127.00 NOTE
r-patched-linux-x86_64 1.0-22 4.66 55.97 60.63 OK
r-patched-solaris-sparc 1.0-22 724.40 OK
r-patched-solaris-x86 1.0-22 185.10 OK
r-release-linux-x86_64 1.0-22 5.14 55.66 60.80 OK
r-release-osx-x86_64-mavericks 1.0-22 OK
r-release-windows-ix86+x86_64 1.0-22 50.00 80.00 130.00 OK
r-oldrel-windows-ix86+x86_64 1.0-22 58.00 176.00 234.00 OK

Check Details

Version: 1.0-22
Check: R code for possible problems
Result: NOTE
    enterTableMHTest : onOK: no visible global function definition for
     ‘na.omit’
    startStop: no visible global function definition for ‘na.omit’
    Undefined global functions or variables:
     na.omit
Flavors: r-devel-linux-x86_64-debian-clang, r-devel-linux-x86_64-debian-gcc, r-devel-linux-x86_64-fedora-clang, r-devel-linux-x86_64-fedora-gcc, r-devel-windows-ix86+x86_64