CRAN Package Check Results for Package RcmdrPlugin.coin

Last updated on 2018-05-24 14:47:03 CEST.

Flavor Version Tinstall Tcheck Ttotal Status Flags
r-devel-linux-x86_64-debian-clang 1.0-22 11.50 103.05 114.55 NOTE
r-devel-linux-x86_64-debian-gcc 1.0-22 8.66 89.78 98.44 NOTE
r-devel-linux-x86_64-fedora-clang 1.0-22 156.81 NOTE
r-devel-linux-x86_64-fedora-gcc 1.0-22 151.04 NOTE
r-devel-windows-ix86+x86_64 1.0-22 49.00 140.00 189.00 NOTE
r-patched-linux-x86_64 1.0-22 9.07 96.19 105.26 NOTE
r-patched-solaris-x86 1.0-22 216.90 NOTE
r-release-linux-x86_64 1.0-22 9.01 95.67 104.68 NOTE
r-release-windows-ix86+x86_64 1.0-22 54.00 195.00 249.00 NOTE
r-release-osx-x86_64 1.0-22 NOTE
r-oldrel-windows-ix86+x86_64 1.0-22 51.00 133.00 184.00 NOTE
r-oldrel-osx-x86_64 1.0-22 NOTE

Check Details

Version: 1.0-22
Check: R code for possible problems
Result: NOTE
    enterTableMHTest : onOK: no visible global function definition for
     ‘na.omit’
    startStop: no visible global function definition for ‘na.omit’
    Undefined global functions or variables:
     na.omit
    Consider adding
     importFrom("stats", "na.omit")
    to your NAMESPACE file.
Flavors: r-devel-linux-x86_64-debian-clang, r-devel-linux-x86_64-debian-gcc, r-devel-linux-x86_64-fedora-clang, r-devel-linux-x86_64-fedora-gcc, r-devel-windows-ix86+x86_64, r-patched-linux-x86_64, r-patched-solaris-x86, r-release-linux-x86_64, r-release-windows-ix86+x86_64, r-release-osx-x86_64, r-oldrel-windows-ix86+x86_64, r-oldrel-osx-x86_64