CRAN Package Check Results for Package RcmdrPlugin.coin

Last updated on 2015-08-04 03:48:17.

Flavor Version Tinstall Tcheck Ttotal Status Flags
r-devel-linux-x86_64-debian-clang 1.0-22 4.84 58.02 62.86 NOTE
r-devel-linux-x86_64-debian-gcc 1.0-22 5.14 55.77 60.91 NOTE
r-devel-linux-x86_64-fedora-clang 1.0-22 130.84 NOTE
r-devel-linux-x86_64-fedora-gcc 1.0-22 121.03 NOTE
r-devel-osx-x86_64-clang 1.0-22 111.14 OK
r-devel-windows-ix86+x86_64 1.0-22 45.00 101.00 146.00 NOTE
r-patched-linux-x86_64 1.0-22 4.84 44.99 49.84 OK
r-patched-solaris-sparc 1.0-22 746.60 OK
r-patched-solaris-x86 1.0-22 188.20 OK
r-release-linux-x86_64 1.0-22 7.06 44.61 51.67 OK
r-release-osx-x86_64-mavericks 1.0-22 OK
r-release-windows-ix86+x86_64 1.0-22 43.00 94.00 137.00 OK
r-oldrel-windows-ix86+x86_64 1.0-22 61.00 174.00 235.00 OK

Check Details

Version: 1.0-22
Check: R code for possible problems
Result: NOTE
    enterTableMHTest : onOK: no visible global function definition for
     ‘na.omit’
    startStop: no visible global function definition for ‘na.omit’
    Undefined global functions or variables:
     na.omit
    Consider adding
     importFrom("stats", "na.omit")
    to your NAMESPACE.
Flavors: r-devel-linux-x86_64-debian-clang, r-devel-linux-x86_64-debian-gcc, r-devel-linux-x86_64-fedora-clang, r-devel-linux-x86_64-fedora-gcc, r-devel-windows-ix86+x86_64