CRAN Package Check Results for Package RcmdrPlugin.coin

Last updated on 2015-09-01 05:48:30.

Flavor Version Tinstall Tcheck Ttotal Status Flags
r-devel-linux-x86_64-debian-clang 1.0-22 4.70 56.69 61.39 NOTE
r-devel-linux-x86_64-debian-gcc 1.0-22 4.78 55.52 60.31 NOTE
r-devel-linux-x86_64-fedora-clang 1.0-22 127.27 NOTE
r-devel-linux-x86_64-fedora-gcc 1.0-22 123.72 NOTE
r-devel-osx-x86_64-clang 1.0-22 113.67 OK
r-devel-windows-ix86+x86_64 1.0-22 48.00 109.00 157.00 NOTE
r-patched-linux-x86_64 1.0-22 5.44 59.82 65.26 OK
r-patched-solaris-sparc 1.0-22 746.60 OK
r-patched-solaris-x86 1.0-22 192.60 OK
r-release-linux-x86_64 1.0-22 5.32 59.09 64.41 OK
r-release-osx-x86_64-mavericks 1.0-22 OK
r-release-windows-ix86+x86_64 1.0-22 50.00 112.00 162.00 OK
r-oldrel-windows-ix86+x86_64 1.0-22 72.00 199.00 271.00 OK

Check Details

Version: 1.0-22
Check: R code for possible problems
Result: NOTE
    enterTableMHTest : onOK: no visible global function definition for
     ‘na.omit’
    startStop: no visible global function definition for ‘na.omit’
    Undefined global functions or variables:
     na.omit
    Consider adding
     importFrom("stats", "na.omit")
    to your NAMESPACE.
Flavors: r-devel-linux-x86_64-debian-clang, r-devel-linux-x86_64-debian-gcc, r-devel-linux-x86_64-fedora-clang, r-devel-linux-x86_64-fedora-gcc, r-devel-windows-ix86+x86_64