CRAN Package Check Results for Package RcmdrPlugin.coin

Last updated on 2016-12-08 06:48:33.

Flavor Version Tinstall Tcheck Ttotal Status Flags
r-devel-linux-x86_64-debian-clang 1.0-22 5.19 62.85 68.04 NOTE
r-devel-linux-x86_64-debian-gcc 1.0-22 5.30 62.36 67.65 NOTE
r-devel-linux-x86_64-fedora-clang 1.0-22 160.52 NOTE --no-stop-on-test-error
r-devel-linux-x86_64-fedora-gcc 1.0-22 154.24 NOTE --no-stop-on-test-error
r-devel-macos-x86_64-clang 1.0-22 117.09 NOTE --no-stop-on-test-error
r-devel-windows-ix86+x86_64 1.0-22 42.00 115.00 157.00 NOTE
r-patched-linux-x86_64 1.0-22 5.14 56.76 61.91 NOTE
r-patched-solaris-sparc 1.0-22 749.50 NOTE
r-patched-solaris-x86 1.0-22 180.40 NOTE
r-release-linux-x86_64 1.0-22 5.40 56.86 62.27 NOTE
r-release-osx-x86_64-mavericks 1.0-22 WARN
r-release-windows-ix86+x86_64 1.0-22 41.00 104.00 145.00 NOTE
r-oldrel-windows-ix86+x86_64 1.0-22 44.00 116.00 160.00 OK

Check Details

Version: 1.0-22
Check: R code for possible problems
Result: NOTE
    enterTableMHTest : onOK: no visible global function definition for
     ‘na.omit’
    startStop: no visible global function definition for ‘na.omit’
    Undefined global functions or variables:
     na.omit
    Consider adding
     importFrom("stats", "na.omit")
    to your NAMESPACE file.
Flavors: r-devel-linux-x86_64-debian-clang, r-devel-linux-x86_64-debian-gcc, r-devel-windows-ix86+x86_64, r-patched-linux-x86_64, r-patched-solaris-sparc, r-patched-solaris-x86, r-release-linux-x86_64, r-release-windows-ix86+x86_64

Version: 1.0-22
Flags: --no-stop-on-test-error
Check: R code for possible problems
Result: NOTE
    enterTableMHTest : onOK: no visible global function definition for
     ‘na.omit’
    startStop: no visible global function definition for ‘na.omit’
    Undefined global functions or variables:
     na.omit
    Consider adding
     importFrom("stats", "na.omit")
    to your NAMESPACE file.
Flavors: r-devel-linux-x86_64-fedora-clang, r-devel-linux-x86_64-fedora-gcc, r-devel-macos-x86_64-clang

Version: 1.0-22
Check: dependencies in R code
Result: NOTE
    Invalid MIT-MAGIC-COOKIE-1 key
Flavor: r-release-osx-x86_64-mavericks

Version: 1.0-22
Check: S3 generic/method consistency
Result: WARN
    Invalid MIT-MAGIC-COOKIE-1 key
    See section ‘Generic functions and methods’ in the ‘Writing R
    Extensions’ manual.
Flavor: r-release-osx-x86_64-mavericks

Version: 1.0-22
Check: replacement functions
Result: WARN
    Invalid MIT-MAGIC-COOKIE-1 key
    The argument of a replacement function which corresponds to the right
    hand side must be named ‘value’.
Flavor: r-release-osx-x86_64-mavericks

Version: 1.0-22
Check: foreign function calls
Result: NOTE
    Invalid MIT-MAGIC-COOKIE-1 key
    See chapter ‘System and foreign language interfaces’ in the ‘Writing R
    Extensions’ manual.
Flavor: r-release-osx-x86_64-mavericks

Version: 1.0-22
Check: R code for possible problems
Result: NOTE
    Invalid MIT-MAGIC-COOKIE-1 keyenterTableMHTest : onOK: no visible global function definition for
     ‘na.omit’
    startStop: no visible global function definition for ‘na.omit’
    Undefined global functions or variables:
     na.omit
    Consider adding
     importFrom("stats", "na.omit")
    to your NAMESPACE file.
Flavor: r-release-osx-x86_64-mavericks

Version: 1.0-22
Check: for missing documentation entries
Result: WARN
    Invalid MIT-MAGIC-COOKIE-1 key
    All user-level objects in a package should have documentation entries.
    See chapter ‘Writing R documentation files’ in the ‘Writing R
    Extensions’ manual.
Flavor: r-release-osx-x86_64-mavericks

Version: 1.0-22
Check: for code/documentation mismatches
Result: WARN
    Invalid MIT-MAGIC-COOKIE-1 key
    Invalid MIT-MAGIC-COOKIE-1 key
    Invalid MIT-MAGIC-COOKIE-1 key
Flavor: r-release-osx-x86_64-mavericks

Version: 1.0-22
Check: Rd \usage sections
Result: NOTE
    Invalid MIT-MAGIC-COOKIE-1 key
    The \usage entries for S3 methods should use the \method markup and not
    their full name.
    See chapter ‘Writing R documentation files’ in the ‘Writing R
    Extensions’ manual.
Flavor: r-release-osx-x86_64-mavericks