CRAN Package Check Results for Package RcmdrPlugin.depthTools

Last updated on 2015-03-02 11:47:31.

Flavor Version Tinstall Tcheck Ttotal Status Flags
r-devel-linux-x86_64-debian-clang 1.3 5.42 46.05 51.47 NOTE
r-devel-linux-x86_64-debian-gcc 1.3 6.38 45.13 51.51 NOTE
r-devel-linux-x86_64-fedora-clang 1.3 105.91 NOTE
r-devel-linux-x86_64-fedora-gcc 1.3 99.78 NOTE
r-devel-osx-x86_64-clang 1.3 96.63 NOTE
r-devel-windows-ix86+x86_64 1.3 45.00 124.00 169.00 NOTE
r-patched-linux-x86_64 1.3 10.72 104.96 115.68 NOTE
r-patched-solaris-sparc 1.3 915.90 NOTE
r-patched-solaris-x86 1.3 257.60 NOTE
r-release-linux-ix86 1.3 7.46 85.88 93.34 NOTE
r-release-linux-x86_64 1.3 12.08 97.54 109.62 NOTE
r-release-osx-x86_64-mavericks 1.3 NOTE
r-release-osx-x86_64-snowleopard 1.3 NOTE
r-release-windows-ix86+x86_64 1.3 68.00 201.00 269.00 NOTE
r-oldrel-windows-ix86+x86_64 1.3 55.00 139.00 194.00 NOTE

Check Details

Version: 1.3
Check: package namespace information
Result: NOTE
     Namespace with empty importFrom: ‘tcltk’
Flavors: r-devel-linux-x86_64-debian-clang, r-devel-linux-x86_64-debian-gcc, r-devel-linux-x86_64-fedora-clang, r-devel-linux-x86_64-fedora-gcc, r-devel-osx-x86_64-clang, r-devel-windows-ix86+x86_64, r-patched-linux-x86_64, r-patched-solaris-sparc, r-patched-solaris-x86, r-release-linux-ix86, r-release-linux-x86_64, r-release-osx-x86_64-mavericks, r-release-windows-ix86+x86_64

Version: 1.3
Check: dependencies in R code
Result: NOTE
    'library' or 'require' calls to packages already attached by Depends:
     ‘depthTools’ ‘tcltk’
     Please remove these calls from your code.
Flavors: r-devel-linux-x86_64-debian-clang, r-devel-linux-x86_64-debian-gcc, r-devel-linux-x86_64-fedora-clang, r-devel-linux-x86_64-fedora-gcc, r-devel-osx-x86_64-clang, r-devel-windows-ix86+x86_64, r-patched-linux-x86_64, r-patched-solaris-sparc, r-patched-solaris-x86

Version: 1.3
Check: R code for possible problems
Result: NOTE
    computeMBD : OnOutput: no visible global function definition for
     ‘tkbutton’
    computeMBD: no visible global function definition for ‘tkbutton’
    computeMBD : OnPlot: no visible global function definition for
     ‘tkcanvas’
    computeMBD : OnPlot: no visible global function definition for
     ‘tkbutton’
    computeTmean: no visible global function definition for ‘tkcanvas’
    computeTmean: no visible global function definition for ‘tkbutton’
    plotCentralCurves: no visible global function definition for ‘tkcanvas’
    plotCentralCurves: no visible global function definition for ‘tkbutton’
Flavors: r-devel-linux-x86_64-debian-clang, r-devel-linux-x86_64-debian-gcc, r-devel-linux-x86_64-fedora-clang, r-devel-linux-x86_64-fedora-gcc, r-devel-osx-x86_64-clang, r-devel-windows-ix86+x86_64, r-patched-linux-x86_64, r-patched-solaris-sparc, r-patched-solaris-x86, r-release-linux-ix86, r-release-linux-x86_64, r-release-osx-x86_64-mavericks, r-release-windows-ix86+x86_64

Version: 1.3
Check: dependencies in R code
Result: NOTE
    'library' or 'require' calls to packages already attached by Depends:
     ‘depthTools’ ‘tcltk’
     Please remove these calls from your code.
    See the information on DESCRIPTION files in the chapter ‘Creating R
    packages’ of the ‘Writing R Extensions’ manual.
Flavors: r-release-linux-ix86, r-release-linux-x86_64, r-release-osx-x86_64-mavericks, r-release-osx-x86_64-snowleopard, r-release-windows-ix86+x86_64, r-oldrel-windows-ix86+x86_64