CRAN Package Check Results for Package RcmdrPlugin.depthTools

Last updated on 2014-09-15 05:48:18.

Flavor Version Tinstall Tcheck Ttotal Status Flags
r-devel-linux-x86_64-debian-clang 1.3 1.99 40.68 42.67 NOTE
r-devel-linux-x86_64-debian-gcc 1.3 1.82 43.33 45.15 NOTE
r-devel-linux-x86_64-fedora-clang 1.3 63.48 NOTE
r-devel-linux-x86_64-fedora-gcc 1.3 57.48 NOTE
r-devel-osx-x86_64-clang 1.3 61.76 NOTE
r-devel-windows-ix86+x86_64 1.3 36.00 82.00 118.00 NOTE
r-patched-linux-x86_64 1.3 1.93 36.92 38.86 NOTE
r-patched-solaris-sparc 1.3 199.80 NOTE
r-patched-solaris-x86 1.3 99.60 NOTE
r-release-linux-ix86 1.3 2.64 39.50 42.14 NOTE
r-release-linux-x86_64 1.3 1.87 38.14 40.01 NOTE
r-release-osx-x86_64-mavericks 1.3 NOTE
r-release-osx-x86_64-snowleopard 1.3 NOTE
r-release-windows-ix86+x86_64 1.3 40.00 79.00 119.00 NOTE
r-oldrel-windows-ix86+x86_64 1.3 39.00 78.00 117.00 NOTE

Check Details

Version: 1.3
Check: package namespace information
Result: NOTE
     Namespace with empty importFrom: ‘tcltk’
Flavors: r-devel-linux-x86_64-debian-clang, r-devel-linux-x86_64-debian-gcc, r-devel-linux-x86_64-fedora-clang, r-devel-linux-x86_64-fedora-gcc, r-devel-osx-x86_64-clang, r-devel-windows-ix86+x86_64

Version: 1.3
Check: dependencies in R code
Result: NOTE
    'library' or 'require' calls to packages already attached by Depends:
     ‘depthTools’ ‘tcltk’
     Please remove these calls from your code.
    See the information on DESCRIPTION files in the chapter ‘Creating R
    packages’ of the ‘Writing R Extensions’ manual.
Flavors: r-devel-linux-x86_64-debian-clang, r-devel-linux-x86_64-debian-gcc, r-devel-linux-x86_64-fedora-clang, r-devel-linux-x86_64-fedora-gcc, r-devel-osx-x86_64-clang, r-devel-windows-ix86+x86_64, r-patched-linux-x86_64, r-patched-solaris-sparc, r-patched-solaris-x86, r-release-linux-ix86, r-release-linux-x86_64, r-release-osx-x86_64-mavericks, r-release-osx-x86_64-snowleopard, r-release-windows-ix86+x86_64, r-oldrel-windows-ix86+x86_64

Version: 1.3
Check: R code for possible problems
Result: NOTE
    computeMBD : OnOutput: no visible global function definition for
     ‘tkbutton’
    computeMBD: no visible global function definition for ‘tkbutton’
    computeMBD : OnPlot: no visible global function definition for
     ‘tkcanvas’
    computeMBD : OnPlot: no visible global function definition for
     ‘tkbutton’
    computeTmean: no visible global function definition for ‘tkcanvas’
    computeTmean: no visible global function definition for ‘tkbutton’
    plotCentralCurves: no visible global function definition for ‘tkcanvas’
    plotCentralCurves: no visible global function definition for ‘tkbutton’
Flavors: r-devel-linux-x86_64-debian-clang, r-devel-linux-x86_64-debian-gcc, r-devel-linux-x86_64-fedora-clang, r-devel-linux-x86_64-fedora-gcc, r-devel-osx-x86_64-clang, r-devel-windows-ix86+x86_64