CRAN Package Check Results for Package RcmdrPlugin.depthTools

Last updated on 2014-07-24 17:49:06.

Flavor Version Tinstall Tcheck Ttotal Status Flags
r-devel-linux-x86_64-debian-clang 1.3 0.94 14.21 15.16 NOTE
r-devel-linux-x86_64-debian-gcc 1.3 0.98 14.24 15.21 NOTE
r-devel-linux-x86_64-fedora-clang 1.3 30.65 NOTE
r-devel-linux-x86_64-fedora-gcc 1.3 29.22 NOTE
r-devel-osx-x86_64-clang 1.3 35.21 NOTE
r-devel-windows-ix86+x86_64 1.3 20.00 33.00 53.00 NOTE
r-patched-linux-x86_64 1.3 0.99 14.31 15.30 NOTE
r-patched-solaris-sparc 1.3 174.60 NOTE
r-patched-solaris-x86 1.3 46.00 NOTE
r-release-linux-ix86 1.3 1.70 22.32 24.02 NOTE
r-release-linux-x86_64 1.3 1.01 14.53 15.54 NOTE
r-release-osx-x86_64-mavericks 1.3 NOTE
r-release-osx-x86_64-snowleopard 1.3 NOTE
r-release-windows-ix86+x86_64 1.3 25.00 40.00 65.00 NOTE
r-oldrel-windows-ix86+x86_64 1.3 23.00 36.00 59.00 NOTE

Check Details

Version: 1.3
Check: dependencies in R code
Result: NOTE
    'library' or 'require' calls to packages already attached by Depends:
     ‘depthTools’ ‘tcltk’
     Please remove these calls from your code.
    See the information on DESCRIPTION files in the chapter ‘Creating R
    packages’ of the ‘Writing R Extensions’ manual.
Flavors: r-devel-linux-x86_64-debian-clang, r-devel-linux-x86_64-debian-gcc, r-devel-linux-x86_64-fedora-clang, r-devel-linux-x86_64-fedora-gcc, r-devel-osx-x86_64-clang, r-devel-windows-ix86+x86_64, r-patched-linux-x86_64, r-patched-solaris-sparc, r-patched-solaris-x86, r-release-linux-ix86, r-release-linux-x86_64, r-release-osx-x86_64-mavericks, r-release-osx-x86_64-snowleopard, r-release-windows-ix86+x86_64, r-oldrel-windows-ix86+x86_64