CRAN Package Check Results for Package RcmdrPlugin.depthTools

Last updated on 2015-07-28 15:48:18.

Flavor Version Tinstall Tcheck Ttotal Status Flags
r-devel-linux-x86_64-debian-clang 1.3 4.84 48.36 53.20 NOTE
r-devel-linux-x86_64-debian-gcc 1.3 4.42 48.05 52.47 NOTE
r-devel-linux-x86_64-fedora-clang 1.3 108.46 NOTE
r-devel-linux-x86_64-fedora-gcc 1.3 102.81 NOTE
r-devel-osx-x86_64-clang 1.3 102.05 NOTE
r-devel-windows-ix86+x86_64 1.3 34.00 85.00 119.00 NOTE
r-patched-linux-x86_64 1.3 4.59 36.51 41.11 NOTE
r-patched-solaris-sparc 1.3 647.70 NOTE
r-patched-solaris-x86 1.3 159.00 NOTE
r-release-linux-x86_64 1.3 6.55 49.74 56.29 NOTE
r-release-osx-x86_64-mavericks 1.3 NOTE
r-release-windows-ix86+x86_64 1.3 46.00 80.00 126.00 NOTE
r-oldrel-windows-ix86+x86_64 1.3 65.00 162.00 227.00 NOTE

Check Details

Version: 1.3
Check: package namespace information
Result: NOTE
     Namespace with empty importFrom: ‘tcltk’
Flavors: r-devel-linux-x86_64-debian-clang, r-devel-linux-x86_64-debian-gcc, r-devel-linux-x86_64-fedora-clang, r-devel-linux-x86_64-fedora-gcc, r-devel-osx-x86_64-clang, r-devel-windows-ix86+x86_64, r-patched-linux-x86_64, r-patched-solaris-sparc, r-patched-solaris-x86, r-release-linux-x86_64, r-release-osx-x86_64-mavericks, r-release-windows-ix86+x86_64, r-oldrel-windows-ix86+x86_64

Version: 1.3
Check: dependencies in R code
Result: NOTE
    'library' or 'require' calls to packages already attached by Depends:
     ‘depthTools’ ‘tcltk’
     Please remove these calls from your code.
Flavors: r-devel-linux-x86_64-debian-clang, r-devel-linux-x86_64-debian-gcc, r-devel-linux-x86_64-fedora-clang, r-devel-linux-x86_64-fedora-gcc, r-devel-osx-x86_64-clang, r-devel-windows-ix86+x86_64, r-patched-linux-x86_64, r-patched-solaris-sparc, r-patched-solaris-x86, r-release-linux-x86_64, r-release-osx-x86_64-mavericks, r-release-windows-ix86+x86_64, r-oldrel-windows-ix86+x86_64

Version: 1.3
Check: R code for possible problems
Result: NOTE
    computeMBD : OnOutput: no visible global function definition for
     ‘tkbutton’
    computeMBD: no visible global function definition for ‘tkbutton’
    computeMBD : OnPlot: no visible global function definition for
     ‘tkcanvas’
    computeMBD : OnPlot: no visible global function definition for
     ‘tkbutton’
    computeTmean: no visible global function definition for ‘tkcanvas’
    computeTmean: no visible global function definition for ‘tkbutton’
    computeTmean : onOK: no visible global function definition for ‘par’
    plotCentralCurves: no visible global function definition for ‘tkcanvas’
    plotCentralCurves: no visible global function definition for ‘tkbutton’
    plotCentralCurves : onOK: no visible global function definition for
     ‘par’
    Undefined global functions or variables:
     par tkbutton tkcanvas
    Consider adding
     importFrom("graphics", "par")
    to your NAMESPACE.
Flavors: r-devel-linux-x86_64-debian-clang, r-devel-linux-x86_64-debian-gcc, r-devel-linux-x86_64-fedora-clang, r-devel-linux-x86_64-fedora-gcc, r-devel-windows-ix86+x86_64

Version: 1.3
Check: R code for possible problems
Result: NOTE
    computeMBD : OnOutput: no visible global function definition for
     ‘tkbutton’
    computeMBD: no visible global function definition for ‘tkbutton’
    computeMBD : OnPlot: no visible global function definition for
     ‘tkcanvas’
    computeMBD : OnPlot: no visible global function definition for
     ‘tkbutton’
    computeTmean: no visible global function definition for ‘tkcanvas’
    computeTmean: no visible global function definition for ‘tkbutton’
    plotCentralCurves: no visible global function definition for ‘tkcanvas’
    plotCentralCurves: no visible global function definition for ‘tkbutton’
    Undefined global functions or variables:
     tkbutton tkcanvas
Flavor: r-devel-osx-x86_64-clang

Version: 1.3
Check: R code for possible problems
Result: NOTE
    computeMBD : OnOutput: no visible global function definition for
     ‘tkbutton’
    computeMBD: no visible global function definition for ‘tkbutton’
    computeMBD : OnPlot: no visible global function definition for
     ‘tkcanvas’
    computeMBD : OnPlot: no visible global function definition for
     ‘tkbutton’
    computeTmean: no visible global function definition for ‘tkcanvas’
    computeTmean: no visible global function definition for ‘tkbutton’
    plotCentralCurves: no visible global function definition for ‘tkcanvas’
    plotCentralCurves: no visible global function definition for ‘tkbutton’
Flavors: r-patched-linux-x86_64, r-patched-solaris-sparc, r-patched-solaris-x86, r-release-linux-x86_64, r-release-osx-x86_64-mavericks, r-release-windows-ix86+x86_64, r-oldrel-windows-ix86+x86_64