CRAN Package Check Results for Package RcmdrPlugin.depthTools

Last updated on 2014-04-23 12:48:25.

Flavor Version Tinstall Tcheck Ttotal Status Flags
r-devel-linux-x86_64-debian-clang 1.3 1.06 15.22 16.29 NOTE
r-devel-linux-x86_64-debian-gcc 1.3 1.00 15.46 16.46 NOTE
r-devel-linux-x86_64-fedora-clang 1.3 30.60 NOTE
r-devel-linux-x86_64-fedora-gcc 1.3 28.77 NOTE
r-devel-osx-x86_64-clang 1.3 36.62 NOTE
r-devel-osx-x86_64-gcc 1.3 ERROR
r-devel-windows-ix86+x86_64 1.3 23.00 38.00 61.00 NOTE
r-patched-linux-x86_64 1.3 1.07 98.46 99.54 NOTE
r-patched-solaris-sparc 1.3 174.60 NOTE
r-patched-solaris-x86 1.3 56.70 NOTE
r-release-linux-ix86 1.3 3.00 32.00 35.00 NOTE
r-release-linux-x86_64 1.3 1.00 15.26 16.25 NOTE
r-release-osx-x86_64-mavericks 1.3 WARN
r-release-osx-x86_64-snowleopard 1.3 NOTE
r-release-windows-ix86+x86_64 1.3 15.00 34.00 49.00 NOTE
r-oldrel-windows-ix86+x86_64 1.3 13.00 36.00 49.00 NOTE

Check Details

Version: 1.3
Check: dependencies in R code
Result: NOTE
    'library' or 'require' calls to packages already attached by Depends:
     ‘depthTools’ ‘tcltk’
     Please remove these calls from your code.
    See the information on DESCRIPTION files in the chapter ‘Creating R
    packages’ of the ‘Writing R Extensions’ manual.
Flavors: r-devel-linux-x86_64-debian-clang, r-devel-linux-x86_64-debian-gcc, r-devel-linux-x86_64-fedora-clang, r-devel-linux-x86_64-fedora-gcc, r-devel-osx-x86_64-clang, r-devel-windows-ix86+x86_64, r-patched-linux-x86_64, r-patched-solaris-sparc, r-patched-solaris-x86, r-release-linux-ix86, r-release-linux-x86_64, r-release-osx-x86_64-mavericks, r-release-osx-x86_64-snowleopard, r-release-windows-ix86+x86_64, r-oldrel-windows-ix86+x86_64

Version: 1.3
Check: package dependencies
Result: ERROR
    Package required but not available: ‘Rcmdr’
    
    See the information on DESCRIPTION files in the chapter ‘Creating R
    packages’ of the ‘Writing R Extensions’ manual.
Flavor: r-devel-osx-x86_64-gcc

Version: 1.3
Check: PDF version of manual
Result: WARNING
    LaTeX errors when creating PDF version.
    This typically indicates Rd problems.
    LaTeX errors found:
    ! LaTeX Error: File `upquote.sty' not found.
    
    Type X to quit or <RETURN> to proceed,
    or enter new name. (Default extension: sty)
    
    bff4ef2/Rd2.tex:8: ==> Fatal error occurred, no output PDF file produced!
Flavor: r-release-osx-x86_64-mavericks