CRAN Package Check Results for Package RcmdrPlugin.depthTools

Last updated on 2019-09-22 01:46:21 CEST.

Flavor Version Tinstall Tcheck Ttotal Status Flags
r-devel-linux-x86_64-debian-clang 1.3 12.52 98.85 111.37 NOTE
r-devel-linux-x86_64-debian-gcc 1.3 10.46 76.00 86.46 NOTE
r-devel-linux-x86_64-fedora-clang 1.3 135.23 NOTE
r-devel-linux-x86_64-fedora-gcc 1.3 133.72 NOTE
r-devel-windows-ix86+x86_64 1.3 59.00 238.00 297.00 NOTE
r-patched-linux-x86_64 1.3 12.49 95.50 107.99 NOTE
r-patched-solaris-x86 1.3 218.40 NOTE
r-release-linux-x86_64 1.3 12.60 96.36 108.96 NOTE
r-release-windows-ix86+x86_64 1.3 44.00 136.00 180.00 NOTE
r-release-osx-x86_64 1.3 NOTE
r-oldrel-windows-ix86+x86_64 1.3 50.00 138.00 188.00 NOTE
r-oldrel-osx-x86_64 1.3 NOTE

Check Details

Version: 1.3
Check: package namespace information
Result: NOTE
     Namespace with empty importFrom: 'tcltk'
Flavors: r-devel-linux-x86_64-debian-clang, r-devel-linux-x86_64-debian-gcc, r-devel-linux-x86_64-fedora-clang, r-devel-linux-x86_64-fedora-gcc, r-devel-windows-ix86+x86_64, r-patched-linux-x86_64, r-patched-solaris-x86, r-release-linux-x86_64, r-release-windows-ix86+x86_64, r-release-osx-x86_64, r-oldrel-windows-ix86+x86_64, r-oldrel-osx-x86_64

Version: 1.3
Check: dependencies in R code
Result: NOTE
    'library' or 'require' calls to packages already attached by Depends:
     'depthTools' 'tcltk'
     Please remove these calls from your code.
Flavors: r-devel-linux-x86_64-debian-clang, r-devel-linux-x86_64-debian-gcc, r-devel-linux-x86_64-fedora-clang, r-devel-linux-x86_64-fedora-gcc, r-devel-windows-ix86+x86_64, r-patched-linux-x86_64, r-patched-solaris-x86, r-release-linux-x86_64, r-release-windows-ix86+x86_64, r-release-osx-x86_64, r-oldrel-windows-ix86+x86_64, r-oldrel-osx-x86_64

Version: 1.3
Check: R code for possible problems
Result: NOTE
    computeMBD : OnOutput: no visible global function definition for
     'tkbutton'
    computeMBD: no visible global function definition for 'tkbutton'
    computeMBD : OnPlot: no visible global function definition for
     'tkcanvas'
    computeMBD : OnPlot: no visible global function definition for
     'tkbutton'
    computeTmean: no visible global function definition for 'tkcanvas'
    computeTmean: no visible global function definition for 'tkbutton'
    computeTmean : onOK: no visible global function definition for 'par'
    plotCentralCurves: no visible global function definition for 'tkcanvas'
    plotCentralCurves: no visible global function definition for 'tkbutton'
    plotCentralCurves : onOK: no visible global function definition for
     'par'
    Undefined global functions or variables:
     par tkbutton tkcanvas
    Consider adding
     importFrom("graphics", "par")
    to your NAMESPACE file.
Flavors: r-devel-linux-x86_64-debian-clang, r-devel-linux-x86_64-debian-gcc, r-devel-linux-x86_64-fedora-clang, r-devel-linux-x86_64-fedora-gcc, r-devel-windows-ix86+x86_64, r-patched-linux-x86_64, r-patched-solaris-x86, r-release-linux-x86_64, r-release-windows-ix86+x86_64, r-release-osx-x86_64, r-oldrel-windows-ix86+x86_64, r-oldrel-osx-x86_64