CRAN Package Check Results for Package RcmdrPlugin.doBy

Last updated on 2014-07-24 15:52:25.

Flavor Version Tinstall Tcheck Ttotal Status Flags
r-devel-linux-x86_64-debian-clang 0.1-3 5.52 52.45 57.97 NOTE
r-devel-linux-x86_64-debian-gcc 0.1-3 5.28 50.27 55.55 NOTE
r-devel-linux-x86_64-fedora-clang 0.1-3 134.30 NOTE
r-devel-linux-x86_64-fedora-gcc 0.1-3 126.15 NOTE
r-devel-osx-x86_64-clang 0.1-3 114.83 NOTE
r-devel-windows-ix86+x86_64 0.1-3 27.00 81.00 108.00 NOTE
r-patched-linux-x86_64 0.1-3 5.19 51.73 56.92 NOTE
r-patched-solaris-sparc 0.1-3 723.20 NOTE
r-patched-solaris-x86 0.1-3 191.80 NOTE
r-release-linux-ix86 0.1-3 6.67 65.63 72.30 NOTE
r-release-linux-x86_64 0.1-3 5.29 53.21 58.50 NOTE
r-release-osx-x86_64-mavericks 0.1-3 NOTE
r-release-osx-x86_64-snowleopard 0.1-3 NOTE
r-release-windows-ix86+x86_64 0.1-3 26.00 92.00 118.00 NOTE
r-oldrel-windows-ix86+x86_64 0.1-3 24.00 87.00 111.00 NOTE

Check Details

Version: 0.1-3
Check: dependencies in R code
Result: NOTE
    'library' or 'require' call to ‘doBy’ which was already attached by Depends.
     Please remove these calls from your code.
    See the information on DESCRIPTION files in the chapter ‘Creating R
    packages’ of the ‘Writing R Extensions’ manual.
Flavors: r-devel-linux-x86_64-debian-clang, r-devel-linux-x86_64-debian-gcc, r-devel-linux-x86_64-fedora-clang, r-devel-linux-x86_64-fedora-gcc, r-devel-osx-x86_64-clang, r-devel-windows-ix86+x86_64, r-patched-linux-x86_64, r-patched-solaris-sparc, r-patched-solaris-x86, r-release-linux-ix86, r-release-linux-x86_64, r-release-osx-x86_64-mavericks, r-release-osx-x86_64-snowleopard, r-release-windows-ix86+x86_64, r-oldrel-windows-ix86+x86_64