CRAN Package Check Results for Package RcmdrPlugin.doBy

Last updated on 2014-04-18 11:47:24.

Flavor Version Tinstall Tcheck Ttotal Status Flags
r-devel-linux-x86_64-debian-clang 0.1-3 5.82 54.15 59.97 NOTE
r-devel-linux-x86_64-debian-gcc NOTE
r-devel-linux-x86_64-fedora-clang 0.1-3 132.41 NOTE
r-devel-linux-x86_64-fedora-gcc 0.1-3 127.36 NOTE
r-devel-macosx-x86_64-clang 0.1-3 120.00 NOTE
r-devel-macosx-x86_64-gcc 0.1-3 ERROR
r-devel-windows-ix86+x86_64 0.1-3 24.00 89.00 113.00 NOTE
r-patched-linux-x86_64 0.1-3 5.82 54.74 60.57 NOTE
r-patched-solaris-sparc 0.1-3 723.20 NOTE
r-patched-solaris-x86 0.1-3 199.60 NOTE
r-release-linux-ix86 0.1-3 11.00 89.00 100.00 NOTE
r-release-linux-x86_64 0.1-3 5.56 55.02 60.58 NOTE
r-release-macosx-x86_64 0.1-3 NOTE
r-release-windows-ix86+x86_64 0.1-3 28.00 91.00 119.00 NOTE
r-oldrel-windows-ix86+x86_64 0.1-3 22.00 87.00 109.00 NOTE

Check Details

Version: 0.1-3
Check: dependencies in R code
Result: NOTE
    'library' or 'require' call to ‘doBy’ which was already attached by Depends.
     Please remove these calls from your code.
    See the information on DESCRIPTION files in the chapter ‘Creating R
    packages’ of the ‘Writing R Extensions’ manual.
Flavors: r-devel-linux-x86_64-debian-clang, r-devel-linux-x86_64-debian-gcc, r-devel-linux-x86_64-fedora-clang, r-devel-linux-x86_64-fedora-gcc, r-devel-macosx-x86_64-clang, r-devel-windows-ix86+x86_64, r-patched-linux-x86_64, r-patched-solaris-sparc, r-patched-solaris-x86, r-release-linux-ix86, r-release-linux-x86_64, r-release-macosx-x86_64, r-release-windows-ix86+x86_64, r-oldrel-windows-ix86+x86_64

Version: 0.1-3
Check: package dependencies
Result: ERROR
    Package required but not available: ‘Rcmdr’
    
    See the information on DESCRIPTION files in the chapter ‘Creating R
    packages’ of the ‘Writing R Extensions’ manual.
Flavor: r-devel-macosx-x86_64-gcc