CRAN Package Check Results for Package RcmdrPlugin.doBy

Last updated on 2014-08-02 07:50:26.

Flavor Version Tinstall Tcheck Ttotal Status Flags
r-devel-linux-x86_64-debian-clang 0.1-3 5.35 51.38 56.74 NOTE
r-devel-linux-x86_64-debian-gcc 0.1-3 5.19 50.94 56.13 NOTE
r-devel-linux-x86_64-fedora-clang 0.1-3 131.75 NOTE
r-devel-linux-x86_64-fedora-gcc 0.1-3 126.09 NOTE
r-devel-osx-x86_64-clang 0.1-3 117.89 NOTE
r-devel-windows-ix86+x86_64 0.1-3 27.00 89.00 116.00 NOTE
r-patched-linux-x86_64 0.1-3 5.28 51.24 56.53 NOTE
r-patched-solaris-sparc 0.1-3 718.00 NOTE
r-patched-solaris-x86 0.1-3 191.10 NOTE
r-release-linux-ix86 0.1-3 0.42 1.60 2.02 ERROR
r-release-linux-x86_64 0.1-3 5.29 52.74 58.03 NOTE
r-release-osx-x86_64-mavericks 0.1-3 NOTE
r-release-osx-x86_64-snowleopard 0.1-3 NOTE
r-release-windows-ix86+x86_64 0.1-3 31.00 93.00 124.00 NOTE
r-oldrel-windows-ix86+x86_64 0.1-3 27.00 121.00 148.00 NOTE

Check Details

Version: 0.1-3
Check: dependencies in R code
Result: NOTE
    'library' or 'require' call to doBy which was already attached by Depends.
     Please remove these calls from your code.
    See the information on DESCRIPTION files in the chapter Creating R
    packages of the Writing R Extensions manual.
Flavors: r-devel-linux-x86_64-debian-clang, r-devel-linux-x86_64-debian-gcc, r-devel-linux-x86_64-fedora-clang, r-devel-linux-x86_64-fedora-gcc, r-devel-osx-x86_64-clang, r-devel-windows-ix86+x86_64, r-patched-linux-x86_64, r-patched-solaris-sparc, r-patched-solaris-x86, r-release-linux-x86_64, r-release-osx-x86_64-mavericks, r-release-osx-x86_64-snowleopard, r-release-windows-ix86+x86_64, r-oldrel-windows-ix86+x86_64

Version: 0.1-3
Check: package dependencies
Result: ERROR
    Package required but not available: doBy
    
    See the information on DESCRIPTION files in the chapter Creating R
    packages of the Writing R Extensions manual.
Flavor: r-release-linux-ix86