CRAN Package Check Results for Package RcmdrPlugin.doex

Last updated on 2014-04-23 07:55:06.

Flavor Version Tinstall Tcheck Ttotal Status Flags
r-devel-linux-x86_64-debian-clang 0.2.0 1.35 19.17 20.52 NOTE
r-devel-linux-x86_64-debian-gcc 0.2.0 1.30 19.36 20.66 NOTE
r-devel-linux-x86_64-fedora-clang 0.2.0 36.77 NOTE
r-devel-linux-x86_64-fedora-gcc 0.2.0 34.81 NOTE
r-devel-osx-x86_64-clang 0.2.0 44.71 NOTE
r-devel-osx-x86_64-gcc 0.2.0 ERROR
r-devel-windows-ix86+x86_64 0.2.0 21.00 41.00 62.00 NOTE
r-patched-linux-x86_64 0.2.0 1.30 89.36 90.67 NOTE
r-patched-solaris-sparc 0.2.0 212.20 NOTE
r-patched-solaris-x86 0.2.0 64.70 NOTE
r-release-linux-ix86 0.2.0 3.00 38.00 41.00 NOTE
r-release-linux-x86_64 0.2.0 1.35 18.61 19.96 NOTE
r-release-osx-x86_64-mavericks 0.2.0 ERROR
r-release-osx-x86_64-snowleopard 0.2.0 ERROR
r-release-windows-ix86+x86_64 0.2.0 20.00 43.00 63.00 NOTE
r-oldrel-windows-ix86+x86_64 0.2.0 15.00 42.00 57.00 NOTE

Check Details

Version: 0.2.0
Check: dependencies in R code
Result: NOTE
    Packages in Depends field not imported from:
     ‘Rcmdr’ ‘multcomp’
     These packages need to be imported from (in the NAMESPACE file)
     for when this namespace is loaded but not attached.
    See the information on DESCRIPTION files in the chapter ‘Creating R
    packages’ of the ‘Writing R Extensions’ manual.
Flavors: r-devel-linux-x86_64-debian-clang, r-devel-linux-x86_64-debian-gcc, r-devel-linux-x86_64-fedora-clang, r-devel-linux-x86_64-fedora-gcc, r-devel-osx-x86_64-clang, r-devel-windows-ix86+x86_64, r-patched-linux-x86_64, r-patched-solaris-sparc, r-patched-solaris-x86, r-release-linux-ix86, r-release-linux-x86_64, r-release-windows-ix86+x86_64, r-oldrel-windows-ix86+x86_64

Version: 0.2.0
Check: R code for possible problems
Result: NOTE
    GreekAnova: no visible binding for global variable ‘top’
    GreekAnova : onOK: no visible binding for global variable ‘top’
    GreekAnova : onOK: no visible binding for global variable ‘.Pairs’
    GreekAnova: no visible binding for global variable ‘buttonsFrame’
    LatinAnova: no visible binding for global variable ‘top’
    LatinAnova : onOK: no visible binding for global variable ‘top’
    LatinAnova : onOK: no visible binding for global variable ‘.Pairs’
    LatinAnova: no visible binding for global variable ‘buttonsFrame’
    bartlett: no visible binding for global variable ‘top’
    bartlett: no visible binding for global variable ‘buttonsFrame’
    factorialAnova: no visible binding for global variable ‘top’
    factorialAnova : onOK: no visible binding for global variable ‘top’
    factorialAnova: no visible binding for global variable ‘buttonsFrame’
    ranblockAnova: no visible binding for global variable ‘top’
    ranblockAnova : onOK: no visible binding for global variable ‘top’
    ranblockAnova : onOK: no visible binding for global variable ‘.Pairs’
    ranblockAnova: no visible binding for global variable ‘buttonsFrame’
    twokfactorialAnova: no visible binding for global variable ‘top’
    twokfactorialAnova : onOK: no visible binding for global variable ‘top’
    twokfactorialAnova: no visible binding for global variable
     ‘buttonsFrame’
Flavors: r-devel-linux-x86_64-debian-clang, r-devel-linux-x86_64-debian-gcc, r-devel-linux-x86_64-fedora-clang, r-devel-linux-x86_64-fedora-gcc, r-devel-osx-x86_64-clang, r-devel-windows-ix86+x86_64, r-patched-linux-x86_64, r-patched-solaris-sparc, r-patched-solaris-x86, r-release-linux-ix86, r-release-linux-x86_64, r-release-windows-ix86+x86_64, r-oldrel-windows-ix86+x86_64

Version: 0.2.0
Check: package dependencies
Result: ERROR
    Packages required but not available: ‘Rcmdr’ ‘multcomp’
    
    See the information on DESCRIPTION files in the chapter ‘Creating R
    packages’ of the ‘Writing R Extensions’ manual.
Flavor: r-devel-osx-x86_64-gcc

Version: 0.2.0
Check: package dependencies
Result: ERROR
    Package required but not available: ‘multcomp’
    
    See the information on DESCRIPTION files in the chapter ‘Creating R
    packages’ of the ‘Writing R Extensions’ manual.
Flavors: r-release-osx-x86_64-mavericks, r-release-osx-x86_64-snowleopard