CRAN Package Check Results for Package RcmdrPlugin.doex

Last updated on 2015-05-28 23:47:55.

Flavor Version Tinstall Tcheck Ttotal Status Flags
r-devel-linux-x86_64-debian-clang 0.2.0 4.58 39.40 43.98 NOTE
r-devel-linux-x86_64-debian-gcc 0.2.0 4.37 38.71 43.08 NOTE
r-devel-linux-x86_64-fedora-clang 0.2.0 93.16 NOTE
r-devel-linux-x86_64-fedora-gcc 0.2.0 87.62 NOTE
r-devel-osx-x86_64-clang 0.2.0 81.10 NOTE
r-devel-windows-ix86+x86_64 0.2.0 42.00 67.00 109.00 NOTE
r-patched-linux-x86_64 0.2.0 4.35 38.04 42.39 NOTE
r-patched-solaris-sparc 0.2.0 517.70 NOTE
r-patched-solaris-x86 0.2.0 129.80 NOTE
r-release-linux-x86_64 0.2.0 4.98 38.14 43.13 NOTE
r-release-osx-x86_64-mavericks 0.2.0 NOTE
r-release-osx-x86_64-snowleopard 0.2.0 ERROR
r-release-windows-ix86+x86_64 0.2.0 40.00 71.00 111.00 NOTE
r-oldrel-windows-ix86+x86_64 0.2.0 61.00 133.00 194.00 NOTE

Check Details

Version: 0.2.0
Check: DESCRIPTION meta-information
Result: NOTE
    Malformed Description field: should contain one or more complete sentences.
Flavors: r-devel-linux-x86_64-debian-clang, r-devel-linux-x86_64-debian-gcc, r-devel-linux-x86_64-fedora-clang, r-devel-linux-x86_64-fedora-gcc, r-devel-osx-x86_64-clang, r-devel-windows-ix86+x86_64, r-patched-linux-x86_64, r-patched-solaris-sparc, r-patched-solaris-x86, r-release-linux-x86_64, r-release-osx-x86_64-mavericks, r-release-windows-ix86+x86_64

Version: 0.2.0
Check: dependencies in R code
Result: NOTE
    Packages in Depends field not imported from:
     ‘Rcmdr’ ‘multcomp’
     These packages need to be imported from (in the NAMESPACE file)
     for when this namespace is loaded but not attached.
Flavors: r-devel-linux-x86_64-debian-clang, r-devel-linux-x86_64-debian-gcc, r-devel-linux-x86_64-fedora-clang, r-devel-linux-x86_64-fedora-gcc, r-devel-osx-x86_64-clang, r-devel-windows-ix86+x86_64, r-patched-linux-x86_64, r-patched-solaris-sparc, r-patched-solaris-x86, r-release-linux-x86_64, r-release-osx-x86_64-mavericks, r-release-windows-ix86+x86_64, r-oldrel-windows-ix86+x86_64

Version: 0.2.0
Check: R code for possible problems
Result: NOTE
    .onAttach: no visible global function definition for ‘getRcmdr’
    .onAttach: no visible global function definition for ‘closeCommander’
    .onAttach: no visible global function definition for ‘Commander’
    GreekAnova: no visible global function definition for
     ‘initializeDialog’
    GreekAnova: no visible global function definition for ‘gettextRcmdr’
    GreekAnova: no visible global function definition for
     ‘UpdateModelNumber’
    GreekAnova: no visible global function definition for ‘getRcmdr’
    GreekAnova: no visible binding for global variable ‘top’
    GreekAnova: no visible global function definition for ‘variableListBox’
    GreekAnova: no visible global function definition for ‘Factors’
    GreekAnova: no visible global function definition for ‘Numeric’
    GreekAnova : onOK: no visible global function definition for
     ‘trim.blanks’
    GreekAnova : onOK: no visible global function definition for
     ‘is.valid.name’
    GreekAnova : onOK: no visible global function definition for
     ‘UpdateModelNumber’
    GreekAnova : onOK: no visible global function definition for
     ‘errorCondition’
    GreekAnova : onOK: no visible global function definition for
     ‘gettextRcmdr’
    GreekAnova : onOK: no visible global function definition for
     ‘listAOVModels’
    GreekAnova : onOK: no visible global function definition for
     ‘checkReplace’
    GreekAnova : onOK: no visible binding for global variable ‘top’
    GreekAnova : onOK: no visible global function definition for
     ‘getSelection’
    GreekAnova : onOK: no visible global function definition for
     ‘closeDialog’
    GreekAnova : onOK: no visible global function definition for
     ‘ActiveDataSet’
    GreekAnova : onOK: no visible global function definition for
     ‘doItAndPrint’
    GreekAnova : onOK: no visible global function definition for ‘justDoIt’
    GreekAnova : onOK: no visible global function definition for ‘logger’
    GreekAnova : onOK: no visible binding for global variable ‘.Pairs’
    GreekAnova : onOK: no visible global function definition for
     ‘activeModel’
    GreekAnova : onOK: no visible global function definition for
     ‘CommanderWindow’
    GreekAnova: no visible global function definition for ‘OKCancelHelp’
    GreekAnova: no visible global function definition for ‘labelRcmdr’
    GreekAnova: no visible global function definition for ‘getFrame’
    GreekAnova: no visible binding for global variable ‘buttonsFrame’
    GreekAnova: no visible global function definition for ‘dialogSuffix’
    LatinAnova: no visible global function definition for
     ‘initializeDialog’
    LatinAnova: no visible global function definition for ‘gettextRcmdr’
    LatinAnova: no visible global function definition for
     ‘UpdateModelNumber’
    LatinAnova: no visible global function definition for ‘getRcmdr’
    LatinAnova: no visible binding for global variable ‘top’
    LatinAnova: no visible global function definition for ‘variableListBox’
    LatinAnova: no visible global function definition for ‘Factors’
    LatinAnova: no visible global function definition for ‘Numeric’
    LatinAnova : onOK: no visible global function definition for
     ‘trim.blanks’
    LatinAnova : onOK: no visible global function definition for
     ‘is.valid.name’
    LatinAnova : onOK: no visible global function definition for
     ‘UpdateModelNumber’
    LatinAnova : onOK: no visible global function definition for
     ‘errorCondition’
    LatinAnova : onOK: no visible global function definition for
     ‘gettextRcmdr’
    LatinAnova : onOK: no visible global function definition for
     ‘listAOVModels’
    LatinAnova : onOK: no visible global function definition for
     ‘checkReplace’
    LatinAnova : onOK: no visible binding for global variable ‘top’
    LatinAnova : onOK: no visible global function definition for
     ‘getSelection’
    LatinAnova : onOK: no visible global function definition for
     ‘closeDialog’
    LatinAnova : onOK: no visible global function definition for
     ‘ActiveDataSet’
    LatinAnova : onOK: no visible global function definition for
     ‘doItAndPrint’
    LatinAnova : onOK: no visible global function definition for ‘justDoIt’
    LatinAnova : onOK: no visible global function definition for ‘logger’
    LatinAnova : onOK: no visible binding for global variable ‘.Pairs’
    LatinAnova : onOK: no visible global function definition for
     ‘activeModel’
    LatinAnova : onOK: no visible global function definition for
     ‘CommanderWindow’
    LatinAnova: no visible global function definition for ‘OKCancelHelp’
    LatinAnova: no visible global function definition for ‘labelRcmdr’
    LatinAnova: no visible global function definition for ‘getFrame’
    LatinAnova: no visible binding for global variable ‘buttonsFrame’
    LatinAnova: no visible global function definition for ‘dialogSuffix’
    bartlett: no visible global function definition for ‘initializeDialog’
    bartlett: no visible global function definition for ‘gettextRcmdr’
    bartlett: no visible global function definition for ‘UpdateModelNumber’
    bartlett: no visible global function definition for ‘variableListBox’
    bartlett: no visible binding for global variable ‘top’
    bartlett: no visible global function definition for ‘Factors’
    bartlett: no visible global function definition for ‘Numeric’
    bartlett : onOK: no visible global function definition for
     ‘getSelection’
    bartlett : onOK: no visible global function definition for
     ‘closeDialog’
    bartlett : onOK: no visible global function definition for
     ‘errorCondition’
    bartlett : onOK: no visible global function definition for
     ‘gettextRcmdr’
    bartlett : onOK: no visible global function definition for
     ‘ActiveDataSet’
    bartlett : onOK: no visible global function definition for
     ‘doItAndPrint’
    bartlett : onOK: no visible global function definition for
     ‘CommanderWindow’
    bartlett: no visible global function definition for ‘OKCancelHelp’
    bartlett: no visible global function definition for ‘getFrame’
    bartlett: no visible binding for global variable ‘buttonsFrame’
    bartlett: no visible global function definition for ‘dialogSuffix’
    factorialAnova: no visible global function definition for
     ‘initializeDialog’
    factorialAnova: no visible global function definition for
     ‘gettextRcmdr’
    factorialAnova: no visible global function definition for
     ‘UpdateModelNumber’
    factorialAnova: no visible global function definition for ‘getRcmdr’
    factorialAnova: no visible binding for global variable ‘top’
    factorialAnova: no visible global function definition for
     ‘variableListBox’
    factorialAnova: no visible global function definition for ‘Factors’
    factorialAnova: no visible global function definition for ‘Numeric’
    factorialAnova : onOK: no visible global function definition for
     ‘trim.blanks’
    factorialAnova : onOK: no visible global function definition for
     ‘is.valid.name’
    factorialAnova : onOK: no visible global function definition for
     ‘UpdateModelNumber’
    factorialAnova : onOK: no visible global function definition for
     ‘errorCondition’
    factorialAnova : onOK: no visible global function definition for
     ‘gettextRcmdr’
    factorialAnova : onOK: no visible global function definition for
     ‘listAOVModels’
    factorialAnova : onOK: no visible global function definition for
     ‘checkReplace’
    factorialAnova : onOK: no visible binding for global variable ‘top’
    factorialAnova : onOK: no visible global function definition for
     ‘getSelection’
    factorialAnova : onOK: no visible global function definition for
     ‘closeDialog’
    factorialAnova : onOK: no visible global function definition for
     ‘ActiveDataSet’
    factorialAnova : onOK: no visible global function definition for
     ‘doItAndPrint’
    factorialAnova : onOK: no visible global function definition for
     ‘activeModel’
    factorialAnova : onOK: no visible global function definition for
     ‘CommanderWindow’
    factorialAnova: no visible global function definition for
     ‘OKCancelHelp’
    factorialAnova: no visible global function definition for ‘labelRcmdr’
    factorialAnova: no visible global function definition for ‘getFrame’
    factorialAnova: no visible binding for global variable ‘buttonsFrame’
    factorialAnova: no visible global function definition for
     ‘dialogSuffix’
    ranblockAnova: no visible global function definition for
     ‘initializeDialog’
    ranblockAnova: no visible global function definition for ‘gettextRcmdr’
    ranblockAnova: no visible global function definition for
     ‘UpdateModelNumber’
    ranblockAnova: no visible global function definition for ‘getRcmdr’
    ranblockAnova: no visible binding for global variable ‘top’
    ranblockAnova: no visible global function definition for
     ‘variableListBox’
    ranblockAnova: no visible global function definition for ‘Factors’
    ranblockAnova: no visible global function definition for ‘Numeric’
    ranblockAnova : onOK: no visible global function definition for
     ‘trim.blanks’
    ranblockAnova : onOK: no visible global function definition for
     ‘is.valid.name’
    ranblockAnova : onOK: no visible global function definition for
     ‘UpdateModelNumber’
    ranblockAnova : onOK: no visible global function definition for
     ‘errorCondition’
    ranblockAnova : onOK: no visible global function definition for
     ‘gettextRcmdr’
    ranblockAnova : onOK: no visible global function definition for
     ‘listAOVModels’
    ranblockAnova : onOK: no visible global function definition for
     ‘checkReplace’
    ranblockAnova : onOK: no visible binding for global variable ‘top’
    ranblockAnova : onOK: no visible global function definition for
     ‘getSelection’
    ranblockAnova : onOK: no visible global function definition for
     ‘closeDialog’
    ranblockAnova : onOK: no visible global function definition for
     ‘ActiveDataSet’
    ranblockAnova : onOK: no visible global function definition for
     ‘doItAndPrint’
    ranblockAnova : onOK: no visible global function definition for
     ‘justDoIt’
    ranblockAnova : onOK: no visible global function definition for
     ‘logger’
    ranblockAnova : onOK: no visible binding for global variable ‘.Pairs’
    ranblockAnova : onOK: no visible global function definition for
     ‘activeModel’
    ranblockAnova : onOK: no visible global function definition for
     ‘CommanderWindow’
    ranblockAnova: no visible global function definition for ‘OKCancelHelp’
    ranblockAnova: no visible global function definition for ‘labelRcmdr’
    ranblockAnova: no visible global function definition for ‘getFrame’
    ranblockAnova: no visible binding for global variable ‘buttonsFrame’
    ranblockAnova: no visible global function definition for ‘dialogSuffix’
    twokfactorialAnova: no visible global function definition for
     ‘initializeDialog’
    twokfactorialAnova: no visible global function definition for
     ‘gettextRcmdr’
    twokfactorialAnova: no visible global function definition for
     ‘UpdateModelNumber’
    twokfactorialAnova: no visible global function definition for
     ‘getRcmdr’
    twokfactorialAnova: no visible binding for global variable ‘top’
    twokfactorialAnova: no visible global function definition for
     ‘variableListBox’
    twokfactorialAnova: no visible global function definition for ‘Factors’
    twokfactorialAnova: no visible global function definition for ‘Numeric’
    twokfactorialAnova : onOK: no visible global function definition for
     ‘trim.blanks’
    twokfactorialAnova : onOK: no visible global function definition for
     ‘is.valid.name’
    twokfactorialAnova : onOK: no visible global function definition for
     ‘UpdateModelNumber’
    twokfactorialAnova : onOK: no visible global function definition for
     ‘errorCondition’
    twokfactorialAnova : onOK: no visible global function definition for
     ‘gettextRcmdr’
    twokfactorialAnova : onOK: no visible global function definition for
     ‘listAOVModels’
    twokfactorialAnova : onOK: no visible global function definition for
     ‘checkReplace’
    twokfactorialAnova : onOK: no visible binding for global variable ‘top’
    twokfactorialAnova : onOK: no visible global function definition for
     ‘getSelection’
    twokfactorialAnova : onOK: no visible global function definition for
     ‘closeDialog’
    twokfactorialAnova : onOK: no visible global function definition for
     ‘ActiveDataSet’
    twokfactorialAnova : onOK: no visible global function definition for
     ‘doItAndPrint’
    twokfactorialAnova : onOK: no visible global function definition for
     ‘activeModel’
    twokfactorialAnova : onOK: no visible global function definition for
     ‘CommanderWindow’
    twokfactorialAnova: no visible global function definition for
     ‘OKCancelHelp’
    twokfactorialAnova: no visible global function definition for
     ‘labelRcmdr’
    twokfactorialAnova: no visible global function definition for
     ‘getFrame’
    twokfactorialAnova: no visible binding for global variable
     ‘buttonsFrame’
    twokfactorialAnova: no visible global function definition for
     ‘dialogSuffix’
Flavors: r-devel-linux-x86_64-debian-clang, r-devel-linux-x86_64-debian-gcc, r-devel-linux-x86_64-fedora-clang, r-devel-linux-x86_64-fedora-gcc, r-devel-osx-x86_64-clang, r-devel-windows-ix86+x86_64, r-patched-linux-x86_64, r-patched-solaris-sparc, r-patched-solaris-x86, r-release-linux-x86_64, r-release-osx-x86_64-mavericks, r-release-windows-ix86+x86_64, r-oldrel-windows-ix86+x86_64

Version: 0.2.0
Check: package dependencies
Result: ERROR
    Packages required but not available: ‘Rcmdr’ ‘multcomp’
    
    See section ‘The DESCRIPTION file’ in the ‘Writing R Extensions’
    manual.
Flavor: r-release-osx-x86_64-snowleopard