CRAN Package Check Results for Package RcmdrPlugin.doex

Last updated on 2014-07-22 23:48:24.

Flavor Version Tinstall Tcheck Ttotal Status Flags
r-devel-linux-x86_64-debian-clang 0.2.0 1.31 17.37 18.68 NOTE
r-devel-linux-x86_64-debian-gcc 0.2.0 1.16 17.90 19.06 NOTE
r-devel-linux-x86_64-fedora-clang 0.2.0 37.14 NOTE
r-devel-linux-x86_64-fedora-gcc 0.2.0 34.70 NOTE
r-devel-osx-x86_64-clang 0.2.0 40.32 NOTE
r-devel-windows-ix86+x86_64 0.2.0 22.00 42.00 64.00 NOTE
r-patched-linux-x86_64 0.2.0 1.18 17.27 18.45 NOTE
r-patched-solaris-sparc 0.2.0 212.20 NOTE
r-patched-solaris-x86 0.2.0 53.50 NOTE
r-release-linux-ix86 0.2.0 1.80 25.69 27.49 NOTE
r-release-linux-x86_64 0.2.0 1.24 17.65 18.90 NOTE
r-release-osx-x86_64-mavericks 0.2.0 NOTE
r-release-osx-x86_64-snowleopard 0.2.0 NOTE
r-release-windows-ix86+x86_64 0.2.0 19.00 42.00 61.00 NOTE
r-oldrel-windows-ix86+x86_64 0.2.0 19.00 43.00 62.00 NOTE

Check Details

Version: 0.2.0
Check: dependencies in R code
Result: NOTE
    Packages in Depends field not imported from:
     ‘Rcmdr’ ‘multcomp’
     These packages need to be imported from (in the NAMESPACE file)
     for when this namespace is loaded but not attached.
    See the information on DESCRIPTION files in the chapter ‘Creating R
    packages’ of the ‘Writing R Extensions’ manual.
Flavors: r-devel-linux-x86_64-debian-clang, r-devel-linux-x86_64-debian-gcc, r-devel-linux-x86_64-fedora-clang, r-devel-linux-x86_64-fedora-gcc, r-devel-osx-x86_64-clang, r-devel-windows-ix86+x86_64, r-patched-linux-x86_64, r-patched-solaris-sparc, r-patched-solaris-x86, r-release-linux-ix86, r-release-linux-x86_64, r-release-osx-x86_64-mavericks, r-release-osx-x86_64-snowleopard, r-release-windows-ix86+x86_64, r-oldrel-windows-ix86+x86_64

Version: 0.2.0
Check: R code for possible problems
Result: NOTE
    GreekAnova: no visible binding for global variable ‘top’
    GreekAnova : onOK: no visible binding for global variable ‘top’
    GreekAnova : onOK: no visible binding for global variable ‘.Pairs’
    GreekAnova: no visible binding for global variable ‘buttonsFrame’
    LatinAnova: no visible binding for global variable ‘top’
    LatinAnova : onOK: no visible binding for global variable ‘top’
    LatinAnova : onOK: no visible binding for global variable ‘.Pairs’
    LatinAnova: no visible binding for global variable ‘buttonsFrame’
    bartlett: no visible binding for global variable ‘top’
    bartlett: no visible binding for global variable ‘buttonsFrame’
    factorialAnova: no visible binding for global variable ‘top’
    factorialAnova : onOK: no visible binding for global variable ‘top’
    factorialAnova: no visible binding for global variable ‘buttonsFrame’
    ranblockAnova: no visible binding for global variable ‘top’
    ranblockAnova : onOK: no visible binding for global variable ‘top’
    ranblockAnova : onOK: no visible binding for global variable ‘.Pairs’
    ranblockAnova: no visible binding for global variable ‘buttonsFrame’
    twokfactorialAnova: no visible binding for global variable ‘top’
    twokfactorialAnova : onOK: no visible binding for global variable ‘top’
    twokfactorialAnova: no visible binding for global variable
     ‘buttonsFrame’
Flavors: r-devel-linux-x86_64-debian-clang, r-devel-linux-x86_64-debian-gcc, r-devel-linux-x86_64-fedora-clang, r-devel-linux-x86_64-fedora-gcc, r-devel-osx-x86_64-clang, r-devel-windows-ix86+x86_64, r-patched-linux-x86_64, r-patched-solaris-sparc, r-patched-solaris-x86, r-release-linux-ix86, r-release-linux-x86_64, r-release-osx-x86_64-mavericks, r-release-osx-x86_64-snowleopard, r-release-windows-ix86+x86_64, r-oldrel-windows-ix86+x86_64