CRAN Package Check Results for Package RcmdrPlugin.lfstat

Last updated on 2014-04-21 17:47:59.

Flavor Version Tinstall Tcheck Ttotal Status Flags
r-devel-linux-x86_64-debian-clang 0.7 1.33 20.57 21.90 OK
r-devel-linux-x86_64-debian-gcc 0.7 1.32 20.84 22.16 OK
r-devel-linux-x86_64-fedora-clang 0.7 41.66 OK
r-devel-linux-x86_64-fedora-gcc 0.7 39.76 OK
r-devel-osx-x86_64-clang 0.7 45.97 OK
r-devel-osx-x86_64-gcc 0.7 ERROR
r-devel-windows-ix86+x86_64 0.7 13.00 37.00 50.00 OK
r-patched-linux-x86_64 0.7 1.36 20.64 22.00 OK
r-patched-solaris-sparc 0.7 230.60 OK
r-patched-solaris-x86 0.7 72.90 OK
r-release-linux-x86_64 0.7 1.40 21.01 22.41 OK
r-release-osx-x86_64-mavericks 0.7 WARN
r-release-osx-x86_64-snowleopard 0.7 OK
r-release-windows-ix86+x86_64 0.7 26.00 45.00 71.00 OK
r-oldrel-windows-ix86+x86_64 0.7 18.00 44.00 62.00 OK

Check Details

Version: 0.7
Check: package dependencies
Result: ERROR
    Packages required but not available: ‘lfstat’ ‘Rcmdr’
    
    See the information on DESCRIPTION files in the chapter ‘Creating R
    packages’ of the ‘Writing R Extensions’ manual.
Flavor: r-devel-osx-x86_64-gcc

Version: 0.7
Check: PDF version of manual
Result: WARNING
    LaTeX errors when creating PDF version.
    This typically indicates Rd problems.
    LaTeX errors found:
    ! LaTeX Error: File `upquote.sty' not found.
    
    Type X to quit or <RETURN> to proceed,
    or enter new name. (Default extension: sty)
    
    20bdab4/Rd2.tex:8: ==> Fatal error occurred, no output PDF file produced!
Flavor: r-release-osx-x86_64-mavericks