CRAN Package Check Results for Package RcmdrPlugin.lfstat

Last updated on 2015-04-27 23:47:34.

Flavor Version Tinstall Tcheck Ttotal Status Flags
r-devel-linux-x86_64-debian-clang 0.7 4.82 49.44 54.26 OK
r-devel-linux-x86_64-debian-gcc 0.7 4.67 48.70 53.37 OK
r-devel-linux-x86_64-fedora-clang 0.7 113.90 OK
r-devel-linux-x86_64-fedora-gcc 0.7 109.90 OK
r-devel-osx-x86_64-clang 0.7 103.13 OK
r-devel-windows-ix86+x86_64 0.7 46.00 161.00 207.00 OK
r-patched-linux-x86_64 0.7 4.81 49.20 54.01 OK
r-patched-solaris-sparc 0.7 657.50 OK
r-patched-solaris-x86 0.7 169.20 OK
r-release-linux-x86_64 0.7 4.80 48.67 53.47 OK
r-release-osx-x86_64-mavericks 0.7 OK
r-release-osx-x86_64-snowleopard 0.7 ERROR
r-release-windows-ix86+x86_64 0.7 40.00 137.00 177.00 OK
r-oldrel-windows-ix86+x86_64 0.7 60.00 171.00 231.00 OK

Check Details

Version: 0.7
Check: package dependencies
Result: ERROR
    Packages required but not available: ‘lfstat’ ‘Rcmdr’
    
    See section ‘The DESCRIPTION file’ in the ‘Writing R Extensions’
    manual.
Flavor: r-release-osx-x86_64-snowleopard