CRAN Package Check Results for Package RcmdrPlugin.lfstat

Last updated on 2016-05-24 19:48:07.

Flavor Version Tinstall Tcheck Ttotal Status Flags
r-devel-linux-x86_64-debian-gcc 0.7 4.96 53.44 58.40 NOTE
r-devel-linux-x86_64-fedora-clang 0.7 112.38 NOTE
r-devel-linux-x86_64-fedora-gcc 0.7 109.93 NOTE
r-devel-osx-x86_64-clang 0.7 124.84 NOTE
r-devel-windows-ix86+x86_64 0.7 35.00 96.00 131.00 NOTE
r-patched-linux-x86_64 0.7 5.42 56.74 62.16 NOTE
r-patched-solaris-sparc 0.7 662.50 NOTE
r-patched-solaris-x86 0.7 164.50 NOTE
r-release-linux-x86_64 0.7 5.42 53.03 58.45 NOTE
r-release-osx-x86_64-mavericks 0.7 WARN
r-release-windows-ix86+x86_64 0.7 35.00 96.00 131.00 NOTE
r-oldrel-windows-ix86+x86_64 0.7 44.00 123.00 167.00 OK

Check Details

Version: 0.7
Check: R code for possible problems
Result: NOTE
    BFIcalc : onOK: no visible global function definition for ‘modifyList’
    MAMcalc : onOK: no visible global function definition for ‘modifyList’
    Q95calc : onOK: no visible global function definition for ‘modifyList’
    bfplotcalc : onOK: no visible global function definition for
     ‘modifyList’
    createlfdatacalc : onOK: no visible global function definition for
     ‘modifyList’
    fdccalc : onOK: no visible global function definition for ‘modifyList’
    hydrocalc : onOK: no visible global function definition for
     ‘modifyList’
    meanflowcalc : onOK: no visible global function definition for
     ‘modifyList’
    multitablecalc : onOK: no visible global function definition for
     ‘modifyList’
    nalfcheckcalc : Pressedlenhist: no visible global function definition
     for ‘barplot’
    nalfcheckcalc : Pressedyearhist: no visible global function definition
     for ‘barplot’
    rcgquantiles : onOK: no visible global function definition for
     ‘modifyList’
    rcgsitequantiles : onOK: no visible global function definition for
     ‘modifyList’
    readlfdatasheet : onOK: no visible global function definition for
     ‘modifyList’
    recessionanalysis : onOK: no visible global function definition for
     ‘modifyList’
    rfacalc : onOK: no visible global function definition for ‘modifyList’
    seasindexcalc : onOK: no visible global function definition for
     ‘modifyList’
    seasratiocalc : onOK: no visible global function definition for
     ‘modifyList’
    setunitcalc : Pressedshowlabels: no visible global function definition
     for ‘plot’
    setunitcalc : Pressedshowlabels: no visible global function definition
     for ‘text’
    streamdefcalc : onOK: no visible global function definition for
     ‘modifyList’
    streamdefplotcalc : onOK: no visible global function definition for
     ‘modifyList’
    tyearscalc : onOK: no visible global function definition for
     ‘modifyList’
    updatelfcalc : onOK: no visible global function definition for
     ‘modifyList’
    Undefined global functions or variables:
     barplot modifyList plot text
    Consider adding
     importFrom("graphics", "barplot", "plot", "text")
     importFrom("utils", "modifyList")
    to your NAMESPACE file.
Flavors: r-devel-linux-x86_64-debian-gcc, r-devel-linux-x86_64-fedora-clang, r-devel-linux-x86_64-fedora-gcc, r-devel-osx-x86_64-clang, r-devel-windows-ix86+x86_64, r-patched-linux-x86_64, r-patched-solaris-sparc, r-patched-solaris-x86, r-release-linux-x86_64, r-release-windows-ix86+x86_64

Version: 0.7
Check: dependencies in R code
Result: NOTE
    Invalid MIT-MAGIC-COOKIE-1 key
Flavor: r-release-osx-x86_64-mavericks

Version: 0.7
Check: S3 generic/method consistency
Result: WARN
    Invalid MIT-MAGIC-COOKIE-1 key
    See section ‘Generic functions and methods’ in the ‘Writing R
    Extensions’ manual.
Flavor: r-release-osx-x86_64-mavericks

Version: 0.7
Check: replacement functions
Result: WARN
    Invalid MIT-MAGIC-COOKIE-1 key
    The argument of a replacement function which corresponds to the right
    hand side must be named ‘value’.
Flavor: r-release-osx-x86_64-mavericks

Version: 0.7
Check: foreign function calls
Result: NOTE
    Invalid MIT-MAGIC-COOKIE-1 key
    See chapter ‘System and foreign language interfaces’ in the ‘Writing R
    Extensions’ manual.
Flavor: r-release-osx-x86_64-mavericks

Version: 0.7
Check: R code for possible problems
Result: NOTE
    Invalid MIT-MAGIC-COOKIE-1 keyBFIcalc : onOK: no visible global function definition for ‘modifyList’
    MAMcalc : onOK: no visible global function definition for ‘modifyList’
    Q95calc : onOK: no visible global function definition for ‘modifyList’
    bfplotcalc : onOK: no visible global function definition for
     ‘modifyList’
    createlfdatacalc : onOK: no visible global function definition for
     ‘modifyList’
    fdccalc : onOK: no visible global function definition for ‘modifyList’
    hydrocalc : onOK: no visible global function definition for
     ‘modifyList’
    meanflowcalc : onOK: no visible global function definition for
     ‘modifyList’
    multitablecalc : onOK: no visible global function definition for
     ‘modifyList’
    nalfcheckcalc : Pressedlenhist: no visible global function definition
     for ‘barplot’
    nalfcheckcalc : Pressedyearhist: no visible global function definition
     for ‘barplot’
    rcgquantiles : onOK: no visible global function definition for
     ‘modifyList’
    rcgsitequantiles : onOK: no visible global function definition for
     ‘modifyList’
    readlfdatasheet : onOK: no visible global function definition for
     ‘modifyList’
    recessionanalysis : onOK: no visible global function definition for
     ‘modifyList’
    rfacalc : onOK: no visible global function definition for ‘modifyList’
    seasindexcalc : onOK: no visible global function definition for
     ‘modifyList’
    seasratiocalc : onOK: no visible global function definition for
     ‘modifyList’
    setunitcalc : Pressedshowlabels: no visible global function definition
     for ‘plot’
    setunitcalc : Pressedshowlabels: no visible global function definition
     for ‘text’
    streamdefcalc : onOK: no visible global function definition for
     ‘modifyList’
    streamdefplotcalc : onOK: no visible global function definition for
     ‘modifyList’
    tyearscalc : onOK: no visible global function definition for
     ‘modifyList’
    updatelfcalc : onOK: no visible global function definition for
     ‘modifyList’
    Undefined global functions or variables:
     barplot modifyList plot text
    Consider adding
     importFrom("graphics", "barplot", "plot", "text")
     importFrom("utils", "modifyList")
    to your NAMESPACE file.
Flavor: r-release-osx-x86_64-mavericks

Version: 0.7
Check: for missing documentation entries
Result: WARN
    Invalid MIT-MAGIC-COOKIE-1 key
    All user-level objects in a package should have documentation entries.
    See chapter ‘Writing R documentation files’ in the ‘Writing R
    Extensions’ manual.
Flavor: r-release-osx-x86_64-mavericks

Version: 0.7
Check: for code/documentation mismatches
Result: WARN
    Invalid MIT-MAGIC-COOKIE-1 key
    Invalid MIT-MAGIC-COOKIE-1 key
    Invalid MIT-MAGIC-COOKIE-1 key
Flavor: r-release-osx-x86_64-mavericks

Version: 0.7
Check: Rd \usage sections
Result: NOTE
    Invalid MIT-MAGIC-COOKIE-1 key
    The \usage entries for S3 methods should use the \method markup and not
    their full name.
    See chapter ‘Writing R documentation files’ in the ‘Writing R
    Extensions’ manual.
Flavor: r-release-osx-x86_64-mavericks