CRAN Package Check Results for Package RcmdrPlugin.lfstat

Last updated on 2015-07-30 22:50:04.

Flavor Version Tinstall Tcheck Ttotal Status Flags
r-devel-linux-x86_64-debian-clang 0.7 5.35 52.52 57.87 NOTE
r-devel-linux-x86_64-debian-gcc 0.7 4.96 51.12 56.08 NOTE
r-devel-linux-x86_64-fedora-clang 0.7 114.95 NOTE
r-devel-linux-x86_64-fedora-gcc 0.7 116.29 NOTE
r-devel-osx-x86_64-clang 0.7 109.69 OK
r-devel-windows-ix86+x86_64 0.7 42.00 91.00 133.00 NOTE
r-patched-linux-x86_64 0.7 5.20 40.59 45.79 OK
r-patched-solaris-sparc 0.7 701.80 OK
r-patched-solaris-x86 0.7 178.80 OK
r-release-linux-x86_64 0.7 5.10 51.71 56.82 OK
r-release-osx-x86_64-mavericks 0.7 OK
r-release-windows-ix86+x86_64 0.7 42.00 92.00 134.00 OK
r-oldrel-windows-ix86+x86_64 0.7 60.00 187.00 247.00 OK

Check Details

Version: 0.7
Check: R code for possible problems
Result: NOTE
    BFIcalc : onOK: no visible global function definition for ‘modifyList’
    MAMcalc : onOK: no visible global function definition for ‘modifyList’
    Q95calc : onOK: no visible global function definition for ‘modifyList’
    bfplotcalc : onOK: no visible global function definition for
     ‘modifyList’
    createlfdatacalc : onOK: no visible global function definition for
     ‘modifyList’
    fdccalc : onOK: no visible global function definition for ‘modifyList’
    hydrocalc : onOK: no visible global function definition for
     ‘modifyList’
    meanflowcalc : onOK: no visible global function definition for
     ‘modifyList’
    multitablecalc : onOK: no visible global function definition for
     ‘modifyList’
    nalfcheckcalc : Pressedlenhist: no visible global function definition
     for ‘barplot’
    nalfcheckcalc : Pressedyearhist: no visible global function definition
     for ‘barplot’
    rcgquantiles : onOK: no visible global function definition for
     ‘modifyList’
    rcgsitequantiles : onOK: no visible global function definition for
     ‘modifyList’
    readlfdatasheet : onOK: no visible global function definition for
     ‘modifyList’
    recessionanalysis : onOK: no visible global function definition for
     ‘modifyList’
    rfacalc : onOK: no visible global function definition for ‘modifyList’
    seasindexcalc : onOK: no visible global function definition for
     ‘modifyList’
    seasratiocalc : onOK: no visible global function definition for
     ‘modifyList’
    setunitcalc : Pressedshowlabels: no visible global function definition
     for ‘plot’
    setunitcalc : Pressedshowlabels: no visible global function definition
     for ‘text’
    streamdefcalc : onOK: no visible global function definition for
     ‘modifyList’
    streamdefplotcalc : onOK: no visible global function definition for
     ‘modifyList’
    tyearscalc : onOK: no visible global function definition for
     ‘modifyList’
    updatelfcalc : onOK: no visible global function definition for
     ‘modifyList’
    Undefined global functions or variables:
     barplot modifyList plot text
    Consider adding
     importFrom("graphics", "barplot", "plot", "text")
     importFrom("utils", "modifyList")
    to your NAMESPACE.
Flavors: r-devel-linux-x86_64-debian-clang, r-devel-linux-x86_64-debian-gcc, r-devel-linux-x86_64-fedora-clang, r-devel-linux-x86_64-fedora-gcc, r-devel-windows-ix86+x86_64