CRAN Package Check Results for Package RcmdrPlugin.lfstat

Last updated on 2014-10-22 13:48:47.

Flavor Version Tinstall Tcheck Ttotal Status Flags
r-devel-linux-x86_64-debian-clang 0.7 2.71 52.49 55.20 OK
r-devel-linux-x86_64-debian-gcc 0.7 2.53 52.59 55.12 OK
r-devel-linux-x86_64-fedora-clang 0.7 74.49 OK
r-devel-linux-x86_64-fedora-gcc 0.7 67.96 OK
r-devel-osx-x86_64-clang 0.7 73.11 OK
r-devel-windows-ix86+x86_64 0.7 31.00 77.00 108.00 OK
r-patched-linux-x86_64 0.7 2.42 52.93 55.36 OK
r-patched-solaris-sparc 0.7 379.20 OK
r-patched-solaris-x86 0.7 118.70 OK
r-release-linux-ix86 0.7 0.55 1.69 2.24 ERROR
r-release-linux-x86_64 0.7 2.52 52.20 54.72 OK
r-release-osx-x86_64-mavericks 0.7 OK
r-release-osx-x86_64-snowleopard 0.7 OK
r-release-windows-ix86+x86_64 0.7 36.00 87.00 123.00 OK
r-oldrel-windows-ix86+x86_64 0.7 33.00 86.00 119.00 OK

Check Details

Version: 0.7
Check: package dependencies
Result: ERROR
    Package required but not available: ‘Rcmdr’
    
    See the information on DESCRIPTION files in the chapter ‘Creating R
    packages’ of the ‘Writing R Extensions’ manual.
Flavor: r-release-linux-ix86