CRAN Package Check Results for Package RcmdrPlugin.lfstat

Last updated on 2016-02-10 09:47:33.

Flavor Version Tinstall Tcheck Ttotal Status Flags
r-devel-linux-x86_64-debian-gcc 0.7 5.39 51.33 56.72 NOTE
r-devel-linux-x86_64-fedora-clang 0.7 108.99 NOTE
r-devel-linux-x86_64-fedora-gcc 0.7 105.01 NOTE
r-devel-osx-x86_64-clang 0.7 118.26 NOTE
r-devel-windows-ix86+x86_64 0.7 38.00 92.00 130.00 NOTE
r-patched-linux-x86_64 0.7 5.40 55.69 61.09 OK
r-patched-solaris-sparc 0.7 689.00 OK
r-patched-solaris-x86 0.7 172.80 OK
r-release-linux-x86_64 0.7 5.64 56.96 62.59 OK
r-release-osx-x86_64-mavericks 0.7 OK
r-release-windows-ix86+x86_64 0.7 44.00 91.00 135.00 OK
r-oldrel-windows-ix86+x86_64 0.7 73.00 216.00 289.00 OK

Check Details

Version: 0.7
Check: R code for possible problems
Result: NOTE
    BFIcalc : onOK: no visible global function definition for ‘modifyList’
    MAMcalc : onOK: no visible global function definition for ‘modifyList’
    Q95calc : onOK: no visible global function definition for ‘modifyList’
    bfplotcalc : onOK: no visible global function definition for
     ‘modifyList’
    createlfdatacalc : onOK: no visible global function definition for
     ‘modifyList’
    fdccalc : onOK: no visible global function definition for ‘modifyList’
    hydrocalc : onOK: no visible global function definition for
     ‘modifyList’
    meanflowcalc : onOK: no visible global function definition for
     ‘modifyList’
    multitablecalc : onOK: no visible global function definition for
     ‘modifyList’
    nalfcheckcalc : Pressedlenhist: no visible global function definition
     for ‘barplot’
    nalfcheckcalc : Pressedyearhist: no visible global function definition
     for ‘barplot’
    rcgquantiles : onOK: no visible global function definition for
     ‘modifyList’
    rcgsitequantiles : onOK: no visible global function definition for
     ‘modifyList’
    readlfdatasheet : onOK: no visible global function definition for
     ‘modifyList’
    recessionanalysis : onOK: no visible global function definition for
     ‘modifyList’
    rfacalc : onOK: no visible global function definition for ‘modifyList’
    seasindexcalc : onOK: no visible global function definition for
     ‘modifyList’
    seasratiocalc : onOK: no visible global function definition for
     ‘modifyList’
    setunitcalc : Pressedshowlabels: no visible global function definition
     for ‘plot’
    setunitcalc : Pressedshowlabels: no visible global function definition
     for ‘text’
    streamdefcalc : onOK: no visible global function definition for
     ‘modifyList’
    streamdefplotcalc : onOK: no visible global function definition for
     ‘modifyList’
    tyearscalc : onOK: no visible global function definition for
     ‘modifyList’
    updatelfcalc : onOK: no visible global function definition for
     ‘modifyList’
    Undefined global functions or variables:
     barplot modifyList plot text
    Consider adding
     importFrom("graphics", "barplot", "plot", "text")
     importFrom("utils", "modifyList")
    to your NAMESPACE file.
Flavors: r-devel-linux-x86_64-debian-gcc, r-devel-linux-x86_64-fedora-clang, r-devel-linux-x86_64-fedora-gcc, r-devel-osx-x86_64-clang, r-devel-windows-ix86+x86_64