CRAN Package Check Results for Package RcmdrPlugin.lfstat

Last updated on 2015-05-28 19:47:39.

Flavor Version Tinstall Tcheck Ttotal Status Flags
r-devel-linux-x86_64-debian-clang 0.7 4.93 50.82 55.75 OK
r-devel-linux-x86_64-debian-gcc 0.7 4.72 49.85 54.57 OK
r-devel-linux-x86_64-fedora-clang 0.7 119.25 OK
r-devel-linux-x86_64-fedora-gcc 0.7 114.37 OK
r-devel-osx-x86_64-clang 0.7 104.63 OK
r-devel-windows-ix86+x86_64 0.7 30.00 76.00 106.00 OK
r-patched-linux-x86_64 0.7 4.91 49.61 54.52 OK
r-patched-solaris-sparc 0.7 677.60 OK
r-patched-solaris-x86 0.7 176.10 OK
r-release-linux-x86_64 0.7 4.73 49.75 54.48 OK
r-release-osx-x86_64-mavericks 0.7 OK
r-release-osx-x86_64-snowleopard 0.7 ERROR
r-release-windows-ix86+x86_64 0.7 35.00 80.00 115.00 OK
r-oldrel-windows-ix86+x86_64 0.7 55.00 184.00 239.00 OK

Check Details

Version: 0.7
Check: package dependencies
Result: ERROR
    Packages required but not available: ‘lfstat’ ‘Rcmdr’
    
    See section ‘The DESCRIPTION file’ in the ‘Writing R Extensions’
    manual.
Flavor: r-release-osx-x86_64-snowleopard