CRAN Package Check Results for Package RcmdrPlugin.lfstat

Last updated on 2015-09-05 12:49:35.

Flavor Version Tinstall Tcheck Ttotal Status Flags
r-devel-linux-x86_64-debian-clang 0.7 4.88 52.10 56.99 NOTE
r-devel-linux-x86_64-debian-gcc 0.7 4.81 53.26 58.08 NOTE
r-devel-linux-x86_64-fedora-clang 0.7 116.70 NOTE
r-devel-linux-x86_64-fedora-gcc 0.7 117.03 NOTE
r-devel-osx-x86_64-clang 0.7 104.16 OK
r-devel-windows-ix86+x86_64 0.7 48.00 89.00 137.00 NOTE
r-patched-linux-x86_64 0.7 5.18 55.41 60.59 OK
r-patched-solaris-sparc 0.7 701.80 OK
r-patched-solaris-x86 0.7 188.60 OK
r-release-linux-x86_64 0.7 5.26 55.58 60.83 OK
r-release-osx-x86_64-mavericks 0.7 OK
r-release-windows-ix86+x86_64 0.7 51.00 92.00 143.00 OK
r-oldrel-windows-ix86+x86_64 0.7 61.00 215.00 276.00 OK

Check Details

Version: 0.7
Check: R code for possible problems
Result: NOTE
    BFIcalc : onOK: no visible global function definition for ‘modifyList’
    MAMcalc : onOK: no visible global function definition for ‘modifyList’
    Q95calc : onOK: no visible global function definition for ‘modifyList’
    bfplotcalc : onOK: no visible global function definition for
     ‘modifyList’
    createlfdatacalc : onOK: no visible global function definition for
     ‘modifyList’
    fdccalc : onOK: no visible global function definition for ‘modifyList’
    hydrocalc : onOK: no visible global function definition for
     ‘modifyList’
    meanflowcalc : onOK: no visible global function definition for
     ‘modifyList’
    multitablecalc : onOK: no visible global function definition for
     ‘modifyList’
    nalfcheckcalc : Pressedlenhist: no visible global function definition
     for ‘barplot’
    nalfcheckcalc : Pressedyearhist: no visible global function definition
     for ‘barplot’
    rcgquantiles : onOK: no visible global function definition for
     ‘modifyList’
    rcgsitequantiles : onOK: no visible global function definition for
     ‘modifyList’
    readlfdatasheet : onOK: no visible global function definition for
     ‘modifyList’
    recessionanalysis : onOK: no visible global function definition for
     ‘modifyList’
    rfacalc : onOK: no visible global function definition for ‘modifyList’
    seasindexcalc : onOK: no visible global function definition for
     ‘modifyList’
    seasratiocalc : onOK: no visible global function definition for
     ‘modifyList’
    setunitcalc : Pressedshowlabels: no visible global function definition
     for ‘plot’
    setunitcalc : Pressedshowlabels: no visible global function definition
     for ‘text’
    streamdefcalc : onOK: no visible global function definition for
     ‘modifyList’
    streamdefplotcalc : onOK: no visible global function definition for
     ‘modifyList’
    tyearscalc : onOK: no visible global function definition for
     ‘modifyList’
    updatelfcalc : onOK: no visible global function definition for
     ‘modifyList’
    Undefined global functions or variables:
     barplot modifyList plot text
    Consider adding
     importFrom("graphics", "barplot", "plot", "text")
     importFrom("utils", "modifyList")
    to your NAMESPACE.
Flavors: r-devel-linux-x86_64-debian-clang, r-devel-linux-x86_64-debian-gcc, r-devel-linux-x86_64-fedora-clang, r-devel-linux-x86_64-fedora-gcc, r-devel-windows-ix86+x86_64