CRAN Package Check Results for Package RcmdrPlugin.lfstat

Last updated on 2014-11-01 11:49:10.

Flavor Version Tinstall Tcheck Ttotal Status Flags
r-devel-linux-x86_64-debian-clang 0.7 2.10 43.67 45.77 OK
r-devel-linux-x86_64-debian-gcc 0.7 2.09 43.84 45.93 OK
r-devel-linux-x86_64-fedora-clang 0.7 73.02 OK
r-devel-linux-x86_64-fedora-gcc 0.7 68.15 OK
r-devel-osx-x86_64-clang 0.7 71.96 OK
r-devel-windows-ix86+x86_64 0.7 44.00 80.00 124.00 OK
r-patched-linux-x86_64 0.7 2.17 43.60 45.77 OK
r-patched-solaris-sparc 0.7 379.20 OK
r-patched-solaris-x86 0.7 118.90 OK
r-release-linux-ix86 0.7 0.55 1.69 2.24 ERROR
r-release-linux-x86_64 0.7 2.52 52.20 54.72 OK
r-release-osx-x86_64-mavericks 0.7 OK
r-release-osx-x86_64-snowleopard 0.7 OK
r-release-windows-ix86+x86_64 0.7 18.00 86.00 104.00 OK
r-oldrel-windows-ix86+x86_64 0.7 23.00 86.00 109.00 OK

Check Details

Version: 0.7
Check: package dependencies
Result: ERROR
    Package required but not available: ‘Rcmdr’
    
    See the information on DESCRIPTION files in the chapter ‘Creating R
    packages’ of the ‘Writing R Extensions’ manual.
Flavor: r-release-linux-ix86