CRAN Package Check Results for Package RcmdrPlugin.mosaic

Last updated on 2015-04-21 06:47:36.

Flavor Version Tinstall Tcheck Ttotal Status Flags
r-devel-linux-x86_64-debian-clang 1.0-7 4.65 41.52 46.16 NOTE
r-devel-linux-x86_64-debian-gcc 1.0-7 4.48 39.98 44.46 NOTE
r-devel-linux-x86_64-fedora-clang 1.0-7 96.06 NOTE
r-devel-linux-x86_64-fedora-gcc 1.0-7 95.69 NOTE
r-devel-osx-x86_64-clang 1.0-7 90.82 NOTE
r-devel-windows-ix86+x86_64 1.0-7 38.00 108.00 146.00 NOTE
r-patched-linux-x86_64 1.0-7 4.52 40.70 45.21 NOTE
r-patched-solaris-sparc 1.0-7 602.00 NOTE
r-patched-solaris-x86 1.0-7 130.90 NOTE
r-release-linux-x86_64 1.0-7 4.54 40.25 44.79 NOTE
r-release-osx-x86_64-mavericks 1.0-7 NOTE
r-release-osx-x86_64-snowleopard 1.0-7 ERROR
r-release-windows-ix86+x86_64 1.0-7 37.00 63.00 100.00 WARN
r-oldrel-windows-ix86+x86_64 1.0-7 58.00 121.00 179.00 NOTE

Check Details

Version: 1.0-7
Check: DESCRIPTION meta-information
Result: NOTE
    Malformed Description field: should contain one or more complete sentences.
Flavors: r-devel-linux-x86_64-debian-clang, r-devel-linux-x86_64-debian-gcc, r-devel-linux-x86_64-fedora-clang, r-devel-linux-x86_64-fedora-gcc, r-devel-osx-x86_64-clang, r-devel-windows-ix86+x86_64, r-patched-linux-x86_64, r-patched-solaris-sparc, r-patched-solaris-x86, r-release-linux-x86_64, r-release-osx-x86_64-mavericks, r-release-windows-ix86+x86_64

Version: 1.0-7
Check: dependencies in R code
Result: NOTE
    Packages in Depends field not imported from:
     ‘ENmisc’ ‘Hmisc’ ‘Rcmdr’ ‘vcd’
     These packages need to be imported from (in the NAMESPACE file)
     for when this namespace is loaded but not attached.
Flavors: r-devel-linux-x86_64-debian-clang, r-devel-linux-x86_64-debian-gcc, r-devel-linux-x86_64-fedora-clang, r-devel-linux-x86_64-fedora-gcc, r-devel-osx-x86_64-clang, r-devel-windows-ix86+x86_64, r-patched-linux-x86_64, r-patched-solaris-sparc, r-patched-solaris-x86, r-release-linux-x86_64, r-release-osx-x86_64-mavericks, r-release-windows-ix86+x86_64, r-oldrel-windows-ix86+x86_64

Version: 1.0-7
Check: R code for possible problems
Result: NOTE
    .onAttach: no visible global function definition for ‘getRcmdr’
    .onAttach: no visible global function definition for ‘closeCommander’
    .onAttach: no visible global function definition for ‘Commander’
    mosaicMenuItem: no visible global function definition for
     ‘mosaicSelectDialog’
    mosaicMenuItem: no visible global function definition for ‘Message’
Flavors: r-devel-linux-x86_64-debian-clang, r-devel-linux-x86_64-debian-gcc, r-devel-linux-x86_64-fedora-clang, r-devel-linux-x86_64-fedora-gcc, r-devel-osx-x86_64-clang, r-devel-windows-ix86+x86_64, r-patched-linux-x86_64, r-patched-solaris-sparc, r-patched-solaris-x86, r-release-linux-x86_64, r-release-osx-x86_64-mavericks, r-release-windows-ix86+x86_64, r-oldrel-windows-ix86+x86_64

Version: 1.0-7
Check: package dependencies
Result: ERROR
    Packages required but not available: ‘ENmisc’ ‘Hmisc’ ‘Rcmdr’
    
    See section ‘The DESCRIPTION file’ in the ‘Writing R Extensions’
    manual.
Flavor: r-release-osx-x86_64-snowleopard

Version: 1.0-7
Check: whether package can be installed
Result: WARN
    Found the following significant warnings:
     Warning: package 'survival' was built under R version 3.3.0
Flavor: r-release-windows-ix86+x86_64