CRAN Package Check Results for Package RcmdrPlugin.mosaic

Last updated on 2015-05-24 03:48:11.

Flavor Version Tinstall Tcheck Ttotal Status Flags
r-devel-linux-x86_64-debian-clang 1.0-7 4.63 42.04 46.67 NOTE
r-devel-linux-x86_64-debian-gcc 1.0-7 4.57 40.28 44.85 NOTE
r-devel-linux-x86_64-fedora-clang 1.0-7 96.05 NOTE
r-devel-linux-x86_64-fedora-gcc 1.0-7 94.46 NOTE
r-devel-osx-x86_64-clang 1.0-7 85.98 NOTE
r-devel-windows-ix86+x86_64 1.0-7 45.00 77.00 122.00 NOTE
r-patched-linux-x86_64 1.0-7 4.54 40.54 45.08 NOTE
r-patched-solaris-sparc 1.0-7 544.50 NOTE
r-patched-solaris-x86 1.0-7 136.60 NOTE
r-release-linux-x86_64 1.0-7 4.80 40.89 45.70 NOTE
r-release-osx-x86_64-mavericks 1.0-7 NOTE
r-release-osx-x86_64-snowleopard 1.0-7 ERROR
r-release-windows-ix86+x86_64 1.0-7 35.00 70.00 105.00 NOTE
r-oldrel-windows-ix86+x86_64 1.0-7 62.00 138.00 200.00 NOTE

Check Details

Version: 1.0-7
Check: DESCRIPTION meta-information
Result: NOTE
    Malformed Description field: should contain one or more complete sentences.
Flavors: r-devel-linux-x86_64-debian-clang, r-devel-linux-x86_64-debian-gcc, r-devel-linux-x86_64-fedora-clang, r-devel-linux-x86_64-fedora-gcc, r-devel-osx-x86_64-clang, r-devel-windows-ix86+x86_64, r-patched-linux-x86_64, r-patched-solaris-sparc, r-patched-solaris-x86, r-release-linux-x86_64, r-release-osx-x86_64-mavericks, r-release-windows-ix86+x86_64

Version: 1.0-7
Check: dependencies in R code
Result: NOTE
    Packages in Depends field not imported from:
     ‘ENmisc’ ‘Hmisc’ ‘Rcmdr’ ‘vcd’
     These packages need to be imported from (in the NAMESPACE file)
     for when this namespace is loaded but not attached.
Flavors: r-devel-linux-x86_64-debian-clang, r-devel-linux-x86_64-debian-gcc, r-devel-linux-x86_64-fedora-clang, r-devel-linux-x86_64-fedora-gcc, r-devel-osx-x86_64-clang, r-devel-windows-ix86+x86_64, r-patched-linux-x86_64, r-patched-solaris-sparc, r-patched-solaris-x86, r-release-linux-x86_64, r-release-osx-x86_64-mavericks, r-release-windows-ix86+x86_64, r-oldrel-windows-ix86+x86_64

Version: 1.0-7
Check: R code for possible problems
Result: NOTE
    .onAttach: no visible global function definition for ‘getRcmdr’
    .onAttach: no visible global function definition for ‘closeCommander’
    .onAttach: no visible global function definition for ‘Commander’
    mosaicMenuItem: no visible global function definition for
     ‘mosaicSelectDialog’
    mosaicMenuItem: no visible global function definition for ‘Message’
Flavors: r-devel-linux-x86_64-debian-clang, r-devel-linux-x86_64-debian-gcc, r-devel-linux-x86_64-fedora-clang, r-devel-linux-x86_64-fedora-gcc, r-devel-osx-x86_64-clang, r-devel-windows-ix86+x86_64, r-patched-linux-x86_64, r-patched-solaris-sparc, r-patched-solaris-x86, r-release-linux-x86_64, r-release-osx-x86_64-mavericks, r-release-windows-ix86+x86_64, r-oldrel-windows-ix86+x86_64

Version: 1.0-7
Check: package dependencies
Result: ERROR
    Packages required but not available: ‘ENmisc’ ‘Hmisc’ ‘Rcmdr’
    
    See section ‘The DESCRIPTION file’ in the ‘Writing R Extensions’
    manual.
Flavor: r-release-osx-x86_64-snowleopard