CRAN Package Check Results for Package RcmdrPlugin.mosaic

Last updated on 2014-09-30 19:47:41.

Flavor Version Tinstall Tcheck Ttotal Status Flags
r-devel-linux-x86_64-debian-clang 1.0-7 2.16 40.01 42.17 NOTE
r-devel-linux-x86_64-debian-gcc 1.0-7 2.06 39.92 41.98 NOTE
r-devel-linux-x86_64-fedora-clang 1.0-7 62.86 NOTE
r-devel-linux-x86_64-fedora-gcc 1.0-7 59.80 NOTE
r-devel-osx-x86_64-clang 1.0-7 61.94 NOTE
r-devel-windows-ix86+x86_64 1.0-7 35.00 66.00 101.00 NOTE
r-patched-linux-x86_64 1.0-7 2.30 41.77 44.07 NOTE
r-patched-solaris-sparc 1.0-7 255.40 NOTE
r-patched-solaris-x86 1.0-7 101.50 NOTE
r-release-linux-ix86 1.0-7 3.02 40.79 43.82 NOTE
r-release-linux-x86_64 1.0-7 2.29 42.05 44.34 NOTE
r-release-osx-x86_64-mavericks 1.0-7 NOTE
r-release-osx-x86_64-snowleopard 1.0-7 OK
r-release-windows-ix86+x86_64 1.0-7 47.00 79.00 126.00 NOTE
r-oldrel-windows-ix86+x86_64 1.0-7 40.00 77.00 117.00 NOTE

Check Details

Version: 1.0-7
Check: dependencies in R code
Result: NOTE
    Packages in Depends field not imported from:
     ‘ENmisc’ ‘Hmisc’ ‘Rcmdr’ ‘vcd’
     These packages need to be imported from (in the NAMESPACE file)
     for when this namespace is loaded but not attached.
    See the information on DESCRIPTION files in the chapter ‘Creating R
    packages’ of the ‘Writing R Extensions’ manual.
Flavors: r-devel-linux-x86_64-debian-clang, r-devel-linux-x86_64-debian-gcc, r-devel-linux-x86_64-fedora-clang, r-devel-linux-x86_64-fedora-gcc, r-devel-osx-x86_64-clang, r-devel-windows-ix86+x86_64, r-patched-linux-x86_64, r-patched-solaris-sparc, r-patched-solaris-x86, r-release-linux-ix86, r-release-linux-x86_64, r-release-osx-x86_64-mavericks, r-release-windows-ix86+x86_64, r-oldrel-windows-ix86+x86_64

Version: 1.0-7
Check: R code for possible problems
Result: NOTE
    .onAttach: no visible global function definition for ‘getRcmdr’
    .onAttach: no visible global function definition for ‘closeCommander’
    .onAttach: no visible global function definition for ‘Commander’
    mosaicMenuItem: no visible global function definition for
     ‘mosaicSelectDialog’
    mosaicMenuItem: no visible global function definition for ‘Message’
Flavors: r-devel-linux-x86_64-debian-clang, r-devel-linux-x86_64-debian-gcc, r-devel-linux-x86_64-fedora-clang, r-devel-linux-x86_64-fedora-gcc, r-devel-osx-x86_64-clang, r-devel-windows-ix86+x86_64