CRAN Package Check Results for Package RcmdrPlugin.mosaic

Last updated on 2014-10-25 05:48:46.

Flavor Version Tinstall Tcheck Ttotal Status Flags
r-devel-linux-x86_64-debian-clang 1.0-7 2.47 37.86 40.33 NOTE
r-devel-linux-x86_64-debian-gcc 1.0-7 2.08 39.47 41.55 NOTE
r-devel-linux-x86_64-fedora-clang 1.0-7 62.74 NOTE
r-devel-linux-x86_64-fedora-gcc 1.0-7 56.99 NOTE
r-devel-osx-x86_64-clang 1.0-7 62.49 NOTE
r-devel-windows-ix86+x86_64 1.0-7 31.00 63.00 94.00 NOTE
r-patched-linux-x86_64 1.0-7 2.15 39.39 41.54 NOTE
r-patched-solaris-sparc 1.0-7 316.20 NOTE
r-patched-solaris-x86 1.0-7 96.10 NOTE
r-release-linux-ix86 1.0-7 0.44 1.74 2.18 ERROR
r-release-linux-x86_64 1.0-7 2.28 41.65 43.93 NOTE
r-release-osx-x86_64-mavericks 1.0-7 NOTE
r-release-osx-x86_64-snowleopard 1.0-7 OK
r-release-windows-ix86+x86_64 1.0-7 37.00 78.00 115.00 NOTE
r-oldrel-windows-ix86+x86_64 1.0-7 39.00 76.00 115.00 NOTE

Check Details

Version: 1.0-7
Check: dependencies in R code
Result: NOTE
    Packages in Depends field not imported from:
     ‘ENmisc’ ‘Hmisc’ ‘Rcmdr’ ‘vcd’
     These packages need to be imported from (in the NAMESPACE file)
     for when this namespace is loaded but not attached.
    See the information on DESCRIPTION files in the chapter ‘Creating R
    packages’ of the ‘Writing R Extensions’ manual.
Flavors: r-devel-linux-x86_64-debian-clang, r-devel-linux-x86_64-debian-gcc, r-devel-linux-x86_64-fedora-clang, r-devel-linux-x86_64-fedora-gcc, r-devel-osx-x86_64-clang, r-devel-windows-ix86+x86_64, r-patched-linux-x86_64, r-patched-solaris-sparc, r-patched-solaris-x86, r-release-linux-x86_64, r-release-osx-x86_64-mavericks, r-release-windows-ix86+x86_64, r-oldrel-windows-ix86+x86_64

Version: 1.0-7
Check: R code for possible problems
Result: NOTE
    .onAttach: no visible global function definition for ‘getRcmdr’
    .onAttach: no visible global function definition for ‘closeCommander’
    .onAttach: no visible global function definition for ‘Commander’
    mosaicMenuItem: no visible global function definition for
     ‘mosaicSelectDialog’
    mosaicMenuItem: no visible global function definition for ‘Message’
Flavors: r-devel-linux-x86_64-debian-clang, r-devel-linux-x86_64-debian-gcc, r-devel-linux-x86_64-fedora-clang, r-devel-linux-x86_64-fedora-gcc, r-devel-osx-x86_64-clang, r-devel-windows-ix86+x86_64, r-patched-linux-x86_64, r-patched-solaris-sparc, r-patched-solaris-x86

Version: 1.0-7
Check: package dependencies
Result: ERROR
    Package required but not available: ‘Rcmdr’
    
    See the information on DESCRIPTION files in the chapter ‘Creating R
    packages’ of the ‘Writing R Extensions’ manual.
Flavor: r-release-linux-ix86