CRAN Package Check Results for Package RcmdrPlugin.mosaic

Last updated on 2014-07-22 19:47:56.

Flavor Version Tinstall Tcheck Ttotal Status Flags
r-devel-linux-x86_64-debian-clang 1.0-7 1.50 21.42 22.92 NOTE
r-devel-linux-x86_64-debian-gcc 1.0-7 1.61 21.26 22.87 NOTE
r-devel-linux-x86_64-fedora-clang 1.0-7 48.76 NOTE
r-devel-linux-x86_64-fedora-gcc 1.0-7 46.52 NOTE
r-devel-osx-x86_64-clang 1.0-7 48.25 NOTE
r-devel-windows-ix86+x86_64 1.0-7 12.00 45.00 57.00 NOTE
r-patched-linux-x86_64 1.0-7 2.00 21.48 23.48 NOTE
r-patched-solaris-sparc 1.0-7 270.40 NOTE
r-patched-solaris-x86 1.0-7 68.90 NOTE
r-release-linux-ix86 1.0-7 2.20 30.68 32.88 NOTE
r-release-linux-x86_64 1.0-7 1.62 22.18 23.80 NOTE
r-release-osx-x86_64-mavericks 1.0-7 NOTE
r-release-osx-x86_64-snowleopard 1.0-7 OK
r-release-windows-ix86+x86_64 1.0-7 21.00 50.00 71.00 NOTE
r-oldrel-windows-ix86+x86_64 1.0-7 18.00 50.00 68.00 NOTE

Check Details

Version: 1.0-7
Check: dependencies in R code
Result: NOTE
    Packages in Depends field not imported from:
     ‘ENmisc’ ‘Hmisc’ ‘Rcmdr’ ‘vcd’
     These packages need to be imported from (in the NAMESPACE file)
     for when this namespace is loaded but not attached.
    See the information on DESCRIPTION files in the chapter ‘Creating R
    packages’ of the ‘Writing R Extensions’ manual.
Flavors: r-devel-linux-x86_64-debian-clang, r-devel-linux-x86_64-debian-gcc, r-devel-linux-x86_64-fedora-clang, r-devel-linux-x86_64-fedora-gcc, r-devel-osx-x86_64-clang, r-devel-windows-ix86+x86_64, r-patched-linux-x86_64, r-patched-solaris-sparc, r-patched-solaris-x86, r-release-linux-ix86, r-release-linux-x86_64, r-release-osx-x86_64-mavericks, r-release-windows-ix86+x86_64, r-oldrel-windows-ix86+x86_64