CRAN Package Check Results for Package RcmdrPlugin.mosaic

Last updated on 2014-08-29 21:47:48.

Flavor Version Tinstall Tcheck Ttotal Status Flags
r-devel-linux-x86_64-debian-clang 1.0-7 2.05 35.29 37.34 NOTE
r-devel-linux-x86_64-debian-gcc 1.0-7 1.96 35.64 37.60 NOTE
r-devel-linux-x86_64-fedora-clang 1.0-7 65.34 NOTE
r-devel-linux-x86_64-fedora-gcc 1.0-7 59.95 NOTE
r-devel-osx-x86_64-clang 1.0-7 59.17 NOTE
r-devel-windows-ix86+x86_64 1.0-7 43.00 69.00 112.00 NOTE
r-patched-linux-x86_64 1.0-7 2.10 38.01 40.10 NOTE
r-patched-solaris-sparc 1.0-7 255.40 NOTE
r-patched-solaris-x86 1.0-7 96.10 NOTE
r-release-linux-ix86 1.0-7 2.96 38.96 41.92 NOTE
r-release-linux-x86_64 1.0-7 2.21 39.39 41.60 NOTE
r-release-osx-x86_64-mavericks 1.0-7 NOTE
r-release-osx-x86_64-snowleopard 1.0-7 OK
r-release-windows-ix86+x86_64 1.0-7 19.00 69.00 88.00 NOTE
r-oldrel-windows-ix86+x86_64 1.0-7 46.00 77.00 123.00 NOTE

Check Details

Version: 1.0-7
Check: dependencies in R code
Result: NOTE
    Packages in Depends field not imported from:
     ‘ENmisc’ ‘Hmisc’ ‘Rcmdr’ ‘vcd’
     These packages need to be imported from (in the NAMESPACE file)
     for when this namespace is loaded but not attached.
    See the information on DESCRIPTION files in the chapter ‘Creating R
    packages’ of the ‘Writing R Extensions’ manual.
Flavors: r-devel-linux-x86_64-debian-clang, r-devel-linux-x86_64-debian-gcc, r-devel-linux-x86_64-fedora-clang, r-devel-linux-x86_64-fedora-gcc, r-devel-osx-x86_64-clang, r-devel-windows-ix86+x86_64, r-patched-linux-x86_64, r-patched-solaris-sparc, r-patched-solaris-x86, r-release-linux-ix86, r-release-linux-x86_64, r-release-osx-x86_64-mavericks, r-release-windows-ix86+x86_64, r-oldrel-windows-ix86+x86_64

Version: 1.0-7
Check: R code for possible problems
Result: NOTE
    .onAttach: no visible global function definition for ‘getRcmdr’
    .onAttach: no visible global function definition for ‘closeCommander’
    .onAttach: no visible global function definition for ‘Commander’
    mosaicMenuItem: no visible global function definition for
     ‘mosaicSelectDialog’
    mosaicMenuItem: no visible global function definition for ‘Message’
Flavors: r-devel-linux-x86_64-debian-clang, r-devel-linux-x86_64-debian-gcc, r-devel-linux-x86_64-fedora-clang, r-devel-linux-x86_64-fedora-gcc, r-devel-osx-x86_64-clang, r-devel-windows-ix86+x86_64