CRAN Package Check Results for Package RcmdrPlugin.mosaic

Last updated on 2014-11-29 03:52:02.

Flavor Version Tinstall Tcheck Ttotal Status Flags
r-devel-linux-x86_64-debian-clang 1.0-7 1.99 35.44 37.43 NOTE
r-devel-linux-x86_64-debian-gcc 1.0-7 1.94 33.40 35.34 NOTE
r-devel-linux-x86_64-fedora-clang 1.0-7 61.05 NOTE
r-devel-linux-x86_64-fedora-gcc 1.0-7 57.35 NOTE
r-devel-osx-x86_64-clang 1.0-7 57.39 NOTE
r-devel-windows-ix86+x86_64 1.0-7 24.00 56.00 80.00 NOTE
r-patched-linux-x86_64 1.0-7 1.97 33.14 35.11 NOTE
r-patched-solaris-sparc 1.0-7 316.20 NOTE
r-patched-solaris-x86 1.0-7 89.40 NOTE
r-release-linux-ix86 1.0-7 2.61 34.54 37.15 NOTE
r-release-linux-x86_64 1.0-7 2.30 35.65 37.95 NOTE
r-release-osx-x86_64-mavericks 1.0-7 NOTE
r-release-osx-x86_64-snowleopard 1.0-7 OK
r-release-windows-ix86+x86_64 1.0-7 43.00 67.00 110.00 NOTE
r-oldrel-windows-ix86+x86_64 1.0-7 36.00 74.00 110.00 NOTE

Check Details

Version: 1.0-7
Check: dependencies in R code
Result: NOTE
    Packages in Depends field not imported from:
     ‘ENmisc’ ‘Hmisc’ ‘Rcmdr’ ‘vcd’
     These packages need to be imported from (in the NAMESPACE file)
     for when this namespace is loaded but not attached.
    See the information on DESCRIPTION files in the chapter ‘Creating R
    packages’ of the ‘Writing R Extensions’ manual.
Flavors: r-devel-linux-x86_64-debian-clang, r-devel-linux-x86_64-debian-gcc, r-devel-linux-x86_64-fedora-clang, r-devel-linux-x86_64-fedora-gcc, r-devel-osx-x86_64-clang, r-devel-windows-ix86+x86_64, r-patched-linux-x86_64, r-patched-solaris-sparc, r-patched-solaris-x86, r-release-linux-ix86, r-release-linux-x86_64, r-release-osx-x86_64-mavericks, r-release-windows-ix86+x86_64, r-oldrel-windows-ix86+x86_64

Version: 1.0-7
Check: R code for possible problems
Result: NOTE
    .onAttach: no visible global function definition for ‘getRcmdr’
    .onAttach: no visible global function definition for ‘closeCommander’
    .onAttach: no visible global function definition for ‘Commander’
    mosaicMenuItem: no visible global function definition for
     ‘mosaicSelectDialog’
    mosaicMenuItem: no visible global function definition for ‘Message’
Flavors: r-devel-linux-x86_64-debian-clang, r-devel-linux-x86_64-debian-gcc, r-devel-linux-x86_64-fedora-clang, r-devel-linux-x86_64-fedora-gcc, r-devel-osx-x86_64-clang, r-devel-windows-ix86+x86_64, r-patched-linux-x86_64, r-patched-solaris-sparc, r-patched-solaris-x86, r-release-linux-ix86, r-release-linux-x86_64, r-release-windows-ix86+x86_64