CRAN Package Check Results for Package RcmdrPlugin.mosaic

Last updated on 2015-01-25 19:47:48.

Flavor Version Tinstall Tcheck Ttotal Status Flags
r-devel-linux-x86_64-debian-clang 1.0-7 1.58 18.21 19.79 NOTE
r-devel-linux-x86_64-debian-gcc 1.0-7 1.86 37.18 39.05 NOTE
r-devel-linux-x86_64-fedora-clang 1.0-7 61.36 NOTE
r-devel-linux-x86_64-fedora-gcc 1.0-7 59.13 NOTE
r-devel-osx-x86_64-clang 1.0-7 61.50 NOTE
r-devel-windows-ix86+x86_64 1.0-7 38.00 63.00 101.00 NOTE
r-patched-linux-x86_64 1.0-7 2.00 34.50 36.50 NOTE
r-patched-solaris-sparc 1.0-7 319.20 NOTE
r-patched-solaris-x86 1.0-7 93.30 NOTE
r-release-linux-ix86 1.0-7 2.56 34.46 37.02 NOTE
r-release-linux-x86_64 1.0-7 2.07 34.00 36.07 NOTE
r-release-osx-x86_64-mavericks 1.0-7 NOTE
r-release-osx-x86_64-snowleopard 1.0-7 OK
r-release-windows-ix86+x86_64 1.0-7 45.00 62.00 107.00 NOTE
r-oldrel-windows-ix86+x86_64 1.0-7 36.00 79.00 115.00 NOTE

Check Details

Version: 1.0-7
Check: dependencies in R code
Result: NOTE
    Packages in Depends field not imported from:
     ‘ENmisc’ ‘Hmisc’ ‘Rcmdr’ ‘vcd’
     These packages need to be imported from (in the NAMESPACE file)
     for when this namespace is loaded but not attached.
Flavors: r-devel-linux-x86_64-debian-clang, r-devel-linux-x86_64-debian-gcc, r-devel-linux-x86_64-fedora-clang, r-devel-linux-x86_64-fedora-gcc, r-devel-osx-x86_64-clang, r-devel-windows-ix86+x86_64

Version: 1.0-7
Check: R code for possible problems
Result: NOTE
    .onAttach: no visible global function definition for ‘getRcmdr’
    .onAttach: no visible global function definition for ‘closeCommander’
    .onAttach: no visible global function definition for ‘Commander’
    mosaicMenuItem: no visible global function definition for
     ‘mosaicSelectDialog’
    mosaicMenuItem: no visible global function definition for ‘Message’
Flavors: r-devel-linux-x86_64-debian-clang, r-devel-linux-x86_64-debian-gcc, r-devel-linux-x86_64-fedora-clang, r-devel-linux-x86_64-fedora-gcc, r-devel-osx-x86_64-clang, r-devel-windows-ix86+x86_64, r-patched-linux-x86_64, r-patched-solaris-sparc, r-patched-solaris-x86, r-release-linux-ix86, r-release-linux-x86_64, r-release-osx-x86_64-mavericks, r-release-windows-ix86+x86_64

Version: 1.0-7
Check: dependencies in R code
Result: NOTE
    Packages in Depends field not imported from:
     ‘ENmisc’ ‘Hmisc’ ‘Rcmdr’ ‘vcd’
     These packages need to be imported from (in the NAMESPACE file)
     for when this namespace is loaded but not attached.
    See the information on DESCRIPTION files in the chapter ‘Creating R
    packages’ of the ‘Writing R Extensions’ manual.
Flavors: r-patched-linux-x86_64, r-patched-solaris-sparc, r-patched-solaris-x86, r-release-linux-ix86, r-release-linux-x86_64, r-release-osx-x86_64-mavericks, r-release-windows-ix86+x86_64, r-oldrel-windows-ix86+x86_64