CRAN Package Check Results for Package RcmdrPlugin.mosaic

Last updated on 2014-04-20 01:48:03.

Flavor Version Tinstall Tcheck Ttotal Status Flags
r-devel-linux-x86_64-debian-clang 1.0-7 1.68 23.64 25.32 NOTE
r-devel-linux-x86_64-debian-gcc 1.0-7 1.79 23.56 25.36 NOTE
r-devel-linux-x86_64-fedora-clang 1.0-7 48.51 NOTE
r-devel-linux-x86_64-fedora-gcc 1.0-7 45.39 NOTE
r-devel-macosx-x86_64-clang 1.0-7 53.35 NOTE
r-devel-macosx-x86_64-gcc 1.0-7 ERROR
r-devel-windows-ix86+x86_64 1.0-7 33.00 45.00 78.00 NOTE
r-patched-linux-x86_64 1.0-7 1.79 23.24 25.03 NOTE
r-patched-solaris-sparc 1.0-7 270.40 NOTE
r-patched-solaris-x86 1.0-7 79.90 NOTE
r-release-linux-ix86 NOTE
r-release-linux-x86_64 1.0-7 1.74 23.16 24.90 NOTE
r-release-macosx-x86_64 1.0-7 OK
r-release-windows-ix86+x86_64 1.0-7 25.00 49.00 74.00 NOTE
r-oldrel-windows-ix86+x86_64 1.0-7 22.00 49.00 71.00 NOTE

Check Details

Version: 1.0-7
Check: dependencies in R code
Result: NOTE
    Packages in Depends field not imported from:
     ‘ENmisc’ ‘Hmisc’ ‘Rcmdr’ ‘vcd’
     These packages need to be imported from (in the NAMESPACE file)
     for when this namespace is loaded but not attached.
    See the information on DESCRIPTION files in the chapter ‘Creating R
    packages’ of the ‘Writing R Extensions’ manual.
Flavors: r-devel-linux-x86_64-debian-clang, r-devel-linux-x86_64-debian-gcc, r-devel-linux-x86_64-fedora-clang, r-devel-linux-x86_64-fedora-gcc, r-devel-macosx-x86_64-clang, r-devel-windows-ix86+x86_64, r-patched-linux-x86_64, r-patched-solaris-sparc, r-patched-solaris-x86, r-release-linux-ix86, r-release-linux-x86_64, r-release-windows-ix86+x86_64, r-oldrel-windows-ix86+x86_64

Version: 1.0-7
Check: package dependencies
Result: ERROR
    Packages required but not available: ‘ENmisc’ ‘Hmisc’ ‘Rcmdr’
    
    See the information on DESCRIPTION files in the chapter ‘Creating R
    packages’ of the ‘Writing R Extensions’ manual.
Flavor: r-devel-macosx-x86_64-gcc